[INFO] fetching crate camo-typescript 0.5.0...
[INFO] testing camo-typescript-0.5.0 against 1.69.0 for beta-1.70-1
[INFO] extracting crate camo-typescript 0.5.0 into /workspace/builds/worker-4-tc1/source
[INFO] validating manifest of crates.io crate camo-typescript 0.5.0 on toolchain 1.69.0
[INFO] running `Command { std: CARGO_HOME="/workspace/cargo-home" RUSTUP_HOME="/workspace/rustup-home" "/workspace/cargo-home/bin/cargo" "+1.69.0" "metadata" "--manifest-path" "Cargo.toml" "--no-deps", kill_on_drop: false }`
[INFO] started tweaking crates.io crate camo-typescript 0.5.0
[INFO] finished tweaking crates.io crate camo-typescript 0.5.0
[INFO] tweaked toml for crates.io crate camo-typescript 0.5.0 written to /workspace/builds/worker-4-tc1/source/Cargo.toml
[INFO] running `Command { std: CARGO_HOME="/workspace/cargo-home" RUSTUP_HOME="/workspace/rustup-home" __CARGO_TEST_CHANNEL_OVERRIDE_DO_NOT_USE_THIS="nightly" "/workspace/cargo-home/bin/cargo" "+1.69.0" "generate-lockfile" "--manifest-path" "Cargo.toml" "-Zno-index-update", kill_on_drop: false }`
[INFO] running `Command { std: CARGO_HOME="/workspace/cargo-home" RUSTUP_HOME="/workspace/rustup-home" "/workspace/cargo-home/bin/cargo" "+1.69.0" "fetch" "--manifest-path" "Cargo.toml", kill_on_drop: false }`
[INFO] [stderr]  Downloading crates ...
[INFO] [stderr]   Downloaded unindent v0.2.1
[INFO] [stderr]   Downloaded camo-core v0.3.0
[INFO] running `Command { std: "docker" "create" "-v" "/var/lib/crater-agent-workspace/builds/worker-4-tc1/target:/opt/rustwide/target:rw,Z" "-v" "/var/lib/crater-agent-workspace/builds/worker-4-tc1/source:/opt/rustwide/workdir:ro,Z" "-v" "/var/lib/crater-agent-workspace/cargo-home:/opt/rustwide/cargo-home:ro,Z" "-v" "/var/lib/crater-agent-workspace/rustup-home:/opt/rustwide/rustup-home:ro,Z" "-e" "SOURCE_DIR=/opt/rustwide/workdir" "-e" "CARGO_TARGET_DIR=/opt/rustwide/target" "-e" "CARGO_HOME=/opt/rustwide/cargo-home" "-e" "RUSTUP_HOME=/opt/rustwide/rustup-home" "-w" "/opt/rustwide/workdir" "-m" "1610612736" "--user" "0:0" "--network" "none" "ghcr.io/rust-lang/crates-build-env/linux@sha256:5ff2268d62e97bff2cde7d5815dd6ed5b47097566f13b8d0ca110b04b60e07ed" "/opt/rustwide/cargo-home/bin/cargo" "+1.69.0" "metadata" "--no-deps" "--format-version=1", kill_on_drop: false }`
[INFO] [stdout] 5908776c830d721a838c1dfca1f36d18858476191070e19c9808b0ab5bd13d8e
[INFO] running `Command { std: "docker" "start" "-a" "5908776c830d721a838c1dfca1f36d18858476191070e19c9808b0ab5bd13d8e", kill_on_drop: false }`
[INFO] running `Command { std: "docker" "inspect" "5908776c830d721a838c1dfca1f36d18858476191070e19c9808b0ab5bd13d8e", kill_on_drop: false }`
[INFO] running `Command { std: "docker" "rm" "-f" "5908776c830d721a838c1dfca1f36d18858476191070e19c9808b0ab5bd13d8e", kill_on_drop: false }`
[INFO] [stdout] 5908776c830d721a838c1dfca1f36d18858476191070e19c9808b0ab5bd13d8e
[INFO] running `Command { std: "docker" "create" "-v" "/var/lib/crater-agent-workspace/builds/worker-4-tc1/target:/opt/rustwide/target:rw,Z" "-v" "/var/lib/crater-agent-workspace/builds/worker-4-tc1/source:/opt/rustwide/workdir:ro,Z" "-v" "/var/lib/crater-agent-workspace/cargo-home:/opt/rustwide/cargo-home:ro,Z" "-v" "/var/lib/crater-agent-workspace/rustup-home:/opt/rustwide/rustup-home:ro,Z" "-e" "SOURCE_DIR=/opt/rustwide/workdir" "-e" "CARGO_TARGET_DIR=/opt/rustwide/target" "-e" "CARGO_INCREMENTAL=0" "-e" "RUST_BACKTRACE=full" "-e" "RUSTFLAGS=--cap-lints=warn" "-e" "RUSTDOCFLAGS=--cap-lints=warn" "-e" "CARGO_HOME=/opt/rustwide/cargo-home" "-e" "RUSTUP_HOME=/opt/rustwide/rustup-home" "-w" "/opt/rustwide/workdir" "-m" "1610612736" "--user" "0:0" "--network" "none" "ghcr.io/rust-lang/crates-build-env/linux@sha256:5ff2268d62e97bff2cde7d5815dd6ed5b47097566f13b8d0ca110b04b60e07ed" "/opt/rustwide/cargo-home/bin/cargo" "+1.69.0" "build" "--frozen" "--message-format=json", kill_on_drop: false }`
[INFO] [stdout] a93a29dd594839c26c0b7d90c4d460ee33afb2e814e76abf097fd4ec18ee70bb
[INFO] running `Command { std: "docker" "start" "-a" "a93a29dd594839c26c0b7d90c4d460ee33afb2e814e76abf097fd4ec18ee70bb", kill_on_drop: false }`
[INFO] [stderr]    Compiling camo-core v0.3.0
[INFO] [stderr]    Compiling camo-typescript v0.5.0 (/opt/rustwide/workdir)
[INFO] [stderr]     Finished dev [unoptimized + debuginfo] target(s) in 1.30s
[INFO] running `Command { std: "docker" "inspect" "a93a29dd594839c26c0b7d90c4d460ee33afb2e814e76abf097fd4ec18ee70bb", kill_on_drop: false }`
[INFO] running `Command { std: "docker" "rm" "-f" "a93a29dd594839c26c0b7d90c4d460ee33afb2e814e76abf097fd4ec18ee70bb", kill_on_drop: false }`
[INFO] [stdout] a93a29dd594839c26c0b7d90c4d460ee33afb2e814e76abf097fd4ec18ee70bb
[INFO] running `Command { std: "docker" "create" "-v" "/var/lib/crater-agent-workspace/builds/worker-4-tc1/target:/opt/rustwide/target:rw,Z" "-v" "/var/lib/crater-agent-workspace/builds/worker-4-tc1/source:/opt/rustwide/workdir:ro,Z" "-v" "/var/lib/crater-agent-workspace/cargo-home:/opt/rustwide/cargo-home:ro,Z" "-v" "/var/lib/crater-agent-workspace/rustup-home:/opt/rustwide/rustup-home:ro,Z" "-e" "SOURCE_DIR=/opt/rustwide/workdir" "-e" "CARGO_TARGET_DIR=/opt/rustwide/target" "-e" "CARGO_INCREMENTAL=0" "-e" "RUST_BACKTRACE=full" "-e" "RUSTFLAGS=--cap-lints=warn" "-e" "RUSTDOCFLAGS=--cap-lints=warn" "-e" "CARGO_HOME=/opt/rustwide/cargo-home" "-e" "RUSTUP_HOME=/opt/rustwide/rustup-home" "-w" "/opt/rustwide/workdir" "-m" "1610612736" "--user" "0:0" "--network" "none" "ghcr.io/rust-lang/crates-build-env/linux@sha256:5ff2268d62e97bff2cde7d5815dd6ed5b47097566f13b8d0ca110b04b60e07ed" "/opt/rustwide/cargo-home/bin/cargo" "+1.69.0" "test" "--frozen" "--no-run" "--message-format=json", kill_on_drop: false }`
[INFO] [stdout] 264b25e9d3d516092e7c089b30aeed7b63e5e1b576d81ef286767371b857747e
[INFO] running `Command { std: "docker" "start" "-a" "264b25e9d3d516092e7c089b30aeed7b63e5e1b576d81ef286767371b857747e", kill_on_drop: false }`
[INFO] [stderr]    Compiling proc-macro2 v1.0.56
[INFO] [stderr]    Compiling unicode-ident v1.0.8
[INFO] [stderr]    Compiling quote v1.0.26
[INFO] [stderr]    Compiling serde_derive v1.0.160
[INFO] [stderr]    Compiling serde v1.0.160
[INFO] [stderr]    Compiling unindent v0.2.1
[INFO] [stderr]    Compiling syn v2.0.15
[INFO] [stderr]    Compiling camo-typescript v0.5.0 (/opt/rustwide/workdir)
[INFO] [stdout] error[E0432]: unresolved import `camo`
[INFO] [stdout]  --> tests/integration_tests.rs:3:5
[INFO] [stdout]   |
[INFO] [stdout] 3 | use camo::Camo;
[INFO] [stdout]   |     ^^^^ use of undeclared crate or module `camo`
[INFO] [stdout] 
[INFO] [stdout] 
[INFO] [stdout] error: cannot determine resolution for the derive macro `Camo`
[INFO] [stdout]   --> tests/integration_tests.rs:12:14
[INFO] [stdout]    |
[INFO] [stdout] 12 |     #[derive(Camo)]
[INFO] [stdout]    |              ^^^^
[INFO] [stdout]    |
[INFO] [stdout]    = note: import resolution is stuck, try simplifying macro imports
[INFO] [stdout] 
[INFO] [stdout] 
[INFO] [stdout] error: cannot determine resolution for the derive macro `Camo`
[INFO] [stdout]   --> tests/integration_tests.rs:33:14
[INFO] [stdout]    |
[INFO] [stdout] 33 |     #[derive(Camo)]
[INFO] [stdout]    |              ^^^^
[INFO] [stdout]    |
[INFO] [stdout]    = note: import resolution is stuck, try simplifying macro imports
[INFO] [stdout] 
[INFO] [stdout] 
[INFO] [stdout] error: cannot determine resolution for the derive macro `Camo`
[INFO] [stdout]   --> tests/integration_tests.rs:56:14
[INFO] [stdout]    |
[INFO] [stdout] 56 |     #[derive(Camo)]
[INFO] [stdout]    |              ^^^^
[INFO] [stdout]    |
[INFO] [stdout]    = note: import resolution is stuck, try simplifying macro imports
[INFO] [stdout] 
[INFO] [stdout] 
[INFO] [stdout] error: cannot determine resolution for the derive macro `Camo`
[INFO] [stdout]   --> tests/integration_tests.rs:91:14
[INFO] [stdout]    |
[INFO] [stdout] 91 |     #[derive(Camo)]
[INFO] [stdout]    |              ^^^^
[INFO] [stdout]    |
[INFO] [stdout]    = note: import resolution is stuck, try simplifying macro imports
[INFO] [stdout] 
[INFO] [stdout] 
[INFO] [stdout] error: cannot determine resolution for the derive macro `Camo`
[INFO] [stdout]    --> tests/integration_tests.rs:114:14
[INFO] [stdout]     |
[INFO] [stdout] 114 |     #[derive(Camo)]
[INFO] [stdout]     |              ^^^^
[INFO] [stdout]     |
[INFO] [stdout]     = note: import resolution is stuck, try simplifying macro imports
[INFO] [stdout] 
[INFO] [stdout] 
[INFO] [stdout] error: cannot determine resolution for the derive macro `Camo`
[INFO] [stdout]    --> tests/integration_tests.rs:137:14
[INFO] [stdout]     |
[INFO] [stdout] 137 |     #[derive(Camo)]
[INFO] [stdout]     |              ^^^^
[INFO] [stdout]     |
[INFO] [stdout]     = note: import resolution is stuck, try simplifying macro imports
[INFO] [stdout] 
[INFO] [stdout] 
[INFO] [stdout] error: cannot determine resolution for the derive macro `Camo`
[INFO] [stdout]    --> tests/integration_tests.rs:160:14
[INFO] [stdout]     |
[INFO] [stdout] 160 |     #[derive(Camo)]
[INFO] [stdout]     |              ^^^^
[INFO] [stdout]     |
[INFO] [stdout]     = note: import resolution is stuck, try simplifying macro imports
[INFO] [stdout] 
[INFO] [stdout] 
[INFO] [stdout] error: cannot determine resolution for the derive macro `Camo`
[INFO] [stdout]    --> tests/integration_tests.rs:183:14
[INFO] [stdout]     |
[INFO] [stdout] 183 |     #[derive(Camo)]
[INFO] [stdout]     |              ^^^^
[INFO] [stdout]     |
[INFO] [stdout]     = note: import resolution is stuck, try simplifying macro imports
[INFO] [stdout] 
[INFO] [stdout] 
[INFO] [stdout] error: cannot determine resolution for the derive macro `Camo`
[INFO] [stdout]    --> tests/integration_tests.rs:206:14
[INFO] [stdout]     |
[INFO] [stdout] 206 |     #[derive(Camo)]
[INFO] [stdout]     |              ^^^^
[INFO] [stdout]     |
[INFO] [stdout]     = note: import resolution is stuck, try simplifying macro imports
[INFO] [stdout] 
[INFO] [stdout] 
[INFO] [stdout] error: cannot determine resolution for the derive macro `Camo`
[INFO] [stdout]    --> tests/integration_tests.rs:229:14
[INFO] [stdout]     |
[INFO] [stdout] 229 |     #[derive(Camo)]
[INFO] [stdout]     |              ^^^^
[INFO] [stdout]     |
[INFO] [stdout]     = note: import resolution is stuck, try simplifying macro imports
[INFO] [stdout] 
[INFO] [stdout] 
[INFO] [stdout] error: cannot determine resolution for the derive macro `Camo`
[INFO] [stdout]    --> tests/integration_tests.rs:370:14
[INFO] [stdout]     |
[INFO] [stdout] 370 |     #[derive(Camo, Serialize, Deserialize)]
[INFO] [stdout]     |              ^^^^
[INFO] [stdout]     |
[INFO] [stdout]     = note: import resolution is stuck, try simplifying macro imports
[INFO] [stdout] 
[INFO] [stdout] 
[INFO] [stdout] error: cannot determine resolution for the derive macro `Camo`
[INFO] [stdout]    --> tests/integration_tests.rs:401:14
[INFO] [stdout]     |
[INFO] [stdout] 401 |     #[derive(Camo, Serialize, Deserialize)]
[INFO] [stdout]     |              ^^^^
[INFO] [stdout]     |
[INFO] [stdout]     = note: import resolution is stuck, try simplifying macro imports
[INFO] [stdout] 
[INFO] [stdout] 
[INFO] [stdout] error: cannot determine resolution for the derive macro `Camo`
[INFO] [stdout]    --> tests/integration_tests.rs:441:14
[INFO] [stdout]     |
[INFO] [stdout] 441 |     #[derive(Camo, Serialize, Deserialize)]
[INFO] [stdout]     |              ^^^^
[INFO] [stdout]     |
[INFO] [stdout]     = note: import resolution is stuck, try simplifying macro imports
[INFO] [stdout] 
[INFO] [stdout] 
[INFO] [stdout] error: cannot determine resolution for the derive macro `Camo`
[INFO] [stdout]    --> tests/integration_tests.rs:472:14
[INFO] [stdout]     |
[INFO] [stdout] 472 |     #[derive(Camo, Serialize, Deserialize)]
[INFO] [stdout]     |              ^^^^
[INFO] [stdout]     |
[INFO] [stdout]     = note: import resolution is stuck, try simplifying macro imports
[INFO] [stdout] 
[INFO] [stdout] 
[INFO] [stdout] error: cannot determine resolution for the derive macro `Camo`
[INFO] [stdout]    --> tests/integration_tests.rs:512:14
[INFO] [stdout]     |
[INFO] [stdout] 512 |     #[derive(Camo, Serialize, Deserialize)]
[INFO] [stdout]     |              ^^^^
[INFO] [stdout]     |
[INFO] [stdout]     = note: import resolution is stuck, try simplifying macro imports
[INFO] [stdout] 
[INFO] [stdout] 
[INFO] [stdout] error: cannot determine resolution for the derive macro `Camo`
[INFO] [stdout]    --> tests/integration_tests.rs:555:14
[INFO] [stdout]     |
[INFO] [stdout] 555 |     #[derive(Camo, Serialize, Deserialize)]
[INFO] [stdout]     |              ^^^^
[INFO] [stdout]     |
[INFO] [stdout]     = note: import resolution is stuck, try simplifying macro imports
[INFO] [stdout] 
[INFO] [stdout] 
[INFO] [stdout] error: cannot determine resolution for the derive macro `Camo`
[INFO] [stdout]    --> tests/integration_tests.rs:600:14
[INFO] [stdout]     |
[INFO] [stdout] 600 |     #[derive(Camo)]
[INFO] [stdout]     |              ^^^^
[INFO] [stdout]     |
[INFO] [stdout]     = note: import resolution is stuck, try simplifying macro imports
[INFO] [stdout] 
[INFO] [stdout] 
[INFO] [stdout] error: cannot determine resolution for the derive macro `Camo`
[INFO] [stdout]    --> tests/integration_tests.rs:672:14
[INFO] [stdout]     |
[INFO] [stdout] 672 |     #[derive(Camo, Serialize, Deserialize)]
[INFO] [stdout]     |              ^^^^
[INFO] [stdout]     |
[INFO] [stdout]     = note: import resolution is stuck, try simplifying macro imports
[INFO] [stdout] 
[INFO] [stdout] 
[INFO] [stdout] error: cannot determine resolution for the derive macro `Camo`
[INFO] [stdout]    --> tests/integration_tests.rs:730:14
[INFO] [stdout]     |
[INFO] [stdout] 730 |     #[derive(Camo, Serialize, Deserialize)]
[INFO] [stdout]     |              ^^^^
[INFO] [stdout]     |
[INFO] [stdout]     = note: import resolution is stuck, try simplifying macro imports
[INFO] [stdout] 
[INFO] [stdout] 
[INFO] [stdout] error[E0599]: no function or associated item named `camo` found for struct `implements_from::Foo` in the current scope
[INFO] [stdout]   --> tests/integration_tests.rs:18:31
[INFO] [stdout]    |
[INFO] [stdout] 13 |     struct Foo {
[INFO] [stdout]    |     ---------- function or associated item `camo` not found for this struct
[INFO] [stdout] ...
[INFO] [stdout] 18 |         Definition::from(Foo::camo()),
[INFO] [stdout]    |                               ^^^^ function or associated item not found in `Foo`
[INFO] [stdout]    |
[INFO] [stdout]    = help: items from traits can only be used if the trait is implemented and in scope
[INFO] [stdout]    = note: the following trait defines an item `camo`, perhaps you need to implement it:
[INFO] [stdout]            candidate #1: `camo_core::camo::Camo`
[INFO] [stdout] 
[INFO] [stdout] 
[INFO] [stdout] error[E0599]: no function or associated item named `camo` found for struct `supports_booleans::Foo` in the current scope
[INFO] [stdout]   --> tests/integration_tests.rs:38:32
[INFO] [stdout]    |
[INFO] [stdout] 34 |     struct Foo {
[INFO] [stdout]    |     ---------- function or associated item `camo` not found for this struct
[INFO] [stdout] ...
[INFO] [stdout] 38 |     let def: Definition = Foo::camo().into();
[INFO] [stdout]    |                                ^^^^ function or associated item not found in `Foo`
[INFO] [stdout]    |
[INFO] [stdout]    = help: items from traits can only be used if the trait is implemented and in scope
[INFO] [stdout]    = note: the following trait defines an item `camo`, perhaps you need to implement it:
[INFO] [stdout]            candidate #1: `camo_core::camo::Camo`
[INFO] [stdout] 
[INFO] [stdout] 
[INFO] [stdout] error[E0599]: no function or associated item named `camo` found for struct `supports_numbers::Foo` in the current scope
[INFO] [stdout]   --> tests/integration_tests.rs:63:32
[INFO] [stdout]    |
[INFO] [stdout] 57 |     struct Foo {
[INFO] [stdout]    |     ---------- function or associated item `camo` not found for this struct
[INFO] [stdout] ...
[INFO] [stdout] 63 |     let def: Definition = Foo::camo().into();
[INFO] [stdout]    |                                ^^^^ function or associated item not found in `Foo`
[INFO] [stdout]    |
[INFO] [stdout]    = help: items from traits can only be used if the trait is implemented and in scope
[INFO] [stdout]    = note: the following trait defines an item `camo`, perhaps you need to implement it:
[INFO] [stdout]            candidate #1: `camo_core::camo::Camo`
[INFO] [stdout] 
[INFO] [stdout] 
[INFO] [stdout] error[E0599]: no function or associated item named `camo` found for struct `supports_chars::Foo` in the current scope
[INFO] [stdout]   --> tests/integration_tests.rs:96:32
[INFO] [stdout]    |
[INFO] [stdout] 92 |     struct Foo {
[INFO] [stdout]    |     ---------- function or associated item `camo` not found for this struct
[INFO] [stdout] ...
[INFO] [stdout] 96 |     let def: Definition = Foo::camo().into();
[INFO] [stdout]    |                                ^^^^ function or associated item not found in `Foo`
[INFO] [stdout]    |
[INFO] [stdout]    = help: items from traits can only be used if the trait is implemented and in scope
[INFO] [stdout]    = note: the following trait defines an item `camo`, perhaps you need to implement it:
[INFO] [stdout]            candidate #1: `camo_core::camo::Camo`
[INFO] [stdout] 
[INFO] [stdout] 
[INFO] [stdout] error[E0599]: no function or associated item named `camo` found for struct `supports_string::Foo` in the current scope
[INFO] [stdout]    --> tests/integration_tests.rs:119:32
[INFO] [stdout]     |
[INFO] [stdout] 115 |     struct Foo {
[INFO] [stdout]     |     ---------- function or associated item `camo` not found for this struct
[INFO] [stdout] ...
[INFO] [stdout] 119 |     let def: Definition = Foo::camo().into();
[INFO] [stdout]     |                                ^^^^ function or associated item not found in `Foo`
[INFO] [stdout]     |
[INFO] [stdout]     = help: items from traits can only be used if the trait is implemented and in scope
[INFO] [stdout]     = note: the following trait defines an item `camo`, perhaps you need to implement it:
[INFO] [stdout]             candidate #1: `camo_core::camo::Camo`
[INFO] [stdout] 
[INFO] [stdout] 
[INFO] [stdout] error[E0599]: no function or associated item named `camo` found for struct `supports_str::Foo` in the current scope
[INFO] [stdout]    --> tests/integration_tests.rs:142:32
[INFO] [stdout]     |
[INFO] [stdout] 138 |     struct Foo<'a> {
[INFO] [stdout]     |     -------------- function or associated item `camo` not found for this struct
[INFO] [stdout] ...
[INFO] [stdout] 142 |     let def: Definition = Foo::camo().into();
[INFO] [stdout]     |                                ^^^^ function or associated item not found in `Foo<'_>`
[INFO] [stdout]     |
[INFO] [stdout]     = help: items from traits can only be used if the trait is implemented and in scope
[INFO] [stdout]     = note: the following trait defines an item `camo`, perhaps you need to implement it:
[INFO] [stdout]             candidate #1: `camo_core::camo::Camo`
[INFO] [stdout] 
[INFO] [stdout] 
[INFO] [stdout] error[E0599]: no function or associated item named `camo` found for struct `supports_vec::Foo` in the current scope
[INFO] [stdout]    --> tests/integration_tests.rs:165:32
[INFO] [stdout]     |
[INFO] [stdout] 161 |     struct Foo {
[INFO] [stdout]     |     ---------- function or associated item `camo` not found for this struct
[INFO] [stdout] ...
[INFO] [stdout] 165 |     let def: Definition = Foo::camo().into();
[INFO] [stdout]     |                                ^^^^ function or associated item not found in `Foo`
[INFO] [stdout]     |
[INFO] [stdout]     = help: items from traits can only be used if the trait is implemented and in scope
[INFO] [stdout]     = note: the following trait defines an item `camo`, perhaps you need to implement it:
[INFO] [stdout]             candidate #1: `camo_core::camo::Camo`
[INFO] [stdout] 
[INFO] [stdout] 
[INFO] [stdout] error[E0599]: no function or associated item named `camo` found for struct `supports_slice::Foo` in the current scope
[INFO] [stdout]    --> tests/integration_tests.rs:188:32
[INFO] [stdout]     |
[INFO] [stdout] 184 |     struct Foo {
[INFO] [stdout]     |     ---------- function or associated item `camo` not found for this struct
[INFO] [stdout] ...
[INFO] [stdout] 188 |     let def: Definition = Foo::camo().into();
[INFO] [stdout]     |                                ^^^^ function or associated item not found in `Foo`
[INFO] [stdout]     |
[INFO] [stdout]     = help: items from traits can only be used if the trait is implemented and in scope
[INFO] [stdout]     = note: the following trait defines an item `camo`, perhaps you need to implement it:
[INFO] [stdout]             candidate #1: `camo_core::camo::Camo`
[INFO] [stdout] 
[INFO] [stdout] 
[INFO] [stdout] error[E0599]: no function or associated item named `camo` found for struct `supports_array::Foo` in the current scope
[INFO] [stdout]    --> tests/integration_tests.rs:211:32
[INFO] [stdout]     |
[INFO] [stdout] 207 |     struct Foo {
[INFO] [stdout]     |     ---------- function or associated item `camo` not found for this struct
[INFO] [stdout] ...
[INFO] [stdout] 211 |     let def: Definition = Foo::camo().into();
[INFO] [stdout]     |                                ^^^^ function or associated item not found in `Foo`
[INFO] [stdout]     |
[INFO] [stdout]     = help: items from traits can only be used if the trait is implemented and in scope
[INFO] [stdout]     = note: the following trait defines an item `camo`, perhaps you need to implement it:
[INFO] [stdout]             candidate #1: `camo_core::camo::Camo`
[INFO] [stdout] 
[INFO] [stdout] 
[INFO] [stdout] error[E0599]: no function or associated item named `camo` found for struct `supports_option::Foo` in the current scope
[INFO] [stdout]    --> tests/integration_tests.rs:234:32
[INFO] [stdout]     |
[INFO] [stdout] 230 |     struct Foo {
[INFO] [stdout]     |     ---------- function or associated item `camo` not found for this struct
[INFO] [stdout] ...
[INFO] [stdout] 234 |     let def: Definition = Foo::camo().into();
[INFO] [stdout]     |                                ^^^^ function or associated item not found in `Foo`
[INFO] [stdout]     |
[INFO] [stdout]     = help: items from traits can only be used if the trait is implemented and in scope
[INFO] [stdout]     = note: the following trait defines an item `camo`, perhaps you need to implement it:
[INFO] [stdout]             candidate #1: `camo_core::camo::Camo`
[INFO] [stdout] 
[INFO] [stdout] 
[INFO] [stdout] error[E0599]: no function or associated item named `camo` found for struct `serde_container_rename_struct::FooBar` in the current scope
[INFO] [stdout]    --> tests/integration_tests.rs:377:40
[INFO] [stdout]     |
[INFO] [stdout] 372 |     struct FooBar {
[INFO] [stdout]     |     ------------- function or associated item `camo` not found for this struct
[INFO] [stdout] ...
[INFO] [stdout] 377 |     let def: Definition = dbg!(FooBar::camo()).into();
[INFO] [stdout]     |                                        ^^^^ function or associated item not found in `FooBar`
[INFO] [stdout]     |
[INFO] [stdout]     = help: items from traits can only be used if the trait is implemented and in scope
[INFO] [stdout]     = note: the following trait defines an item `camo`, perhaps you need to implement it:
[INFO] [stdout]             candidate #1: `camo_core::camo::Camo`
[INFO] [stdout] 
[INFO] [stdout] 
[INFO] [stdout] error[E0599]: no variant or associated item named `camo` found for enum `serde_container_rename_enum::FooBar` in the current scope
[INFO] [stdout]    --> tests/integration_tests.rs:409:34
[INFO] [stdout]     |
[INFO] [stdout] 403 |     enum FooBar {
[INFO] [stdout]     |     ----------- variant or associated item `camo` not found for this enum
[INFO] [stdout] ...
[INFO] [stdout] 409 |         Definition::from(FooBar::camo()),
[INFO] [stdout]     |                                  ^^^^ variant or associated item not found in `FooBar`
[INFO] [stdout]     |
[INFO] [stdout]     = help: items from traits can only be used if the trait is implemented and in scope
[INFO] [stdout]     = note: the following trait defines an item `camo`, perhaps you need to implement it:
[INFO] [stdout]             candidate #1: `camo_core::camo::Camo`
[INFO] [stdout] 
[INFO] [stdout] 
[INFO] [stdout] error[E0599]: no function or associated item named `camo` found for struct `serde_container_rename_all_struct::Foo` in the current scope
[INFO] [stdout]    --> tests/integration_tests.rs:448:32
[INFO] [stdout]     |
[INFO] [stdout] 443 |     struct Foo {
[INFO] [stdout]     |     ---------- function or associated item `camo` not found for this struct
[INFO] [stdout] ...
[INFO] [stdout] 448 |     let def: Definition = Foo::camo().into();
[INFO] [stdout]     |                                ^^^^ function or associated item not found in `Foo`
[INFO] [stdout]     |
[INFO] [stdout]     = help: items from traits can only be used if the trait is implemented and in scope
[INFO] [stdout]     = note: the following trait defines an item `camo`, perhaps you need to implement it:
[INFO] [stdout]             candidate #1: `camo_core::camo::Camo`
[INFO] [stdout] 
[INFO] [stdout] 
[INFO] [stdout] error[E0599]: no variant or associated item named `camo` found for enum `serde_container_rename_all_enum::FooBar` in the current scope
[INFO] [stdout]    --> tests/integration_tests.rs:480:34
[INFO] [stdout]     |
[INFO] [stdout] 474 |     enum FooBar {
[INFO] [stdout]     |     ----------- variant or associated item `camo` not found for this enum
[INFO] [stdout] ...
[INFO] [stdout] 480 |         Definition::from(FooBar::camo()),
[INFO] [stdout]     |                                  ^^^^ variant or associated item not found in `FooBar`
[INFO] [stdout]     |
[INFO] [stdout]     = help: items from traits can only be used if the trait is implemented and in scope
[INFO] [stdout]     = note: the following trait defines an item `camo`, perhaps you need to implement it:
[INFO] [stdout]             candidate #1: `camo_core::camo::Camo`
[INFO] [stdout] 
[INFO] [stdout] 
[INFO] [stdout] error[E0599]: no variant or associated item named `camo` found for enum `serde_variant_rename::FooBar` in the current scope
[INFO] [stdout]    --> tests/integration_tests.rs:523:34
[INFO] [stdout]     |
[INFO] [stdout] 514 |     enum FooBar {
[INFO] [stdout]     |     ----------- variant or associated item `camo` not found for this enum
[INFO] [stdout] ...
[INFO] [stdout] 523 |         Definition::from(FooBar::camo()),
[INFO] [stdout]     |                                  ^^^^ variant or associated item not found in `FooBar`
[INFO] [stdout]     |
[INFO] [stdout]     = help: items from traits can only be used if the trait is implemented and in scope
[INFO] [stdout]     = note: the following trait defines an item `camo`, perhaps you need to implement it:
[INFO] [stdout]             candidate #1: `camo_core::camo::Camo`
[INFO] [stdout] 
[INFO] [stdout] 
[INFO] [stdout] error[E0599]: no variant or associated item named `camo` found for enum `serde_variant_rename_all::FooBar` in the current scope
[INFO] [stdout]    --> tests/integration_tests.rs:566:34
[INFO] [stdout]     |
[INFO] [stdout] 557 |     enum FooBar {
[INFO] [stdout]     |     ----------- variant or associated item `camo` not found for this enum
[INFO] [stdout] ...
[INFO] [stdout] 566 |         Definition::from(FooBar::camo()),
[INFO] [stdout]     |                                  ^^^^ variant or associated item not found in `FooBar`
[INFO] [stdout]     |
[INFO] [stdout]     = help: items from traits can only be used if the trait is implemented and in scope
[INFO] [stdout]     = note: the following trait defines an item `camo`, perhaps you need to implement it:
[INFO] [stdout]             candidate #1: `camo_core::camo::Camo`
[INFO] [stdout] 
[INFO] [stdout] 
[INFO] [stdout] error[E0599]: no variant or associated item named `camo` found for enum `enum_externally_tagged::Foo` in the current scope
[INFO] [stdout]    --> tests/integration_tests.rs:609:37
[INFO] [stdout]     |
[INFO] [stdout] 601 |     enum Foo<T> {
[INFO] [stdout]     |     ----------- variant or associated item `camo` not found for this enum
[INFO] [stdout] ...
[INFO] [stdout] 609 |     let def: Definition = Foo::<V>::camo().into();
[INFO] [stdout]     |                                     ^^^^ variant or associated item not found in `Foo<V>`
[INFO] [stdout]     |
[INFO] [stdout]     = help: items from traits can only be used if the trait is implemented and in scope
[INFO] [stdout]     = note: the following trait defines an item `camo`, perhaps you need to implement it:
[INFO] [stdout]             candidate #1: `camo_core::camo::Camo`
[INFO] [stdout] 
[INFO] [stdout] 
[INFO] [stdout] error[E0599]: no variant or associated item named `camo` found for enum `enum_internally_tagged::Foo` in the current scope
[INFO] [stdout]    --> tests/integration_tests.rs:679:32
[INFO] [stdout]     |
[INFO] [stdout] 674 |     enum Foo {
[INFO] [stdout]     |     -------- variant or associated item `camo` not found for this enum
[INFO] [stdout] ...
[INFO] [stdout] 679 |     let def: Definition = Foo::camo().into();
[INFO] [stdout]     |                                ^^^^ variant or associated item not found in `Foo`
[INFO] [stdout]     |
[INFO] [stdout]     = help: items from traits can only be used if the trait is implemented and in scope
[INFO] [stdout]     = note: the following trait defines an item `camo`, perhaps you need to implement it:
[INFO] [stdout]             candidate #1: `camo_core::camo::Camo`
[INFO] [stdout] 
[INFO] [stdout] 
[INFO] [stdout] error[E0599]: no variant or associated item named `camo` found for enum `enum_adjacently_tagged::Foo` in the current scope
[INFO] [stdout]    --> tests/integration_tests.rs:737:32
[INFO] [stdout]     |
[INFO] [stdout] 732 |     enum Foo {
[INFO] [stdout]     |     -------- variant or associated item `camo` not found for this enum
[INFO] [stdout] ...
[INFO] [stdout] 737 |     let def: Definition = Foo::camo().into();
[INFO] [stdout]     |                                ^^^^ variant or associated item not found in `Foo`
[INFO] [stdout]     |
[INFO] [stdout]     = help: items from traits can only be used if the trait is implemented and in scope
[INFO] [stdout]     = note: the following trait defines an item `camo`, perhaps you need to implement it:
[INFO] [stdout]             candidate #1: `camo_core::camo::Camo`
[INFO] [stdout] 
[INFO] [stdout] 
[INFO] [stdout] error: aborting due to 39 previous errors
[INFO] [stdout] 
[INFO] [stdout] 
[INFO] [stdout] Some errors have detailed explanations: E0432, E0599.
[INFO] [stdout] 
[INFO] [stdout] For more information about an error, try `rustc --explain E0432`.
[INFO] [stdout] 
[INFO] [stderr] error: could not compile `camo-typescript` due to 40 previous errors
[INFO] [stderr] warning: build failed, waiting for other jobs to finish...
[INFO] running `Command { std: "docker" "inspect" "264b25e9d3d516092e7c089b30aeed7b63e5e1b576d81ef286767371b857747e", kill_on_drop: false }`
[INFO] running `Command { std: "docker" "rm" "-f" "264b25e9d3d516092e7c089b30aeed7b63e5e1b576d81ef286767371b857747e", kill_on_drop: false }`
[INFO] [stdout] 264b25e9d3d516092e7c089b30aeed7b63e5e1b576d81ef286767371b857747e
