[INFO] fetching crate camino-tempfile 1.0.2...
[INFO] testing camino-tempfile-1.0.2 against 1.69.0 for beta-1.70-1
[INFO] extracting crate camino-tempfile 1.0.2 into /workspace/builds/worker-5-tc1/source
[INFO] validating manifest of crates.io crate camino-tempfile 1.0.2 on toolchain 1.69.0
[INFO] running `Command { std: CARGO_HOME="/workspace/cargo-home" RUSTUP_HOME="/workspace/rustup-home" "/workspace/cargo-home/bin/cargo" "+1.69.0" "metadata" "--manifest-path" "Cargo.toml" "--no-deps", kill_on_drop: false }`
[INFO] removed /workspace/builds/worker-5-tc1/source/.cargo/config.toml
[INFO] started tweaking crates.io crate camino-tempfile 1.0.2
[INFO] finished tweaking crates.io crate camino-tempfile 1.0.2
[INFO] tweaked toml for crates.io crate camino-tempfile 1.0.2 written to /workspace/builds/worker-5-tc1/source/Cargo.toml
[INFO] running `Command { std: CARGO_HOME="/workspace/cargo-home" RUSTUP_HOME="/workspace/rustup-home" __CARGO_TEST_CHANNEL_OVERRIDE_DO_NOT_USE_THIS="nightly" "/workspace/cargo-home/bin/cargo" "+1.69.0" "generate-lockfile" "--manifest-path" "Cargo.toml" "-Zno-index-update", kill_on_drop: false }`
[INFO] running `Command { std: CARGO_HOME="/workspace/cargo-home" RUSTUP_HOME="/workspace/rustup-home" "/workspace/cargo-home/bin/cargo" "+1.69.0" "fetch" "--manifest-path" "Cargo.toml", kill_on_drop: false }`
[INFO] [stderr]  Downloading crates ...
[INFO] [stderr]   Downloaded camino v1.1.4
[INFO] running `Command { std: "docker" "create" "-v" "/var/lib/crater-agent-workspace/builds/worker-5-tc1/target:/opt/rustwide/target:rw,Z" "-v" "/var/lib/crater-agent-workspace/builds/worker-5-tc1/source:/opt/rustwide/workdir:ro,Z" "-v" "/var/lib/crater-agent-workspace/cargo-home:/opt/rustwide/cargo-home:ro,Z" "-v" "/var/lib/crater-agent-workspace/rustup-home:/opt/rustwide/rustup-home:ro,Z" "-e" "SOURCE_DIR=/opt/rustwide/workdir" "-e" "CARGO_TARGET_DIR=/opt/rustwide/target" "-e" "CARGO_HOME=/opt/rustwide/cargo-home" "-e" "RUSTUP_HOME=/opt/rustwide/rustup-home" "-w" "/opt/rustwide/workdir" "-m" "1610612736" "--user" "0:0" "--network" "none" "ghcr.io/rust-lang/crates-build-env/linux@sha256:5ff2268d62e97bff2cde7d5815dd6ed5b47097566f13b8d0ca110b04b60e07ed" "/opt/rustwide/cargo-home/bin/cargo" "+1.69.0" "metadata" "--no-deps" "--format-version=1", kill_on_drop: false }`
[INFO] [stdout] 2a07f88b6f25da82705e3c379985c9d0b92537209e8ca64137ad9185636dff4a
[INFO] running `Command { std: "docker" "start" "-a" "2a07f88b6f25da82705e3c379985c9d0b92537209e8ca64137ad9185636dff4a", kill_on_drop: false }`
[INFO] running `Command { std: "docker" "inspect" "2a07f88b6f25da82705e3c379985c9d0b92537209e8ca64137ad9185636dff4a", kill_on_drop: false }`
[INFO] running `Command { std: "docker" "rm" "-f" "2a07f88b6f25da82705e3c379985c9d0b92537209e8ca64137ad9185636dff4a", kill_on_drop: false }`
[INFO] [stdout] 2a07f88b6f25da82705e3c379985c9d0b92537209e8ca64137ad9185636dff4a
[INFO] running `Command { std: "docker" "create" "-v" "/var/lib/crater-agent-workspace/builds/worker-5-tc1/target:/opt/rustwide/target:rw,Z" "-v" "/var/lib/crater-agent-workspace/builds/worker-5-tc1/source:/opt/rustwide/workdir:ro,Z" "-v" "/var/lib/crater-agent-workspace/cargo-home:/opt/rustwide/cargo-home:ro,Z" "-v" "/var/lib/crater-agent-workspace/rustup-home:/opt/rustwide/rustup-home:ro,Z" "-e" "SOURCE_DIR=/opt/rustwide/workdir" "-e" "CARGO_TARGET_DIR=/opt/rustwide/target" "-e" "CARGO_INCREMENTAL=0" "-e" "RUST_BACKTRACE=full" "-e" "RUSTFLAGS=--cap-lints=warn" "-e" "RUSTDOCFLAGS=--cap-lints=warn" "-e" "CARGO_HOME=/opt/rustwide/cargo-home" "-e" "RUSTUP_HOME=/opt/rustwide/rustup-home" "-w" "/opt/rustwide/workdir" "-m" "1610612736" "--user" "0:0" "--network" "none" "ghcr.io/rust-lang/crates-build-env/linux@sha256:5ff2268d62e97bff2cde7d5815dd6ed5b47097566f13b8d0ca110b04b60e07ed" "/opt/rustwide/cargo-home/bin/cargo" "+1.69.0" "build" "--frozen" "--message-format=json", kill_on_drop: false }`
[INFO] [stdout] edbb9d964d7abd67e29a83bac47f2cf3ad768183ecabe12147ca85c6d8c4b47a
[INFO] running `Command { std: "docker" "start" "-a" "edbb9d964d7abd67e29a83bac47f2cf3ad768183ecabe12147ca85c6d8c4b47a", kill_on_drop: false }`
[INFO] [stderr]    Compiling libc v0.2.142
[INFO] [stderr]    Compiling io-lifetimes v1.0.10
[INFO] [stderr]    Compiling rustix v0.37.18
[INFO] [stderr]    Compiling camino v1.1.4
[INFO] [stderr]    Compiling linux-raw-sys v0.3.6
[INFO] [stderr]    Compiling fastrand v1.9.0
[INFO] [stderr]    Compiling tempfile v3.5.0
[INFO] [stderr]    Compiling camino-tempfile v1.0.2 (/opt/rustwide/workdir)
[INFO] [stderr]     Finished dev [unoptimized + debuginfo] target(s) in 6.79s
[INFO] running `Command { std: "docker" "inspect" "edbb9d964d7abd67e29a83bac47f2cf3ad768183ecabe12147ca85c6d8c4b47a", kill_on_drop: false }`
[INFO] running `Command { std: "docker" "rm" "-f" "edbb9d964d7abd67e29a83bac47f2cf3ad768183ecabe12147ca85c6d8c4b47a", kill_on_drop: false }`
[INFO] [stdout] edbb9d964d7abd67e29a83bac47f2cf3ad768183ecabe12147ca85c6d8c4b47a
[INFO] running `Command { std: "docker" "create" "-v" "/var/lib/crater-agent-workspace/builds/worker-5-tc1/target:/opt/rustwide/target:rw,Z" "-v" "/var/lib/crater-agent-workspace/builds/worker-5-tc1/source:/opt/rustwide/workdir:ro,Z" "-v" "/var/lib/crater-agent-workspace/cargo-home:/opt/rustwide/cargo-home:ro,Z" "-v" "/var/lib/crater-agent-workspace/rustup-home:/opt/rustwide/rustup-home:ro,Z" "-e" "SOURCE_DIR=/opt/rustwide/workdir" "-e" "CARGO_TARGET_DIR=/opt/rustwide/target" "-e" "CARGO_INCREMENTAL=0" "-e" "RUST_BACKTRACE=full" "-e" "RUSTFLAGS=--cap-lints=warn" "-e" "RUSTDOCFLAGS=--cap-lints=warn" "-e" "CARGO_HOME=/opt/rustwide/cargo-home" "-e" "RUSTUP_HOME=/opt/rustwide/rustup-home" "-w" "/opt/rustwide/workdir" "-m" "1610612736" "--user" "0:0" "--network" "none" "ghcr.io/rust-lang/crates-build-env/linux@sha256:5ff2268d62e97bff2cde7d5815dd6ed5b47097566f13b8d0ca110b04b60e07ed" "/opt/rustwide/cargo-home/bin/cargo" "+1.69.0" "test" "--frozen" "--no-run" "--message-format=json", kill_on_drop: false }`
[INFO] [stdout] b2c1b906ac002d7cf96b65642b3fc2aad486e2a0e935747da7c71aebab9bed49
[INFO] running `Command { std: "docker" "start" "-a" "b2c1b906ac002d7cf96b65642b3fc2aad486e2a0e935747da7c71aebab9bed49", kill_on_drop: false }`
[INFO] [stderr]    Compiling camino-tempfile v1.0.2 (/opt/rustwide/workdir)
[INFO] [stderr]     Finished test [unoptimized + debuginfo] target(s) in 1.48s
[INFO] running `Command { std: "docker" "inspect" "b2c1b906ac002d7cf96b65642b3fc2aad486e2a0e935747da7c71aebab9bed49", kill_on_drop: false }`
[INFO] running `Command { std: "docker" "rm" "-f" "b2c1b906ac002d7cf96b65642b3fc2aad486e2a0e935747da7c71aebab9bed49", kill_on_drop: false }`
[INFO] [stdout] b2c1b906ac002d7cf96b65642b3fc2aad486e2a0e935747da7c71aebab9bed49
[INFO] running `Command { std: "docker" "create" "-v" "/var/lib/crater-agent-workspace/builds/worker-5-tc1/target:/opt/rustwide/target:rw,Z" "-v" "/var/lib/crater-agent-workspace/builds/worker-5-tc1/source:/opt/rustwide/workdir:ro,Z" "-v" "/var/lib/crater-agent-workspace/cargo-home:/opt/rustwide/cargo-home:ro,Z" "-v" "/var/lib/crater-agent-workspace/rustup-home:/opt/rustwide/rustup-home:ro,Z" "-e" "SOURCE_DIR=/opt/rustwide/workdir" "-e" "CARGO_TARGET_DIR=/opt/rustwide/target" "-e" "CARGO_INCREMENTAL=0" "-e" "RUST_BACKTRACE=full" "-e" "RUSTFLAGS=--cap-lints=warn" "-e" "RUSTDOCFLAGS=--cap-lints=warn" "-e" "CARGO_HOME=/opt/rustwide/cargo-home" "-e" "RUSTUP_HOME=/opt/rustwide/rustup-home" "-w" "/opt/rustwide/workdir" "-m" "1610612736" "--user" "0:0" "--network" "none" "ghcr.io/rust-lang/crates-build-env/linux@sha256:5ff2268d62e97bff2cde7d5815dd6ed5b47097566f13b8d0ca110b04b60e07ed" "/opt/rustwide/cargo-home/bin/cargo" "+1.69.0" "test" "--frozen", kill_on_drop: false }`
[INFO] [stdout] 7d4e4783ee6c96a81b3d15f4c33bec4d740b1b151817ee93b906b0f4f31c4d2e
[INFO] running `Command { std: "docker" "start" "-a" "7d4e4783ee6c96a81b3d15f4c33bec4d740b1b151817ee93b906b0f4f31c4d2e", kill_on_drop: false }`
[INFO] [stderr]     Finished test [unoptimized + debuginfo] target(s) in 0.03s
[INFO] [stderr]      Running unittests src/lib.rs (/opt/rustwide/target/debug/deps/camino_tempfile-333aa37583b6bfc5)
[INFO] [stdout] 
[INFO] [stderr]      Running tests/namedtempfile.rs (/opt/rustwide/target/debug/deps/namedtempfile-cbd188b1b3309072)
[INFO] [stdout] running 0 tests
[INFO] [stdout] 
[INFO] [stdout] test result: ok. 0 passed; 0 failed; 0 ignored; 0 measured; 0 filtered out; finished in 0.00s
[INFO] [stdout] 
[INFO] [stdout] 
[INFO] [stdout] running 25 tests
[INFO] [stdout] test test_basic ... ok
[INFO] [stdout] test temp_path_from_existing ... ok
[INFO] [stdout] test test_change_dir ... ok
[INFO] [stdout] test test_immut ... ok
[INFO] [stdout] test test_into_parts ... ok
[INFO] [stdout] test temp_path_from_argument_types ... ok
[INFO] [stdout] test test_into_file ... ok
[INFO] [stdout] test test_make ... ok
[INFO] [stdout] test test_keep ... ok
[INFO] [stdout] test test_customnamed ... ok
[INFO] [stdout] test test_append ... ok
[INFO] [stdout] test test_deleted ... ok
[INFO] [stdout] test test_make_fnmut ... ok
[INFO] [stdout] test test_from_parts ... ok
[INFO] [stdout] test test_make_in ... ok
[INFO] [stdout] test test_make_uds ... ok
[INFO] [stdout] test test_overly_generic_bounds ... ok
[INFO] [stdout] test test_temppath_persist_noclobber ... ok
[INFO] [stdout] test test_reopen ... ok
[INFO] [stdout] test test_persist ... ok
[INFO] [stdout] test test_temppath_persist ... ok
[INFO] [stdout] test test_write_after_close ... ok
[INFO] [stdout] test test_make_uds_conflict ... ok
[INFO] [stdout] test test_temppath ... ok
[INFO] [stdout] test test_persist_noclobber ... ok
[INFO] [stderr]      Running tests/tempdir.rs (/opt/rustwide/target/debug/deps/tempdir-e964a34f11d28908)
[INFO] [stdout] 
[INFO] [stdout] test result: ok. 25 passed; 0 failed; 0 ignored; 0 measured; 0 filtered out; finished in 0.07s
[INFO] [stdout] 
[INFO] [stdout] 
[INFO] [stdout] running 2 tests
[INFO] [stdout] test test_customnamed ... ok
[INFO] [stderr]      Running tests/tempfile.rs (/opt/rustwide/target/debug/deps/tempfile-39b7bf590f7546a2)
[INFO] [stdout] test main ... ok
[INFO] [stdout] 
[INFO] [stdout] test result: ok. 2 passed; 0 failed; 0 ignored; 0 measured; 0 filtered out; finished in 0.06s
[INFO] [stdout] 
[INFO] [stdout] 
[INFO] [stdout] running 3 tests
[INFO] [stdout] test test_cleanup ... ok
[INFO] [stdout] test test_basic ... ok
[INFO] [stdout] test test_pathological_cleaner ... ok
[INFO] [stdout] 
[INFO] [stdout] test result: ok. 3 passed; 0 failed; 0 ignored; 0 measured; 0 filtered out; finished in 0.97s
[INFO] [stdout] 
[INFO] [stderr]    Doc-tests camino-tempfile
[INFO] [stdout] 
[INFO] [stdout] running 41 tests
[INFO] [stdout] test src/builder.rs - builder::Builder<'a,'b>::new (line 85) ... ignored
[INFO] [stdout] test src/dir.rs - dir::Utf8TempDir (line 153) ... ok
[INFO] [stdout] test src/builder.rs - builder::Builder<'a,'b>::append (line 181) ... ok
[INFO] [stdout] test src/dir.rs - dir::Utf8TempDir (line 138) ... ok
[INFO] [stdout] test src/builder.rs - builder::Builder<'a,'b>::tempdir (line 289) ... ok
[INFO] [stdout] test src/builder.rs - builder::Builder<'a,'b>::tempdir_in (line 320) ... ok
[INFO] [stdout] test src/builder.rs - builder::Builder<'a,'b>::tempfile (line 217) ... ok
[INFO] [stdout] test src/builder.rs - builder::Builder<'a,'b>::prefix (line 102) ... ok
[INFO] [stdout] test src/builder.rs - builder::Builder<'a,'b>::new (line 21) ... ok
[INFO] [stdout] test src/builder.rs - builder::Builder<'a,'b>::make (line 364) ... ok
[INFO] [stdout] test src/builder.rs - builder::Builder<'a,'b>::suffix (line 129) ... ok
[INFO] [stdout] test src/file.rs - file::NamedUtf8TempFile<F>::close (line 634) - compile ... ok
[INFO] [stdout] test src/builder.rs - builder::Builder<'a,'b>::new (line 51) ... ok
[INFO] [stdout] test src/builder.rs - builder::Builder<'a,'b>::make (line 391) ... ok
[INFO] [stdout] test src/dir.rs - dir::Utf8TempDir::new (line 192) ... ok
[INFO] [stdout] test src/file.rs - file::NamedUtf8TempFile<F>::persist (line 684) - compile ... ok
[INFO] [stdout] test src/file.rs - file::NamedUtf8TempFile<F>::persist_noclobber (line 738) - compile ... ok
[INFO] [stdout] test src/file.rs - file::NamedUtf8TempFile<F>::keep (line 776) - compile ... ok
[INFO] [stdout] test src/file.rs - file::NamedUtf8TempFile<F>::path (line 600) - compile ... ok
[INFO] [stdout] test src/builder.rs - builder::Builder<'a,'b>::tempfile_in (line 253) ... FAILED
[INFO] [stdout] test src/dir.rs - dir::Utf8TempDir::close (line 319) ... ok
[INFO] [stdout] test src/builder.rs - builder::Builder<'a,'b>::rand_bytes (line 155) ... ok
[INFO] [stdout] test src/file.rs - file::Utf8TempPath::close (line 168) - compile ... ok
[INFO] [stdout] test src/file.rs - file::NamedUtf8TempFile<File>::reopen (line 875) - compile ... ok
[INFO] [stdout] test src/dir.rs - dir::Utf8TempDir::into_path (line 281) ... ok
[INFO] [stdout] test src/dir.rs - dir::Utf8TempDir::path (line 247) ... ok
[INFO] [stdout] test src/builder.rs - builder::Builder<'a,'b>::make_in (line 454) ... FAILED
[INFO] [stdout] test src/file.rs - file::Utf8TempPath::keep (line 319) - compile ... ok
[INFO] [stdout] test src/file.rs - file::NamedUtf8TempFile<File>::new (line 559) - compile ... ok
[INFO] [stdout] test src/lib.rs - (line 53) - compile ... ok
[INFO] [stdout] test src/file.rs - file::Utf8TempPath::persist_noclobber (line 273) - compile ... ok
[INFO] [stdout] test src/file.rs - file::Utf8TempPath::persist (line 219) - compile ... ok
[INFO] [stdout] test src/dir.rs - dir::Utf8TempDir::new_in (line 224) ... ok
[INFO] [stdout] test src/builder.rs - builder::Builder<'a,'b>::make (line 421) ... ok
[INFO] [stdout] test src/dir.rs - dir::tempdir (line 28) ... ok
[INFO] [stdout] test src/dir.rs - dir::tempdir_in (line 75) ... FAILED
[INFO] [stdout] test src/file.rs - file::tempfile (line 39) ... ok
[INFO] [stdout] test src/lib.rs - (line 107) ... ok
[INFO] [stdout] test src/lib.rs - (line 87) ... ok
[INFO] [stdout] test src/lib.rs - (line 138) ... ok
[INFO] [stdout] test src/file.rs - file::tempfile_in (line 83) ... FAILED
[INFO] [stderr] error: doctest failed, to rerun pass `--doc`
[INFO] [stdout] 
[INFO] [stdout] failures:
[INFO] [stdout] 
[INFO] [stdout] ---- src/builder.rs - builder::Builder<'a,'b>::tempfile_in (line 253) stdout ----
[INFO] [stdout] Test executable failed (exit status: 1).
[INFO] [stdout] 
[INFO] [stdout] ---- src/builder.rs - builder::Builder<'a,'b>::make_in (line 454) stdout ----
[INFO] [stdout] Test executable failed (exit status: 1).
[INFO] [stdout] 
[INFO] [stdout] ---- src/dir.rs - dir::tempdir_in (line 75) stdout ----
[INFO] [stdout] Test executable failed (exit status: 1).
[INFO] [stdout] 
[INFO] [stdout] ---- src/file.rs - file::tempfile_in (line 83) stdout ----
[INFO] [stdout] Test executable failed (exit status: 1).
[INFO] [stdout] 
[INFO] [stdout] 
[INFO] [stdout] failures:
[INFO] [stdout]     src/builder.rs - builder::Builder<'a,'b>::make_in (line 454)
[INFO] [stdout]     src/builder.rs - builder::Builder<'a,'b>::tempfile_in (line 253)
[INFO] [stdout]     src/dir.rs - dir::tempdir_in (line 75)
[INFO] [stdout]     src/file.rs - file::tempfile_in (line 83)
[INFO] [stdout] 
[INFO] [stdout] test result: FAILED. 36 passed; 4 failed; 1 ignored; 0 measured; 0 filtered out; finished in 2.22s
[INFO] [stdout] 
[INFO] running `Command { std: "docker" "inspect" "7d4e4783ee6c96a81b3d15f4c33bec4d740b1b151817ee93b906b0f4f31c4d2e", kill_on_drop: false }`
[INFO] running `Command { std: "docker" "rm" "-f" "7d4e4783ee6c96a81b3d15f4c33bec4d740b1b151817ee93b906b0f4f31c4d2e", kill_on_drop: false }`
[INFO] [stdout] 7d4e4783ee6c96a81b3d15f4c33bec4d740b1b151817ee93b906b0f4f31c4d2e
