[INFO] fetching crate cake 0.1.0...
[INFO] testing cake-0.1.0 against 1.69.0 for beta-1.70-1
[INFO] extracting crate cake 0.1.0 into /workspace/builds/worker-5-tc1/source
[INFO] validating manifest of crates.io crate cake 0.1.0 on toolchain 1.69.0
[INFO] running `Command { std: CARGO_HOME="/workspace/cargo-home" RUSTUP_HOME="/workspace/rustup-home" "/workspace/cargo-home/bin/cargo" "+1.69.0" "metadata" "--manifest-path" "Cargo.toml" "--no-deps", kill_on_drop: false }`
[INFO] started tweaking crates.io crate cake 0.1.0
[INFO] finished tweaking crates.io crate cake 0.1.0
[INFO] tweaked toml for crates.io crate cake 0.1.0 written to /workspace/builds/worker-5-tc1/source/Cargo.toml
[INFO] running `Command { std: CARGO_HOME="/workspace/cargo-home" RUSTUP_HOME="/workspace/rustup-home" __CARGO_TEST_CHANNEL_OVERRIDE_DO_NOT_USE_THIS="nightly" "/workspace/cargo-home/bin/cargo" "+1.69.0" "generate-lockfile" "--manifest-path" "Cargo.toml" "-Zno-index-update", kill_on_drop: false }`
[INFO] running `Command { std: CARGO_HOME="/workspace/cargo-home" RUSTUP_HOME="/workspace/rustup-home" "/workspace/cargo-home/bin/cargo" "+1.69.0" "fetch" "--manifest-path" "Cargo.toml", kill_on_drop: false }`
[INFO] [stderr]  Downloading crates ...
[INFO] [stderr]   Downloaded deque v0.3.2
[INFO] [stderr]   Downloaded rayon v0.4.3
[INFO] running `Command { std: "docker" "create" "-v" "/var/lib/crater-agent-workspace/builds/worker-5-tc1/target:/opt/rustwide/target:rw,Z" "-v" "/var/lib/crater-agent-workspace/builds/worker-5-tc1/source:/opt/rustwide/workdir:ro,Z" "-v" "/var/lib/crater-agent-workspace/cargo-home:/opt/rustwide/cargo-home:ro,Z" "-v" "/var/lib/crater-agent-workspace/rustup-home:/opt/rustwide/rustup-home:ro,Z" "-e" "SOURCE_DIR=/opt/rustwide/workdir" "-e" "CARGO_TARGET_DIR=/opt/rustwide/target" "-e" "CARGO_HOME=/opt/rustwide/cargo-home" "-e" "RUSTUP_HOME=/opt/rustwide/rustup-home" "-w" "/opt/rustwide/workdir" "-m" "1610612736" "--user" "0:0" "--network" "none" "ghcr.io/rust-lang/crates-build-env/linux@sha256:5ff2268d62e97bff2cde7d5815dd6ed5b47097566f13b8d0ca110b04b60e07ed" "/opt/rustwide/cargo-home/bin/cargo" "+1.69.0" "metadata" "--no-deps" "--format-version=1", kill_on_drop: false }`
[INFO] [stdout] 642a511350244315a50aef35d29cadbe6078df17631eb8740f06bf5afaf3c456
[INFO] running `Command { std: "docker" "start" "-a" "642a511350244315a50aef35d29cadbe6078df17631eb8740f06bf5afaf3c456", kill_on_drop: false }`
[INFO] running `Command { std: "docker" "inspect" "642a511350244315a50aef35d29cadbe6078df17631eb8740f06bf5afaf3c456", kill_on_drop: false }`
[INFO] running `Command { std: "docker" "rm" "-f" "642a511350244315a50aef35d29cadbe6078df17631eb8740f06bf5afaf3c456", kill_on_drop: false }`
[INFO] [stdout] 642a511350244315a50aef35d29cadbe6078df17631eb8740f06bf5afaf3c456
[INFO] running `Command { std: "docker" "create" "-v" "/var/lib/crater-agent-workspace/builds/worker-5-tc1/target:/opt/rustwide/target:rw,Z" "-v" "/var/lib/crater-agent-workspace/builds/worker-5-tc1/source:/opt/rustwide/workdir:ro,Z" "-v" "/var/lib/crater-agent-workspace/cargo-home:/opt/rustwide/cargo-home:ro,Z" "-v" "/var/lib/crater-agent-workspace/rustup-home:/opt/rustwide/rustup-home:ro,Z" "-e" "SOURCE_DIR=/opt/rustwide/workdir" "-e" "CARGO_TARGET_DIR=/opt/rustwide/target" "-e" "CARGO_INCREMENTAL=0" "-e" "RUST_BACKTRACE=full" "-e" "RUSTFLAGS=--cap-lints=warn" "-e" "RUSTDOCFLAGS=--cap-lints=warn" "-e" "CARGO_HOME=/opt/rustwide/cargo-home" "-e" "RUSTUP_HOME=/opt/rustwide/rustup-home" "-w" "/opt/rustwide/workdir" "-m" "1610612736" "--user" "0:0" "--network" "none" "ghcr.io/rust-lang/crates-build-env/linux@sha256:5ff2268d62e97bff2cde7d5815dd6ed5b47097566f13b8d0ca110b04b60e07ed" "/opt/rustwide/cargo-home/bin/cargo" "+1.69.0" "build" "--frozen" "--message-format=json", kill_on_drop: false }`
[INFO] [stdout] 2183f2e462f219a0a36454e5ea632f8627480824465dce711a41bda175d03dae
[INFO] running `Command { std: "docker" "start" "-a" "2183f2e462f219a0a36454e5ea632f8627480824465dce711a41bda175d03dae", kill_on_drop: false }`
[INFO] [stderr]    Compiling libc v0.2.142
[INFO] [stderr]    Compiling deque v0.3.2
[INFO] [stderr]    Compiling rand v0.4.6
[INFO] [stderr]    Compiling num_cpus v1.15.0
[INFO] [stderr]    Compiling rand v0.3.23
[INFO] [stderr]    Compiling rayon v0.4.3
[INFO] [stderr]    Compiling cake v0.1.0 (/opt/rustwide/workdir)
[INFO] [stderr]     Finished dev [unoptimized + debuginfo] target(s) in 3.91s
[INFO] running `Command { std: "docker" "inspect" "2183f2e462f219a0a36454e5ea632f8627480824465dce711a41bda175d03dae", kill_on_drop: false }`
[INFO] running `Command { std: "docker" "rm" "-f" "2183f2e462f219a0a36454e5ea632f8627480824465dce711a41bda175d03dae", kill_on_drop: false }`
[INFO] [stdout] 2183f2e462f219a0a36454e5ea632f8627480824465dce711a41bda175d03dae
[INFO] running `Command { std: "docker" "create" "-v" "/var/lib/crater-agent-workspace/builds/worker-5-tc1/target:/opt/rustwide/target:rw,Z" "-v" "/var/lib/crater-agent-workspace/builds/worker-5-tc1/source:/opt/rustwide/workdir:ro,Z" "-v" "/var/lib/crater-agent-workspace/cargo-home:/opt/rustwide/cargo-home:ro,Z" "-v" "/var/lib/crater-agent-workspace/rustup-home:/opt/rustwide/rustup-home:ro,Z" "-e" "SOURCE_DIR=/opt/rustwide/workdir" "-e" "CARGO_TARGET_DIR=/opt/rustwide/target" "-e" "CARGO_INCREMENTAL=0" "-e" "RUST_BACKTRACE=full" "-e" "RUSTFLAGS=--cap-lints=warn" "-e" "RUSTDOCFLAGS=--cap-lints=warn" "-e" "CARGO_HOME=/opt/rustwide/cargo-home" "-e" "RUSTUP_HOME=/opt/rustwide/rustup-home" "-w" "/opt/rustwide/workdir" "-m" "1610612736" "--user" "0:0" "--network" "none" "ghcr.io/rust-lang/crates-build-env/linux@sha256:5ff2268d62e97bff2cde7d5815dd6ed5b47097566f13b8d0ca110b04b60e07ed" "/opt/rustwide/cargo-home/bin/cargo" "+1.69.0" "test" "--frozen" "--no-run" "--message-format=json", kill_on_drop: false }`
[INFO] [stdout] c0505a52da2c1c3adea559ed29b78c5a12af65f93a916ff54bfd26676aadca91
[INFO] running `Command { std: "docker" "start" "-a" "c0505a52da2c1c3adea559ed29b78c5a12af65f93a916ff54bfd26676aadca91", kill_on_drop: false }`
[INFO] [stderr]    Compiling cake v0.1.0 (/opt/rustwide/workdir)
[INFO] [stdout] warning: use of deprecated macro `try`: use the `?` operator instead
[INFO] [stdout]   --> examples/simple.rs:6:1
[INFO] [stdout]    |
[INFO] [stdout] 6  | / build! {
[INFO] [stdout] 7  | |     start(sodium, libstd) => cmd!("ls"; in "src"),
[INFO] [stdout] 8  | |     sodium(libstd, libextra) => println!("yay"),
[INFO] [stdout] 9  | |     libstd() => println!("libstd"),
[INFO] [stdout] ...  |
[INFO] [stdout] 12 | |     run() => println!("check"),
[INFO] [stdout] 13 | | }
[INFO] [stdout]    | |_^
[INFO] [stdout]    |
[INFO] [stdout]    = note: `#[warn(deprecated)]` on by default
[INFO] [stdout]    = note: this warning originates in the macro `build` (in Nightly builds, run with -Z macro-backtrace for more info)
[INFO] [stdout] 
[INFO] [stdout] 
[INFO] [stdout] warning: use of deprecated macro `try`: use the `?` operator instead
[INFO] [stdout]   --> examples/simple.rs:6:1
[INFO] [stdout]    |
[INFO] [stdout] 6  | / build! {
[INFO] [stdout] 7  | |     start(sodium, libstd) => cmd!("ls"; in "src"),
[INFO] [stdout] 8  | |     sodium(libstd, libextra) => println!("yay"),
[INFO] [stdout] 9  | |     libstd() => println!("libstd"),
[INFO] [stdout] ...  |
[INFO] [stdout] 12 | |     run() => println!("check"),
[INFO] [stdout] 13 | | }
[INFO] [stdout]    | |_^
[INFO] [stdout]    |
[INFO] [stdout]    = note: this warning originates in the macro `par` which comes from the expansion of the macro `build` (in Nightly builds, run with -Z macro-backtrace for more info)
[INFO] [stdout] 
[INFO] [stdout] 
[INFO] [stdout] warning: use of deprecated macro `try`: use the `?` operator instead
[INFO] [stdout]   --> examples/simple.rs:6:1
[INFO] [stdout]    |
[INFO] [stdout] 6  | / build! {
[INFO] [stdout] 7  | |     start(sodium, libstd) => cmd!("ls"; in "src"),
[INFO] [stdout] 8  | |     sodium(libstd, libextra) => println!("yay"),
[INFO] [stdout] 9  | |     libstd() => println!("libstd"),
[INFO] [stdout] ...  |
[INFO] [stdout] 12 | |     run() => println!("check"),
[INFO] [stdout] 13 | | }
[INFO] [stdout]    | |_^
[INFO] [stdout]    |
[INFO] [stdout]    = note: this warning originates in the macro `par` which comes from the expansion of the macro `build` (in Nightly builds, run with -Z macro-backtrace for more info)
[INFO] [stdout] 
[INFO] [stdout] 
[INFO] [stdout] warning: use of deprecated macro `try`: use the `?` operator instead
[INFO] [stdout]   --> examples/simple.rs:6:1
[INFO] [stdout]    |
[INFO] [stdout] 6  | / build! {
[INFO] [stdout] 7  | |     start(sodium, libstd) => cmd!("ls"; in "src"),
[INFO] [stdout] 8  | |     sodium(libstd, libextra) => println!("yay"),
[INFO] [stdout] 9  | |     libstd() => println!("libstd"),
[INFO] [stdout] ...  |
[INFO] [stdout] 12 | |     run() => println!("check"),
[INFO] [stdout] 13 | | }
[INFO] [stdout]    | |_^
[INFO] [stdout]    |
[INFO] [stdout]    = note: this warning originates in the macro `build` (in Nightly builds, run with -Z macro-backtrace for more info)
[INFO] [stdout] 
[INFO] [stdout] 
[INFO] [stdout] warning: use of deprecated macro `try`: use the `?` operator instead
[INFO] [stdout]   --> examples/simple.rs:6:1
[INFO] [stdout]    |
[INFO] [stdout] 6  | / build! {
[INFO] [stdout] 7  | |     start(sodium, libstd) => cmd!("ls"; in "src"),
[INFO] [stdout] 8  | |     sodium(libstd, libextra) => println!("yay"),
[INFO] [stdout] 9  | |     libstd() => println!("libstd"),
[INFO] [stdout] ...  |
[INFO] [stdout] 12 | |     run() => println!("check"),
[INFO] [stdout] 13 | | }
[INFO] [stdout]    | |_^
[INFO] [stdout]    |
[INFO] [stdout]    = note: this warning originates in the macro `par` which comes from the expansion of the macro `build` (in Nightly builds, run with -Z macro-backtrace for more info)
[INFO] [stdout] 
[INFO] [stdout] 
[INFO] [stdout] warning: use of deprecated macro `try`: use the `?` operator instead
[INFO] [stdout]   --> examples/simple.rs:6:1
[INFO] [stdout]    |
[INFO] [stdout] 6  | / build! {
[INFO] [stdout] 7  | |     start(sodium, libstd) => cmd!("ls"; in "src"),
[INFO] [stdout] 8  | |     sodium(libstd, libextra) => println!("yay"),
[INFO] [stdout] 9  | |     libstd() => println!("libstd"),
[INFO] [stdout] ...  |
[INFO] [stdout] 12 | |     run() => println!("check"),
[INFO] [stdout] 13 | | }
[INFO] [stdout]    | |_^
[INFO] [stdout]    |
[INFO] [stdout]    = note: this warning originates in the macro `par` which comes from the expansion of the macro `build` (in Nightly builds, run with -Z macro-backtrace for more info)
[INFO] [stdout] 
[INFO] [stdout] 
[INFO] [stdout] warning: use of deprecated macro `try`: use the `?` operator instead
[INFO] [stdout]   --> examples/simple.rs:6:1
[INFO] [stdout]    |
[INFO] [stdout] 6  | / build! {
[INFO] [stdout] 7  | |     start(sodium, libstd) => cmd!("ls"; in "src"),
[INFO] [stdout] 8  | |     sodium(libstd, libextra) => println!("yay"),
[INFO] [stdout] 9  | |     libstd() => println!("libstd"),
[INFO] [stdout] ...  |
[INFO] [stdout] 12 | |     run() => println!("check"),
[INFO] [stdout] 13 | | }
[INFO] [stdout]    | |_^
[INFO] [stdout]    |
[INFO] [stdout]    = note: this warning originates in the macro `par` which comes from the expansion of the macro `build` (in Nightly builds, run with -Z macro-backtrace for more info)
[INFO] [stdout] 
[INFO] [stdout] 
[INFO] [stdout] warning: use of deprecated macro `try`: use the `?` operator instead
[INFO] [stdout]   --> examples/simple.rs:6:1
[INFO] [stdout]    |
[INFO] [stdout] 6  | / build! {
[INFO] [stdout] 7  | |     start(sodium, libstd) => cmd!("ls"; in "src"),
[INFO] [stdout] 8  | |     sodium(libstd, libextra) => println!("yay"),
[INFO] [stdout] 9  | |     libstd() => println!("libstd"),
[INFO] [stdout] ...  |
[INFO] [stdout] 12 | |     run() => println!("check"),
[INFO] [stdout] 13 | | }
[INFO] [stdout]    | |_^
[INFO] [stdout]    |
[INFO] [stdout]    = note: this warning originates in the macro `par` which comes from the expansion of the macro `build` (in Nightly builds, run with -Z macro-backtrace for more info)
[INFO] [stdout] 
[INFO] [stdout] 
[INFO] [stdout] warning: use of deprecated macro `try`: use the `?` operator instead
[INFO] [stdout]   --> examples/simple.rs:6:1
[INFO] [stdout]    |
[INFO] [stdout] 6  | / build! {
[INFO] [stdout] 7  | |     start(sodium, libstd) => cmd!("ls"; in "src"),
[INFO] [stdout] 8  | |     sodium(libstd, libextra) => println!("yay"),
[INFO] [stdout] 9  | |     libstd() => println!("libstd"),
[INFO] [stdout] ...  |
[INFO] [stdout] 12 | |     run() => println!("check"),
[INFO] [stdout] 13 | | }
[INFO] [stdout]    | |_^
[INFO] [stdout]    |
[INFO] [stdout]    = note: this warning originates in the macro `par` which comes from the expansion of the macro `build` (in Nightly builds, run with -Z macro-backtrace for more info)
[INFO] [stdout] 
[INFO] [stdout] 
[INFO] [stdout] warning: use of deprecated macro `try`: use the `?` operator instead
[INFO] [stdout]   --> examples/simple.rs:6:1
[INFO] [stdout]    |
[INFO] [stdout] 6  | / build! {
[INFO] [stdout] 7  | |     start(sodium, libstd) => cmd!("ls"; in "src"),
[INFO] [stdout] 8  | |     sodium(libstd, libextra) => println!("yay"),
[INFO] [stdout] 9  | |     libstd() => println!("libstd"),
[INFO] [stdout] ...  |
[INFO] [stdout] 12 | |     run() => println!("check"),
[INFO] [stdout] 13 | | }
[INFO] [stdout]    | |_^
[INFO] [stdout]    |
[INFO] [stdout]    = note: this warning originates in the macro `par` which comes from the expansion of the macro `build` (in Nightly builds, run with -Z macro-backtrace for more info)
[INFO] [stdout] 
[INFO] [stdout] 
[INFO] [stdout] warning: use of deprecated macro `try`: use the `?` operator instead
[INFO] [stdout]   --> examples/simple.rs:6:1
[INFO] [stdout]    |
[INFO] [stdout] 6  | / build! {
[INFO] [stdout] 7  | |     start(sodium, libstd) => cmd!("ls"; in "src"),
[INFO] [stdout] 8  | |     sodium(libstd, libextra) => println!("yay"),
[INFO] [stdout] 9  | |     libstd() => println!("libstd"),
[INFO] [stdout] ...  |
[INFO] [stdout] 12 | |     run() => println!("check"),
[INFO] [stdout] 13 | | }
[INFO] [stdout]    | |_^
[INFO] [stdout]    |
[INFO] [stdout]    = note: this warning originates in the macro `par` which comes from the expansion of the macro `build` (in Nightly builds, run with -Z macro-backtrace for more info)
[INFO] [stdout] 
[INFO] [stdout] 
[INFO] [stdout] warning: use of deprecated macro `try`: use the `?` operator instead
[INFO] [stdout]   --> examples/simple.rs:6:1
[INFO] [stdout]    |
[INFO] [stdout] 6  | / build! {
[INFO] [stdout] 7  | |     start(sodium, libstd) => cmd!("ls"; in "src"),
[INFO] [stdout] 8  | |     sodium(libstd, libextra) => println!("yay"),
[INFO] [stdout] 9  | |     libstd() => println!("libstd"),
[INFO] [stdout] ...  |
[INFO] [stdout] 12 | |     run() => println!("check"),
[INFO] [stdout] 13 | | }
[INFO] [stdout]    | |_^
[INFO] [stdout]    |
[INFO] [stdout]    = note: this warning originates in the macro `par` which comes from the expansion of the macro `build` (in Nightly builds, run with -Z macro-backtrace for more info)
[INFO] [stdout] 
[INFO] [stdout] 
[INFO] [stdout] warning: 12 warnings emitted
[INFO] [stdout] 
[INFO] [stdout] 
[INFO] [stderr]     Finished test [unoptimized + debuginfo] target(s) in 0.92s
[INFO] running `Command { std: "docker" "inspect" "c0505a52da2c1c3adea559ed29b78c5a12af65f93a916ff54bfd26676aadca91", kill_on_drop: false }`
[INFO] running `Command { std: "docker" "rm" "-f" "c0505a52da2c1c3adea559ed29b78c5a12af65f93a916ff54bfd26676aadca91", kill_on_drop: false }`
[INFO] [stdout] c0505a52da2c1c3adea559ed29b78c5a12af65f93a916ff54bfd26676aadca91
[INFO] running `Command { std: "docker" "create" "-v" "/var/lib/crater-agent-workspace/builds/worker-5-tc1/target:/opt/rustwide/target:rw,Z" "-v" "/var/lib/crater-agent-workspace/builds/worker-5-tc1/source:/opt/rustwide/workdir:ro,Z" "-v" "/var/lib/crater-agent-workspace/cargo-home:/opt/rustwide/cargo-home:ro,Z" "-v" "/var/lib/crater-agent-workspace/rustup-home:/opt/rustwide/rustup-home:ro,Z" "-e" "SOURCE_DIR=/opt/rustwide/workdir" "-e" "CARGO_TARGET_DIR=/opt/rustwide/target" "-e" "CARGO_INCREMENTAL=0" "-e" "RUST_BACKTRACE=full" "-e" "RUSTFLAGS=--cap-lints=warn" "-e" "RUSTDOCFLAGS=--cap-lints=warn" "-e" "CARGO_HOME=/opt/rustwide/cargo-home" "-e" "RUSTUP_HOME=/opt/rustwide/rustup-home" "-w" "/opt/rustwide/workdir" "-m" "1610612736" "--user" "0:0" "--network" "none" "ghcr.io/rust-lang/crates-build-env/linux@sha256:5ff2268d62e97bff2cde7d5815dd6ed5b47097566f13b8d0ca110b04b60e07ed" "/opt/rustwide/cargo-home/bin/cargo" "+1.69.0" "test" "--frozen", kill_on_drop: false }`
[INFO] [stdout] 03e839801d1073002f1491bb0eff59e5b2ee270907a6346035e22028d10973d8
[INFO] running `Command { std: "docker" "start" "-a" "03e839801d1073002f1491bb0eff59e5b2ee270907a6346035e22028d10973d8", kill_on_drop: false }`
[INFO] [stderr] warning: use of deprecated macro `try`: use the `?` operator instead
[INFO] [stderr]   --> examples/simple.rs:6:1
[INFO] [stderr]    |
[INFO] [stderr] 6  | / build! {
[INFO] [stderr] 7  | |     start(sodium, libstd) => cmd!("ls"; in "src"),
[INFO] [stderr] 8  | |     sodium(libstd, libextra) => println!("yay"),
[INFO] [stderr] 9  | |     libstd() => println!("libstd"),
[INFO] [stderr] ...  |
[INFO] [stderr] 12 | |     run() => println!("check"),
[INFO] [stderr] 13 | | }
[INFO] [stderr]    | |_^
[INFO] [stderr]    |
[INFO] [stderr]    = note: `#[warn(deprecated)]` on by default
[INFO] [stderr]    = note: this warning originates in the macro `build` (in Nightly builds, run with -Z macro-backtrace for more info)
[INFO] [stderr] 
[INFO] [stderr] warning: use of deprecated macro `try`: use the `?` operator instead
[INFO] [stderr]   --> examples/simple.rs:6:1
[INFO] [stderr]    |
[INFO] [stderr] 6  | / build! {
[INFO] [stderr] 7  | |     start(sodium, libstd) => cmd!("ls"; in "src"),
[INFO] [stderr] 8  | |     sodium(libstd, libextra) => println!("yay"),
[INFO] [stderr] 9  | |     libstd() => println!("libstd"),
[INFO] [stderr] ...  |
[INFO] [stderr] 12 | |     run() => println!("check"),
[INFO] [stderr] 13 | | }
[INFO] [stderr]    | |_^
[INFO] [stderr]    |
[INFO] [stderr]    = note: this warning originates in the macro `par` which comes from the expansion of the macro `build` (in Nightly builds, run with -Z macro-backtrace for more info)
[INFO] [stderr] 
[INFO] [stderr] warning: use of deprecated macro `try`: use the `?` operator instead
[INFO] [stderr]   --> examples/simple.rs:6:1
[INFO] [stderr]    |
[INFO] [stderr] 6  | / build! {
[INFO] [stderr] 7  | |     start(sodium, libstd) => cmd!("ls"; in "src"),
[INFO] [stderr] 8  | |     sodium(libstd, libextra) => println!("yay"),
[INFO] [stderr] 9  | |     libstd() => println!("libstd"),
[INFO] [stderr] ...  |
[INFO] [stderr] 12 | |     run() => println!("check"),
[INFO] [stderr] 13 | | }
[INFO] [stderr]    | |_^
[INFO] [stderr]    |
[INFO] [stderr]    = note: this warning originates in the macro `build` (in Nightly builds, run with -Z macro-backtrace for more info)
[INFO] [stderr] 
[INFO] [stderr] warning: `cake` (example "simple") generated 12 warnings (9 duplicates)
[INFO] [stderr]     Finished test [unoptimized + debuginfo] target(s) in 0.02s
[INFO] [stderr]      Running unittests src/lib.rs (/opt/rustwide/target/debug/deps/cake-bb2f1075029d3f81)
[INFO] [stderr]    Doc-tests cake
[INFO] [stdout] 
[INFO] [stdout] running 0 tests
[INFO] [stdout] 
[INFO] [stdout] test result: ok. 0 passed; 0 failed; 0 ignored; 0 measured; 0 filtered out; finished in 0.00s
[INFO] [stdout] 
[INFO] [stdout] 
[INFO] [stdout] running 4 tests
[INFO] [stdout] test src/lib.rs - cmd (line 20) ... FAILED
[INFO] [stdout] test src/lib.rs - cmd (line 32) ... FAILED
[INFO] [stdout] test src/lib.rs - build (line 128) ... FAILED
[INFO] [stdout] test src/lib.rs - cmd (line 26) ... FAILED
[INFO] [stderr] error: doctest failed, to rerun pass `--doc`
[INFO] [stdout] 
[INFO] [stdout] failures:
[INFO] [stdout] 
[INFO] [stdout] ---- src/lib.rs - cmd (line 20) stdout ----
[INFO] [stdout] error: cannot find macro `cmd` in this scope
[INFO] [stdout]  --> src/lib.rs:21:1
[INFO] [stdout]   |
[INFO] [stdout] 3 | cmd!("ls", "/"); // 'ls /'
[INFO] [stdout]   | ^^^
[INFO] [stdout] 
[INFO] [stdout] error: aborting due to previous error
[INFO] [stdout] 
[INFO] [stdout] Couldn't compile the test.
[INFO] [stdout] ---- src/lib.rs - cmd (line 32) stdout ----
[INFO] [stdout] error: cannot find macro `cmd` in this scope
[INFO] [stdout]  --> src/lib.rs:33:1
[INFO] [stdout]   |
[INFO] [stdout] 3 | cmd!("ls", "."; where BLAH = "/"; where BLUH = "!");
[INFO] [stdout]   | ^^^
[INFO] [stdout] 
[INFO] [stdout] error: aborting due to previous error
[INFO] [stdout] 
[INFO] [stdout] Couldn't compile the test.
[INFO] [stdout] ---- src/lib.rs - build (line 128) stdout ----
[INFO] [stdout] error[E0468]: an `extern crate` loading macros must be at the crate root
[INFO] [stdout]  --> src/lib.rs:130:1
[INFO] [stdout]   |
[INFO] [stdout] 4 | extern crate cake;
[INFO] [stdout]   | ^^^^^^^^^^^^^^^^^^
[INFO] [stdout] 
[INFO] [stdout] warning: use of deprecated macro `try`: use the `?` operator instead
[INFO] [stdout]   --> src/lib.rs:132:1
[INFO] [stdout]    |
[INFO] [stdout] 6  | / build! {
[INFO] [stdout] 7  | |     start(sodium, libstd) => cmd!("ls"),
[INFO] [stdout] 8  | |     sodium(libstd, libextra) => println!("yay"),
[INFO] [stdout] 9  | |     libstd() => println!("libstd"),
[INFO] [stdout] 10 | |     libextra() => println!("libextra"),
[INFO] [stdout] 11 | | }
[INFO] [stdout]    | |_^
[INFO] [stdout]    |
[INFO] [stdout]    = note: `#[warn(deprecated)]` on by default
[INFO] [stdout]    = note: this warning originates in the macro `build` (in Nightly builds, run with -Z macro-backtrace for more info)
[INFO] [stdout] 
[INFO] [stdout] warning: use of deprecated macro `try`: use the `?` operator instead
[INFO] [stdout]   --> src/lib.rs:132:1
[INFO] [stdout]    |
[INFO] [stdout] 6  | / build! {
[INFO] [stdout] 7  | |     start(sodium, libstd) => cmd!("ls"),
[INFO] [stdout] 8  | |     sodium(libstd, libextra) => println!("yay"),
[INFO] [stdout] 9  | |     libstd() => println!("libstd"),
[INFO] [stdout] 10 | |     libextra() => println!("libextra"),
[INFO] [stdout] 11 | | }
[INFO] [stdout]    | |_^
[INFO] [stdout]    |
[INFO] [stdout]    = note: this warning originates in the macro `par` which comes from the expansion of the macro `build` (in Nightly builds, run with -Z macro-backtrace for more info)
[INFO] [stdout] 
[INFO] [stdout] warning: use of deprecated macro `try`: use the `?` operator instead
[INFO] [stdout]   --> src/lib.rs:132:1
[INFO] [stdout]    |
[INFO] [stdout] 6  | / build! {
[INFO] [stdout] 7  | |     start(sodium, libstd) => cmd!("ls"),
[INFO] [stdout] 8  | |     sodium(libstd, libextra) => println!("yay"),
[INFO] [stdout] 9  | |     libstd() => println!("libstd"),
[INFO] [stdout] 10 | |     libextra() => println!("libextra"),
[INFO] [stdout] 11 | | }
[INFO] [stdout]    | |_^
[INFO] [stdout]    |
[INFO] [stdout]    = note: this warning originates in the macro `par` which comes from the expansion of the macro `build` (in Nightly builds, run with -Z macro-backtrace for more info)
[INFO] [stdout] 
[INFO] [stdout] warning: use of deprecated macro `try`: use the `?` operator instead
[INFO] [stdout]   --> src/lib.rs:132:1
[INFO] [stdout]    |
[INFO] [stdout] 6  | / build! {
[INFO] [stdout] 7  | |     start(sodium, libstd) => cmd!("ls"),
[INFO] [stdout] 8  | |     sodium(libstd, libextra) => println!("yay"),
[INFO] [stdout] 9  | |     libstd() => println!("libstd"),
[INFO] [stdout] 10 | |     libextra() => println!("libextra"),
[INFO] [stdout] 11 | | }
[INFO] [stdout]    | |_^
[INFO] [stdout]    |
[INFO] [stdout]    = note: this warning originates in the macro `build` (in Nightly builds, run with -Z macro-backtrace for more info)
[INFO] [stdout] 
[INFO] [stdout] warning: use of deprecated macro `try`: use the `?` operator instead
[INFO] [stdout]   --> src/lib.rs:132:1
[INFO] [stdout]    |
[INFO] [stdout] 6  | / build! {
[INFO] [stdout] 7  | |     start(sodium, libstd) => cmd!("ls"),
[INFO] [stdout] 8  | |     sodium(libstd, libextra) => println!("yay"),
[INFO] [stdout] 9  | |     libstd() => println!("libstd"),
[INFO] [stdout] 10 | |     libextra() => println!("libextra"),
[INFO] [stdout] 11 | | }
[INFO] [stdout]    | |_^
[INFO] [stdout]    |
[INFO] [stdout]    = note: this warning originates in the macro `par` which comes from the expansion of the macro `build` (in Nightly builds, run with -Z macro-backtrace for more info)
[INFO] [stdout] 
[INFO] [stdout] warning: use of deprecated macro `try`: use the `?` operator instead
[INFO] [stdout]   --> src/lib.rs:132:1
[INFO] [stdout]    |
[INFO] [stdout] 6  | / build! {
[INFO] [stdout] 7  | |     start(sodium, libstd) => cmd!("ls"),
[INFO] [stdout] 8  | |     sodium(libstd, libextra) => println!("yay"),
[INFO] [stdout] 9  | |     libstd() => println!("libstd"),
[INFO] [stdout] 10 | |     libextra() => println!("libextra"),
[INFO] [stdout] 11 | | }
[INFO] [stdout]    | |_^
[INFO] [stdout]    |
[INFO] [stdout]    = note: this warning originates in the macro `par` which comes from the expansion of the macro `build` (in Nightly builds, run with -Z macro-backtrace for more info)
[INFO] [stdout] 
[INFO] [stdout] warning: use of deprecated macro `try`: use the `?` operator instead
[INFO] [stdout]   --> src/lib.rs:132:1
[INFO] [stdout]    |
[INFO] [stdout] 6  | / build! {
[INFO] [stdout] 7  | |     start(sodium, libstd) => cmd!("ls"),
[INFO] [stdout] 8  | |     sodium(libstd, libextra) => println!("yay"),
[INFO] [stdout] 9  | |     libstd() => println!("libstd"),
[INFO] [stdout] 10 | |     libextra() => println!("libextra"),
[INFO] [stdout] 11 | | }
[INFO] [stdout]    | |_^
[INFO] [stdout]    |
[INFO] [stdout]    = note: this warning originates in the macro `par` which comes from the expansion of the macro `build` (in Nightly builds, run with -Z macro-backtrace for more info)
[INFO] [stdout] 
[INFO] [stdout] warning: use of deprecated macro `try`: use the `?` operator instead
[INFO] [stdout]   --> src/lib.rs:132:1
[INFO] [stdout]    |
[INFO] [stdout] 6  | / build! {
[INFO] [stdout] 7  | |     start(sodium, libstd) => cmd!("ls"),
[INFO] [stdout] 8  | |     sodium(libstd, libextra) => println!("yay"),
[INFO] [stdout] 9  | |     libstd() => println!("libstd"),
[INFO] [stdout] 10 | |     libextra() => println!("libextra"),
[INFO] [stdout] 11 | | }
[INFO] [stdout]    | |_^
[INFO] [stdout]    |
[INFO] [stdout]    = note: this warning originates in the macro `par` which comes from the expansion of the macro `build` (in Nightly builds, run with -Z macro-backtrace for more info)
[INFO] [stdout] 
[INFO] [stdout] error: aborting due to previous error; 8 warnings emitted
[INFO] [stdout] 
[INFO] [stdout] For more information about this error, try `rustc --explain E0468`.
[INFO] [stdout] Couldn't compile the test.
[INFO] [stdout] ---- src/lib.rs - cmd (line 26) stdout ----
[INFO] [stdout] error: cannot find macro `cmd` in this scope
[INFO] [stdout]  --> src/lib.rs:27:1
[INFO] [stdout]   |
[INFO] [stdout] 3 | cmd!("ls", "."; in "/");
[INFO] [stdout]   | ^^^
[INFO] [stdout] 
[INFO] [stdout] error: aborting due to previous error
[INFO] [stdout] 
[INFO] [stdout] Couldn't compile the test.
[INFO] [stdout] 
[INFO] [stdout] failures:
[INFO] [stdout]     src/lib.rs - build (line 128)
[INFO] [stdout]     src/lib.rs - cmd (line 20)
[INFO] [stdout]     src/lib.rs - cmd (line 26)
[INFO] [stdout]     src/lib.rs - cmd (line 32)
[INFO] [stdout] 
[INFO] [stdout] test result: FAILED. 0 passed; 4 failed; 0 ignored; 0 measured; 0 filtered out; finished in 0.12s
[INFO] [stdout] 
[INFO] running `Command { std: "docker" "inspect" "03e839801d1073002f1491bb0eff59e5b2ee270907a6346035e22028d10973d8", kill_on_drop: false }`
[INFO] running `Command { std: "docker" "rm" "-f" "03e839801d1073002f1491bb0eff59e5b2ee270907a6346035e22028d10973d8", kill_on_drop: false }`
[INFO] [stdout] 03e839801d1073002f1491bb0eff59e5b2ee270907a6346035e22028d10973d8
