[INFO] fetching crate cairo-take_until_unbalanced 0.24.2-rc1...
[INFO] testing cairo-take_until_unbalanced-0.24.2-rc1 against 1.69.0 for beta-1.70-1
[INFO] extracting crate cairo-take_until_unbalanced 0.24.2-rc1 into /workspace/builds/worker-2-tc1/source
[INFO] validating manifest of crates.io crate cairo-take_until_unbalanced 0.24.2-rc1 on toolchain 1.69.0
[INFO] running `Command { std: CARGO_HOME="/workspace/cargo-home" RUSTUP_HOME="/workspace/rustup-home" "/workspace/cargo-home/bin/cargo" "+1.69.0" "metadata" "--manifest-path" "Cargo.toml" "--no-deps", kill_on_drop: false }`
[INFO] started tweaking crates.io crate cairo-take_until_unbalanced 0.24.2-rc1
[INFO] finished tweaking crates.io crate cairo-take_until_unbalanced 0.24.2-rc1
[INFO] tweaked toml for crates.io crate cairo-take_until_unbalanced 0.24.2-rc1 written to /workspace/builds/worker-2-tc1/source/Cargo.toml
[INFO] running `Command { std: CARGO_HOME="/workspace/cargo-home" RUSTUP_HOME="/workspace/rustup-home" __CARGO_TEST_CHANNEL_OVERRIDE_DO_NOT_USE_THIS="nightly" "/workspace/cargo-home/bin/cargo" "+1.69.0" "generate-lockfile" "--manifest-path" "Cargo.toml" "-Zno-index-update", kill_on_drop: false }`
[INFO] [stderr]     Blocking waiting for file lock on package cache
[INFO] running `Command { std: CARGO_HOME="/workspace/cargo-home" RUSTUP_HOME="/workspace/rustup-home" "/workspace/cargo-home/bin/cargo" "+1.69.0" "fetch" "--manifest-path" "Cargo.toml", kill_on_drop: false }`
[INFO] running `Command { std: "docker" "create" "-v" "/var/lib/crater-agent-workspace/builds/worker-2-tc1/target:/opt/rustwide/target:rw,Z" "-v" "/var/lib/crater-agent-workspace/builds/worker-2-tc1/source:/opt/rustwide/workdir:ro,Z" "-v" "/var/lib/crater-agent-workspace/cargo-home:/opt/rustwide/cargo-home:ro,Z" "-v" "/var/lib/crater-agent-workspace/rustup-home:/opt/rustwide/rustup-home:ro,Z" "-e" "SOURCE_DIR=/opt/rustwide/workdir" "-e" "CARGO_TARGET_DIR=/opt/rustwide/target" "-e" "CARGO_HOME=/opt/rustwide/cargo-home" "-e" "RUSTUP_HOME=/opt/rustwide/rustup-home" "-w" "/opt/rustwide/workdir" "-m" "1610612736" "--user" "0:0" "--network" "none" "ghcr.io/rust-lang/crates-build-env/linux@sha256:5ff2268d62e97bff2cde7d5815dd6ed5b47097566f13b8d0ca110b04b60e07ed" "/opt/rustwide/cargo-home/bin/cargo" "+1.69.0" "metadata" "--no-deps" "--format-version=1", kill_on_drop: false }`
[INFO] [stdout] 611aaf96e5d185afccc55e8a0842c7f354861a4f948ac5e2ce9c73a7dcfe4a8c
[INFO] running `Command { std: "docker" "start" "-a" "611aaf96e5d185afccc55e8a0842c7f354861a4f948ac5e2ce9c73a7dcfe4a8c", kill_on_drop: false }`
[INFO] running `Command { std: "docker" "inspect" "611aaf96e5d185afccc55e8a0842c7f354861a4f948ac5e2ce9c73a7dcfe4a8c", kill_on_drop: false }`
[INFO] running `Command { std: "docker" "rm" "-f" "611aaf96e5d185afccc55e8a0842c7f354861a4f948ac5e2ce9c73a7dcfe4a8c", kill_on_drop: false }`
[INFO] [stdout] 611aaf96e5d185afccc55e8a0842c7f354861a4f948ac5e2ce9c73a7dcfe4a8c
[INFO] running `Command { std: "docker" "create" "-v" "/var/lib/crater-agent-workspace/builds/worker-2-tc1/target:/opt/rustwide/target:rw,Z" "-v" "/var/lib/crater-agent-workspace/builds/worker-2-tc1/source:/opt/rustwide/workdir:ro,Z" "-v" "/var/lib/crater-agent-workspace/cargo-home:/opt/rustwide/cargo-home:ro,Z" "-v" "/var/lib/crater-agent-workspace/rustup-home:/opt/rustwide/rustup-home:ro,Z" "-e" "SOURCE_DIR=/opt/rustwide/workdir" "-e" "CARGO_TARGET_DIR=/opt/rustwide/target" "-e" "CARGO_INCREMENTAL=0" "-e" "RUST_BACKTRACE=full" "-e" "RUSTFLAGS=--cap-lints=warn" "-e" "RUSTDOCFLAGS=--cap-lints=warn" "-e" "CARGO_HOME=/opt/rustwide/cargo-home" "-e" "RUSTUP_HOME=/opt/rustwide/rustup-home" "-w" "/opt/rustwide/workdir" "-m" "1610612736" "--user" "0:0" "--network" "none" "ghcr.io/rust-lang/crates-build-env/linux@sha256:5ff2268d62e97bff2cde7d5815dd6ed5b47097566f13b8d0ca110b04b60e07ed" "/opt/rustwide/cargo-home/bin/cargo" "+1.69.0" "build" "--frozen" "--message-format=json", kill_on_drop: false }`
[INFO] [stdout] 6e1173e505d7a78028fb9d799e1f569ea7c5c11200fe977fc4e5fd5e5ee57e32
[INFO] running `Command { std: "docker" "start" "-a" "6e1173e505d7a78028fb9d799e1f569ea7c5c11200fe977fc4e5fd5e5ee57e32", kill_on_drop: false }`
[INFO] [stderr]    Compiling memchr v2.5.0
[INFO] [stderr]    Compiling minimal-lexical v0.2.1
[INFO] [stderr]    Compiling nom v7.1.3
[INFO] [stderr]    Compiling cairo-take_until_unbalanced v0.24.2-rc1 (/opt/rustwide/workdir)
[INFO] [stderr]     Finished dev [unoptimized + debuginfo] target(s) in 3.07s
[INFO] running `Command { std: "docker" "inspect" "6e1173e505d7a78028fb9d799e1f569ea7c5c11200fe977fc4e5fd5e5ee57e32", kill_on_drop: false }`
[INFO] running `Command { std: "docker" "rm" "-f" "6e1173e505d7a78028fb9d799e1f569ea7c5c11200fe977fc4e5fd5e5ee57e32", kill_on_drop: false }`
[INFO] [stdout] 6e1173e505d7a78028fb9d799e1f569ea7c5c11200fe977fc4e5fd5e5ee57e32
[INFO] running `Command { std: "docker" "create" "-v" "/var/lib/crater-agent-workspace/builds/worker-2-tc1/target:/opt/rustwide/target:rw,Z" "-v" "/var/lib/crater-agent-workspace/builds/worker-2-tc1/source:/opt/rustwide/workdir:ro,Z" "-v" "/var/lib/crater-agent-workspace/cargo-home:/opt/rustwide/cargo-home:ro,Z" "-v" "/var/lib/crater-agent-workspace/rustup-home:/opt/rustwide/rustup-home:ro,Z" "-e" "SOURCE_DIR=/opt/rustwide/workdir" "-e" "CARGO_TARGET_DIR=/opt/rustwide/target" "-e" "CARGO_INCREMENTAL=0" "-e" "RUST_BACKTRACE=full" "-e" "RUSTFLAGS=--cap-lints=warn" "-e" "RUSTDOCFLAGS=--cap-lints=warn" "-e" "CARGO_HOME=/opt/rustwide/cargo-home" "-e" "RUSTUP_HOME=/opt/rustwide/rustup-home" "-w" "/opt/rustwide/workdir" "-m" "1610612736" "--user" "0:0" "--network" "none" "ghcr.io/rust-lang/crates-build-env/linux@sha256:5ff2268d62e97bff2cde7d5815dd6ed5b47097566f13b8d0ca110b04b60e07ed" "/opt/rustwide/cargo-home/bin/cargo" "+1.69.0" "test" "--frozen" "--no-run" "--message-format=json", kill_on_drop: false }`
[INFO] [stdout] 8b144b718a26671cbd64b111bb8560c55c5afdf836bb8e95631fa46698faee0a
[INFO] running `Command { std: "docker" "start" "-a" "8b144b718a26671cbd64b111bb8560c55c5afdf836bb8e95631fa46698faee0a", kill_on_drop: false }`
[INFO] [stderr]    Compiling cairo-take_until_unbalanced v0.24.2-rc1 (/opt/rustwide/workdir)
[INFO] [stderr]     Finished test [unoptimized + debuginfo] target(s) in 0.33s
[INFO] running `Command { std: "docker" "inspect" "8b144b718a26671cbd64b111bb8560c55c5afdf836bb8e95631fa46698faee0a", kill_on_drop: false }`
[INFO] running `Command { std: "docker" "rm" "-f" "8b144b718a26671cbd64b111bb8560c55c5afdf836bb8e95631fa46698faee0a", kill_on_drop: false }`
[INFO] [stdout] 8b144b718a26671cbd64b111bb8560c55c5afdf836bb8e95631fa46698faee0a
[INFO] running `Command { std: "docker" "create" "-v" "/var/lib/crater-agent-workspace/builds/worker-2-tc1/target:/opt/rustwide/target:rw,Z" "-v" "/var/lib/crater-agent-workspace/builds/worker-2-tc1/source:/opt/rustwide/workdir:ro,Z" "-v" "/var/lib/crater-agent-workspace/cargo-home:/opt/rustwide/cargo-home:ro,Z" "-v" "/var/lib/crater-agent-workspace/rustup-home:/opt/rustwide/rustup-home:ro,Z" "-e" "SOURCE_DIR=/opt/rustwide/workdir" "-e" "CARGO_TARGET_DIR=/opt/rustwide/target" "-e" "CARGO_INCREMENTAL=0" "-e" "RUST_BACKTRACE=full" "-e" "RUSTFLAGS=--cap-lints=warn" "-e" "RUSTDOCFLAGS=--cap-lints=warn" "-e" "CARGO_HOME=/opt/rustwide/cargo-home" "-e" "RUSTUP_HOME=/opt/rustwide/rustup-home" "-w" "/opt/rustwide/workdir" "-m" "1610612736" "--user" "0:0" "--network" "none" "ghcr.io/rust-lang/crates-build-env/linux@sha256:5ff2268d62e97bff2cde7d5815dd6ed5b47097566f13b8d0ca110b04b60e07ed" "/opt/rustwide/cargo-home/bin/cargo" "+1.69.0" "test" "--frozen", kill_on_drop: false }`
[INFO] [stdout] fecd15c279fb43a96ed7f8d7e9b810029e2c47ce6ea433228fe002667f50f068
[INFO] running `Command { std: "docker" "start" "-a" "fecd15c279fb43a96ed7f8d7e9b810029e2c47ce6ea433228fe002667f50f068", kill_on_drop: false }`
[INFO] [stderr]     Finished test [unoptimized + debuginfo] target(s) in 0.01s
[INFO] [stdout] 
[INFO] [stderr]      Running unittests src/lib.rs (/opt/rustwide/target/debug/deps/cairo_take_until_unbalanced-814996a98259a611)
[INFO] [stdout] running 1 test
[INFO] [stderr]    Doc-tests cairo-take_until_unbalanced
[INFO] [stdout] test tests::test_take_until_unmatched ... ok
[INFO] [stdout] 
[INFO] [stdout] test result: ok. 1 passed; 0 failed; 0 ignored; 0 measured; 0 filtered out; finished in 0.00s
[INFO] [stdout] 
[INFO] [stdout] 
[INFO] [stdout] running 1 test
[INFO] [stdout] test src/lib.rs - take_until_unbalanced (line 15) ... FAILED
[INFO] [stdout] 
[INFO] [stdout] failures:
[INFO] [stdout] 
[INFO] [stdout] ---- src/lib.rs - take_until_unbalanced (line 15) stdout ----
[INFO] [stdout] error[E0432]: unresolved import `parse_hyperlinks`
[INFO] [stdout]  --> src/lib.rs:18:5
[INFO] [stdout]   |
[INFO] [stdout] 5 | use parse_hyperlinks::take_until_unbalanced;
[INFO] [stdout]   |     ^^^^^^^^^^^^^^^^ use of undeclared crate or module `parse_hyperlinks`
[INFO] [stdout] 
[INFO] [stdout] error: aborting due to previous error
[INFO] [stdout] 
[INFO] [stdout] For more information about this error, try `rustc --explain E0432`.
[INFO] [stdout] Couldn't compile the test.
[INFO] [stdout] 
[INFO] [stdout] failures:
[INFO] [stdout]     src/lib.rs - take_until_unbalanced (line 15)
[INFO] [stdout] 
[INFO] [stdout] test result: FAILED. 0 passed; 1 failed; 0 ignored; 0 measured; 0 filtered out; finished in 0.04s
[INFO] [stdout] 
[INFO] [stderr] error: doctest failed, to rerun pass `--doc`
[INFO] running `Command { std: "docker" "inspect" "fecd15c279fb43a96ed7f8d7e9b810029e2c47ce6ea433228fe002667f50f068", kill_on_drop: false }`
[INFO] running `Command { std: "docker" "rm" "-f" "fecd15c279fb43a96ed7f8d7e9b810029e2c47ce6ea433228fe002667f50f068", kill_on_drop: false }`
[INFO] [stdout] fecd15c279fb43a96ed7f8d7e9b810029e2c47ce6ea433228fe002667f50f068
