[INFO] fetching crate cairo-lang-semantic 1.0.0-alpha.7...
[INFO] testing cairo-lang-semantic-1.0.0-alpha.7 against 1.69.0 for beta-1.70-1
[INFO] extracting crate cairo-lang-semantic 1.0.0-alpha.7 into /workspace/builds/worker-7-tc1/source
[INFO] validating manifest of crates.io crate cairo-lang-semantic 1.0.0-alpha.7 on toolchain 1.69.0
[INFO] running `Command { std: CARGO_HOME="/workspace/cargo-home" RUSTUP_HOME="/workspace/rustup-home" "/workspace/cargo-home/bin/cargo" "+1.69.0" "metadata" "--manifest-path" "Cargo.toml" "--no-deps", kill_on_drop: false }`
[INFO] started tweaking crates.io crate cairo-lang-semantic 1.0.0-alpha.7
[INFO] finished tweaking crates.io crate cairo-lang-semantic 1.0.0-alpha.7
[INFO] tweaked toml for crates.io crate cairo-lang-semantic 1.0.0-alpha.7 written to /workspace/builds/worker-7-tc1/source/Cargo.toml
[INFO] running `Command { std: CARGO_HOME="/workspace/cargo-home" RUSTUP_HOME="/workspace/rustup-home" __CARGO_TEST_CHANNEL_OVERRIDE_DO_NOT_USE_THIS="nightly" "/workspace/cargo-home/bin/cargo" "+1.69.0" "generate-lockfile" "--manifest-path" "Cargo.toml" "-Zno-index-update", kill_on_drop: false }`
[INFO] running `Command { std: CARGO_HOME="/workspace/cargo-home" RUSTUP_HOME="/workspace/rustup-home" "/workspace/cargo-home/bin/cargo" "+1.69.0" "fetch" "--manifest-path" "Cargo.toml", kill_on_drop: false }`
[INFO] [stderr]  Downloading crates ...
[INFO] [stderr]   Downloaded test-case-macros v2.2.2
[INFO] [stderr]   Downloaded xshell v0.2.3
[INFO] [stderr]   Downloaded genco v0.17.5
[INFO] [stderr]   Downloaded relative-path v1.8.0
[INFO] [stderr]   Downloaded xshell-macros v0.2.3
[INFO] [stderr]   Downloaded pretty_assertions v1.3.0
[INFO] [stderr]   Downloaded assert_matches v1.5.0
[INFO] [stderr]   Downloaded output_vt100 v0.1.3
[INFO] [stderr]   Downloaded test-case v2.2.2
[INFO] [stderr]   Downloaded genco-macros v0.17.5
[INFO] running `Command { std: "docker" "create" "-v" "/var/lib/crater-agent-workspace/builds/worker-7-tc1/target:/opt/rustwide/target:rw,Z" "-v" "/var/lib/crater-agent-workspace/builds/worker-7-tc1/source:/opt/rustwide/workdir:ro,Z" "-v" "/var/lib/crater-agent-workspace/cargo-home:/opt/rustwide/cargo-home:ro,Z" "-v" "/var/lib/crater-agent-workspace/rustup-home:/opt/rustwide/rustup-home:ro,Z" "-e" "SOURCE_DIR=/opt/rustwide/workdir" "-e" "CARGO_TARGET_DIR=/opt/rustwide/target" "-e" "CARGO_HOME=/opt/rustwide/cargo-home" "-e" "RUSTUP_HOME=/opt/rustwide/rustup-home" "-w" "/opt/rustwide/workdir" "-m" "1610612736" "--user" "0:0" "--network" "none" "ghcr.io/rust-lang/crates-build-env/linux@sha256:5ff2268d62e97bff2cde7d5815dd6ed5b47097566f13b8d0ca110b04b60e07ed" "/opt/rustwide/cargo-home/bin/cargo" "+1.69.0" "metadata" "--no-deps" "--format-version=1", kill_on_drop: false }`
[INFO] [stdout] 45d54ae0a670c3454146bde69bef6e7b49746bb78df7b29642c83f26a3f7b094
[INFO] running `Command { std: "docker" "start" "-a" "45d54ae0a670c3454146bde69bef6e7b49746bb78df7b29642c83f26a3f7b094", kill_on_drop: false }`
[INFO] running `Command { std: "docker" "inspect" "45d54ae0a670c3454146bde69bef6e7b49746bb78df7b29642c83f26a3f7b094", kill_on_drop: false }`
[INFO] running `Command { std: "docker" "rm" "-f" "45d54ae0a670c3454146bde69bef6e7b49746bb78df7b29642c83f26a3f7b094", kill_on_drop: false }`
[INFO] [stdout] 45d54ae0a670c3454146bde69bef6e7b49746bb78df7b29642c83f26a3f7b094
[INFO] running `Command { std: "docker" "create" "-v" "/var/lib/crater-agent-workspace/builds/worker-7-tc1/target:/opt/rustwide/target:rw,Z" "-v" "/var/lib/crater-agent-workspace/builds/worker-7-tc1/source:/opt/rustwide/workdir:ro,Z" "-v" "/var/lib/crater-agent-workspace/cargo-home:/opt/rustwide/cargo-home:ro,Z" "-v" "/var/lib/crater-agent-workspace/rustup-home:/opt/rustwide/rustup-home:ro,Z" "-e" "SOURCE_DIR=/opt/rustwide/workdir" "-e" "CARGO_TARGET_DIR=/opt/rustwide/target" "-e" "CARGO_INCREMENTAL=0" "-e" "RUST_BACKTRACE=full" "-e" "RUSTFLAGS=--cap-lints=warn" "-e" "RUSTDOCFLAGS=--cap-lints=warn" "-e" "CARGO_HOME=/opt/rustwide/cargo-home" "-e" "RUSTUP_HOME=/opt/rustwide/rustup-home" "-w" "/opt/rustwide/workdir" "-m" "1610612736" "--user" "0:0" "--network" "none" "ghcr.io/rust-lang/crates-build-env/linux@sha256:5ff2268d62e97bff2cde7d5815dd6ed5b47097566f13b8d0ca110b04b60e07ed" "/opt/rustwide/cargo-home/bin/cargo" "+1.69.0" "build" "--frozen" "--message-format=json", kill_on_drop: false }`
[INFO] [stdout] 53fb123bf1ceace721c5a0cb652b55dae54625dc985a6fe9200f8531a8d2507b
[INFO] running `Command { std: "docker" "start" "-a" "53fb123bf1ceace721c5a0cb652b55dae54625dc985a6fe9200f8531a8d2507b", kill_on_drop: false }`
[INFO] [stderr]    Compiling num-integer v0.1.45
[INFO] [stderr]    Compiling indexmap v1.9.3
[INFO] [stderr]    Compiling num-bigint v0.4.3
[INFO] [stderr]    Compiling log v0.4.17
[INFO] [stderr]    Compiling parking_lot_core v0.8.6
[INFO] [stderr]    Compiling crossbeam-utils v0.8.15
[INFO] [stderr]    Compiling humantime v2.1.0
[INFO] [stderr]    Compiling aho-corasick v1.0.1
[INFO] [stderr]    Compiling termcolor v1.2.0
[INFO] [stderr]    Compiling cairo-lang-debug v1.0.0-alpha.7
[INFO] [stderr]    Compiling rustc-hash v1.1.0
[INFO] [stderr]    Compiling path-clean v0.1.0
[INFO] [stderr]    Compiling relative-path v1.8.0
[INFO] [stderr]    Compiling salsa-macros v0.16.0
[INFO] [stderr]    Compiling genco-macros v0.17.5
[INFO] [stderr]    Compiling smol_str v0.2.0
[INFO] [stderr]    Compiling xshell-macros v0.2.3
[INFO] [stderr]    Compiling colored v2.0.0
[INFO] [stderr]    Compiling unescaper v0.1.1
[INFO] [stderr]    Compiling cairo-lang-proc-macros v1.0.0-alpha.7
[INFO] [stderr]    Compiling id-arena v2.2.1
[INFO] [stderr]    Compiling chrono v0.4.24
[INFO] [stderr]    Compiling xshell v0.2.3
[INFO] [stderr]    Compiling parking_lot v0.11.2
[INFO] [stderr]    Compiling genco v0.17.5
[INFO] [stderr]    Compiling salsa v0.16.1
[INFO] [stderr]    Compiling regex v1.8.1
[INFO] [stderr]    Compiling env_logger v0.9.3
[INFO] [stderr]    Compiling cairo-lang-utils v1.0.0-alpha.7
[INFO] [stderr]    Compiling cairo-lang-filesystem v1.0.0-alpha.7
[INFO] [stderr]    Compiling cairo-lang-syntax-codegen v1.0.0-alpha.7
[INFO] [stderr]    Compiling cairo-lang-diagnostics v1.0.0-alpha.7
[INFO] [stderr]    Compiling cairo-lang-syntax v1.0.0-alpha.7
[INFO] [stderr]    Compiling cairo-lang-parser v1.0.0-alpha.7
[INFO] [stderr]    Compiling cairo-lang-defs v1.0.0-alpha.7
[INFO] [stderr]    Compiling cairo-lang-semantic v1.0.0-alpha.7 (/opt/rustwide/workdir)
[INFO] [stderr]     Finished dev [unoptimized + debuginfo] target(s) in 36.36s
[INFO] running `Command { std: "docker" "inspect" "53fb123bf1ceace721c5a0cb652b55dae54625dc985a6fe9200f8531a8d2507b", kill_on_drop: false }`
[INFO] running `Command { std: "docker" "rm" "-f" "53fb123bf1ceace721c5a0cb652b55dae54625dc985a6fe9200f8531a8d2507b", kill_on_drop: false }`
[INFO] [stdout] 53fb123bf1ceace721c5a0cb652b55dae54625dc985a6fe9200f8531a8d2507b
[INFO] running `Command { std: "docker" "create" "-v" "/var/lib/crater-agent-workspace/builds/worker-7-tc1/target:/opt/rustwide/target:rw,Z" "-v" "/var/lib/crater-agent-workspace/builds/worker-7-tc1/source:/opt/rustwide/workdir:ro,Z" "-v" "/var/lib/crater-agent-workspace/cargo-home:/opt/rustwide/cargo-home:ro,Z" "-v" "/var/lib/crater-agent-workspace/rustup-home:/opt/rustwide/rustup-home:ro,Z" "-e" "SOURCE_DIR=/opt/rustwide/workdir" "-e" "CARGO_TARGET_DIR=/opt/rustwide/target" "-e" "CARGO_INCREMENTAL=0" "-e" "RUST_BACKTRACE=full" "-e" "RUSTFLAGS=--cap-lints=warn" "-e" "RUSTDOCFLAGS=--cap-lints=warn" "-e" "CARGO_HOME=/opt/rustwide/cargo-home" "-e" "RUSTUP_HOME=/opt/rustwide/rustup-home" "-w" "/opt/rustwide/workdir" "-m" "1610612736" "--user" "0:0" "--network" "none" "ghcr.io/rust-lang/crates-build-env/linux@sha256:5ff2268d62e97bff2cde7d5815dd6ed5b47097566f13b8d0ca110b04b60e07ed" "/opt/rustwide/cargo-home/bin/cargo" "+1.69.0" "test" "--frozen" "--no-run" "--message-format=json", kill_on_drop: false }`
[INFO] [stdout] 985bbf5b62d4bce97216681248556b6c82179be4397e5278b52c7beab6d5b5a5
[INFO] running `Command { std: "docker" "start" "-a" "985bbf5b62d4bce97216681248556b6c82179be4397e5278b52c7beab6d5b5a5", kill_on_drop: false }`
[INFO] [stderr]    Compiling yansi v0.5.1
[INFO] [stderr]    Compiling proc-macro-error-attr v1.0.4
[INFO] [stderr]    Compiling diff v0.1.13
[INFO] [stderr]    Compiling test-log v0.2.11
[INFO] [stderr]    Compiling indoc v2.0.1
[INFO] [stderr]    Compiling assert_matches v1.5.0
[INFO] [stderr]    Compiling pretty_assertions v1.3.0
[INFO] [stderr]    Compiling proc-macro-error v1.0.4
[INFO] [stderr]    Compiling test-case-macros v2.2.2
[INFO] [stderr]    Compiling test-case v2.2.2
[INFO] [stderr]    Compiling cairo-lang-semantic v1.0.0-alpha.7 (/opt/rustwide/workdir)
[INFO] [stdout] error[E0433]: failed to resolve: use of undeclared crate or module `cairo_lang_test_utils`
[INFO] [stdout]   --> src/diagnostic_test.rs:28:1
[INFO] [stdout]    |
[INFO] [stdout] 28 | cairo_lang_test_utils::test_file_test!(
[INFO] [stdout]    | ^^^^^^^^^^^^^^^^^^^^^ use of undeclared crate or module `cairo_lang_test_utils`
[INFO] [stdout] 
[INFO] [stdout] 
[INFO] [stdout] error[E0433]: failed to resolve: use of undeclared crate or module `cairo_lang_test_utils`
[INFO] [stdout]   --> src/expr/test.rs:19:1
[INFO] [stdout]    |
[INFO] [stdout] 19 | cairo_lang_test_utils::test_file_test!(
[INFO] [stdout]    | ^^^^^^^^^^^^^^^^^^^^^ use of undeclared crate or module `cairo_lang_test_utils`
[INFO] [stdout] 
[INFO] [stdout] 
[INFO] [stdout] error[E0433]: failed to resolve: use of undeclared crate or module `cairo_lang_test_utils`
[INFO] [stdout]  --> src/items/test.rs:3:1
[INFO] [stdout]   |
[INFO] [stdout] 3 | cairo_lang_test_utils::test_file_test!(
[INFO] [stdout]   | ^^^^^^^^^^^^^^^^^^^^^ use of undeclared crate or module `cairo_lang_test_utils`
[INFO] [stdout] 
[INFO] [stdout] 
[INFO] [stdout] warning: unused import: `test_expr_diagnostics`
[INFO] [stdout]   --> src/diagnostic_test.rs:23:55
[INFO] [stdout]    |
[INFO] [stdout] 23 |     get_crate_semantic_diagnostics, setup_test_crate, test_expr_diagnostics,
[INFO] [stdout]    |                                                       ^^^^^^^^^^^^^^^^^^^^^
[INFO] [stdout]    |
[INFO] [stdout]    = note: `#[warn(unused_imports)]` on by default
[INFO] [stdout] 
[INFO] [stdout] 
[INFO] [stdout] warning: unused import: `test_function_diagnostics`
[INFO] [stdout]   --> src/expr/test.rs:15:62
[INFO] [stdout]    |
[INFO] [stdout] 15 |     setup_test_expr, setup_test_function, setup_test_module, test_function_diagnostics,
[INFO] [stdout]    |                                                              ^^^^^^^^^^^^^^^^^^^^^^^^^
[INFO] [stdout] 
[INFO] [stdout] 
[INFO] [stdout] warning: unused import: `crate::test_utils::test_function_diagnostics`
[INFO] [stdout]  --> src/items/test.rs:1:5
[INFO] [stdout]   |
[INFO] [stdout] 1 | use crate::test_utils::test_function_diagnostics;
[INFO] [stdout]   |     ^^^^^^^^^^^^^^^^^^^^^^^^^^^^^^^^^^^^^^^^^^^^
[INFO] [stdout] 
[INFO] [stdout] 
[INFO] [stdout] error: aborting due to 3 previous errors; 3 warnings emitted
[INFO] [stdout] 
[INFO] [stdout] 
[INFO] [stdout] For more information about this error, try `rustc --explain E0433`.
[INFO] [stdout] 
[INFO] [stderr] error: could not compile `cairo-lang-semantic` due to 4 previous errors; 3 warnings emitted
[INFO] running `Command { std: "docker" "inspect" "985bbf5b62d4bce97216681248556b6c82179be4397e5278b52c7beab6d5b5a5", kill_on_drop: false }`
[INFO] running `Command { std: "docker" "rm" "-f" "985bbf5b62d4bce97216681248556b6c82179be4397e5278b52c7beab6d5b5a5", kill_on_drop: false }`
[INFO] [stdout] 985bbf5b62d4bce97216681248556b6c82179be4397e5278b52c7beab6d5b5a5
