[INFO] fetching crate cache-macro 0.4.1...
[INFO] testing cache-macro-0.4.1 against 1.69.0 for beta-1.70-1
[INFO] extracting crate cache-macro 0.4.1 into /workspace/builds/worker-4-tc1/source
[INFO] validating manifest of crates.io crate cache-macro 0.4.1 on toolchain 1.69.0
[INFO] running `Command { std: CARGO_HOME="/workspace/cargo-home" RUSTUP_HOME="/workspace/rustup-home" "/workspace/cargo-home/bin/cargo" "+1.69.0" "metadata" "--manifest-path" "Cargo.toml" "--no-deps", kill_on_drop: false }`
[INFO] started tweaking crates.io crate cache-macro 0.4.1
[INFO] finished tweaking crates.io crate cache-macro 0.4.1
[INFO] tweaked toml for crates.io crate cache-macro 0.4.1 written to /workspace/builds/worker-4-tc1/source/Cargo.toml
[INFO] running `Command { std: CARGO_HOME="/workspace/cargo-home" RUSTUP_HOME="/workspace/rustup-home" __CARGO_TEST_CHANNEL_OVERRIDE_DO_NOT_USE_THIS="nightly" "/workspace/cargo-home/bin/cargo" "+1.69.0" "generate-lockfile" "--manifest-path" "Cargo.toml" "-Zno-index-update", kill_on_drop: false }`
[INFO] running `Command { std: CARGO_HOME="/workspace/cargo-home" RUSTUP_HOME="/workspace/rustup-home" "/workspace/cargo-home/bin/cargo" "+1.69.0" "fetch" "--manifest-path" "Cargo.toml", kill_on_drop: false }`
[INFO] [stderr]  Downloading crates ...
[INFO] [stderr]   Downloaded expiring_map v0.1.0
[INFO] running `Command { std: "docker" "create" "-v" "/var/lib/crater-agent-workspace/builds/worker-4-tc1/target:/opt/rustwide/target:rw,Z" "-v" "/var/lib/crater-agent-workspace/builds/worker-4-tc1/source:/opt/rustwide/workdir:ro,Z" "-v" "/var/lib/crater-agent-workspace/cargo-home:/opt/rustwide/cargo-home:ro,Z" "-v" "/var/lib/crater-agent-workspace/rustup-home:/opt/rustwide/rustup-home:ro,Z" "-e" "SOURCE_DIR=/opt/rustwide/workdir" "-e" "CARGO_TARGET_DIR=/opt/rustwide/target" "-e" "CARGO_HOME=/opt/rustwide/cargo-home" "-e" "RUSTUP_HOME=/opt/rustwide/rustup-home" "-w" "/opt/rustwide/workdir" "-m" "1610612736" "--user" "0:0" "--network" "none" "ghcr.io/rust-lang/crates-build-env/linux@sha256:5ff2268d62e97bff2cde7d5815dd6ed5b47097566f13b8d0ca110b04b60e07ed" "/opt/rustwide/cargo-home/bin/cargo" "+1.69.0" "metadata" "--no-deps" "--format-version=1", kill_on_drop: false }`
[INFO] [stdout] f16cface298e648eb436a5b8cc715deec34f9a076820146e0515cb50ddea1499
[INFO] running `Command { std: "docker" "start" "-a" "f16cface298e648eb436a5b8cc715deec34f9a076820146e0515cb50ddea1499", kill_on_drop: false }`
[INFO] running `Command { std: "docker" "inspect" "f16cface298e648eb436a5b8cc715deec34f9a076820146e0515cb50ddea1499", kill_on_drop: false }`
[INFO] running `Command { std: "docker" "rm" "-f" "f16cface298e648eb436a5b8cc715deec34f9a076820146e0515cb50ddea1499", kill_on_drop: false }`
[INFO] [stdout] f16cface298e648eb436a5b8cc715deec34f9a076820146e0515cb50ddea1499
[INFO] running `Command { std: "docker" "create" "-v" "/var/lib/crater-agent-workspace/builds/worker-4-tc1/target:/opt/rustwide/target:rw,Z" "-v" "/var/lib/crater-agent-workspace/builds/worker-4-tc1/source:/opt/rustwide/workdir:ro,Z" "-v" "/var/lib/crater-agent-workspace/cargo-home:/opt/rustwide/cargo-home:ro,Z" "-v" "/var/lib/crater-agent-workspace/rustup-home:/opt/rustwide/rustup-home:ro,Z" "-e" "SOURCE_DIR=/opt/rustwide/workdir" "-e" "CARGO_TARGET_DIR=/opt/rustwide/target" "-e" "CARGO_INCREMENTAL=0" "-e" "RUST_BACKTRACE=full" "-e" "RUSTFLAGS=--cap-lints=warn" "-e" "RUSTDOCFLAGS=--cap-lints=warn" "-e" "CARGO_HOME=/opt/rustwide/cargo-home" "-e" "RUSTUP_HOME=/opt/rustwide/rustup-home" "-w" "/opt/rustwide/workdir" "-m" "1610612736" "--user" "0:0" "--network" "none" "ghcr.io/rust-lang/crates-build-env/linux@sha256:5ff2268d62e97bff2cde7d5815dd6ed5b47097566f13b8d0ca110b04b60e07ed" "/opt/rustwide/cargo-home/bin/cargo" "+1.69.0" "build" "--frozen" "--message-format=json", kill_on_drop: false }`
[INFO] [stdout] df7746549575c69138b982ebdbd7f1264ba0113d3792ea60ddb9605a289a26f7
[INFO] running `Command { std: "docker" "start" "-a" "df7746549575c69138b982ebdbd7f1264ba0113d3792ea60ddb9605a289a26f7", kill_on_drop: false }`
[INFO] [stderr]    Compiling proc-macro2 v0.4.30
[INFO] [stderr]    Compiling unicode-xid v0.1.0
[INFO] [stderr]    Compiling syn v0.15.44
[INFO] [stderr]    Compiling lazy_static v1.4.0
[INFO] [stderr]    Compiling quote v0.6.13
[INFO] [stderr]    Compiling cache-macro v0.4.1 (/opt/rustwide/workdir)
[INFO] [stdout] error[E0554]: `#![feature]` may not be used on the stable release channel
[INFO] [stdout]    --> src/lib.rs:170:1
[INFO] [stdout]     |
[INFO] [stdout] 170 | #![feature(extern_crate_item_prelude)]
[INFO] [stdout]     | ^^^^^^^^^^^^^^^^^^^^^^^^^^^^^^^^^^^^^^ help: remove the attribute
[INFO] [stdout]     |
[INFO] [stdout]     = help: the feature `extern_crate_item_prelude` has been stable since `1.31.0` and no longer requires an attribute to enable
[INFO] [stdout] 
[INFO] [stdout] 
[INFO] [stdout] error[E0554]: `#![feature]` may not be used on the stable release channel
[INFO] [stdout]    --> src/lib.rs:171:1
[INFO] [stdout]     |
[INFO] [stdout] 171 | #![feature(proc_macro_diagnostic)]
[INFO] [stdout]     | ^^^^^^^^^^^^^^^^^^^^^^^^^^^^^^^^^^
[INFO] [stdout] 
[INFO] [stdout] 
[INFO] [stdout] warning: unused import: `proc_macro2`
[INFO] [stdout]  --> src/config.rs:4:5
[INFO] [stdout]   |
[INFO] [stdout] 4 | use proc_macro2;
[INFO] [stdout]   |     ^^^^^^^^^^^
[INFO] [stdout]   |
[INFO] [stdout]   = note: `#[warn(unused_imports)]` on by default
[INFO] [stdout] 
[INFO] [stdout] 
[INFO] [stdout] warning: the feature `extern_crate_item_prelude` has been stable since 1.31.0 and no longer requires an attribute to enable
[INFO] [stdout]    --> src/lib.rs:170:12
[INFO] [stdout]     |
[INFO] [stdout] 170 | #![feature(extern_crate_item_prelude)]
[INFO] [stdout]     |            ^^^^^^^^^^^^^^^^^^^^^^^^^
[INFO] [stdout]     |
[INFO] [stdout]     = note: `#[warn(stable_features)]` on by default
[INFO] [stdout] 
[INFO] [stdout] 
[INFO] [stdout] error[E0554]: `#![feature]` may not be used on the stable release channel
[INFO] [stdout]    --> src/lib.rs:171:12
[INFO] [stdout]     |
[INFO] [stdout] 171 | #![feature(proc_macro_diagnostic)]
[INFO] [stdout]     |            ^^^^^^^^^^^^^^^^^^^^^
[INFO] [stdout] 
[INFO] [stdout] 
[INFO] [stdout] error: aborting due to 3 previous errors; 2 warnings emitted
[INFO] [stdout] 
[INFO] [stdout] 
[INFO] [stdout] For more information about this error, try `rustc --explain E0554`.
[INFO] [stdout] 
[INFO] [stderr] error: could not compile `cache-macro` due to 4 previous errors; 2 warnings emitted
[INFO] running `Command { std: "docker" "inspect" "df7746549575c69138b982ebdbd7f1264ba0113d3792ea60ddb9605a289a26f7", kill_on_drop: false }`
[INFO] running `Command { std: "docker" "rm" "-f" "df7746549575c69138b982ebdbd7f1264ba0113d3792ea60ddb9605a289a26f7", kill_on_drop: false }`
[INFO] [stdout] df7746549575c69138b982ebdbd7f1264ba0113d3792ea60ddb9605a289a26f7
