[INFO] fetching crate c3-lang-parser 0.0.4...
[INFO] testing c3-lang-parser-0.0.4 against 1.69.0 for beta-1.70-1
[INFO] extracting crate c3-lang-parser 0.0.4 into /workspace/builds/worker-0-tc1/source
[INFO] validating manifest of crates.io crate c3-lang-parser 0.0.4 on toolchain 1.69.0
[INFO] running `Command { std: CARGO_HOME="/workspace/cargo-home" RUSTUP_HOME="/workspace/rustup-home" "/workspace/cargo-home/bin/cargo" "+1.69.0" "metadata" "--manifest-path" "Cargo.toml" "--no-deps", kill_on_drop: false }`
[INFO] started tweaking crates.io crate c3-lang-parser 0.0.4
[INFO] finished tweaking crates.io crate c3-lang-parser 0.0.4
[INFO] tweaked toml for crates.io crate c3-lang-parser 0.0.4 written to /workspace/builds/worker-0-tc1/source/Cargo.toml
[INFO] running `Command { std: CARGO_HOME="/workspace/cargo-home" RUSTUP_HOME="/workspace/rustup-home" __CARGO_TEST_CHANNEL_OVERRIDE_DO_NOT_USE_THIS="nightly" "/workspace/cargo-home/bin/cargo" "+1.69.0" "generate-lockfile" "--manifest-path" "Cargo.toml" "-Zno-index-update", kill_on_drop: false }`
[INFO] running `Command { std: CARGO_HOME="/workspace/cargo-home" RUSTUP_HOME="/workspace/rustup-home" "/workspace/cargo-home/bin/cargo" "+1.69.0" "fetch" "--manifest-path" "Cargo.toml", kill_on_drop: false }`
[INFO] [stderr]  Downloading crates ...
[INFO] [stderr]   Downloaded c3-lang-linearization v0.0.4
[INFO] running `Command { std: "docker" "create" "-v" "/var/lib/crater-agent-workspace/builds/worker-0-tc1/target:/opt/rustwide/target:rw,Z" "-v" "/var/lib/crater-agent-workspace/builds/worker-0-tc1/source:/opt/rustwide/workdir:ro,Z" "-v" "/var/lib/crater-agent-workspace/cargo-home:/opt/rustwide/cargo-home:ro,Z" "-v" "/var/lib/crater-agent-workspace/rustup-home:/opt/rustwide/rustup-home:ro,Z" "-e" "SOURCE_DIR=/opt/rustwide/workdir" "-e" "CARGO_TARGET_DIR=/opt/rustwide/target" "-e" "CARGO_HOME=/opt/rustwide/cargo-home" "-e" "RUSTUP_HOME=/opt/rustwide/rustup-home" "-w" "/opt/rustwide/workdir" "-m" "1610612736" "--user" "0:0" "--network" "none" "ghcr.io/rust-lang/crates-build-env/linux@sha256:5ff2268d62e97bff2cde7d5815dd6ed5b47097566f13b8d0ca110b04b60e07ed" "/opt/rustwide/cargo-home/bin/cargo" "+1.69.0" "metadata" "--no-deps" "--format-version=1", kill_on_drop: false }`
[INFO] [stdout] d14163fb7eb300a7fe8206be184eff86f74cc6d6f97a914c6ff065d9a5db8225
[INFO] running `Command { std: "docker" "start" "-a" "d14163fb7eb300a7fe8206be184eff86f74cc6d6f97a914c6ff065d9a5db8225", kill_on_drop: false }`
[INFO] running `Command { std: "docker" "inspect" "d14163fb7eb300a7fe8206be184eff86f74cc6d6f97a914c6ff065d9a5db8225", kill_on_drop: false }`
[INFO] running `Command { std: "docker" "rm" "-f" "d14163fb7eb300a7fe8206be184eff86f74cc6d6f97a914c6ff065d9a5db8225", kill_on_drop: false }`
[INFO] [stdout] d14163fb7eb300a7fe8206be184eff86f74cc6d6f97a914c6ff065d9a5db8225
[INFO] running `Command { std: "docker" "create" "-v" "/var/lib/crater-agent-workspace/builds/worker-0-tc1/target:/opt/rustwide/target:rw,Z" "-v" "/var/lib/crater-agent-workspace/builds/worker-0-tc1/source:/opt/rustwide/workdir:ro,Z" "-v" "/var/lib/crater-agent-workspace/cargo-home:/opt/rustwide/cargo-home:ro,Z" "-v" "/var/lib/crater-agent-workspace/rustup-home:/opt/rustwide/rustup-home:ro,Z" "-e" "SOURCE_DIR=/opt/rustwide/workdir" "-e" "CARGO_TARGET_DIR=/opt/rustwide/target" "-e" "CARGO_INCREMENTAL=0" "-e" "RUST_BACKTRACE=full" "-e" "RUSTFLAGS=--cap-lints=warn" "-e" "RUSTDOCFLAGS=--cap-lints=warn" "-e" "CARGO_HOME=/opt/rustwide/cargo-home" "-e" "RUSTUP_HOME=/opt/rustwide/rustup-home" "-w" "/opt/rustwide/workdir" "-m" "1610612736" "--user" "0:0" "--network" "none" "ghcr.io/rust-lang/crates-build-env/linux@sha256:5ff2268d62e97bff2cde7d5815dd6ed5b47097566f13b8d0ca110b04b60e07ed" "/opt/rustwide/cargo-home/bin/cargo" "+1.69.0" "build" "--frozen" "--message-format=json", kill_on_drop: false }`
[INFO] [stdout] aebaecf47d198e295528e11d5d8fca04d5ae8f2e0d2105a916b9bc7c106380c9
[INFO] running `Command { std: "docker" "start" "-a" "aebaecf47d198e295528e11d5d8fca04d5ae8f2e0d2105a916b9bc7c106380c9", kill_on_drop: false }`
[INFO] [stderr]     Blocking waiting for file lock on package cache
[INFO] [stderr]    Compiling proc-macro2 v1.0.56
[INFO] [stderr]    Compiling unicode-ident v1.0.8
[INFO] [stderr]    Compiling syn v1.0.109
[INFO] [stderr]    Compiling quote v1.0.26
[INFO] [stderr]    Compiling c3-lang-linearization v0.0.4
[INFO] [stderr]    Compiling c3-lang-parser v0.0.4 (/opt/rustwide/workdir)
[INFO] [stderr]     Finished dev [unoptimized + debuginfo] target(s) in 6.53s
[INFO] running `Command { std: "docker" "inspect" "aebaecf47d198e295528e11d5d8fca04d5ae8f2e0d2105a916b9bc7c106380c9", kill_on_drop: false }`
[INFO] running `Command { std: "docker" "rm" "-f" "aebaecf47d198e295528e11d5d8fca04d5ae8f2e0d2105a916b9bc7c106380c9", kill_on_drop: false }`
[INFO] [stdout] aebaecf47d198e295528e11d5d8fca04d5ae8f2e0d2105a916b9bc7c106380c9
[INFO] running `Command { std: "docker" "create" "-v" "/var/lib/crater-agent-workspace/builds/worker-0-tc1/target:/opt/rustwide/target:rw,Z" "-v" "/var/lib/crater-agent-workspace/builds/worker-0-tc1/source:/opt/rustwide/workdir:ro,Z" "-v" "/var/lib/crater-agent-workspace/cargo-home:/opt/rustwide/cargo-home:ro,Z" "-v" "/var/lib/crater-agent-workspace/rustup-home:/opt/rustwide/rustup-home:ro,Z" "-e" "SOURCE_DIR=/opt/rustwide/workdir" "-e" "CARGO_TARGET_DIR=/opt/rustwide/target" "-e" "CARGO_INCREMENTAL=0" "-e" "RUST_BACKTRACE=full" "-e" "RUSTFLAGS=--cap-lints=warn" "-e" "RUSTDOCFLAGS=--cap-lints=warn" "-e" "CARGO_HOME=/opt/rustwide/cargo-home" "-e" "RUSTUP_HOME=/opt/rustwide/rustup-home" "-w" "/opt/rustwide/workdir" "-m" "1610612736" "--user" "0:0" "--network" "none" "ghcr.io/rust-lang/crates-build-env/linux@sha256:5ff2268d62e97bff2cde7d5815dd6ed5b47097566f13b8d0ca110b04b60e07ed" "/opt/rustwide/cargo-home/bin/cargo" "+1.69.0" "test" "--frozen" "--no-run" "--message-format=json", kill_on_drop: false }`
[INFO] [stdout] 93614d79c8b579823e1aa29ebfbf4288dc136b1c0ab9d4b2a7a6e53fa0c8a912
[INFO] running `Command { std: "docker" "start" "-a" "93614d79c8b579823e1aa29ebfbf4288dc136b1c0ab9d4b2a7a6e53fa0c8a912", kill_on_drop: false }`
[INFO] [stderr]    Compiling diff v0.1.13
[INFO] [stderr]    Compiling yansi v0.5.1
[INFO] [stderr]    Compiling pretty_assertions v1.3.0
[INFO] [stderr]    Compiling c3-lang-parser v0.0.4 (/opt/rustwide/workdir)
[INFO] [stderr]     Finished test [unoptimized + debuginfo] target(s) in 2.24s
[INFO] running `Command { std: "docker" "inspect" "93614d79c8b579823e1aa29ebfbf4288dc136b1c0ab9d4b2a7a6e53fa0c8a912", kill_on_drop: false }`
[INFO] running `Command { std: "docker" "rm" "-f" "93614d79c8b579823e1aa29ebfbf4288dc136b1c0ab9d4b2a7a6e53fa0c8a912", kill_on_drop: false }`
[INFO] [stdout] 93614d79c8b579823e1aa29ebfbf4288dc136b1c0ab9d4b2a7a6e53fa0c8a912
[INFO] running `Command { std: "docker" "create" "-v" "/var/lib/crater-agent-workspace/builds/worker-0-tc1/target:/opt/rustwide/target:rw,Z" "-v" "/var/lib/crater-agent-workspace/builds/worker-0-tc1/source:/opt/rustwide/workdir:ro,Z" "-v" "/var/lib/crater-agent-workspace/cargo-home:/opt/rustwide/cargo-home:ro,Z" "-v" "/var/lib/crater-agent-workspace/rustup-home:/opt/rustwide/rustup-home:ro,Z" "-e" "SOURCE_DIR=/opt/rustwide/workdir" "-e" "CARGO_TARGET_DIR=/opt/rustwide/target" "-e" "CARGO_INCREMENTAL=0" "-e" "RUST_BACKTRACE=full" "-e" "RUSTFLAGS=--cap-lints=warn" "-e" "RUSTDOCFLAGS=--cap-lints=warn" "-e" "CARGO_HOME=/opt/rustwide/cargo-home" "-e" "RUSTUP_HOME=/opt/rustwide/rustup-home" "-w" "/opt/rustwide/workdir" "-m" "1610612736" "--user" "0:0" "--network" "none" "ghcr.io/rust-lang/crates-build-env/linux@sha256:5ff2268d62e97bff2cde7d5815dd6ed5b47097566f13b8d0ca110b04b60e07ed" "/opt/rustwide/cargo-home/bin/cargo" "+1.69.0" "test" "--frozen", kill_on_drop: false }`
[INFO] [stdout] 00ec4256f40f4b4ea084b4f4833b9d03bc6ca7e43ede405c2148b2cebc0648ee
[INFO] running `Command { std: "docker" "start" "-a" "00ec4256f40f4b4ea084b4f4833b9d03bc6ca7e43ede405c2148b2cebc0648ee", kill_on_drop: false }`
[INFO] [stderr]     Finished test [unoptimized + debuginfo] target(s) in 0.01s
[INFO] [stderr]      Running unittests src/lib.rs (/opt/rustwide/target/debug/deps/c3_lang_parser-5b4693981e2df60d)
[INFO] [stdout] 
[INFO] [stdout] running 6 tests
[INFO] [stdout] test rust_class_def::tests::test_rust_class_def_getters ... ok
[INFO] [stdout] test rust_class_def::tests::test_rust_class_def_with_impl ... ok
[INFO] [stdout] test c3_ast_builder::tests::test_building_package ... ok
[INFO] [stdout] test rust_class_def::tests::test_rust_class_def_without_impl ... ok
[INFO] [stdout] test rust_package_def::tests::test_rust_package_def_1 ... ok
[INFO] [stderr] error: test failed, to rerun pass `--lib`
[INFO] [stdout] test c3_ast_printer::tests::test_package_def_printing ... FAILED
[INFO] [stdout] 
[INFO] [stdout] failures:
[INFO] [stdout] 
[INFO] [stdout] ---- c3_ast_printer::tests::test_package_def_printing stdout ----
[INFO] [stdout] thread 'c3_ast_printer::tests::test_package_def_printing' panicked at 'not a rust code 3 pub type Num = u32 ; struct PathStack { stack : std :: sync :: Arc < std :: sync :: Mutex < Vec < Vec < ClassName >> >> } impl PathStack { pub fn new () -> Self { PathStack { stack : std :: sync :: Arc :: new (std :: sync :: Mutex :: new (Vec :: new ())) } } pub fn push_path_on_stack (& self , path : & [ClassName]) { let mut stack = self . stack . lock () . unwrap () ; stack . push (path . to_vec ()) ; } pub fn drop_one_from_stack (& self) { let mut stack = self . stack . lock () . unwrap () ; stack . pop () . unwrap () ; } pub fn pop_from_top_path (& self) -> ClassName { let mut stack = self . stack . lock () . unwrap () ; let mut path = stack . pop () . unwrap () ; let class = path . pop () . unwrap () ; stack . push (path) ; class } } impl Default for PathStack { fn default () -> PathStack { PathStack :: new () } } # [derive (Clone)] enum ClassName { A , B } # [derive (Debug)] pub struct B { __stack : PathStack , x : u32 } # [cfg (target_os = "linux")] impl B { const PATH : & 'static [ClassName ; 2usize] = & [ClassName :: A , ClassName :: B] ; pub fn bar (& self , counter : Num) -> String { self . __stack . push_path_on_stack (Self :: PATH) ; let result = self . super_bar (counter) ; self . __stack . drop_one_from_stack () ; result } pub fn super_bar (& self , counter : Num) -> String { let __class = self . __stack . pop_from_top_path () ; match __class { ClassName :: A => { let label = format ! ("A::bar({})" , counter) ; if counter == 0 { label } else { format ! ("{} {}" , label , self . foo (counter - 1)) } } , ClassName :: B => { let label = format ! ("B::bar({})" , counter) ; if counter == 0 { label } else { format ! ("{} {}" , label , self . super_bar (counter - 1)) } } # [allow (unreachable_patterns)] _ => self . super_bar (counter) , } } # [test] pub fn foo (& self , counter : Num) -> String { self . __stack . push_path_on_stack (Self :: PATH) ; let result = self . super_foo (counter) ; self . __stack . drop_one_from_stack () ; result } pub fn super_foo (& self , counter : Num) -> String { let __class = self . __stack . pop_from_top_path () ; match __class { ClassName :: A => { let label = format ! ("A::foo({})" , counter) ; if counter == 0 { label } else { format ! ("{} {}" , label , self . bar (counter - 1)) } } # [allow (unreachable_patterns)] _ => self . super_foo (counter) , } } }', src/test_utils.rs:40:17
[INFO] [stdout] stack backtrace:
[INFO] [stdout]    0:     0x55b9ccd47a3a - std::backtrace_rs::backtrace::libunwind::trace::ha9053a9a07ca49cb
[INFO] [stdout]                                at /rustc/84c898d65adf2f39a5a98507f1fe0ce10a2b8dbc/library/std/src/../../backtrace/src/backtrace/libunwind.rs:93:5
[INFO] [stdout]    1:     0x55b9ccd47a3a - std::backtrace_rs::backtrace::trace_unsynchronized::h9c2852a457ad564e
[INFO] [stdout]                                at /rustc/84c898d65adf2f39a5a98507f1fe0ce10a2b8dbc/library/std/src/../../backtrace/src/backtrace/mod.rs:66:5
[INFO] [stdout]    2:     0x55b9ccd47a3a - std::sys_common::backtrace::_print_fmt::h457936fbfaa0070f
[INFO] [stdout]                                at /rustc/84c898d65adf2f39a5a98507f1fe0ce10a2b8dbc/library/std/src/sys_common/backtrace.rs:65:5
[INFO] [stdout]    3:     0x55b9ccd47a3a - <std::sys_common::backtrace::_print::DisplayBacktrace as core::fmt::Display>::fmt::h5779d7bf7f70cb0c
[INFO] [stdout]                                at /rustc/84c898d65adf2f39a5a98507f1fe0ce10a2b8dbc/library/std/src/sys_common/backtrace.rs:44:22
[INFO] [stdout]    4:     0x55b9ccd6b60e - core::fmt::write::h5a4baaff1bcd3eb5
[INFO] [stdout]                                at /rustc/84c898d65adf2f39a5a98507f1fe0ce10a2b8dbc/library/core/src/fmt/mod.rs:1232:17
[INFO] [stdout]    5:     0x55b9ccd447d5 - std::io::Write::write_fmt::h478f79c628ef31d1
[INFO] [stdout]                                at /rustc/84c898d65adf2f39a5a98507f1fe0ce10a2b8dbc/library/std/src/io/mod.rs:1684:15
[INFO] [stdout]    6:     0x55b9ccd47805 - std::sys_common::backtrace::_print::h5fcdc36060f177e8
[INFO] [stdout]                                at /rustc/84c898d65adf2f39a5a98507f1fe0ce10a2b8dbc/library/std/src/sys_common/backtrace.rs:47:5
[INFO] [stdout]    7:     0x55b9ccd47805 - std::sys_common::backtrace::print::h54ca9458b876c8bf
[INFO] [stdout]                                at /rustc/84c898d65adf2f39a5a98507f1fe0ce10a2b8dbc/library/std/src/sys_common/backtrace.rs:34:9
[INFO] [stdout]    8:     0x55b9ccd495cf - std::panicking::default_hook::{{closure}}::hbe471161c7664ed6
[INFO] [stdout]                                at /rustc/84c898d65adf2f39a5a98507f1fe0ce10a2b8dbc/library/std/src/panicking.rs:271:22
[INFO] [stdout]    9:     0x55b9ccd4928f - std::panicking::default_hook::ha3500da57aa4ac4f
[INFO] [stdout]                                at /rustc/84c898d65adf2f39a5a98507f1fe0ce10a2b8dbc/library/std/src/panicking.rs:287:9
[INFO] [stdout]   10:     0x55b9ccb64fe7 - <alloc::boxed::Box<F,A> as core::ops::function::Fn<Args>>::call::hdf1b89dd137ece34
[INFO] [stdout]                                at /rustc/84c898d65adf2f39a5a98507f1fe0ce10a2b8dbc/library/alloc/src/boxed.rs:2001:9
[INFO] [stdout]   11:     0x55b9ccb64fe7 - test::test_main::{{closure}}::h9081a79f20e75698
[INFO] [stdout]                                at /rustc/84c898d65adf2f39a5a98507f1fe0ce10a2b8dbc/library/test/src/lib.rs:135:21
[INFO] [stdout]   12:     0x55b9ccd49cfd - <alloc::boxed::Box<F,A> as core::ops::function::Fn<Args>>::call::h6507bddc3eebb4a5
[INFO] [stdout]                                at /rustc/84c898d65adf2f39a5a98507f1fe0ce10a2b8dbc/library/alloc/src/boxed.rs:2001:9
[INFO] [stdout]   13:     0x55b9ccd49cfd - std::panicking::rust_panic_with_hook::h50c09d000dc561d2
[INFO] [stdout]                                at /rustc/84c898d65adf2f39a5a98507f1fe0ce10a2b8dbc/library/std/src/panicking.rs:696:13
[INFO] [stdout]   14:     0x55b9ccd49a79 - std::panicking::begin_panic_handler::{{closure}}::h9e2b2176e00e0d9c
[INFO] [stdout]                                at /rustc/84c898d65adf2f39a5a98507f1fe0ce10a2b8dbc/library/std/src/panicking.rs:583:13
[INFO] [stdout]   15:     0x55b9ccd47ea6 - std::sys_common::backtrace::__rust_end_short_backtrace::h5739b8e512c09d02
[INFO] [stdout]                                at /rustc/84c898d65adf2f39a5a98507f1fe0ce10a2b8dbc/library/std/src/sys_common/backtrace.rs:150:18
[INFO] [stdout]   16:     0x55b9ccd49782 - rust_begin_unwind
[INFO] [stdout]                                at /rustc/84c898d65adf2f39a5a98507f1fe0ce10a2b8dbc/library/std/src/panicking.rs:579:5
[INFO] [stdout]   17:     0x55b9ccad9673 - core::panicking::panic_fmt::hf33a1475b4dc5c3e
[INFO] [stdout]                                at /rustc/84c898d65adf2f39a5a98507f1fe0ce10a2b8dbc/library/core/src/panicking.rs:64:14
[INFO] [stdout]   18:     0x55b9ccb09eaa - c3_lang_parser::test_utils::format_rust_expression::h9562345adbdebfa8
[INFO] [stdout]                                at /opt/rustwide/workdir/src/test_utils.rs:40:17
[INFO] [stdout]   19:     0x55b9ccb09fbe - c3_lang_parser::test_utils::test_code::h7dfe60b235cff4ca
[INFO] [stdout]                                at /opt/rustwide/workdir/src/test_utils.rs:52:9
[INFO] [stdout]   20:     0x55b9ccafab63 - c3_lang_parser::c3_ast_printer::tests::test_package_def_printing::h4aaf3207a7947bf5
[INFO] [stdout]                                at /opt/rustwide/workdir/src/c3_ast_printer.rs:258:9
[INFO] [stdout]   21:     0x55b9ccaf73a7 - c3_lang_parser::c3_ast_printer::tests::test_package_def_printing::{{closure}}::hf5d7bd64fb591d9f
[INFO] [stdout]                                at /opt/rustwide/workdir/src/c3_ast_printer.rs:179:36
[INFO] [stdout]   22:     0x55b9ccb0cc45 - core::ops::function::FnOnce::call_once::h80ba81db05d49756
[INFO] [stdout]                                at /rustc/84c898d65adf2f39a5a98507f1fe0ce10a2b8dbc/library/core/src/ops/function.rs:250:5
[INFO] [stdout]   23:     0x55b9ccb6a3cf - core::ops::function::FnOnce::call_once::h7d969581be7d0075
[INFO] [stdout]                                at /rustc/84c898d65adf2f39a5a98507f1fe0ce10a2b8dbc/library/core/src/ops/function.rs:250:5
[INFO] [stdout]   24:     0x55b9ccb6a3cf - test::__rust_begin_short_backtrace::hca25a52684e56655
[INFO] [stdout]                                at /rustc/84c898d65adf2f39a5a98507f1fe0ce10a2b8dbc/library/test/src/lib.rs:656:18
[INFO] [stdout]   25:     0x55b9ccb3b9ec - test::run_test::{{closure}}::ha8ac744c4af1a4bb
[INFO] [stdout]                                at /rustc/84c898d65adf2f39a5a98507f1fe0ce10a2b8dbc/library/test/src/lib.rs:647:30
[INFO] [stdout]   26:     0x55b9ccb3b9ec - core::ops::function::FnOnce::call_once{{vtable.shim}}::h7b411a9ed45bdecf
[INFO] [stdout]                                at /rustc/84c898d65adf2f39a5a98507f1fe0ce10a2b8dbc/library/core/src/ops/function.rs:250:5
[INFO] [stdout]   27:     0x55b9ccb69396 - <alloc::boxed::Box<F,A> as core::ops::function::FnOnce<Args>>::call_once::hd05328869a8ed200
[INFO] [stdout]                                at /rustc/84c898d65adf2f39a5a98507f1fe0ce10a2b8dbc/library/alloc/src/boxed.rs:1987:9
[INFO] [stdout]   28:     0x55b9ccb69396 - <core::panic::unwind_safe::AssertUnwindSafe<F> as core::ops::function::FnOnce<()>>::call_once::h0c601ce20bd5b2be
[INFO] [stdout]                                at /rustc/84c898d65adf2f39a5a98507f1fe0ce10a2b8dbc/library/core/src/panic/unwind_safe.rs:271:9
[INFO] [stdout]   29:     0x55b9ccb69396 - std::panicking::try::do_call::ha4be5c164fe30854
[INFO] [stdout]                                at /rustc/84c898d65adf2f39a5a98507f1fe0ce10a2b8dbc/library/std/src/panicking.rs:487:40
[INFO] [stdout]   30:     0x55b9ccb69396 - std::panicking::try::h604546f3609af05f
[INFO] [stdout]                                at /rustc/84c898d65adf2f39a5a98507f1fe0ce10a2b8dbc/library/std/src/panicking.rs:451:19
[INFO] [stdout]   31:     0x55b9ccb69396 - std::panic::catch_unwind::h5bfa8afe44c9c2f9
[INFO] [stdout]                                at /rustc/84c898d65adf2f39a5a98507f1fe0ce10a2b8dbc/library/std/src/panic.rs:140:14
[INFO] [stdout]   32:     0x55b9ccb69396 - test::run_test_in_process::hd50dee55dd63e6aa
[INFO] [stdout]                                at /rustc/84c898d65adf2f39a5a98507f1fe0ce10a2b8dbc/library/test/src/lib.rs:679:27
[INFO] [stdout]   33:     0x55b9ccb69396 - test::run_test::run_test_inner::{{closure}}::h4aa0f433aa85cea8
[INFO] [stdout]                                at /rustc/84c898d65adf2f39a5a98507f1fe0ce10a2b8dbc/library/test/src/lib.rs:573:39
[INFO] [stdout]   34:     0x55b9ccb36061 - test::run_test::run_test_inner::{{closure}}::had56431adf24b4d6
[INFO] [stdout]                                at /rustc/84c898d65adf2f39a5a98507f1fe0ce10a2b8dbc/library/test/src/lib.rs:600:37
[INFO] [stdout]   35:     0x55b9ccb36061 - std::sys_common::backtrace::__rust_begin_short_backtrace::ha8d9890e0c73bf13
[INFO] [stdout]                                at /rustc/84c898d65adf2f39a5a98507f1fe0ce10a2b8dbc/library/std/src/sys_common/backtrace.rs:134:18
[INFO] [stdout]   36:     0x55b9ccb3ba7b - std::thread::Builder::spawn_unchecked_::{{closure}}::{{closure}}::h251832bcb4a95327
[INFO] [stdout]                                at /rustc/84c898d65adf2f39a5a98507f1fe0ce10a2b8dbc/library/std/src/thread/mod.rs:560:17
[INFO] [stdout]   37:     0x55b9ccb3ba7b - <core::panic::unwind_safe::AssertUnwindSafe<F> as core::ops::function::FnOnce<()>>::call_once::h8fdff598fa414831
[INFO] [stdout]                                at /rustc/84c898d65adf2f39a5a98507f1fe0ce10a2b8dbc/library/core/src/panic/unwind_safe.rs:271:9
[INFO] [stdout]   38:     0x55b9ccb3ba7b - std::panicking::try::do_call::h455dd2f7764a950f
[INFO] [stdout]                                at /rustc/84c898d65adf2f39a5a98507f1fe0ce10a2b8dbc/library/std/src/panicking.rs:487:40
[INFO] [stdout]   39:     0x55b9ccb3ba7b - std::panicking::try::had6f23b7b73ae72a
[INFO] [stdout]                                at /rustc/84c898d65adf2f39a5a98507f1fe0ce10a2b8dbc/library/std/src/panicking.rs:451:19
[INFO] [stdout]   40:     0x55b9ccb3ba7b - std::panic::catch_unwind::ha6a5ca3915b4dad0
[INFO] [stdout]                                at /rustc/84c898d65adf2f39a5a98507f1fe0ce10a2b8dbc/library/std/src/panic.rs:140:14
[INFO] [stdout]   41:     0x55b9ccb3ba7b - std::thread::Builder::spawn_unchecked_::{{closure}}::h883b72ef75da6231
[INFO] [stdout]                                at /rustc/84c898d65adf2f39a5a98507f1fe0ce10a2b8dbc/library/std/src/thread/mod.rs:559:30
[INFO] [stdout]   42:     0x55b9ccb3ba7b - core::ops::function::FnOnce::call_once{{vtable.shim}}::hb7dff73dc8bd2ccb
[INFO] [stdout]                                at /rustc/84c898d65adf2f39a5a98507f1fe0ce10a2b8dbc/library/core/src/ops/function.rs:250:5
[INFO] [stdout]   43:     0x55b9ccd4e233 - <alloc::boxed::Box<F,A> as core::ops::function::FnOnce<Args>>::call_once::h39990b24eedef2ab
[INFO] [stdout]                                at /rustc/84c898d65adf2f39a5a98507f1fe0ce10a2b8dbc/library/alloc/src/boxed.rs:1987:9
[INFO] [stdout]   44:     0x55b9ccd4e233 - <alloc::boxed::Box<F,A> as core::ops::function::FnOnce<Args>>::call_once::h01a027258444143b
[INFO] [stdout]                                at /rustc/84c898d65adf2f39a5a98507f1fe0ce10a2b8dbc/library/alloc/src/boxed.rs:1987:9
[INFO] [stdout]   45:     0x55b9ccd4e233 - std::sys::unix::thread::Thread::new::thread_start::ha4f1cdd9c25884ba
[INFO] [stdout]                                at /rustc/84c898d65adf2f39a5a98507f1fe0ce10a2b8dbc/library/std/src/sys/unix/thread.rs:108:17
[INFO] [stdout]   46:     0x7f0796161b43 - <unknown>
[INFO] [stdout]   47:     0x7f07961f2bb4 - __clone
[INFO] [stdout]   48:                0x0 - <unknown>
[INFO] [stdout] 
[INFO] [stdout] 
[INFO] [stdout] failures:
[INFO] [stdout]     c3_ast_printer::tests::test_package_def_printing
[INFO] [stdout] 
[INFO] [stdout] test result: FAILED. 5 passed; 1 failed; 0 ignored; 0 measured; 0 filtered out; finished in 1.11s
[INFO] [stdout] 
[INFO] running `Command { std: "docker" "inspect" "00ec4256f40f4b4ea084b4f4833b9d03bc6ca7e43ede405c2148b2cebc0648ee", kill_on_drop: false }`
[INFO] running `Command { std: "docker" "rm" "-f" "00ec4256f40f4b4ea084b4f4833b9d03bc6ca7e43ede405c2148b2cebc0648ee", kill_on_drop: false }`
[INFO] [stdout] 00ec4256f40f4b4ea084b4f4833b9d03bc6ca7e43ede405c2148b2cebc0648ee
