[INFO] fetching crate c2rust-refactor 0.15.0...
[INFO] testing c2rust-refactor-0.15.0 against 1.69.0 for beta-1.70-1
[INFO] extracting crate c2rust-refactor 0.15.0 into /workspace/builds/worker-2-tc1/source
[INFO] validating manifest of crates.io crate c2rust-refactor 0.15.0 on toolchain 1.69.0
[INFO] running `Command { std: CARGO_HOME="/workspace/cargo-home" RUSTUP_HOME="/workspace/rustup-home" "/workspace/cargo-home/bin/cargo" "+1.69.0" "metadata" "--manifest-path" "Cargo.toml" "--no-deps", kill_on_drop: false }`
[INFO] started tweaking crates.io crate c2rust-refactor 0.15.0
[INFO] finished tweaking crates.io crate c2rust-refactor 0.15.0
[INFO] tweaked toml for crates.io crate c2rust-refactor 0.15.0 written to /workspace/builds/worker-2-tc1/source/Cargo.toml
[INFO] running `Command { std: CARGO_HOME="/workspace/cargo-home" RUSTUP_HOME="/workspace/rustup-home" __CARGO_TEST_CHANNEL_OVERRIDE_DO_NOT_USE_THIS="nightly" "/workspace/cargo-home/bin/cargo" "+1.69.0" "generate-lockfile" "--manifest-path" "Cargo.toml" "-Zno-index-update", kill_on_drop: false }`
[INFO] [stderr]     Blocking waiting for file lock on package cache
[INFO] running `Command { std: CARGO_HOME="/workspace/cargo-home" RUSTUP_HOME="/workspace/rustup-home" "/workspace/cargo-home/bin/cargo" "+1.69.0" "fetch" "--manifest-path" "Cargo.toml", kill_on_drop: false }`
[INFO] [stderr]  Downloading crates ...
[INFO] [stderr]   Downloaded strip-ansi-escapes v0.1.1
[INFO] [stderr]   Downloaded shell-escape v0.1.5
[INFO] [stderr]   Downloaded vte_generate_state_changes v0.1.1
[INFO] [stderr]   Downloaded json v0.12.4
[INFO] [stderr]   Downloaded opener v0.4.1
[INFO] [stderr]   Downloaded rustc-workspace-hack v1.0.0
[INFO] [stderr]   Downloaded rustfix v0.5.1
[INFO] [stderr]   Downloaded rand_xoshiro v0.4.0
[INFO] [stderr]   Downloaded serde_ignored v0.1.7
[INFO] [stderr]   Downloaded bstr v1.4.0
[INFO] [stderr]   Downloaded crypto-hash v0.3.4
[INFO] [stderr]   Downloaded commoncrypto-sys v0.2.0
[INFO] [stderr]   Downloaded yaml-rust v0.3.5
[INFO] [stderr]   Downloaded vte v0.10.1
[INFO] [stderr]   Downloaded bytesize v1.2.0
[INFO] [stderr]   Downloaded hex v0.3.2
[INFO] [stderr]   Downloaded globset v0.4.10
[INFO] [stderr]   Downloaded c2rust-macros v0.15.0
[INFO] [stderr]   Downloaded flamer v0.4.0
[INFO] [stderr]   Downloaded flame v0.2.2
[INFO] [stderr]   Downloaded libssh2-sys v0.2.23
[INFO] [stderr]   Downloaded ignore v0.4.20
[INFO] [stderr]   Downloaded sized-chunks v0.5.3
[INFO] [stderr]   Downloaded thread-id v3.3.0
[INFO] [stderr]   Downloaded libgit2-sys v0.12.26+1.3.0
[INFO] [stderr]   Downloaded libnghttp2-sys v0.1.7+1.45.0
[INFO] [stderr]   Downloaded commoncrypto v0.2.0
[INFO] [stderr]   Downloaded git2-curl v0.14.1
[INFO] [stderr]   Downloaded ena v0.13.1
[INFO] [stderr]   Downloaded slotmap v0.4.3
[INFO] [stderr]   Downloaded fwdansi v1.1.0
[INFO] [stderr]   Downloaded git2 v0.13.25
[INFO] [stderr]   Downloaded c2rust-ast-builder v0.15.0
[INFO] [stderr]   Downloaded crates-io v0.31.1
[INFO] [stderr]   Downloaded c2rust-ast-printer v0.15.0
[INFO] [stderr]   Downloaded z3 v0.4.0
[INFO] [stderr]   Downloaded z3-sys v0.5.0
[INFO] [stderr]   Downloaded rlua v0.17.1
[INFO] [stderr]   Downloaded cargo v0.44.1
[INFO] [stderr]   Downloaded im-rc v14.3.0
[INFO] running `Command { std: "docker" "create" "-v" "/var/lib/crater-agent-workspace/builds/worker-2-tc1/target:/opt/rustwide/target:rw,Z" "-v" "/var/lib/crater-agent-workspace/builds/worker-2-tc1/source:/opt/rustwide/workdir:ro,Z" "-v" "/var/lib/crater-agent-workspace/cargo-home:/opt/rustwide/cargo-home:ro,Z" "-v" "/var/lib/crater-agent-workspace/rustup-home:/opt/rustwide/rustup-home:ro,Z" "-e" "SOURCE_DIR=/opt/rustwide/workdir" "-e" "CARGO_TARGET_DIR=/opt/rustwide/target" "-e" "CARGO_HOME=/opt/rustwide/cargo-home" "-e" "RUSTUP_HOME=/opt/rustwide/rustup-home" "-w" "/opt/rustwide/workdir" "-m" "1610612736" "--user" "0:0" "--network" "none" "ghcr.io/rust-lang/crates-build-env/linux@sha256:5ff2268d62e97bff2cde7d5815dd6ed5b47097566f13b8d0ca110b04b60e07ed" "/opt/rustwide/cargo-home/bin/cargo" "+1.69.0" "metadata" "--no-deps" "--format-version=1", kill_on_drop: false }`
[INFO] [stdout] 93872c4fafd32f2c84caec3edf802cd0a88c5392c25ed669e8be5fd70cb9f66a
[INFO] running `Command { std: "docker" "start" "-a" "93872c4fafd32f2c84caec3edf802cd0a88c5392c25ed669e8be5fd70cb9f66a", kill_on_drop: false }`
[INFO] running `Command { std: "docker" "inspect" "93872c4fafd32f2c84caec3edf802cd0a88c5392c25ed669e8be5fd70cb9f66a", kill_on_drop: false }`
[INFO] running `Command { std: "docker" "rm" "-f" "93872c4fafd32f2c84caec3edf802cd0a88c5392c25ed669e8be5fd70cb9f66a", kill_on_drop: false }`
[INFO] [stdout] 93872c4fafd32f2c84caec3edf802cd0a88c5392c25ed669e8be5fd70cb9f66a
[INFO] running `Command { std: "docker" "create" "-v" "/var/lib/crater-agent-workspace/builds/worker-2-tc1/target:/opt/rustwide/target:rw,Z" "-v" "/var/lib/crater-agent-workspace/builds/worker-2-tc1/source:/opt/rustwide/workdir:ro,Z" "-v" "/var/lib/crater-agent-workspace/cargo-home:/opt/rustwide/cargo-home:ro,Z" "-v" "/var/lib/crater-agent-workspace/rustup-home:/opt/rustwide/rustup-home:ro,Z" "-e" "SOURCE_DIR=/opt/rustwide/workdir" "-e" "CARGO_TARGET_DIR=/opt/rustwide/target" "-e" "CARGO_INCREMENTAL=0" "-e" "RUST_BACKTRACE=full" "-e" "RUSTFLAGS=--cap-lints=warn" "-e" "RUSTDOCFLAGS=--cap-lints=warn" "-e" "CARGO_HOME=/opt/rustwide/cargo-home" "-e" "RUSTUP_HOME=/opt/rustwide/rustup-home" "-w" "/opt/rustwide/workdir" "-m" "1610612736" "--user" "0:0" "--network" "none" "ghcr.io/rust-lang/crates-build-env/linux@sha256:5ff2268d62e97bff2cde7d5815dd6ed5b47097566f13b8d0ca110b04b60e07ed" "/opt/rustwide/cargo-home/bin/cargo" "+1.69.0" "build" "--frozen" "--message-format=json", kill_on_drop: false }`
[INFO] [stdout] 818c37dcbc8518f3151e5b45c9eb1cbf9318fe104ad807c3925f922fa597d145
[INFO] running `Command { std: "docker" "start" "-a" "818c37dcbc8518f3151e5b45c9eb1cbf9318fe104ad807c3925f922fa597d145", kill_on_drop: false }`
[INFO] [stderr]    Compiling proc-macro2 v1.0.56
[INFO] [stderr]    Compiling serde v1.0.160
[INFO] [stderr]    Compiling jobserver v0.1.26
[INFO] [stderr]    Compiling typenum v1.16.0
[INFO] [stderr]    Compiling tinyvec v1.6.0
[INFO] [stderr]    Compiling getrandom v0.1.16
[INFO] [stderr]    Compiling percent-encoding v2.2.0
[INFO] [stderr]    Compiling unicode-bidi v0.3.13
[INFO] [stderr]    Compiling cc v1.0.79
[INFO] [stderr]    Compiling form_urlencoded v1.1.0
[INFO] [stderr]    Compiling aho-corasick v1.0.1
[INFO] [stderr]    Compiling serde_json v1.0.96
[INFO] [stderr]    Compiling regex-syntax v0.7.1
[INFO] [stderr]    Compiling openssl-probe v0.1.5
[INFO] [stderr]    Compiling quote v1.0.26
[INFO] [stderr]    Compiling unicode-normalization v0.1.22
[INFO] [stderr]    Compiling anyhow v1.0.71
[INFO] [stderr]    Compiling syn v2.0.15
[INFO] [stderr]    Compiling io-lifetimes v1.0.10
[INFO] [stderr]    Compiling curl v0.4.44
[INFO] [stderr]    Compiling openssl-sys v0.9.87
[INFO] [stderr]    Compiling libz-sys v1.1.9
[INFO] [stderr]    Compiling libnghttp2-sys v0.1.7+1.45.0
[INFO] [stderr]    Compiling libssh2-sys v0.2.23
[INFO] [stderr]    Compiling curl-sys v0.4.61+curl-8.0.1
[INFO] [stderr]    Compiling libgit2-sys v0.12.26+1.3.0
[INFO] [stderr]    Compiling idna v0.3.0
[INFO] [stderr]    Compiling regex v1.8.1
[INFO] [stderr]    Compiling url v2.3.1
[INFO] [stderr]    Compiling crossbeam-utils v0.7.2
[INFO] [stderr]    Compiling syn v1.0.109
[INFO] [stderr]    Compiling crc32fast v1.3.2
[INFO] [stderr]    Compiling rustix v0.37.18
[INFO] [stderr]    Compiling openssl v0.10.52
[INFO] [stderr]    Compiling foreign-types-shared v0.1.1
[INFO] [stderr]    Compiling maybe-uninit v2.0.0
[INFO] [stderr]    Compiling foreign-types v0.3.2
[INFO] [stderr]    Compiling im-rc v14.3.0
[INFO] [stderr]    Compiling rand_core v0.5.1
[INFO] [stderr]    Compiling bitmaps v2.1.0
[INFO] [stderr]    Compiling vte_generate_state_changes v0.1.1
[INFO] [stderr]    Compiling aho-corasick v0.7.20
[INFO] [stderr]    Compiling bstr v1.4.0
[INFO] [stderr]    Compiling atty v0.2.14
[INFO] [stderr]    Compiling num-traits v0.2.15
[INFO] [stderr]    Compiling fnv v1.0.7
[INFO] [stderr]    Compiling quick-error v1.2.3
[INFO] [stderr]    Compiling arrayvec v0.5.2
[INFO] [stderr]    Compiling utf8parse v0.2.1
[INFO] [stderr]    Compiling linux-raw-sys v0.3.6
[INFO] [stderr]    Compiling cfg-if v0.1.10
[INFO] [stderr]    Compiling adler v1.0.2
[INFO] [stderr]    Compiling walkdir v2.3.3
[INFO] [stderr]    Compiling globset v0.4.10
[INFO] [stderr]    Compiling miniz_oxide v0.7.1
[INFO] [stderr]    Compiling vte v0.10.1
[INFO] [stderr]    Compiling serde_derive v1.0.160
[INFO] [stderr]    Compiling openssl-macros v0.1.1
[INFO] [stderr]    Compiling textwrap v0.11.0
[INFO] [stderr]    Compiling humantime v1.3.0
[INFO] [stderr]    Compiling sized-chunks v0.5.3
[INFO] [stderr]    Compiling rand_xoshiro v0.4.0
[INFO] [stderr]    Compiling rlua v0.17.1
[INFO] [stderr]    Compiling thread_local v1.1.7
[INFO] [stderr]    Compiling filetime v0.2.21
[INFO] [stderr]    Compiling indexmap v1.9.3
[INFO] [stderr]    Compiling fastrand v1.9.0
[INFO] [stderr]    Compiling ansi_term v0.12.1
[INFO] [stderr]    Compiling yaml-rust v0.3.5
[INFO] [stderr]    Compiling hex v0.3.2
[INFO] [stderr]    Compiling strsim v0.8.0
[INFO] [stderr]    Compiling vec_map v0.8.2
[INFO] [stderr]    Compiling termcolor v1.2.0
[INFO] [stderr]    Compiling semver-parser v0.7.0
[INFO] [stderr]    Compiling clap v2.34.0
[INFO] [stderr]    Compiling env_logger v0.7.1
[INFO] [stderr]    Compiling tempfile v3.5.0
[INFO] [stderr]    Compiling tar v0.4.38
[INFO] [stderr]    Compiling ignore v0.4.20
[INFO] [stderr]    Compiling flate2 v1.0.26
[INFO] [stderr]    Compiling crypto-hash v0.3.4
[INFO] [stderr]    Compiling crossbeam-channel v0.4.4
[INFO] [stderr]    Compiling strip-ansi-escapes v0.1.1
[INFO] [stderr]    Compiling bstr v0.2.17
[INFO] [stderr]    Compiling num_cpus v1.15.0
[INFO] [stderr]    Compiling shell-escape v0.1.5
[INFO] [stderr]    Compiling convert_case v0.4.0
[INFO] [stderr]    Compiling lazycell v1.3.0
[INFO] [stderr]    Compiling humantime v2.1.0
[INFO] [stderr]    Compiling c2rust-refactor v0.15.0 (/opt/rustwide/workdir)
[INFO] [stderr]    Compiling rustc-workspace-hack v1.0.0
[INFO] [stderr]    Compiling bytesize v1.2.0
[INFO] [stderr]    Compiling glob v0.3.1
[INFO] [stderr]    Compiling home v0.5.5
[INFO] [stderr]    Compiling remove_dir_all v0.5.3
[INFO] [stderr]    Compiling opener v0.4.1
[INFO] [stderr]    Compiling c2rust-ast-printer v0.15.0
[INFO] [stderr]    Compiling ena v0.13.1
[INFO] [stdout] error[E0557]: feature has been removed
[INFO] [stdout]  --> /opt/rustwide/cargo-home/registry/src/github.com-1ecc6299db9ec823/c2rust-ast-printer-0.15.0/src/lib.rs:2:12
[INFO] [stdout]   |
[INFO] [stdout] 2 | #![feature(crate_visibility_modifier)]
[INFO] [stdout]   |            ^^^^^^^^^^^^^^^^^^^^^^^^^ feature has been removed
[INFO] [stdout]   |
[INFO] [stdout]   = note: removed in favor of `pub(crate)`
[INFO] [stdout] 
[INFO] [stdout] 
[INFO] [stdout] error: expected one of `!` or `::`, found keyword `const`
[INFO] [stdout]    --> /opt/rustwide/cargo-home/registry/src/github.com-1ecc6299db9ec823/c2rust-ast-printer-0.15.0/src/pprust.rs:121:7
[INFO] [stdout]     |
[INFO] [stdout] 121 | crate const INDENT_UNIT: usize = 4;
[INFO] [stdout]     |       ^^^^^ expected one of `!` or `::`
[INFO] [stdout] 
[INFO] [stdout] 
[INFO] [stdout] error: expected one of `!` or `::`, found keyword `fn`
[INFO] [stdout]    --> /opt/rustwide/cargo-home/registry/src/github.com-1ecc6299db9ec823/c2rust-ast-printer-0.15.0/src/pp.rs:174:11
[INFO] [stdout]     |
[INFO] [stdout] 173 | impl Token {
[INFO] [stdout]     |            - while parsing this item list starting here
[INFO] [stdout] 174 |     crate fn is_eof(&self) -> bool {
[INFO] [stdout]     |           ^^ expected one of `!` or `::`
[INFO] [stdout] ...
[INFO] [stdout] 192 | }
[INFO] [stdout]     | - the item list ends here
[INFO] [stdout] 
[INFO] [stdout] 
[INFO] [stdout] error: expected one of `!` or `::`, found keyword `fn`
[INFO] [stdout]    --> /opt/rustwide/cargo-home/registry/src/github.com-1ecc6299db9ec823/c2rust-ast-printer-0.15.0/src/pp.rs:642:11
[INFO] [stdout]     |
[INFO] [stdout] 303 | impl Printer {
[INFO] [stdout]     |              - while parsing this item list starting here
[INFO] [stdout] ...
[INFO] [stdout] 642 |     crate fn zerobreak(&mut self) {
[INFO] [stdout]     |           ^^ expected one of `!` or `::`
[INFO] [stdout] ...
[INFO] [stdout] 661 | }
[INFO] [stdout]     | - the item list ends here
[INFO] [stdout] 
[INFO] [stdout] 
[INFO] [stdout] error: expected one of `!` or `::`, found keyword `fn`
[INFO] [stdout]   --> /opt/rustwide/cargo-home/registry/src/github.com-1ecc6299db9ec823/c2rust-ast-printer-0.15.0/src/syntax_priv.rs:10:7
[INFO] [stdout]    |
[INFO] [stdout] 10 | crate fn prec_let_scrutinee_needs_par() -> usize {
[INFO] [stdout]    |       ^^ expected one of `!` or `::`
[INFO] [stdout] 
[INFO] [stdout] 
[INFO] [stdout] error[E0463]: can't find crate for `rustc_target`
[INFO] [stdout]  --> /opt/rustwide/cargo-home/registry/src/github.com-1ecc6299db9ec823/c2rust-ast-printer-0.15.0/src/lib.rs:4:1
[INFO] [stdout]   |
[INFO] [stdout] 4 | extern crate rustc_target;
[INFO] [stdout]   | ^^^^^^^^^^^^^^^^^^^^^^^^^^ can't find crate
[INFO] [stdout]   |
[INFO] [stdout]   = help: maybe you need to install the missing components with: `rustup component add rust-src rustc-dev llvm-tools-preview`
[INFO] [stdout] 
[INFO] [stdout] 
[INFO] [stdout] error[E0463]: can't find crate for `syntax`
[INFO] [stdout]  --> /opt/rustwide/cargo-home/registry/src/github.com-1ecc6299db9ec823/c2rust-ast-printer-0.15.0/src/lib.rs:5:1
[INFO] [stdout]   |
[INFO] [stdout] 5 | extern crate syntax;
[INFO] [stdout]   | ^^^^^^^^^^^^^^^^^^^^ can't find crate
[INFO] [stdout] 
[INFO] [stdout] 
[INFO] [stdout] error[E0463]: can't find crate for `syntax_pos`
[INFO] [stdout]  --> /opt/rustwide/cargo-home/registry/src/github.com-1ecc6299db9ec823/c2rust-ast-printer-0.15.0/src/lib.rs:6:1
[INFO] [stdout]   |
[INFO] [stdout] 6 | extern crate syntax_pos;
[INFO] [stdout]   | ^^^^^^^^^^^^^^^^^^^^^^^^ can't find crate
[INFO] [stdout] 
[INFO] [stdout] 
[INFO] [stdout] error[E0554]: `#![feature]` may not be used on the stable release channel
[INFO] [stdout]  --> /opt/rustwide/cargo-home/registry/src/github.com-1ecc6299db9ec823/c2rust-ast-printer-0.15.0/src/lib.rs:1:1
[INFO] [stdout]   |
[INFO] [stdout] 1 | #![feature(rustc_private)]
[INFO] [stdout]   | ^^^^^^^^^^^^^^^^^^^^^^^^^^
[INFO] [stdout] 
[INFO] [stdout] 
[INFO] [stdout] error[E0554]: `#![feature]` may not be used on the stable release channel
[INFO] [stdout]  --> /opt/rustwide/cargo-home/registry/src/github.com-1ecc6299db9ec823/c2rust-ast-printer-0.15.0/src/lib.rs:2:1
[INFO] [stdout]   |
[INFO] [stdout] 2 | #![feature(crate_visibility_modifier)]
[INFO] [stdout]   | ^^^^^^^^^^^^^^^^^^^^^^^^^^^^^^^^^^^^^^
[INFO] [stdout] 
[INFO] [stdout] 
[INFO] [stdout] error[E0599]: no method named `space` found for mutable reference `&mut Printer` in the current scope
[INFO] [stdout]  --> /opt/rustwide/cargo-home/registry/src/github.com-1ecc6299db9ec823/c2rust-ast-printer-0.15.0/src/helpers.rs:7:14
[INFO] [stdout]   |
[INFO] [stdout] 7 |         self.space();
[INFO] [stdout]   |              ^^^^^
[INFO] [stdout]   |              |
[INFO] [stdout]   |              private field, not a method
[INFO] [stdout]   |              help: there is a method with a similar name: `word_space`
[INFO] [stdout] 
[INFO] [stdout] 
[INFO] [stdout] error[E0599]: no method named `is_beginning_of_line` found for mutable reference `&mut Printer` in the current scope
[INFO] [stdout]   --> /opt/rustwide/cargo-home/registry/src/github.com-1ecc6299db9ec823/c2rust-ast-printer-0.15.0/src/helpers.rs:19:18
[INFO] [stdout]    |
[INFO] [stdout] 19 |         if !self.is_beginning_of_line() {
[INFO] [stdout]    |                  ^^^^^^^^^^^^^^^^^^^^ method not found in `&mut Printer`
[INFO] [stdout] 
[INFO] [stdout] 
[INFO] [stdout] error[E0599]: no method named `hardbreak` found for mutable reference `&mut Printer` in the current scope
[INFO] [stdout]   --> /opt/rustwide/cargo-home/registry/src/github.com-1ecc6299db9ec823/c2rust-ast-printer-0.15.0/src/helpers.rs:20:18
[INFO] [stdout]    |
[INFO] [stdout] 20 |             self.hardbreak()
[INFO] [stdout]    |                  ^^^^^^^^^ method not found in `&mut Printer`
[INFO] [stdout] 
[INFO] [stdout] 
[INFO] [stdout] error[E0599]: no method named `is_beginning_of_line` found for mutable reference `&mut Printer` in the current scope
[INFO] [stdout]   --> /opt/rustwide/cargo-home/registry/src/github.com-1ecc6299db9ec823/c2rust-ast-printer-0.15.0/src/helpers.rs:25:18
[INFO] [stdout]    |
[INFO] [stdout] 25 |         if !self.is_beginning_of_line() { self.space(); }
[INFO] [stdout]    |                  ^^^^^^^^^^^^^^^^^^^^ method not found in `&mut Printer`
[INFO] [stdout] 
[INFO] [stdout] 
[INFO] [stdout] error[E0599]: no method named `space` found for mutable reference `&mut Printer` in the current scope
[INFO] [stdout]   --> /opt/rustwide/cargo-home/registry/src/github.com-1ecc6299db9ec823/c2rust-ast-printer-0.15.0/src/helpers.rs:25:48
[INFO] [stdout]    |
[INFO] [stdout] 25 |         if !self.is_beginning_of_line() { self.space(); }
[INFO] [stdout]    |                                                ^^^^^
[INFO] [stdout]    |                                                |
[INFO] [stdout]    |                                                private field, not a method
[INFO] [stdout]    |                                                help: there is a method with a similar name: `word_space`
[INFO] [stdout] 
[INFO] [stdout] 
[INFO] [stdout] error: aborting due to 15 previous errors
[INFO] [stdout] 
[INFO] [stdout] 
[INFO] [stdout] Some errors have detailed explanations: E0463, E0554, E0557, E0599.
[INFO] [stdout] 
[INFO] [stdout] For more information about an error, try `rustc --explain E0463`.
[INFO] [stdout] 
[INFO] [stderr] error: could not compile `c2rust-ast-printer` due to 16 previous errors
[INFO] [stderr] warning: build failed, waiting for other jobs to finish...
[INFO] running `Command { std: "docker" "inspect" "818c37dcbc8518f3151e5b45c9eb1cbf9318fe104ad807c3925f922fa597d145", kill_on_drop: false }`
[INFO] running `Command { std: "docker" "rm" "-f" "818c37dcbc8518f3151e5b45c9eb1cbf9318fe104ad807c3925f922fa597d145", kill_on_drop: false }`
[INFO] [stdout] 818c37dcbc8518f3151e5b45c9eb1cbf9318fe104ad807c3925f922fa597d145
