[INFO] fetching crate breezy-osutils 0.1.0...
[INFO] testing breezy-osutils-0.1.0 against 1.69.0 for beta-1.70-1
[INFO] extracting crate breezy-osutils 0.1.0 into /workspace/builds/worker-6-tc1/source
[INFO] validating manifest of crates.io crate breezy-osutils 0.1.0 on toolchain 1.69.0
[INFO] running `Command { std: CARGO_HOME="/workspace/cargo-home" RUSTUP_HOME="/workspace/rustup-home" "/workspace/cargo-home/bin/cargo" "+1.69.0" "metadata" "--manifest-path" "Cargo.toml" "--no-deps", kill_on_drop: false }`
[INFO] started tweaking crates.io crate breezy-osutils 0.1.0
[INFO] finished tweaking crates.io crate breezy-osutils 0.1.0
[INFO] tweaked toml for crates.io crate breezy-osutils 0.1.0 written to /workspace/builds/worker-6-tc1/source/Cargo.toml
[INFO] running `Command { std: CARGO_HOME="/workspace/cargo-home" RUSTUP_HOME="/workspace/rustup-home" __CARGO_TEST_CHANNEL_OVERRIDE_DO_NOT_USE_THIS="nightly" "/workspace/cargo-home/bin/cargo" "+1.69.0" "generate-lockfile" "--manifest-path" "Cargo.toml" "-Zno-index-update", kill_on_drop: false }`
[INFO] running `Command { std: CARGO_HOME="/workspace/cargo-home" RUSTUP_HOME="/workspace/rustup-home" "/workspace/cargo-home/bin/cargo" "+1.69.0" "fetch" "--manifest-path" "Cargo.toml", kill_on_drop: false }`
[INFO] running `Command { std: "docker" "create" "-v" "/var/lib/crater-agent-workspace/builds/worker-6-tc1/target:/opt/rustwide/target:rw,Z" "-v" "/var/lib/crater-agent-workspace/builds/worker-6-tc1/source:/opt/rustwide/workdir:ro,Z" "-v" "/var/lib/crater-agent-workspace/cargo-home:/opt/rustwide/cargo-home:ro,Z" "-v" "/var/lib/crater-agent-workspace/rustup-home:/opt/rustwide/rustup-home:ro,Z" "-e" "SOURCE_DIR=/opt/rustwide/workdir" "-e" "CARGO_TARGET_DIR=/opt/rustwide/target" "-e" "CARGO_HOME=/opt/rustwide/cargo-home" "-e" "RUSTUP_HOME=/opt/rustwide/rustup-home" "-w" "/opt/rustwide/workdir" "-m" "1610612736" "--user" "0:0" "--network" "none" "ghcr.io/rust-lang/crates-build-env/linux@sha256:5ff2268d62e97bff2cde7d5815dd6ed5b47097566f13b8d0ca110b04b60e07ed" "/opt/rustwide/cargo-home/bin/cargo" "+1.69.0" "metadata" "--no-deps" "--format-version=1", kill_on_drop: false }`
[INFO] [stdout] b7f71934f79cec10cac8750a46c2db972b24c34d4949301e38b24afdbf060114
[INFO] running `Command { std: "docker" "start" "-a" "b7f71934f79cec10cac8750a46c2db972b24c34d4949301e38b24afdbf060114", kill_on_drop: false }`
[INFO] running `Command { std: "docker" "inspect" "b7f71934f79cec10cac8750a46c2db972b24c34d4949301e38b24afdbf060114", kill_on_drop: false }`
[INFO] running `Command { std: "docker" "rm" "-f" "b7f71934f79cec10cac8750a46c2db972b24c34d4949301e38b24afdbf060114", kill_on_drop: false }`
[INFO] [stdout] b7f71934f79cec10cac8750a46c2db972b24c34d4949301e38b24afdbf060114
[INFO] running `Command { std: "docker" "create" "-v" "/var/lib/crater-agent-workspace/builds/worker-6-tc1/target:/opt/rustwide/target:rw,Z" "-v" "/var/lib/crater-agent-workspace/builds/worker-6-tc1/source:/opt/rustwide/workdir:ro,Z" "-v" "/var/lib/crater-agent-workspace/cargo-home:/opt/rustwide/cargo-home:ro,Z" "-v" "/var/lib/crater-agent-workspace/rustup-home:/opt/rustwide/rustup-home:ro,Z" "-e" "SOURCE_DIR=/opt/rustwide/workdir" "-e" "CARGO_TARGET_DIR=/opt/rustwide/target" "-e" "CARGO_INCREMENTAL=0" "-e" "RUST_BACKTRACE=full" "-e" "RUSTFLAGS=--cap-lints=warn" "-e" "RUSTDOCFLAGS=--cap-lints=warn" "-e" "CARGO_HOME=/opt/rustwide/cargo-home" "-e" "RUSTUP_HOME=/opt/rustwide/rustup-home" "-w" "/opt/rustwide/workdir" "-m" "1610612736" "--user" "0:0" "--network" "none" "ghcr.io/rust-lang/crates-build-env/linux@sha256:5ff2268d62e97bff2cde7d5815dd6ed5b47097566f13b8d0ca110b04b60e07ed" "/opt/rustwide/cargo-home/bin/cargo" "+1.69.0" "build" "--frozen" "--message-format=json", kill_on_drop: false }`
[INFO] [stdout] 463d5b87eb78422d29ad6f45a699c4b7c11b4ef6bf4fee88964ca90511ee753b
[INFO] running `Command { std: "docker" "start" "-a" "463d5b87eb78422d29ad6f45a699c4b7c11b4ef6bf4fee88964ca90511ee753b", kill_on_drop: false }`
[INFO] [stderr]    Compiling typenum v1.16.0
[INFO] [stderr]    Compiling ppv-lite86 v0.2.17
[INFO] [stderr]    Compiling cpufeatures v0.2.7
[INFO] [stderr]    Compiling iana-time-zone v0.1.56
[INFO] [stderr]    Compiling match_cfg v0.1.0
[INFO] [stderr]    Compiling generic-array v0.14.7
[INFO] [stderr]    Compiling num-traits v0.2.15
[INFO] [stderr]    Compiling num-integer v0.1.45
[INFO] [stderr]    Compiling memoffset v0.7.1
[INFO] [stderr]    Compiling regex-syntax v0.7.1
[INFO] [stderr]    Compiling walkdir v2.3.3
[INFO] [stderr]    Compiling getrandom v0.2.9
[INFO] [stderr]    Compiling time v0.1.45
[INFO] [stderr]    Compiling num_cpus v1.15.0
[INFO] [stderr]    Compiling aho-corasick v1.0.1
[INFO] [stderr]    Compiling unicode-normalization v0.1.22
[INFO] [stderr]    Compiling hostname v0.3.1
[INFO] [stderr]    Compiling path-clean v1.0.1
[INFO] [stderr]    Compiling rand_core v0.6.4
[INFO] [stderr]    Compiling nix v0.26.2
[INFO] [stderr]    Compiling rand_chacha v0.3.1
[INFO] [stderr]    Compiling rand v0.8.5
[INFO] [stderr]    Compiling chrono v0.4.24
[INFO] [stderr]    Compiling block-buffer v0.10.4
[INFO] [stderr]    Compiling crypto-common v0.1.6
[INFO] [stderr]    Compiling digest v0.10.6
[INFO] [stderr]    Compiling sha1 v0.10.5
[INFO] [stderr]    Compiling regex v1.8.1
[INFO] [stderr]    Compiling breezy-osutils v0.1.0 (/opt/rustwide/workdir)
[INFO] [stdout] warning: unused import: `std::os::unix::ffi::OsStrExt`
[INFO] [stdout]   --> src/file.rs:55:9
[INFO] [stdout]    |
[INFO] [stdout] 55 |     use std::os::unix::ffi::OsStrExt;
[INFO] [stdout]    |         ^^^^^^^^^^^^^^^^^^^^^^^^^^^^
[INFO] [stdout]    |
[INFO] [stdout]    = note: `#[warn(unused_imports)]` on by default
[INFO] [stdout] 
[INFO] [stdout] 
[INFO] [stdout] warning: use of deprecated method `chrono::TimeZone::timestamp`: use `timestamp_opt()` instead
[INFO] [stdout]  --> src/time.rs:8:43
[INFO] [stdout]   |
[INFO] [stdout] 8 |     let local_time: DateTime<Local> = Utc.timestamp(timestamp, 0).with_timezone(&Local);
[INFO] [stdout]   |                                           ^^^^^^^^^
[INFO] [stdout]   |
[INFO] [stdout]   = note: `#[warn(deprecated)]` on by default
[INFO] [stdout] 
[INFO] [stdout] 
[INFO] [stdout] warning: use of deprecated method `chrono::TimeZone::timestamp`: use `timestamp_opt()` instead
[INFO] [stdout]  --> src/time.rs:9:39
[INFO] [stdout]   |
[INFO] [stdout] 9 |     let utc_time: DateTime<Utc> = Utc.timestamp(timestamp, 0);
[INFO] [stdout]   |                                       ^^^^^^^^^
[INFO] [stdout] 
[INFO] [stdout] 
[INFO] [stdout] warning: use of deprecated associated function `chrono::NaiveDateTime::from_timestamp`: use `from_timestamp_opt()` instead
[INFO] [stdout]    --> src/time.rs:138:47
[INFO] [stdout]     |
[INFO] [stdout] 138 |             DateTime::from_utc(NaiveDateTime::from_timestamp(t, 0), Utc),
[INFO] [stdout]     |                                               ^^^^^^^^^^^^^^
[INFO] [stdout] 
[INFO] [stdout] 
[INFO] [stdout] warning: use of deprecated associated function `chrono::NaiveDateTime::from_timestamp`: use `from_timestamp_opt()` instead
[INFO] [stdout]    --> src/time.rs:156:51
[INFO] [stdout]     |
[INFO] [stdout] 156 |                 DateTime::from_utc(NaiveDateTime::from_timestamp(t + offset, 0), Utc),
[INFO] [stdout]     |                                                   ^^^^^^^^^^^^^^
[INFO] [stdout] 
[INFO] [stdout] 
[INFO] [stdout] warning: use of deprecated method `chrono::TimeZone::timestamp`: use `timestamp_opt()` instead
[INFO] [stdout]    --> src/time.rs:161:31
[INFO] [stdout]     |
[INFO] [stdout] 161 |             let local = Local.timestamp(t, 0);
[INFO] [stdout]     |                               ^^^^^^^^^
[INFO] [stdout] 
[INFO] [stdout] 
[INFO] [stdout] warning: 6 warnings emitted
[INFO] [stdout] 
[INFO] [stdout] 
[INFO] [stderr]     Finished dev [unoptimized + debuginfo] target(s) in 4.16s
[INFO] running `Command { std: "docker" "inspect" "463d5b87eb78422d29ad6f45a699c4b7c11b4ef6bf4fee88964ca90511ee753b", kill_on_drop: false }`
[INFO] running `Command { std: "docker" "rm" "-f" "463d5b87eb78422d29ad6f45a699c4b7c11b4ef6bf4fee88964ca90511ee753b", kill_on_drop: false }`
[INFO] [stdout] 463d5b87eb78422d29ad6f45a699c4b7c11b4ef6bf4fee88964ca90511ee753b
[INFO] running `Command { std: "docker" "create" "-v" "/var/lib/crater-agent-workspace/builds/worker-6-tc1/target:/opt/rustwide/target:rw,Z" "-v" "/var/lib/crater-agent-workspace/builds/worker-6-tc1/source:/opt/rustwide/workdir:ro,Z" "-v" "/var/lib/crater-agent-workspace/cargo-home:/opt/rustwide/cargo-home:ro,Z" "-v" "/var/lib/crater-agent-workspace/rustup-home:/opt/rustwide/rustup-home:ro,Z" "-e" "SOURCE_DIR=/opt/rustwide/workdir" "-e" "CARGO_TARGET_DIR=/opt/rustwide/target" "-e" "CARGO_INCREMENTAL=0" "-e" "RUST_BACKTRACE=full" "-e" "RUSTFLAGS=--cap-lints=warn" "-e" "RUSTDOCFLAGS=--cap-lints=warn" "-e" "CARGO_HOME=/opt/rustwide/cargo-home" "-e" "RUSTUP_HOME=/opt/rustwide/rustup-home" "-w" "/opt/rustwide/workdir" "-m" "1610612736" "--user" "0:0" "--network" "none" "ghcr.io/rust-lang/crates-build-env/linux@sha256:5ff2268d62e97bff2cde7d5815dd6ed5b47097566f13b8d0ca110b04b60e07ed" "/opt/rustwide/cargo-home/bin/cargo" "+1.69.0" "test" "--frozen" "--no-run" "--message-format=json", kill_on_drop: false }`
[INFO] [stdout] ac7cc94434aef597e23f1fa973255bcb70d7afed193a6aa73d937eb257cedd47
[INFO] running `Command { std: "docker" "start" "-a" "ac7cc94434aef597e23f1fa973255bcb70d7afed193a6aa73d937eb257cedd47", kill_on_drop: false }`
[INFO] [stdout] warning: unused import: `std::os::unix::ffi::OsStrExt`
[INFO] [stdout]   --> src/file.rs:55:9
[INFO] [stdout]    |
[INFO] [stdout] 55 |     use std::os::unix::ffi::OsStrExt;
[INFO] [stdout]    |         ^^^^^^^^^^^^^^^^^^^^^^^^^^^^
[INFO] [stdout]    |
[INFO] [stdout]    = note: `#[warn(unused_imports)]` on by default
[INFO] [stdout] 
[INFO] [stdout] 
[INFO] [stdout] warning: use of deprecated method `chrono::TimeZone::timestamp`: use `timestamp_opt()` instead
[INFO] [stdout]  --> src/time.rs:8:43
[INFO] [stdout]   |
[INFO] [stdout] 8 |     let local_time: DateTime<Local> = Utc.timestamp(timestamp, 0).with_timezone(&Local);
[INFO] [stdout]   |                                           ^^^^^^^^^
[INFO] [stdout]   |
[INFO] [stdout]   = note: `#[warn(deprecated)]` on by default
[INFO] [stdout] 
[INFO] [stdout] 
[INFO] [stdout] warning: use of deprecated method `chrono::TimeZone::timestamp`: use `timestamp_opt()` instead
[INFO] [stdout]  --> src/time.rs:9:39
[INFO] [stdout]   |
[INFO] [stdout] 9 |     let utc_time: DateTime<Utc> = Utc.timestamp(timestamp, 0);
[INFO] [stdout]   |                                       ^^^^^^^^^
[INFO] [stdout] 
[INFO] [stdout] 
[INFO] [stdout] warning: use of deprecated associated function `chrono::NaiveDateTime::from_timestamp`: use `from_timestamp_opt()` instead
[INFO] [stdout]    --> src/time.rs:138:47
[INFO] [stdout]     |
[INFO] [stdout] 138 |             DateTime::from_utc(NaiveDateTime::from_timestamp(t, 0), Utc),
[INFO] [stdout]     |                                               ^^^^^^^^^^^^^^
[INFO] [stdout] 
[INFO] [stdout] 
[INFO] [stdout] warning: use of deprecated associated function `chrono::NaiveDateTime::from_timestamp`: use `from_timestamp_opt()` instead
[INFO] [stdout]    --> src/time.rs:156:51
[INFO] [stdout]     |
[INFO] [stdout] 156 |                 DateTime::from_utc(NaiveDateTime::from_timestamp(t + offset, 0), Utc),
[INFO] [stdout]     |                                                   ^^^^^^^^^^^^^^
[INFO] [stdout] 
[INFO] [stdout] 
[INFO] [stdout] warning: use of deprecated method `chrono::TimeZone::timestamp`: use `timestamp_opt()` instead
[INFO] [stdout]    --> src/time.rs:161:31
[INFO] [stdout]     |
[INFO] [stdout] 161 |             let local = Local.timestamp(t, 0);
[INFO] [stdout]     |                               ^^^^^^^^^
[INFO] [stdout] 
[INFO] [stdout] 
[INFO] [stdout] warning: 6 warnings emitted
[INFO] [stdout] 
[INFO] [stdout] 
[INFO] [stderr]    Compiling breezy-osutils v0.1.0 (/opt/rustwide/workdir)
[INFO] [stdout] warning: unused import: `std::os::unix::ffi::OsStrExt`
[INFO] [stdout]   --> src/file.rs:55:9
[INFO] [stdout]    |
[INFO] [stdout] 55 |     use std::os::unix::ffi::OsStrExt;
[INFO] [stdout]    |         ^^^^^^^^^^^^^^^^^^^^^^^^^^^^
[INFO] [stdout]    |
[INFO] [stdout]    = note: `#[warn(unused_imports)]` on by default
[INFO] [stdout] 
[INFO] [stdout] 
[INFO] [stdout] warning: use of deprecated method `chrono::TimeZone::timestamp`: use `timestamp_opt()` instead
[INFO] [stdout]  --> src/time.rs:8:43
[INFO] [stdout]   |
[INFO] [stdout] 8 |     let local_time: DateTime<Local> = Utc.timestamp(timestamp, 0).with_timezone(&Local);
[INFO] [stdout]   |                                           ^^^^^^^^^
[INFO] [stdout]   |
[INFO] [stdout]   = note: `#[warn(deprecated)]` on by default
[INFO] [stdout] 
[INFO] [stdout] 
[INFO] [stdout] warning: use of deprecated method `chrono::TimeZone::timestamp`: use `timestamp_opt()` instead
[INFO] [stdout]  --> src/time.rs:9:39
[INFO] [stdout]   |
[INFO] [stdout] 9 |     let utc_time: DateTime<Utc> = Utc.timestamp(timestamp, 0);
[INFO] [stdout]   |                                       ^^^^^^^^^
[INFO] [stdout] 
[INFO] [stdout] 
[INFO] [stdout] warning: use of deprecated associated function `chrono::NaiveDateTime::from_timestamp`: use `from_timestamp_opt()` instead
[INFO] [stdout]    --> src/time.rs:138:47
[INFO] [stdout]     |
[INFO] [stdout] 138 |             DateTime::from_utc(NaiveDateTime::from_timestamp(t, 0), Utc),
[INFO] [stdout]     |                                               ^^^^^^^^^^^^^^
[INFO] [stdout] 
[INFO] [stdout] 
[INFO] [stdout] warning: use of deprecated associated function `chrono::NaiveDateTime::from_timestamp`: use `from_timestamp_opt()` instead
[INFO] [stdout]    --> src/time.rs:156:51
[INFO] [stdout]     |
[INFO] [stdout] 156 |                 DateTime::from_utc(NaiveDateTime::from_timestamp(t + offset, 0), Utc),
[INFO] [stdout]     |                                                   ^^^^^^^^^^^^^^
[INFO] [stdout] 
[INFO] [stdout] 
[INFO] [stdout] warning: use of deprecated method `chrono::TimeZone::timestamp`: use `timestamp_opt()` instead
[INFO] [stdout]    --> src/time.rs:161:31
[INFO] [stdout]     |
[INFO] [stdout] 161 |             let local = Local.timestamp(t, 0);
[INFO] [stdout]     |                               ^^^^^^^^^
[INFO] [stdout] 
[INFO] [stdout] 
[INFO] [stdout] warning: 6 warnings emitted
[INFO] [stdout] 
[INFO] [stdout] 
[INFO] [stderr]     Finished test [unoptimized + debuginfo] target(s) in 1.21s
[INFO] running `Command { std: "docker" "inspect" "ac7cc94434aef597e23f1fa973255bcb70d7afed193a6aa73d937eb257cedd47", kill_on_drop: false }`
[INFO] running `Command { std: "docker" "rm" "-f" "ac7cc94434aef597e23f1fa973255bcb70d7afed193a6aa73d937eb257cedd47", kill_on_drop: false }`
[INFO] [stdout] ac7cc94434aef597e23f1fa973255bcb70d7afed193a6aa73d937eb257cedd47
[INFO] running `Command { std: "docker" "create" "-v" "/var/lib/crater-agent-workspace/builds/worker-6-tc1/target:/opt/rustwide/target:rw,Z" "-v" "/var/lib/crater-agent-workspace/builds/worker-6-tc1/source:/opt/rustwide/workdir:ro,Z" "-v" "/var/lib/crater-agent-workspace/cargo-home:/opt/rustwide/cargo-home:ro,Z" "-v" "/var/lib/crater-agent-workspace/rustup-home:/opt/rustwide/rustup-home:ro,Z" "-e" "SOURCE_DIR=/opt/rustwide/workdir" "-e" "CARGO_TARGET_DIR=/opt/rustwide/target" "-e" "CARGO_INCREMENTAL=0" "-e" "RUST_BACKTRACE=full" "-e" "RUSTFLAGS=--cap-lints=warn" "-e" "RUSTDOCFLAGS=--cap-lints=warn" "-e" "CARGO_HOME=/opt/rustwide/cargo-home" "-e" "RUSTUP_HOME=/opt/rustwide/rustup-home" "-w" "/opt/rustwide/workdir" "-m" "1610612736" "--user" "0:0" "--network" "none" "ghcr.io/rust-lang/crates-build-env/linux@sha256:5ff2268d62e97bff2cde7d5815dd6ed5b47097566f13b8d0ca110b04b60e07ed" "/opt/rustwide/cargo-home/bin/cargo" "+1.69.0" "test" "--frozen", kill_on_drop: false }`
[INFO] [stdout] d668f8e3368ff4d77bac7910d31a646cdc84bfc1eae471d3e69e516ef84cf5d3
[INFO] running `Command { std: "docker" "start" "-a" "d668f8e3368ff4d77bac7910d31a646cdc84bfc1eae471d3e69e516ef84cf5d3", kill_on_drop: false }`
[INFO] [stderr] warning: unused import: `std::os::unix::ffi::OsStrExt`
[INFO] [stderr]   --> src/file.rs:55:9
[INFO] [stderr]    |
[INFO] [stderr] 55 |     use std::os::unix::ffi::OsStrExt;
[INFO] [stderr]    |         ^^^^^^^^^^^^^^^^^^^^^^^^^^^^
[INFO] [stderr]    |
[INFO] [stderr]    = note: `#[warn(unused_imports)]` on by default
[INFO] [stderr] 
[INFO] [stderr] warning: use of deprecated method `chrono::TimeZone::timestamp`: use `timestamp_opt()` instead
[INFO] [stderr]  --> src/time.rs:8:43
[INFO] [stderr]   |
[INFO] [stderr] 8 |     let local_time: DateTime<Local> = Utc.timestamp(timestamp, 0).with_timezone(&Local);
[INFO] [stderr]   |                                           ^^^^^^^^^
[INFO] [stderr]   |
[INFO] [stderr]   = note: `#[warn(deprecated)]` on by default
[INFO] [stderr] 
[INFO] [stderr] warning: use of deprecated method `chrono::TimeZone::timestamp`: use `timestamp_opt()` instead
[INFO] [stderr]  --> src/time.rs:9:39
[INFO] [stderr]   |
[INFO] [stderr] 9 |     let utc_time: DateTime<Utc> = Utc.timestamp(timestamp, 0);
[INFO] [stderr]   |                                       ^^^^^^^^^
[INFO] [stderr] 
[INFO] [stderr] warning: use of deprecated associated function `chrono::NaiveDateTime::from_timestamp`: use `from_timestamp_opt()` instead
[INFO] [stderr]    --> src/time.rs:138:47
[INFO] [stderr]     |
[INFO] [stderr] 138 |             DateTime::from_utc(NaiveDateTime::from_timestamp(t, 0), Utc),
[INFO] [stderr]     |                                               ^^^^^^^^^^^^^^
[INFO] [stderr] 
[INFO] [stderr] warning: use of deprecated associated function `chrono::NaiveDateTime::from_timestamp`: use `from_timestamp_opt()` instead
[INFO] [stderr]    --> src/time.rs:156:51
[INFO] [stderr]     |
[INFO] [stderr] 156 |                 DateTime::from_utc(NaiveDateTime::from_timestamp(t + offset, 0), Utc),
[INFO] [stderr]     |                                                   ^^^^^^^^^^^^^^
[INFO] [stderr] 
[INFO] [stderr] warning: use of deprecated method `chrono::TimeZone::timestamp`: use `timestamp_opt()` instead
[INFO] [stderr]    --> src/time.rs:161:31
[INFO] [stderr]     |
[INFO] [stderr] 161 |             let local = Local.timestamp(t, 0);
[INFO] [stderr]     |                               ^^^^^^^^^
[INFO] [stderr] 
[INFO] [stderr] warning: `breezy-osutils` (lib) generated 6 warnings (run `cargo fix --lib -p breezy-osutils` to apply 1 suggestion)
[INFO] [stderr] warning: `breezy-osutils` (lib test) generated 6 warnings (6 duplicates)
[INFO] [stderr]     Finished test [unoptimized + debuginfo] target(s) in 0.04s
[INFO] [stderr]      Running unittests src/lib.rs (/opt/rustwide/target/debug/deps/breezy_osutils-c1b1f4d20b0cb366)
[INFO] [stdout] 
[INFO] [stdout] running 15 tests
[INFO] [stdout] test iterablefile::tests::test_drain ... ok
[INFO] [stdout] test iterablefile::tests::test_read_n ... ok
[INFO] [stdout] test iterablefile::tests::test_read_all ... ok
[INFO] [stdout] test iterablefile::tests::test_read_to ... ok
[INFO] [stdout] test iterablefile::tests::test_fillbuf ... ok
[INFO] [stdout] test iterablefile::tests::test_readlines ... ok
[INFO] [stdout] test iterablefile::tests::test_readline ... ok
[INFO] [stdout] test tests::test_access_normalized_filename ... ok
[INFO] [stdout] test mounts::test_load_mounts ... ok
[INFO] [stdout] test tests::test_inaccessible_normalized_filename ... ok
[INFO] [stdout] test tests::test_chunks_to_lines ... ok
[INFO] [stdout] test tests::test_is_inside ... ok
[INFO] [stdout] test tests::test_is_inside_any ... ok
[INFO] [stdout] test tests::test_is_inside_or_parent_of_any ... ok
[INFO] [stdout] test path::win32::test::test_abspath ... FAILED
[INFO] [stdout] 
[INFO] [stdout] failures:
[INFO] [stdout] 
[INFO] [stdout] ---- path::win32::test::test_abspath stdout ----
[INFO] [stdout] thread 'path::win32::test::test_abspath' panicked at 'assertion failed: `(left == right)`
[INFO] [stdout]   left: `"C:\\foo\\bar"`,
[INFO] [stdout]  right: `"C:/foo/bar"`', src/path.rs:351:13
[INFO] [stdout] stack backtrace:
[INFO] [stdout]    0:     0x5604e290127a - std::backtrace_rs::backtrace::libunwind::trace::ha9053a9a07ca49cb
[INFO] [stdout]                                at /rustc/84c898d65adf2f39a5a98507f1fe0ce10a2b8dbc/library/std/src/../../backtrace/src/backtrace/libunwind.rs:93:5
[INFO] [stdout]    1:     0x5604e290127a - std::backtrace_rs::backtrace::trace_unsynchronized::h9c2852a457ad564e
[INFO] [stdout]                                at /rustc/84c898d65adf2f39a5a98507f1fe0ce10a2b8dbc/library/std/src/../../backtrace/src/backtrace/mod.rs:66:5
[INFO] [stdout]    2:     0x5604e290127a - std::sys_common::backtrace::_print_fmt::h457936fbfaa0070f
[INFO] [stdout]                                at /rustc/84c898d65adf2f39a5a98507f1fe0ce10a2b8dbc/library/std/src/sys_common/backtrace.rs:65:5
[INFO] [stdout]    3:     0x5604e290127a - <std::sys_common::backtrace::_print::DisplayBacktrace as core::fmt::Display>::fmt::h5779d7bf7f70cb0c
[INFO] [stdout]                                at /rustc/84c898d65adf2f39a5a98507f1fe0ce10a2b8dbc/library/std/src/sys_common/backtrace.rs:44:22
[INFO] [stdout]    4:     0x5604e29250ae - core::fmt::write::h5a4baaff1bcd3eb5
[INFO] [stdout]                                at /rustc/84c898d65adf2f39a5a98507f1fe0ce10a2b8dbc/library/core/src/fmt/mod.rs:1232:17
[INFO] [stdout]    5:     0x5604e28fe485 - std::io::Write::write_fmt::h478f79c628ef31d1
[INFO] [stdout]                                at /rustc/84c898d65adf2f39a5a98507f1fe0ce10a2b8dbc/library/std/src/io/mod.rs:1684:15
[INFO] [stdout]    6:     0x5604e2901045 - std::sys_common::backtrace::_print::h5fcdc36060f177e8
[INFO] [stdout]                                at /rustc/84c898d65adf2f39a5a98507f1fe0ce10a2b8dbc/library/std/src/sys_common/backtrace.rs:47:5
[INFO] [stdout]    7:     0x5604e2901045 - std::sys_common::backtrace::print::h54ca9458b876c8bf
[INFO] [stdout]                                at /rustc/84c898d65adf2f39a5a98507f1fe0ce10a2b8dbc/library/std/src/sys_common/backtrace.rs:34:9
[INFO] [stdout]    8:     0x5604e2902e0f - std::panicking::default_hook::{{closure}}::hbe471161c7664ed6
[INFO] [stdout]                                at /rustc/84c898d65adf2f39a5a98507f1fe0ce10a2b8dbc/library/std/src/panicking.rs:271:22
[INFO] [stdout]    9:     0x5604e2902acf - std::panicking::default_hook::ha3500da57aa4ac4f
[INFO] [stdout]                                at /rustc/84c898d65adf2f39a5a98507f1fe0ce10a2b8dbc/library/std/src/panicking.rs:287:9
[INFO] [stdout]   10:     0x5604e26fee07 - <alloc::boxed::Box<F,A> as core::ops::function::Fn<Args>>::call::hdf1b89dd137ece34
[INFO] [stdout]                                at /rustc/84c898d65adf2f39a5a98507f1fe0ce10a2b8dbc/library/alloc/src/boxed.rs:2001:9
[INFO] [stdout]   11:     0x5604e26fee07 - test::test_main::{{closure}}::h9081a79f20e75698
[INFO] [stdout]                                at /rustc/84c898d65adf2f39a5a98507f1fe0ce10a2b8dbc/library/test/src/lib.rs:135:21
[INFO] [stdout]   12:     0x5604e290353d - <alloc::boxed::Box<F,A> as core::ops::function::Fn<Args>>::call::h6507bddc3eebb4a5
[INFO] [stdout]                                at /rustc/84c898d65adf2f39a5a98507f1fe0ce10a2b8dbc/library/alloc/src/boxed.rs:2001:9
[INFO] [stdout]   13:     0x5604e290353d - std::panicking::rust_panic_with_hook::h50c09d000dc561d2
[INFO] [stdout]                                at /rustc/84c898d65adf2f39a5a98507f1fe0ce10a2b8dbc/library/std/src/panicking.rs:696:13
[INFO] [stdout]   14:     0x5604e29032b9 - std::panicking::begin_panic_handler::{{closure}}::h9e2b2176e00e0d9c
[INFO] [stdout]                                at /rustc/84c898d65adf2f39a5a98507f1fe0ce10a2b8dbc/library/std/src/panicking.rs:583:13
[INFO] [stdout]   15:     0x5604e29016e6 - std::sys_common::backtrace::__rust_end_short_backtrace::h5739b8e512c09d02
[INFO] [stdout]                                at /rustc/84c898d65adf2f39a5a98507f1fe0ce10a2b8dbc/library/std/src/sys_common/backtrace.rs:150:18
[INFO] [stdout]   16:     0x5604e2902fc2 - rust_begin_unwind
[INFO] [stdout]                                at /rustc/84c898d65adf2f39a5a98507f1fe0ce10a2b8dbc/library/std/src/panicking.rs:579:5
[INFO] [stdout]   17:     0x5604e26a00b3 - core::panicking::panic_fmt::hf33a1475b4dc5c3e
[INFO] [stdout]                                at /rustc/84c898d65adf2f39a5a98507f1fe0ce10a2b8dbc/library/core/src/panicking.rs:64:14
[INFO] [stdout]   18:     0x5604e26a03ef - core::panicking::assert_failed_inner::haf9816227b20b6f2
[INFO] [stdout]   19:     0x5604e26c0a5e - core::panicking::assert_failed::hc60a3719cfad1c9b
[INFO] [stdout]                                at /rustc/84c898d65adf2f39a5a98507f1fe0ce10a2b8dbc/library/core/src/panicking.rs:211:5
[INFO] [stdout]   20:     0x5604e26b4715 - breezy_osutils::path::win32::test::test_abspath::ha9fdba2ceccd61d0
[INFO] [stdout]                                at /opt/rustwide/workdir/src/path.rs:351:13
[INFO] [stdout]   21:     0x5604e26b45b7 - breezy_osutils::path::win32::test::test_abspath::{{closure}}::hd3b51b10241628f2
[INFO] [stdout]                                at /opt/rustwide/workdir/src/path.rs:350:27
[INFO] [stdout]   22:     0x5604e26a8d75 - core::ops::function::FnOnce::call_once::h6991fff9cb67e62f
[INFO] [stdout]                                at /rustc/84c898d65adf2f39a5a98507f1fe0ce10a2b8dbc/library/core/src/ops/function.rs:250:5
[INFO] [stdout]   23:     0x5604e27041ef - core::ops::function::FnOnce::call_once::h7d969581be7d0075
[INFO] [stdout]                                at /rustc/84c898d65adf2f39a5a98507f1fe0ce10a2b8dbc/library/core/src/ops/function.rs:250:5
[INFO] [stdout]   24:     0x5604e27041ef - test::__rust_begin_short_backtrace::hca25a52684e56655
[INFO] [stdout]                                at /rustc/84c898d65adf2f39a5a98507f1fe0ce10a2b8dbc/library/test/src/lib.rs:656:18
[INFO] [stdout]   25:     0x5604e26d580c - test::run_test::{{closure}}::ha8ac744c4af1a4bb
[INFO] [stdout]                                at /rustc/84c898d65adf2f39a5a98507f1fe0ce10a2b8dbc/library/test/src/lib.rs:647:30
[INFO] [stdout]   26:     0x5604e26d580c - core::ops::function::FnOnce::call_once{{vtable.shim}}::h7b411a9ed45bdecf
[INFO] [stdout]                                at /rustc/84c898d65adf2f39a5a98507f1fe0ce10a2b8dbc/library/core/src/ops/function.rs:250:5
[INFO] [stdout]   27:     0x5604e27031b6 - <alloc::boxed::Box<F,A> as core::ops::function::FnOnce<Args>>::call_once::hd05328869a8ed200
[INFO] [stdout]                                at /rustc/84c898d65adf2f39a5a98507f1fe0ce10a2b8dbc/library/alloc/src/boxed.rs:1987:9
[INFO] [stdout]   28:     0x5604e27031b6 - <core::panic::unwind_safe::AssertUnwindSafe<F> as core::ops::function::FnOnce<()>>::call_once::h0c601ce20bd5b2be
[INFO] [stdout]                                at /rustc/84c898d65adf2f39a5a98507f1fe0ce10a2b8dbc/library/core/src/panic/unwind_safe.rs:271:9
[INFO] [stdout]   29:     0x5604e27031b6 - std::panicking::try::do_call::ha4be5c164fe30854
[INFO] [stdout]                                at /rustc/84c898d65adf2f39a5a98507f1fe0ce10a2b8dbc/library/std/src/panicking.rs:487:40
[INFO] [stdout]   30:     0x5604e27031b6 - std::panicking::try::h604546f3609af05f
[INFO] [stdout]                                at /rustc/84c898d65adf2f39a5a98507f1fe0ce10a2b8dbc/library/std/src/panicking.rs:451:19
[INFO] [stdout]   31:     0x5604e27031b6 - std::panic::catch_unwind::h5bfa8afe44c9c2f9
[INFO] [stdout]                                at /rustc/84c898d65adf2f39a5a98507f1fe0ce10a2b8dbc/library/std/src/panic.rs:140:14
[INFO] [stdout]   32:     0x5604e27031b6 - test::run_test_in_process::hd50dee55dd63e6aa
[INFO] [stdout]                                at /rustc/84c898d65adf2f39a5a98507f1fe0ce10a2b8dbc/library/test/src/lib.rs:679:27
[INFO] [stdout]   33:     0x5604e27031b6 - test::run_test::run_test_inner::{{closure}}::h4aa0f433aa85cea8
[INFO] [stdout]                                at /rustc/84c898d65adf2f39a5a98507f1fe0ce10a2b8dbc/library/test/src/lib.rs:573:39
[INFO] [stdout]   34:     0x5604e26cfe81 - test::run_test::run_test_inner::{{closure}}::had56431adf24b4d6
[INFO] [stdout]                                at /rustc/84c898d65adf2f39a5a98507f1fe0ce10a2b8dbc/library/test/src/lib.rs:600:37
[INFO] [stdout]   35:     0x5604e26cfe81 - std::sys_common::backtrace::__rust_begin_short_backtrace::ha8d9890e0c73bf13
[INFO] [stdout]                                at /rustc/84c898d65adf2f39a5a98507f1fe0ce10a2b8dbc/library/std/src/sys_common/backtrace.rs:134:18
[INFO] [stdout]   36:     0x5604e26d589b - std::thread::Builder::spawn_unchecked_::{{closure}}::{{closure}}::h251832bcb4a95327
[INFO] [stdout]                                at /rustc/84c898d65adf2f39a5a98507f1fe0ce10a2b8dbc/library/std/src/thread/mod.rs:560:17
[INFO] [stdout]   37:     0x5604e26d589b - <core::panic::unwind_safe::AssertUnwindSafe<F> as core::ops::function::FnOnce<()>>::call_once::h8fdff598fa414831
[INFO] [stdout]                                at /rustc/84c898d65adf2f39a5a98507f1fe0ce10a2b8dbc/library/core/src/panic/unwind_safe.rs:271:9
[INFO] [stdout]   38:     0x5604e26d589b - std::panicking::try::do_call::h455dd2f7764a950f
[INFO] [stdout]                                at /rustc/84c898d65adf2f39a5a98507f1fe0ce10a2b8dbc/library/std/src/panicking.rs:487:40
[INFO] [stdout]   39:     0x5604e26d589b - std::panicking::try::had6f23b7b73ae72a
[INFO] [stdout]                                at /rustc/84c898d65adf2f39a5a98507f1fe0ce10a2b8dbc/library/std/src/panicking.rs:451:19
[INFO] [stdout]   40:     0x5604e26d589b - std::panic::catch_unwind::ha6a5ca3915b4dad0
[INFO] [stdout]                                at /rustc/84c898d65adf2f39a5a98507f1fe0ce10a2b8dbc/library/std/src/panic.rs:140:14
[INFO] [stdout]   41:     0x5604e26d589b - std::thread::Builder::spawn_unchecked_::{{closure}}::h883b72ef75da6231
[INFO] [stdout]                                at /rustc/84c898d65adf2f39a5a98507f1fe0ce10a2b8dbc/library/std/src/thread/mod.rs:559:30
[INFO] [stdout]   42:     0x5604e26d589b - core::ops::function::FnOnce::call_once{{vtable.shim}}::hb7dff73dc8bd2ccb
[INFO] [stdout]                                at /rustc/84c898d65adf2f39a5a98507f1fe0ce10a2b8dbc/library/core/src/ops/function.rs:250:5
[INFO] [stdout]   43:     0x5604e29078f3 - <alloc::boxed::Box<F,A> as core::ops::function::FnOnce<Args>>::call_once::h39990b24eedef2ab
[INFO] [stdout]                                at /rustc/84c898d65adf2f39a5a98507f1fe0ce10a2b8dbc/library/alloc/src/boxed.rs:1987:9
[INFO] [stdout]   44:     0x5604e29078f3 - <alloc::boxed::Box<F,A> as core::ops::function::FnOnce<Args>>::call_once::h01a027258444143b
[INFO] [stdout]                                at /rustc/84c898d65adf2f39a5a98507f1fe0ce10a2b8dbc/library/alloc/src/boxed.rs:1987:9
[INFO] [stdout]   45:     0x5604e29078f3 - std::sys::unix::thread::Thread::new::thread_start::ha4f1cdd9c25884ba
[INFO] [stdout]                                at /rustc/84c898d65adf2f39a5a98507f1fe0ce10a2b8dbc/library/std/src/sys/unix/thread.rs:108:17
[INFO] [stdout]   46:     0x7fd178876b43 - <unknown>
[INFO] [stdout]   47:     0x7fd178907bb4 - __clone
[INFO] [stdout]   48:                0x0 - <unknown>
[INFO] [stdout] 
[INFO] [stdout] 
[INFO] [stdout] failures:
[INFO] [stdout]     path::win32::test::test_abspath
[INFO] [stdout] 
[INFO] [stdout] test result: FAILED. 14 passed; 1 failed; 0 ignored; 0 measured; 0 filtered out; finished in 0.02s
[INFO] [stdout] 
[INFO] [stderr] error: test failed, to rerun pass `--lib`
[INFO] running `Command { std: "docker" "inspect" "d668f8e3368ff4d77bac7910d31a646cdc84bfc1eae471d3e69e516ef84cf5d3", kill_on_drop: false }`
[INFO] running `Command { std: "docker" "rm" "-f" "d668f8e3368ff4d77bac7910d31a646cdc84bfc1eae471d3e69e516ef84cf5d3", kill_on_drop: false }`
[INFO] [stdout] d668f8e3368ff4d77bac7910d31a646cdc84bfc1eae471d3e69e516ef84cf5d3
