[INFO] fetching crate bounded_types 0.2.1...
[INFO] testing bounded_types-0.2.1 against 1.69.0 for beta-1.70-1
[INFO] extracting crate bounded_types 0.2.1 into /workspace/builds/worker-3-tc1/source
[INFO] validating manifest of crates.io crate bounded_types 0.2.1 on toolchain 1.69.0
[INFO] running `Command { std: CARGO_HOME="/workspace/cargo-home" RUSTUP_HOME="/workspace/rustup-home" "/workspace/cargo-home/bin/cargo" "+1.69.0" "metadata" "--manifest-path" "Cargo.toml" "--no-deps", kill_on_drop: false }`
[INFO] started tweaking crates.io crate bounded_types 0.2.1
[INFO] finished tweaking crates.io crate bounded_types 0.2.1
[INFO] tweaked toml for crates.io crate bounded_types 0.2.1 written to /workspace/builds/worker-3-tc1/source/Cargo.toml
[INFO] running `Command { std: CARGO_HOME="/workspace/cargo-home" RUSTUP_HOME="/workspace/rustup-home" __CARGO_TEST_CHANNEL_OVERRIDE_DO_NOT_USE_THIS="nightly" "/workspace/cargo-home/bin/cargo" "+1.69.0" "generate-lockfile" "--manifest-path" "Cargo.toml" "-Zno-index-update", kill_on_drop: false }`
[INFO] running `Command { std: CARGO_HOME="/workspace/cargo-home" RUSTUP_HOME="/workspace/rustup-home" "/workspace/cargo-home/bin/cargo" "+1.69.0" "fetch" "--manifest-path" "Cargo.toml", kill_on_drop: false }`
[INFO] [stderr]  Downloading crates ...
[INFO] [stderr]   Downloaded assert2 v0.3.10
[INFO] [stderr]   Downloaded assert2-macros v0.3.9
[INFO] [stderr]   Downloaded yansi v0.5.1
[INFO] [stderr]   Downloaded shrinkwraprs v0.3.0
[INFO] running `Command { std: "docker" "create" "-v" "/var/lib/crater-agent-workspace/builds/worker-3-tc1/target:/opt/rustwide/target:rw,Z" "-v" "/var/lib/crater-agent-workspace/builds/worker-3-tc1/source:/opt/rustwide/workdir:ro,Z" "-v" "/var/lib/crater-agent-workspace/cargo-home:/opt/rustwide/cargo-home:ro,Z" "-v" "/var/lib/crater-agent-workspace/rustup-home:/opt/rustwide/rustup-home:ro,Z" "-e" "SOURCE_DIR=/opt/rustwide/workdir" "-e" "CARGO_TARGET_DIR=/opt/rustwide/target" "-e" "CARGO_HOME=/opt/rustwide/cargo-home" "-e" "RUSTUP_HOME=/opt/rustwide/rustup-home" "-w" "/opt/rustwide/workdir" "-m" "1610612736" "--user" "0:0" "--network" "none" "ghcr.io/rust-lang/crates-build-env/linux@sha256:5ff2268d62e97bff2cde7d5815dd6ed5b47097566f13b8d0ca110b04b60e07ed" "/opt/rustwide/cargo-home/bin/cargo" "+1.69.0" "metadata" "--no-deps" "--format-version=1", kill_on_drop: false }`
[INFO] [stdout] ac2d53ce12be12912d94691bd02501c4dda7b8a3ecdf7ffb6b1cce5e23fb73f0
[INFO] running `Command { std: "docker" "start" "-a" "ac2d53ce12be12912d94691bd02501c4dda7b8a3ecdf7ffb6b1cce5e23fb73f0", kill_on_drop: false }`
[INFO] running `Command { std: "docker" "inspect" "ac2d53ce12be12912d94691bd02501c4dda7b8a3ecdf7ffb6b1cce5e23fb73f0", kill_on_drop: false }`
[INFO] running `Command { std: "docker" "rm" "-f" "ac2d53ce12be12912d94691bd02501c4dda7b8a3ecdf7ffb6b1cce5e23fb73f0", kill_on_drop: false }`
[INFO] [stdout] ac2d53ce12be12912d94691bd02501c4dda7b8a3ecdf7ffb6b1cce5e23fb73f0
[INFO] running `Command { std: "docker" "create" "-v" "/var/lib/crater-agent-workspace/builds/worker-3-tc1/target:/opt/rustwide/target:rw,Z" "-v" "/var/lib/crater-agent-workspace/builds/worker-3-tc1/source:/opt/rustwide/workdir:ro,Z" "-v" "/var/lib/crater-agent-workspace/cargo-home:/opt/rustwide/cargo-home:ro,Z" "-v" "/var/lib/crater-agent-workspace/rustup-home:/opt/rustwide/rustup-home:ro,Z" "-e" "SOURCE_DIR=/opt/rustwide/workdir" "-e" "CARGO_TARGET_DIR=/opt/rustwide/target" "-e" "CARGO_INCREMENTAL=0" "-e" "RUST_BACKTRACE=full" "-e" "RUSTFLAGS=--cap-lints=warn" "-e" "RUSTDOCFLAGS=--cap-lints=warn" "-e" "CARGO_HOME=/opt/rustwide/cargo-home" "-e" "RUSTUP_HOME=/opt/rustwide/rustup-home" "-w" "/opt/rustwide/workdir" "-m" "1610612736" "--user" "0:0" "--network" "none" "ghcr.io/rust-lang/crates-build-env/linux@sha256:5ff2268d62e97bff2cde7d5815dd6ed5b47097566f13b8d0ca110b04b60e07ed" "/opt/rustwide/cargo-home/bin/cargo" "+1.69.0" "build" "--frozen" "--message-format=json", kill_on_drop: false }`
[INFO] [stdout] 64764243def04b42b6bc9ee068834784f6b01b599f19d0660c0da895bd955d95
[INFO] running `Command { std: "docker" "start" "-a" "64764243def04b42b6bc9ee068834784f6b01b599f19d0660c0da895bd955d95", kill_on_drop: false }`
[INFO] [stderr]    Compiling syn v1.0.109
[INFO] [stderr]    Compiling either v1.8.1
[INFO] [stderr]    Compiling bitflags v1.3.2
[INFO] [stderr]    Compiling serde_derive v1.0.160
[INFO] [stderr]    Compiling itertools v0.8.2
[INFO] [stderr]    Compiling serde v1.0.160
[INFO] [stderr]    Compiling derive_more v0.99.17
[INFO] [stderr]    Compiling shrinkwraprs v0.3.0
[INFO] [stderr]    Compiling bounded_types v0.2.1 (/opt/rustwide/workdir)
[INFO] [stdout] warning: `#[macro_use]` only has an effect on `extern crate` and modules
[INFO] [stdout]   --> src/lib.rs:77:1
[INFO] [stdout]    |
[INFO] [stdout] 77 | #[macro_use]
[INFO] [stdout]    | ^^^^^^^^^^^^
[INFO] [stdout]    |
[INFO] [stdout]    = note: `#[warn(unused_attributes)]` on by default
[INFO] [stdout] 
[INFO] [stdout] 
[INFO] [stdout] warning: `#[macro_use]` only has an effect on `extern crate` and modules
[INFO] [stdout]    --> src/lib.rs:173:1
[INFO] [stdout]     |
[INFO] [stdout] 173 | #[macro_use]
[INFO] [stdout]     | ^^^^^^^^^^^^
[INFO] [stdout] 
[INFO] [stdout] 
[INFO] [stdout] warning: 2 warnings emitted
[INFO] [stdout] 
[INFO] [stdout] 
[INFO] [stderr]     Finished dev [unoptimized + debuginfo] target(s) in 16.25s
[INFO] running `Command { std: "docker" "inspect" "64764243def04b42b6bc9ee068834784f6b01b599f19d0660c0da895bd955d95", kill_on_drop: false }`
[INFO] running `Command { std: "docker" "rm" "-f" "64764243def04b42b6bc9ee068834784f6b01b599f19d0660c0da895bd955d95", kill_on_drop: false }`
[INFO] [stdout] 64764243def04b42b6bc9ee068834784f6b01b599f19d0660c0da895bd955d95
[INFO] running `Command { std: "docker" "create" "-v" "/var/lib/crater-agent-workspace/builds/worker-3-tc1/target:/opt/rustwide/target:rw,Z" "-v" "/var/lib/crater-agent-workspace/builds/worker-3-tc1/source:/opt/rustwide/workdir:ro,Z" "-v" "/var/lib/crater-agent-workspace/cargo-home:/opt/rustwide/cargo-home:ro,Z" "-v" "/var/lib/crater-agent-workspace/rustup-home:/opt/rustwide/rustup-home:ro,Z" "-e" "SOURCE_DIR=/opt/rustwide/workdir" "-e" "CARGO_TARGET_DIR=/opt/rustwide/target" "-e" "CARGO_INCREMENTAL=0" "-e" "RUST_BACKTRACE=full" "-e" "RUSTFLAGS=--cap-lints=warn" "-e" "RUSTDOCFLAGS=--cap-lints=warn" "-e" "CARGO_HOME=/opt/rustwide/cargo-home" "-e" "RUSTUP_HOME=/opt/rustwide/rustup-home" "-w" "/opt/rustwide/workdir" "-m" "1610612736" "--user" "0:0" "--network" "none" "ghcr.io/rust-lang/crates-build-env/linux@sha256:5ff2268d62e97bff2cde7d5815dd6ed5b47097566f13b8d0ca110b04b60e07ed" "/opt/rustwide/cargo-home/bin/cargo" "+1.69.0" "test" "--frozen" "--no-run" "--message-format=json", kill_on_drop: false }`
[INFO] [stdout] 9b66acd0cc16beb7571b023397783dba8c293481d050e99196e7299f85fa84b5
[INFO] running `Command { std: "docker" "start" "-a" "9b66acd0cc16beb7571b023397783dba8c293481d050e99196e7299f85fa84b5", kill_on_drop: false }`
[INFO] [stderr]     Blocking waiting for file lock on package cache
[INFO] [stderr]    Compiling rustix v0.37.18
[INFO] [stderr]    Compiling trybuild v1.0.80
[INFO] [stderr]    Compiling shrinkwraprs v0.3.0
[INFO] [stderr]    Compiling assert2-macros v0.3.9
[INFO] [stderr]    Compiling serde_json v1.0.96
[INFO] [stderr]    Compiling basic-toml v0.1.2
[INFO] [stderr]    Compiling yansi v0.5.1
[INFO] [stderr]    Compiling bounded_types v0.2.1 (/opt/rustwide/workdir)
[INFO] [stdout] warning: `#[macro_use]` only has an effect on `extern crate` and modules
[INFO] [stdout]   --> src/lib.rs:77:1
[INFO] [stdout]    |
[INFO] [stdout] 77 | #[macro_use]
[INFO] [stdout]    | ^^^^^^^^^^^^
[INFO] [stdout]    |
[INFO] [stdout]    = note: `#[warn(unused_attributes)]` on by default
[INFO] [stdout] 
[INFO] [stdout] 
[INFO] [stdout] warning: `#[macro_use]` only has an effect on `extern crate` and modules
[INFO] [stdout]    --> src/lib.rs:173:1
[INFO] [stdout]     |
[INFO] [stdout] 173 | #[macro_use]
[INFO] [stdout]     | ^^^^^^^^^^^^
[INFO] [stdout] 
[INFO] [stdout] 
[INFO] [stderr]    Compiling is-terminal v0.4.7
[INFO] [stdout] warning: 2 warnings emitted
[INFO] [stdout] 
[INFO] [stdout] 
[INFO] [stderr]    Compiling assert2 v0.3.10
[INFO] [stdout] warning: `#[macro_use]` only has an effect on `extern crate` and modules
[INFO] [stdout]   --> src/lib.rs:77:1
[INFO] [stdout]    |
[INFO] [stdout] 77 | #[macro_use]
[INFO] [stdout]    | ^^^^^^^^^^^^
[INFO] [stdout]    |
[INFO] [stdout]    = note: `#[warn(unused_attributes)]` on by default
[INFO] [stdout] 
[INFO] [stdout] 
[INFO] [stdout] warning: `#[macro_use]` only has an effect on `extern crate` and modules
[INFO] [stdout]    --> src/lib.rs:173:1
[INFO] [stdout]     |
[INFO] [stdout] 173 | #[macro_use]
[INFO] [stdout]     | ^^^^^^^^^^^^
[INFO] [stdout] 
[INFO] [stdout] 
[INFO] [stdout] warning: 2 warnings emitted
[INFO] [stdout] 
[INFO] [stdout] 
[INFO] [stderr]     Finished test [unoptimized + debuginfo] target(s) in 11.39s
[INFO] running `Command { std: "docker" "inspect" "9b66acd0cc16beb7571b023397783dba8c293481d050e99196e7299f85fa84b5", kill_on_drop: false }`
[INFO] running `Command { std: "docker" "rm" "-f" "9b66acd0cc16beb7571b023397783dba8c293481d050e99196e7299f85fa84b5", kill_on_drop: false }`
[INFO] [stdout] 9b66acd0cc16beb7571b023397783dba8c293481d050e99196e7299f85fa84b5
[INFO] running `Command { std: "docker" "create" "-v" "/var/lib/crater-agent-workspace/builds/worker-3-tc1/target:/opt/rustwide/target:rw,Z" "-v" "/var/lib/crater-agent-workspace/builds/worker-3-tc1/source:/opt/rustwide/workdir:ro,Z" "-v" "/var/lib/crater-agent-workspace/cargo-home:/opt/rustwide/cargo-home:ro,Z" "-v" "/var/lib/crater-agent-workspace/rustup-home:/opt/rustwide/rustup-home:ro,Z" "-e" "SOURCE_DIR=/opt/rustwide/workdir" "-e" "CARGO_TARGET_DIR=/opt/rustwide/target" "-e" "CARGO_INCREMENTAL=0" "-e" "RUST_BACKTRACE=full" "-e" "RUSTFLAGS=--cap-lints=warn" "-e" "RUSTDOCFLAGS=--cap-lints=warn" "-e" "CARGO_HOME=/opt/rustwide/cargo-home" "-e" "RUSTUP_HOME=/opt/rustwide/rustup-home" "-w" "/opt/rustwide/workdir" "-m" "1610612736" "--user" "0:0" "--network" "none" "ghcr.io/rust-lang/crates-build-env/linux@sha256:5ff2268d62e97bff2cde7d5815dd6ed5b47097566f13b8d0ca110b04b60e07ed" "/opt/rustwide/cargo-home/bin/cargo" "+1.69.0" "test" "--frozen", kill_on_drop: false }`
[INFO] [stdout] 38956965cdd0ff56a6978345d96575423bc750e8b8239fa2def491a3de8ee693
[INFO] running `Command { std: "docker" "start" "-a" "38956965cdd0ff56a6978345d96575423bc750e8b8239fa2def491a3de8ee693", kill_on_drop: false }`
[INFO] [stderr] warning: `#[macro_use]` only has an effect on `extern crate` and modules
[INFO] [stderr]   --> src/lib.rs:77:1
[INFO] [stderr]    |
[INFO] [stderr] 77 | #[macro_use]
[INFO] [stderr]    | ^^^^^^^^^^^^
[INFO] [stderr]    |
[INFO] [stderr]    = note: `#[warn(unused_attributes)]` on by default
[INFO] [stderr] 
[INFO] [stderr] warning: `#[macro_use]` only has an effect on `extern crate` and modules
[INFO] [stderr]    --> src/lib.rs:173:1
[INFO] [stderr]     |
[INFO] [stderr] 173 | #[macro_use]
[INFO] [stderr]     | ^^^^^^^^^^^^
[INFO] [stderr] 
[INFO] [stderr] warning: `bounded_types` (lib) generated 2 warnings
[INFO] [stderr] warning: `bounded_types` (lib test) generated 2 warnings (2 duplicates)
[INFO] [stderr]     Finished test [unoptimized + debuginfo] target(s) in 0.05s
[INFO] [stdout] 
[INFO] [stderr]      Running unittests src/lib.rs (/opt/rustwide/target/debug/deps/bounded_types-cc34ea8f71646b99)
[INFO] [stdout] running 13 tests
[INFO] [stdout] test tests::from_str ... ok
[INFO] [stdout] test tests::display_int ... ok
[INFO] [stdout] test tests::bounded_int_positive ... ok
[INFO] [stdout] test tests::eq_bounded ... ok
[INFO] [stdout] test tests::int_equality_with_literal ... ok
[INFO] [stdout] test tests::ordering_err_literal ... ok
[INFO] [stdout] test tests::ordering_bounded ... ok
[INFO] [stdout] test tests::ordering_err_literal_flip ... ok
[INFO] [stdout] test tests::ordering_literal_flip ... ok
[INFO] [stdout] test tests::test_sizeof ... ok
[INFO] [stdout] test tests::ordering_literal ... ok
[INFO] [stdout] test tests::int_equality_with_numerics ... ok
[INFO] [stderr]    Compiling proc-macro2 v1.0.56
[INFO] [stderr]    Compiling quote v1.0.26
[INFO] [stderr]    Compiling unicode-ident v1.0.8
[INFO] [stderr]    Compiling syn v1.0.109
[INFO] [stderr]    Compiling libc v0.2.142
[INFO] [stderr]    Compiling io-lifetimes v1.0.10
[INFO] [stderr]    Compiling rustix v0.37.18
[INFO] [stderr]    Compiling serde_derive v1.0.160
[INFO] [stderr]    Compiling linux-raw-sys v0.3.6
[INFO] [stderr]    Compiling serde v1.0.160
[INFO] [stderr]    Compiling bitflags v1.3.2
[INFO] [stderr]    Compiling paste v1.0.12
[INFO] [stderr]    Compiling either v1.8.1
[INFO] [stderr]    Compiling yansi v0.5.1
[INFO] [stderr]    Compiling itertools v0.8.2
[INFO] [stderr]    Compiling syn v2.0.15
[INFO] [stderr]    Compiling is-terminal v0.4.7
[INFO] [stderr]    Compiling shrinkwraprs v0.3.0
[INFO] [stderr]    Compiling assert2-macros v0.3.9
[INFO] [stderr]    Compiling derive_more v0.99.17
[INFO] [stderr]    Compiling assert2 v0.3.10
[INFO] [stderr]    Compiling bounded_types v0.2.1 (/opt/rustwide/workdir)
[INFO] [stderr] warning: `#[macro_use]` only has an effect on `extern crate` and modules
[INFO] [stderr]   --> /opt/rustwide/workdir/src/lib.rs:77:1
[INFO] [stderr]    |
[INFO] [stderr] 77 | #[macro_use]
[INFO] [stderr]    | ^^^^^^^^^^^^
[INFO] [stderr]    |
[INFO] [stderr]    = note: `#[warn(unused_attributes)]` on by default
[INFO] [stderr] 
[INFO] [stderr] warning: `#[macro_use]` only has an effect on `extern crate` and modules
[INFO] [stderr]    --> /opt/rustwide/workdir/src/lib.rs:173:1
[INFO] [stderr]     |
[INFO] [stderr] 173 | #[macro_use]
[INFO] [stderr]     | ^^^^^^^^^^^^
[INFO] [stderr] 
[INFO] [stderr] warning: `bounded_types` (lib) generated 2 warnings
[INFO] [stderr]    Compiling bounded_types-tests v0.0.0 (/opt/rustwide/target/tests/trybuild/bounded_types)
[INFO] [stderr]     Finished dev [unoptimized + debuginfo] target(s) in 36.91s
[INFO] [stderr] 
[INFO] [stderr] 
[INFO] [stderr] test src/compile_test/must_fail/bad_assign_1.rs [should fail to compile] ... mismatch
[INFO] [stderr] 
[INFO] [stderr] EXPECTED:
[INFO] [stderr] ┈┈┈┈┈┈┈┈┈┈┈┈┈┈┈┈┈┈┈┈┈┈┈┈┈┈┈┈┈┈┈┈┈┈┈┈┈┈┈┈┈┈┈┈┈┈┈┈┈┈┈┈┈┈┈┈┈┈┈┈
[INFO] [stderr] error[E0277]: the trait bound `bounded_types::BoundedI64<0_i64, 10_i64>: From<f32>` is not satisfied
[INFO] [stderr]  --> $DIR/bad_assign_1.rs:4:56
[INFO] [stderr]   |
[INFO] [stderr] 4 |     let _ok: BoundedI64<0,10> = (std::f32::consts::PI).into();
[INFO] [stderr]   |                                                        ^^^^ the trait `From<f32>` is not implemented for `bounded_types::BoundedI64<0_i64, 10_i64>`
[INFO] [stderr]   |
[INFO] [stderr]   = help: the following implementations were found:
[INFO] [stderr]             <bounded_types::BoundedI64<MIN, MAX> as From<i128>>
[INFO] [stderr]             <bounded_types::BoundedI64<MIN, MAX> as From<i16>>
[INFO] [stderr]             <bounded_types::BoundedI64<MIN, MAX> as From<i32>>
[INFO] [stderr]             <bounded_types::BoundedI64<MIN, MAX> as From<i64>>
[INFO] [stderr]           and 8 others
[INFO] [stderr]   = note: required because of the requirements on the impl of `Into<bounded_types::BoundedI64<0_i64, 10_i64>>` for `f32`
[INFO] [stderr] ┈┈┈┈┈┈┈┈┈┈┈┈┈┈┈┈┈┈┈┈┈┈┈┈┈┈┈┈┈┈┈┈┈┈┈┈┈┈┈┈┈┈┈┈┈┈┈┈┈┈┈┈┈┈┈┈┈┈┈┈
[INFO] [stderr] 
[INFO] [stderr] ACTUAL OUTPUT:
[INFO] [stderr] ┈┈┈┈┈┈┈┈┈┈┈┈┈┈┈┈┈┈┈┈┈┈┈┈┈┈┈┈┈┈┈┈┈┈┈┈┈┈┈┈┈┈┈┈┈┈┈┈┈┈┈┈┈┈┈┈┈┈┈┈
[INFO] [stderr] error[E0277]: the trait bound `bounded_types::BoundedI64<0, 10>: From<f32>` is not satisfied
[INFO] [stderr]  --> src/compile_test/must_fail/bad_assign_1.rs:4:56
[INFO] [stderr]   |
[INFO] [stderr] 4 |     let _ok: BoundedI64<0,10> = (std::f32::consts::PI).into();
[INFO] [stderr]   |                                                        ^^^^ the trait `From<f32>` is not implemented for `bounded_types::BoundedI64<0, 10>`
[INFO] [stderr]   |
[INFO] [stderr]   = help: the following other types implement trait `From<T>`:
[INFO] [stderr]             <bounded_types::BoundedI64<MIN, MAX> as From<i128>>
[INFO] [stderr]             <bounded_types::BoundedI64<MIN, MAX> as From<i16>>
[INFO] [stderr]             <bounded_types::BoundedI64<MIN, MAX> as From<i32>>
[INFO] [stderr]             <bounded_types::BoundedI64<MIN, MAX> as From<i64>>
[INFO] [stderr]             <bounded_types::BoundedI64<MIN, MAX> as From<i8>>
[INFO] [stderr]             <bounded_types::BoundedI64<MIN, MAX> as From<isize>>
[INFO] [stderr]             <bounded_types::BoundedI64<MIN, MAX> as From<u128>>
[INFO] [stderr]             <bounded_types::BoundedI64<MIN, MAX> as From<u16>>
[INFO] [stderr]           and $N others
[INFO] [stderr]   = note: required for `f32` to implement `Into<bounded_types::BoundedI64<0, 10>>`
[INFO] [stderr] ┈┈┈┈┈┈┈┈┈┈┈┈┈┈┈┈┈┈┈┈┈┈┈┈┈┈┈┈┈┈┈┈┈┈┈┈┈┈┈┈┈┈┈┈┈┈┈┈┈┈┈┈┈┈┈┈┈┈┈┈
[INFO] [stderr] note: If the actual output is the correct output you can bless it by rerunning
[INFO] [stderr]       your test with the environment variable TRYBUILD=overwrite
[INFO] [stderr] 
[INFO] [stderr] test src/compile_test/must_fail/bad_assign_2.rs [should fail to compile] ... mismatch
[INFO] [stderr] 
[INFO] [stderr] EXPECTED:
[INFO] [stderr] ┈┈┈┈┈┈┈┈┈┈┈┈┈┈┈┈┈┈┈┈┈┈┈┈┈┈┈┈┈┈┈┈┈┈┈┈┈┈┈┈┈┈┈┈┈┈┈┈┈┈┈┈┈┈┈┈┈┈┈┈
[INFO] [stderr] error[E0277]: the trait bound `bounded_types::BoundedI64<0_i64, 10_i64>: From<char>` is not satisfied
[INFO] [stderr]  --> $DIR/bad_assign_2.rs:4:37
[INFO] [stderr]   |
[INFO] [stderr] 4 |     let _ok: BoundedI64<0,10> = 'c'.into();
[INFO] [stderr]   |                                     ^^^^ the trait `From<char>` is not implemented for `bounded_types::BoundedI64<0_i64, 10_i64>`
[INFO] [stderr]   |
[INFO] [stderr]   = help: the following implementations were found:
[INFO] [stderr]             <bounded_types::BoundedI64<MIN, MAX> as From<i128>>
[INFO] [stderr]             <bounded_types::BoundedI64<MIN, MAX> as From<i16>>
[INFO] [stderr]             <bounded_types::BoundedI64<MIN, MAX> as From<i32>>
[INFO] [stderr]             <bounded_types::BoundedI64<MIN, MAX> as From<i64>>
[INFO] [stderr]           and 8 others
[INFO] [stderr]   = note: required because of the requirements on the impl of `Into<bounded_types::BoundedI64<0_i64, 10_i64>>` for `char`
[INFO] [stderr] ┈┈┈┈┈┈┈┈┈┈┈┈┈┈┈┈┈┈┈┈┈┈┈┈┈┈┈┈┈┈┈┈┈┈┈┈┈┈┈┈┈┈┈┈┈┈┈┈┈┈┈┈┈┈┈┈┈┈┈┈
[INFO] [stderr] 
[INFO] [stderr] ACTUAL OUTPUT:
[INFO] [stderr] ┈┈┈┈┈┈┈┈┈┈┈┈┈┈┈┈┈┈┈┈┈┈┈┈┈┈┈┈┈┈┈┈┈┈┈┈┈┈┈┈┈┈┈┈┈┈┈┈┈┈┈┈┈┈┈┈┈┈┈┈
[INFO] [stderr] error[E0277]: the trait bound `bounded_types::BoundedI64<0, 10>: From<char>` is not satisfied
[INFO] [stderr]  --> src/compile_test/must_fail/bad_assign_2.rs:4:37
[INFO] [stderr]   |
[INFO] [stderr] 4 |     let _ok: BoundedI64<0,10> = 'c'.into();
[INFO] [stderr]   |                                     ^^^^ the trait `From<char>` is not implemented for `bounded_types::BoundedI64<0, 10>`
[INFO] [stderr]   |
[INFO] [stderr]   = help: the following other types implement trait `From<T>`:
[INFO] [stderr]             <bounded_types::BoundedI64<MIN, MAX> as From<i128>>
[INFO] [stderr]             <bounded_types::BoundedI64<MIN, MAX> as From<i16>>
[INFO] [stderr]             <bounded_types::BoundedI64<MIN, MAX> as From<i32>>
[INFO] [stderr]             <bounded_types::BoundedI64<MIN, MAX> as From<i64>>
[INFO] [stderr]             <bounded_types::BoundedI64<MIN, MAX> as From<i8>>
[INFO] [stderr]             <bounded_types::BoundedI64<MIN, MAX> as From<isize>>
[INFO] [stderr]             <bounded_types::BoundedI64<MIN, MAX> as From<u128>>
[INFO] [stderr]             <bounded_types::BoundedI64<MIN, MAX> as From<u16>>
[INFO] [stderr]           and $N others
[INFO] [stderr]   = note: required for `char` to implement `Into<bounded_types::BoundedI64<0, 10>>`
[INFO] [stderr] ┈┈┈┈┈┈┈┈┈┈┈┈┈┈┈┈┈┈┈┈┈┈┈┈┈┈┈┈┈┈┈┈┈┈┈┈┈┈┈┈┈┈┈┈┈┈┈┈┈┈┈┈┈┈┈┈┈┈┈┈
[INFO] [stderr] note: If the actual output is the correct output you can bless it by rerunning
[INFO] [stderr]       your test with the environment variable TRYBUILD=overwrite
[INFO] [stderr] 
[INFO] [stderr] test src/compile_test/must_fail/bad_bounds_2.rs [should fail to compile] ... mismatch
[INFO] [stderr] 
[INFO] [stderr] EXPECTED:
[INFO] [stderr] ┈┈┈┈┈┈┈┈┈┈┈┈┈┈┈┈┈┈┈┈┈┈┈┈┈┈┈┈┈┈┈┈┈┈┈┈┈┈┈┈┈┈┈┈┈┈┈┈┈┈┈┈┈┈┈┈┈┈┈┈
[INFO] [stderr] error[E0308]: mismatched types
[INFO] [stderr]  --> $DIR/bad_bounds_2.rs:4:25
[INFO] [stderr]   |
[INFO] [stderr] 4 |     let _ok: BoundedI64<'a',255> = 3.into();
[INFO] [stderr]   |                         ^^^ expected `i64`, found `char`
[INFO] [stderr] ┈┈┈┈┈┈┈┈┈┈┈┈┈┈┈┈┈┈┈┈┈┈┈┈┈┈┈┈┈┈┈┈┈┈┈┈┈┈┈┈┈┈┈┈┈┈┈┈┈┈┈┈┈┈┈┈┈┈┈┈
[INFO] [stderr] 
[INFO] [stderr] ACTUAL OUTPUT:
[INFO] [stderr] ┈┈┈┈┈┈┈┈┈┈┈┈┈┈┈┈┈┈┈┈┈┈┈┈┈┈┈┈┈┈┈┈┈┈┈┈┈┈┈┈┈┈┈┈┈┈┈┈┈┈┈┈┈┈┈┈┈┈┈┈
[INFO] [stderr] error[E0308]: mismatched types
[INFO] [stderr]  --> src/compile_test/must_fail/bad_bounds_2.rs:4:25
[INFO] [stderr]   |
[INFO] [stderr] 4 |     let _ok: BoundedI64<'a',255> = 3.into();
[INFO] [stderr]   |                         ^^^ expected `i64`, found `char`
[INFO] [stderr]   |
[INFO] [stderr] help: you can cast a `char` to an `i64`, since a `char` always occupies 4 bytes
[INFO] [stderr]   |
[INFO] [stderr] 4 |     let _ok: BoundedI64<'a' as i64,255> = 3.into();
[INFO] [stderr]   |                             ++++++
[INFO] [stderr] ┈┈┈┈┈┈┈┈┈┈┈┈┈┈┈┈┈┈┈┈┈┈┈┈┈┈┈┈┈┈┈┈┈┈┈┈┈┈┈┈┈┈┈┈┈┈┈┈┈┈┈┈┈┈┈┈┈┈┈┈
[INFO] [stderr] note: If the actual output is the correct output you can bless it by rerunning
[INFO] [stderr]       your test with the environment variable TRYBUILD=overwrite
[INFO] [stderr] 
[INFO] [stderr] test src/compile_test/must_fail/bad_compare_1.rs [should fail to compile] ... mismatch
[INFO] [stderr] 
[INFO] [stderr] EXPECTED:
[INFO] [stderr] ┈┈┈┈┈┈┈┈┈┈┈┈┈┈┈┈┈┈┈┈┈┈┈┈┈┈┈┈┈┈┈┈┈┈┈┈┈┈┈┈┈┈┈┈┈┈┈┈┈┈┈┈┈┈┈┈┈┈┈┈
[INFO] [stderr] error[E0277]: can't compare `bounded_types::BoundedI64<0_i64, 10_i64>` with `bool`
[INFO] [stderr]  --> $DIR/bad_compare_1.rs:6:16
[INFO] [stderr]   |
[INFO] [stderr] 6 |     assert!(ok == b);
[INFO] [stderr]   |                ^^ no implementation for `bounded_types::BoundedI64<0_i64, 10_i64> == bool`
[INFO] [stderr]   |
[INFO] [stderr]   = help: the trait `PartialEq<bool>` is not implemented for `bounded_types::BoundedI64<0_i64, 10_i64>`
[INFO] [stderr] ┈┈┈┈┈┈┈┈┈┈┈┈┈┈┈┈┈┈┈┈┈┈┈┈┈┈┈┈┈┈┈┈┈┈┈┈┈┈┈┈┈┈┈┈┈┈┈┈┈┈┈┈┈┈┈┈┈┈┈┈
[INFO] [stderr] 
[INFO] [stderr] ACTUAL OUTPUT:
[INFO] [stderr] ┈┈┈┈┈┈┈┈┈┈┈┈┈┈┈┈┈┈┈┈┈┈┈┈┈┈┈┈┈┈┈┈┈┈┈┈┈┈┈┈┈┈┈┈┈┈┈┈┈┈┈┈┈┈┈┈┈┈┈┈
[INFO] [stderr] error[E0277]: can't compare `bounded_types::BoundedI64<0, 10>` with `bool`
[INFO] [stderr]  --> src/compile_test/must_fail/bad_compare_1.rs:6:16
[INFO] [stderr]   |
[INFO] [stderr] 6 |     assert!(ok == b);
[INFO] [stderr]   |                ^^ no implementation for `bounded_types::BoundedI64<0, 10> == bool`
[INFO] [stderr]   |
[INFO] [stderr]   = help: the trait `PartialEq<bool>` is not implemented for `bounded_types::BoundedI64<0, 10>`
[INFO] [stderr]   = help: the following other types implement trait `PartialEq<Rhs>`:
[INFO] [stderr]             <bounded_types::BoundedI64<MIN, MAX> as PartialEq<i128>>
[INFO] [stderr]             <bounded_types::BoundedI64<MIN, MAX> as PartialEq<i16>>
[INFO] [stderr]             <bounded_types::BoundedI64<MIN, MAX> as PartialEq<i32>>
[INFO] [stderr]             <bounded_types::BoundedI64<MIN, MAX> as PartialEq<i64>>
[INFO] [stderr]             <bounded_types::BoundedI64<MIN, MAX> as PartialEq<i8>>
[INFO] [stderr]             <bounded_types::BoundedI64<MIN, MAX> as PartialEq<isize>>
[INFO] [stderr]             <bounded_types::BoundedI64<MIN, MAX> as PartialEq<u128>>
[INFO] [stderr]             <bounded_types::BoundedI64<MIN, MAX> as PartialEq<u16>>
[INFO] [stderr]           and $N others
[INFO] [stderr] ┈┈┈┈┈┈┈┈┈┈┈┈┈┈┈┈┈┈┈┈┈┈┈┈┈┈┈┈┈┈┈┈┈┈┈┈┈┈┈┈┈┈┈┈┈┈┈┈┈┈┈┈┈┈┈┈┈┈┈┈
[INFO] [stderr] note: If the actual output is the correct output you can bless it by rerunning
[INFO] [stderr]       your test with the environment variable TRYBUILD=overwrite
[INFO] [stderr] 
[INFO] [stderr] test src/compile_test/must_fail/bad_compare_2.rs [should fail to compile] ... mismatch
[INFO] [stderr] 
[INFO] [stderr] EXPECTED:
[INFO] [stderr] ┈┈┈┈┈┈┈┈┈┈┈┈┈┈┈┈┈┈┈┈┈┈┈┈┈┈┈┈┈┈┈┈┈┈┈┈┈┈┈┈┈┈┈┈┈┈┈┈┈┈┈┈┈┈┈┈┈┈┈┈
[INFO] [stderr] error[E0600]: cannot apply unary operator `!` to type `bounded_types::BoundedI64<0_i64, 10_i64>`
[INFO] [stderr]  --> $DIR/bad_compare_2.rs:5:5
[INFO] [stderr]   |
[INFO] [stderr] 5 |     assert!(ok);
[INFO] [stderr]   |     ^^^^^^^^^^^^ cannot apply unary operator `!`
[INFO] [stderr]   |
[INFO] [stderr]   = note: this error originates in a macro (in Nightly builds, run with -Z macro-backtrace for more info)
[INFO] [stderr] ┈┈┈┈┈┈┈┈┈┈┈┈┈┈┈┈┈┈┈┈┈┈┈┈┈┈┈┈┈┈┈┈┈┈┈┈┈┈┈┈┈┈┈┈┈┈┈┈┈┈┈┈┈┈┈┈┈┈┈┈
[INFO] [stderr] 
[INFO] [stderr] ACTUAL OUTPUT:
[INFO] [stderr] ┈┈┈┈┈┈┈┈┈┈┈┈┈┈┈┈┈┈┈┈┈┈┈┈┈┈┈┈┈┈┈┈┈┈┈┈┈┈┈┈┈┈┈┈┈┈┈┈┈┈┈┈┈┈┈┈┈┈┈┈
[INFO] [stderr] error[E0600]: cannot apply unary operator `!` to type `bounded_types::BoundedI64<0, 10>`
[INFO] [stderr]  --> src/compile_test/must_fail/bad_compare_2.rs:5:5
[INFO] [stderr]   |
[INFO] [stderr] 5 |     assert!(ok);
[INFO] [stderr]   |     ^^^^^^^^^^^ cannot apply unary operator `!`
[INFO] [stderr]   |
[INFO] [stderr]   = note: this error originates in the macro `assert` (in Nightly builds, run with -Z macro-backtrace for more info)
[INFO] [stderr] ┈┈┈┈┈┈┈┈┈┈┈┈┈┈┈┈┈┈┈┈┈┈┈┈┈┈┈┈┈┈┈┈┈┈┈┈┈┈┈┈┈┈┈┈┈┈┈┈┈┈┈┈┈┈┈┈┈┈┈┈
[INFO] [stderr] note: If the actual output is the correct output you can bless it by rerunning
[INFO] [stderr]       your test with the environment variable TRYBUILD=overwrite
[INFO] [stderr] 
[INFO] [stderr] test src/compile_test/bounds_1.rs [should pass] ... ok
[INFO] [stderr] 
[INFO] [stderr] STDERR:
[INFO] [stderr] ┈┈┈┈┈┈┈┈┈┈┈┈┈┈┈┈┈┈┈┈┈┈┈┈┈┈┈┈┈┈┈┈┈┈┈┈┈┈┈┈┈┈┈┈┈┈┈┈┈┈┈┈┈┈┈┈┈┈┈┈
[INFO] [stderr] warning: `#[macro_use]` only has an effect on `extern crate` and modules
[INFO] [stderr]   --> /opt/rustwide/workdir/src/lib.rs:77:1
[INFO] [stderr]    |
[INFO] [stderr] 77 | #[macro_use]
[INFO] [stderr]    | ^^^^^^^^^^^^
[INFO] [stderr]    |
[INFO] [stderr]    = note: `#[warn(unused_attributes)]` on by default
[INFO] [stderr] 
[INFO] [stderr] warning: `#[macro_use]` only has an effect on `extern crate` and modules
[INFO] [stderr]    --> /opt/rustwide/workdir/src/lib.rs:173:1
[INFO] [stderr]     |
[INFO] [stderr] 173 | #[macro_use]
[INFO] [stderr]     | ^^^^^^^^^^^^
[INFO] [stderr] ┈┈┈┈┈┈┈┈┈┈┈┈┈┈┈┈┈┈┈┈┈┈┈┈┈┈┈┈┈┈┈┈┈┈┈┈┈┈┈┈┈┈┈┈┈┈┈┈┈┈┈┈┈┈┈┈┈┈┈┈
[INFO] [stderr] 
[INFO] [stderr] test src/compile_test/bounded_int_negative.rs [should pass] ... ok
[INFO] [stderr] 
[INFO] [stderr] STDERR:
[INFO] [stderr] ┈┈┈┈┈┈┈┈┈┈┈┈┈┈┈┈┈┈┈┈┈┈┈┈┈┈┈┈┈┈┈┈┈┈┈┈┈┈┈┈┈┈┈┈┈┈┈┈┈┈┈┈┈┈┈┈┈┈┈┈
[INFO] [stderr] warning: `#[macro_use]` only has an effect on `extern crate` and modules
[INFO] [stderr]   --> /opt/rustwide/workdir/src/lib.rs:77:1
[INFO] [stderr]    |
[INFO] [stderr] 77 | #[macro_use]
[INFO] [stderr]    | ^^^^^^^^^^^^
[INFO] [stderr]    |
[INFO] [stderr]    = note: `#[warn(unused_attributes)]` on by default
[INFO] [stderr] 
[INFO] [stderr] warning: `#[macro_use]` only has an effect on `extern crate` and modules
[INFO] [stderr]    --> /opt/rustwide/workdir/src/lib.rs:173:1
[INFO] [stderr]     |
[INFO] [stderr] 173 | #[macro_use]
[INFO] [stderr]     | ^^^^^^^^^^^^
[INFO] [stderr] ┈┈┈┈┈┈┈┈┈┈┈┈┈┈┈┈┈┈┈┈┈┈┈┈┈┈┈┈┈┈┈┈┈┈┈┈┈┈┈┈┈┈┈┈┈┈┈┈┈┈┈┈┈┈┈┈┈┈┈┈
[INFO] [stderr] 
[INFO] [stderr] 
[INFO] [stderr] 
[INFO] [stdout] test tests::illegal_operations ... FAILED
[INFO] [stdout] 
[INFO] [stdout] failures:
[INFO] [stdout] 
[INFO] [stdout] ---- tests::illegal_operations stdout ----
[INFO] [stdout] thread 'tests::illegal_operations' panicked at '5 of 7 tests failed', /opt/rustwide/cargo-home/registry/src/github.com-1ecc6299db9ec823/trybuild-1.0.80/src/run.rs:101:13
[INFO] [stdout] stack backtrace:
[INFO] [stdout]    0:     0x5580e228dcca - std::backtrace_rs::backtrace::libunwind::trace::ha9053a9a07ca49cb
[INFO] [stdout]                                at /rustc/84c898d65adf2f39a5a98507f1fe0ce10a2b8dbc/library/std/src/../../backtrace/src/backtrace/libunwind.rs:93:5
[INFO] [stdout]    1:     0x5580e228dcca - std::backtrace_rs::backtrace::trace_unsynchronized::h9c2852a457ad564e
[INFO] [stdout]                                at /rustc/84c898d65adf2f39a5a98507f1fe0ce10a2b8dbc/library/std/src/../../backtrace/src/backtrace/mod.rs:66:5
[INFO] [stdout]    2:     0x5580e228dcca - std::sys_common::backtrace::_print_fmt::h457936fbfaa0070f
[INFO] [stdout]                                at /rustc/84c898d65adf2f39a5a98507f1fe0ce10a2b8dbc/library/std/src/sys_common/backtrace.rs:65:5
[INFO] [stdout]    3:     0x5580e228dcca - <std::sys_common::backtrace::_print::DisplayBacktrace as core::fmt::Display>::fmt::h5779d7bf7f70cb0c
[INFO] [stdout]                                at /rustc/84c898d65adf2f39a5a98507f1fe0ce10a2b8dbc/library/std/src/sys_common/backtrace.rs:44:22
[INFO] [stdout]    4:     0x5580e22b3f3e - core::fmt::write::h5a4baaff1bcd3eb5
[INFO] [stdout]                                at /rustc/84c898d65adf2f39a5a98507f1fe0ce10a2b8dbc/library/core/src/fmt/mod.rs:1232:17
[INFO] [stdout]    5:     0x5580e228a315 - std::io::Write::write_fmt::h478f79c628ef31d1
[INFO] [stdout]                                at /rustc/84c898d65adf2f39a5a98507f1fe0ce10a2b8dbc/library/std/src/io/mod.rs:1684:15
[INFO] [stdout]    6:     0x5580e228da95 - std::sys_common::backtrace::_print::h5fcdc36060f177e8
[INFO] [stdout]                                at /rustc/84c898d65adf2f39a5a98507f1fe0ce10a2b8dbc/library/std/src/sys_common/backtrace.rs:47:5
[INFO] [stdout]    7:     0x5580e228da95 - std::sys_common::backtrace::print::h54ca9458b876c8bf
[INFO] [stdout]                                at /rustc/84c898d65adf2f39a5a98507f1fe0ce10a2b8dbc/library/std/src/sys_common/backtrace.rs:34:9
[INFO] [stdout]    8:     0x5580e228f85f - std::panicking::default_hook::{{closure}}::hbe471161c7664ed6
[INFO] [stdout]                                at /rustc/84c898d65adf2f39a5a98507f1fe0ce10a2b8dbc/library/std/src/panicking.rs:271:22
[INFO] [stdout]    9:     0x5580e228f51f - std::panicking::default_hook::ha3500da57aa4ac4f
[INFO] [stdout]                                at /rustc/84c898d65adf2f39a5a98507f1fe0ce10a2b8dbc/library/std/src/panicking.rs:287:9
[INFO] [stdout]   10:     0x5580e2256af7 - <alloc::boxed::Box<F,A> as core::ops::function::Fn<Args>>::call::hdf1b89dd137ece34
[INFO] [stdout]                                at /rustc/84c898d65adf2f39a5a98507f1fe0ce10a2b8dbc/library/alloc/src/boxed.rs:2001:9
[INFO] [stdout]   11:     0x5580e2256af7 - test::test_main::{{closure}}::h9081a79f20e75698
[INFO] [stdout]                                at /rustc/84c898d65adf2f39a5a98507f1fe0ce10a2b8dbc/library/test/src/lib.rs:135:21
[INFO] [stdout]   12:     0x5580e228ff8d - <alloc::boxed::Box<F,A> as core::ops::function::Fn<Args>>::call::h6507bddc3eebb4a5
[INFO] [stdout]                                at /rustc/84c898d65adf2f39a5a98507f1fe0ce10a2b8dbc/library/alloc/src/boxed.rs:2001:9
[INFO] [stdout]   13:     0x5580e228ff8d - std::panicking::rust_panic_with_hook::h50c09d000dc561d2
[INFO] [stdout]                                at /rustc/84c898d65adf2f39a5a98507f1fe0ce10a2b8dbc/library/std/src/panicking.rs:696:13
[INFO] [stdout]   14:     0x5580e228fd09 - std::panicking::begin_panic_handler::{{closure}}::h9e2b2176e00e0d9c
[INFO] [stdout]                                at /rustc/84c898d65adf2f39a5a98507f1fe0ce10a2b8dbc/library/std/src/panicking.rs:583:13
[INFO] [stdout]   15:     0x5580e228e136 - std::sys_common::backtrace::__rust_end_short_backtrace::h5739b8e512c09d02
[INFO] [stdout]                                at /rustc/84c898d65adf2f39a5a98507f1fe0ce10a2b8dbc/library/std/src/sys_common/backtrace.rs:150:18
[INFO] [stdout]   16:     0x5580e228fa12 - rust_begin_unwind
[INFO] [stdout]                                at /rustc/84c898d65adf2f39a5a98507f1fe0ce10a2b8dbc/library/std/src/panicking.rs:579:5
[INFO] [stdout]   17:     0x5580e1fe8e53 - core::panicking::panic_fmt::hf33a1475b4dc5c3e
[INFO] [stdout]                                at /rustc/84c898d65adf2f39a5a98507f1fe0ce10a2b8dbc/library/core/src/panicking.rs:64:14
[INFO] [stdout]   18:     0x5580e2035e4f - trybuild::run::<impl trybuild::Runner>::run::hb8c37305aa9c476b
[INFO] [stdout]                                at /opt/rustwide/cargo-home/registry/src/github.com-1ecc6299db9ec823/trybuild-1.0.80/src/run.rs:101:13
[INFO] [stdout]   19:     0x5580e203b62a - <trybuild::TestCases as core::ops::drop::Drop>::drop::hd3693df1db2415e7
[INFO] [stdout]                                at /opt/rustwide/cargo-home/registry/src/github.com-1ecc6299db9ec823/trybuild-1.0.80/src/lib.rs:315:13
[INFO] [stdout]   20:     0x5580e20124f7 - core::ptr::drop_in_place<trybuild::TestCases>::hac2688d87e56f1a4
[INFO] [stdout]                                at /rustc/84c898d65adf2f39a5a98507f1fe0ce10a2b8dbc/library/core/src/ptr/mod.rs:490:1
[INFO] [stdout]   21:     0x5580e200f838 - bounded_types::tests::illegal_operations::h8bb0e1b49bde76a8
[INFO] [stdout]                                at /opt/rustwide/workdir/src/lib.rs:632:5
[INFO] [stdout]   22:     0x5580e200f767 - bounded_types::tests::illegal_operations::{{closure}}::haa347e80dc4ea081
[INFO] [stdout]                                at /opt/rustwide/workdir/src/lib.rs:619:29
[INFO] [stdout]   23:     0x5580e2012375 - core::ops::function::FnOnce::call_once::hc313008bf9d7069a
[INFO] [stdout]                                at /rustc/84c898d65adf2f39a5a98507f1fe0ce10a2b8dbc/library/core/src/ops/function.rs:250:5
[INFO] [stdout]   24:     0x5580e225bedf - core::ops::function::FnOnce::call_once::h7d969581be7d0075
[INFO] [stdout]                                at /rustc/84c898d65adf2f39a5a98507f1fe0ce10a2b8dbc/library/core/src/ops/function.rs:250:5
[INFO] [stdout]   25:     0x5580e225bedf - test::__rust_begin_short_backtrace::hca25a52684e56655
[INFO] [stdout]                                at /rustc/84c898d65adf2f39a5a98507f1fe0ce10a2b8dbc/library/test/src/lib.rs:656:18
[INFO] [stdout]   26:     0x5580e222d4fc - test::run_test::{{closure}}::ha8ac744c4af1a4bb
[INFO] [stdout]                                at /rustc/84c898d65adf2f39a5a98507f1fe0ce10a2b8dbc/library/test/src/lib.rs:647:30
[INFO] [stdout]   27:     0x5580e222d4fc - core::ops::function::FnOnce::call_once{{vtable.shim}}::h7b411a9ed45bdecf
[INFO] [stdout]                                at /rustc/84c898d65adf2f39a5a98507f1fe0ce10a2b8dbc/library/core/src/ops/function.rs:250:5
[INFO] [stdout]   28:     0x5580e225aea6 - <alloc::boxed::Box<F,A> as core::ops::function::FnOnce<Args>>::call_once::hd05328869a8ed200
[INFO] [stdout]                                at /rustc/84c898d65adf2f39a5a98507f1fe0ce10a2b8dbc/library/alloc/src/boxed.rs:1987:9
[INFO] [stdout]   29:     0x5580e225aea6 - <core::panic::unwind_safe::AssertUnwindSafe<F> as core::ops::function::FnOnce<()>>::call_once::h0c601ce20bd5b2be
[INFO] [stdout]                                at /rustc/84c898d65adf2f39a5a98507f1fe0ce10a2b8dbc/library/core/src/panic/unwind_safe.rs:271:9
[INFO] [stdout]   30:     0x5580e225aea6 - std::panicking::try::do_call::ha4be5c164fe30854
[INFO] [stdout]                                at /rustc/84c898d65adf2f39a5a98507f1fe0ce10a2b8dbc/library/std/src/panicking.rs:487:40
[INFO] [stdout]   31:     0x5580e225aea6 - std::panicking::try::h604546f3609af05f
[INFO] [stdout]                                at /rustc/84c898d65adf2f39a5a98507f1fe0ce10a2b8dbc/library/std/src/panicking.rs:451:19
[INFO] [stdout]   32:     0x5580e225aea6 - std::panic::catch_unwind::h5bfa8afe44c9c2f9
[INFO] [stdout]                                at /rustc/84c898d65adf2f39a5a98507f1fe0ce10a2b8dbc/library/std/src/panic.rs:140:14
[INFO] [stdout]   33:     0x5580e225aea6 - test::run_test_in_process::hd50dee55dd63e6aa
[INFO] [stdout]                                at /rustc/84c898d65adf2f39a5a98507f1fe0ce10a2b8dbc/library/test/src/lib.rs:679:27
[INFO] [stdout]   34:     0x5580e225aea6 - test::run_test::run_test_inner::{{closure}}::h4aa0f433aa85cea8
[INFO] [stdout]                                at /rustc/84c898d65adf2f39a5a98507f1fe0ce10a2b8dbc/library/test/src/lib.rs:573:39
[INFO] [stdout]   35:     0x5580e2227b71 - test::run_test::run_test_inner::{{closure}}::had56431adf24b4d6
[INFO] [stdout]                                at /rustc/84c898d65adf2f39a5a98507f1fe0ce10a2b8dbc/library/test/src/lib.rs:600:37
[INFO] [stdout]   36:     0x5580e2227b71 - std::sys_common::backtrace::__rust_begin_short_backtrace::ha8d9890e0c73bf13
[INFO] [stdout]                                at /rustc/84c898d65adf2f39a5a98507f1fe0ce10a2b8dbc/library/std/src/sys_common/backtrace.rs:134:18
[INFO] [stdout]   37:     0x5580e222d58b - std::thread::Builder::spawn_unchecked_::{{closure}}::{{closure}}::h251832bcb4a95327
[INFO] [stdout]                                at /rustc/84c898d65adf2f39a5a98507f1fe0ce10a2b8dbc/library/std/src/thread/mod.rs:560:17
[INFO] [stdout]   38:     0x5580e222d58b - <core::panic::unwind_safe::AssertUnwindSafe<F> as core::ops::function::FnOnce<()>>::call_once::h8fdff598fa414831
[INFO] [stdout]                                at /rustc/84c898d65adf2f39a5a98507f1fe0ce10a2b8dbc/library/core/src/panic/unwind_safe.rs:271:9
[INFO] [stdout]   39:     0x5580e222d58b - std::panicking::try::do_call::h455dd2f7764a950f
[INFO] [stdout]                                at /rustc/84c898d65adf2f39a5a98507f1fe0ce10a2b8dbc/library/std/src/panicking.rs:487:40
[INFO] [stdout]   40:     0x5580e222d58b - std::panicking::try::had6f23b7b73ae72a
[INFO] [stdout]                                at /rustc/84c898d65adf2f39a5a98507f1fe0ce10a2b8dbc/library/std/src/panicking.rs:451:19
[INFO] [stdout]   41:     0x5580e222d58b - std::panic::catch_unwind::ha6a5ca3915b4dad0
[INFO] [stdout]                                at /rustc/84c898d65adf2f39a5a98507f1fe0ce10a2b8dbc/library/std/src/panic.rs:140:14
[INFO] [stdout]   42:     0x5580e222d58b - std::thread::Builder::spawn_unchecked_::{{closure}}::h883b72ef75da6231
[INFO] [stdout]                                at /rustc/84c898d65adf2f39a5a98507f1fe0ce10a2b8dbc/library/std/src/thread/mod.rs:559:30
[INFO] [stdout]   43:     0x5580e222d58b - core::ops::function::FnOnce::call_once{{vtable.shim}}::hb7dff73dc8bd2ccb
[INFO] [stdout]                                at /rustc/84c898d65adf2f39a5a98507f1fe0ce10a2b8dbc/library/core/src/ops/function.rs:250:5
[INFO] [stdout]   44:     0x5580e22951f3 - <alloc::boxed::Box<F,A> as core::ops::function::FnOnce<Args>>::call_once::h39990b24eedef2ab
[INFO] [stdout]                                at /rustc/84c898d65adf2f39a5a98507f1fe0ce10a2b8dbc/library/alloc/src/boxed.rs:1987:9
[INFO] [stdout]   45:     0x5580e22951f3 - <alloc::boxed::Box<F,A> as core::ops::function::FnOnce<Args>>::call_once::h01a027258444143b
[INFO] [stdout]                                at /rustc/84c898d65adf2f39a5a98507f1fe0ce10a2b8dbc/library/alloc/src/boxed.rs:1987:9
[INFO] [stdout]   46:     0x5580e22951f3 - std::sys::unix::thread::Thread::new::thread_start::ha4f1cdd9c25884ba
[INFO] [stdout]                                at /rustc/84c898d65adf2f39a5a98507f1fe0ce10a2b8dbc/library/std/src/sys/unix/thread.rs:108:17
[INFO] [stdout]   47:     0x7f7ae8f6fb43 - <unknown>
[INFO] [stdout]   48:     0x7f7ae9000bb4 - __clone
[INFO] [stdout]   49:                0x0 - <unknown>
[INFO] [stdout] 
[INFO] [stdout] 
[INFO] [stdout] failures:
[INFO] [stdout]     tests::illegal_operations
[INFO] [stdout] 
[INFO] [stdout] test result: FAILED. 12 passed; 1 failed; 0 ignored; 0 measured; 0 filtered out; finished in 40.02s
[INFO] [stdout] 
[INFO] [stderr] error: test failed, to rerun pass `--lib`
[INFO] running `Command { std: "docker" "inspect" "38956965cdd0ff56a6978345d96575423bc750e8b8239fa2def491a3de8ee693", kill_on_drop: false }`
[INFO] running `Command { std: "docker" "rm" "-f" "38956965cdd0ff56a6978345d96575423bc750e8b8239fa2def491a3de8ee693", kill_on_drop: false }`
[INFO] [stdout] 38956965cdd0ff56a6978345d96575423bc750e8b8239fa2def491a3de8ee693
