[INFO] fetching crate boulder_derive 0.3.0...
[INFO] testing boulder_derive-0.3.0 against 1.69.0 for beta-1.70-1
[INFO] extracting crate boulder_derive 0.3.0 into /workspace/builds/worker-4-tc1/source
[INFO] validating manifest of crates.io crate boulder_derive 0.3.0 on toolchain 1.69.0
[INFO] running `Command { std: CARGO_HOME="/workspace/cargo-home" RUSTUP_HOME="/workspace/rustup-home" "/workspace/cargo-home/bin/cargo" "+1.69.0" "metadata" "--manifest-path" "Cargo.toml" "--no-deps", kill_on_drop: false }`
[INFO] started tweaking crates.io crate boulder_derive 0.3.0
[INFO] finished tweaking crates.io crate boulder_derive 0.3.0
[INFO] tweaked toml for crates.io crate boulder_derive 0.3.0 written to /workspace/builds/worker-4-tc1/source/Cargo.toml
[INFO] running `Command { std: CARGO_HOME="/workspace/cargo-home" RUSTUP_HOME="/workspace/rustup-home" __CARGO_TEST_CHANNEL_OVERRIDE_DO_NOT_USE_THIS="nightly" "/workspace/cargo-home/bin/cargo" "+1.69.0" "generate-lockfile" "--manifest-path" "Cargo.toml" "-Zno-index-update", kill_on_drop: false }`
[INFO] running `Command { std: CARGO_HOME="/workspace/cargo-home" RUSTUP_HOME="/workspace/rustup-home" "/workspace/cargo-home/bin/cargo" "+1.69.0" "fetch" "--manifest-path" "Cargo.toml", kill_on_drop: false }`
[INFO] [stderr]  Downloading crates ...
[INFO] [stderr]   Downloaded persian-rug_derive v0.1.2
[INFO] [stderr]   Downloaded persian-rug v0.1.2
[INFO] running `Command { std: "docker" "create" "-v" "/var/lib/crater-agent-workspace/builds/worker-4-tc1/target:/opt/rustwide/target:rw,Z" "-v" "/var/lib/crater-agent-workspace/builds/worker-4-tc1/source:/opt/rustwide/workdir:ro,Z" "-v" "/var/lib/crater-agent-workspace/cargo-home:/opt/rustwide/cargo-home:ro,Z" "-v" "/var/lib/crater-agent-workspace/rustup-home:/opt/rustwide/rustup-home:ro,Z" "-e" "SOURCE_DIR=/opt/rustwide/workdir" "-e" "CARGO_TARGET_DIR=/opt/rustwide/target" "-e" "CARGO_HOME=/opt/rustwide/cargo-home" "-e" "RUSTUP_HOME=/opt/rustwide/rustup-home" "-w" "/opt/rustwide/workdir" "-m" "1610612736" "--user" "0:0" "--network" "none" "ghcr.io/rust-lang/crates-build-env/linux@sha256:5ff2268d62e97bff2cde7d5815dd6ed5b47097566f13b8d0ca110b04b60e07ed" "/opt/rustwide/cargo-home/bin/cargo" "+1.69.0" "metadata" "--no-deps" "--format-version=1", kill_on_drop: false }`
[INFO] [stdout] effab3846fcc0a63712bcebbfd2e510ca436435ce8d220a77058c0b9b34b114f
[INFO] running `Command { std: "docker" "start" "-a" "effab3846fcc0a63712bcebbfd2e510ca436435ce8d220a77058c0b9b34b114f", kill_on_drop: false }`
[INFO] running `Command { std: "docker" "inspect" "effab3846fcc0a63712bcebbfd2e510ca436435ce8d220a77058c0b9b34b114f", kill_on_drop: false }`
[INFO] running `Command { std: "docker" "rm" "-f" "effab3846fcc0a63712bcebbfd2e510ca436435ce8d220a77058c0b9b34b114f", kill_on_drop: false }`
[INFO] [stdout] effab3846fcc0a63712bcebbfd2e510ca436435ce8d220a77058c0b9b34b114f
[INFO] running `Command { std: "docker" "create" "-v" "/var/lib/crater-agent-workspace/builds/worker-4-tc1/target:/opt/rustwide/target:rw,Z" "-v" "/var/lib/crater-agent-workspace/builds/worker-4-tc1/source:/opt/rustwide/workdir:ro,Z" "-v" "/var/lib/crater-agent-workspace/cargo-home:/opt/rustwide/cargo-home:ro,Z" "-v" "/var/lib/crater-agent-workspace/rustup-home:/opt/rustwide/rustup-home:ro,Z" "-e" "SOURCE_DIR=/opt/rustwide/workdir" "-e" "CARGO_TARGET_DIR=/opt/rustwide/target" "-e" "CARGO_INCREMENTAL=0" "-e" "RUST_BACKTRACE=full" "-e" "RUSTFLAGS=--cap-lints=warn" "-e" "RUSTDOCFLAGS=--cap-lints=warn" "-e" "CARGO_HOME=/opt/rustwide/cargo-home" "-e" "RUSTUP_HOME=/opt/rustwide/rustup-home" "-w" "/opt/rustwide/workdir" "-m" "1610612736" "--user" "0:0" "--network" "none" "ghcr.io/rust-lang/crates-build-env/linux@sha256:5ff2268d62e97bff2cde7d5815dd6ed5b47097566f13b8d0ca110b04b60e07ed" "/opt/rustwide/cargo-home/bin/cargo" "+1.69.0" "build" "--frozen" "--message-format=json", kill_on_drop: false }`
[INFO] [stdout] 7a5cb8705ab935f781cff4f06130570ab545260317fdd34b706e9ed254f1c3b2
[INFO] running `Command { std: "docker" "start" "-a" "7a5cb8705ab935f781cff4f06130570ab545260317fdd34b706e9ed254f1c3b2", kill_on_drop: false }`
[INFO] [stderr]    Compiling syn v1.0.109
[INFO] [stderr]    Compiling boulder_derive v0.3.0 (/opt/rustwide/workdir)
[INFO] [stderr]     Finished dev [unoptimized + debuginfo] target(s) in 7.12s
[INFO] running `Command { std: "docker" "inspect" "7a5cb8705ab935f781cff4f06130570ab545260317fdd34b706e9ed254f1c3b2", kill_on_drop: false }`
[INFO] running `Command { std: "docker" "rm" "-f" "7a5cb8705ab935f781cff4f06130570ab545260317fdd34b706e9ed254f1c3b2", kill_on_drop: false }`
[INFO] [stdout] 7a5cb8705ab935f781cff4f06130570ab545260317fdd34b706e9ed254f1c3b2
[INFO] running `Command { std: "docker" "create" "-v" "/var/lib/crater-agent-workspace/builds/worker-4-tc1/target:/opt/rustwide/target:rw,Z" "-v" "/var/lib/crater-agent-workspace/builds/worker-4-tc1/source:/opt/rustwide/workdir:ro,Z" "-v" "/var/lib/crater-agent-workspace/cargo-home:/opt/rustwide/cargo-home:ro,Z" "-v" "/var/lib/crater-agent-workspace/rustup-home:/opt/rustwide/rustup-home:ro,Z" "-e" "SOURCE_DIR=/opt/rustwide/workdir" "-e" "CARGO_TARGET_DIR=/opt/rustwide/target" "-e" "CARGO_INCREMENTAL=0" "-e" "RUST_BACKTRACE=full" "-e" "RUSTFLAGS=--cap-lints=warn" "-e" "RUSTDOCFLAGS=--cap-lints=warn" "-e" "CARGO_HOME=/opt/rustwide/cargo-home" "-e" "RUSTUP_HOME=/opt/rustwide/rustup-home" "-w" "/opt/rustwide/workdir" "-m" "1610612736" "--user" "0:0" "--network" "none" "ghcr.io/rust-lang/crates-build-env/linux@sha256:5ff2268d62e97bff2cde7d5815dd6ed5b47097566f13b8d0ca110b04b60e07ed" "/opt/rustwide/cargo-home/bin/cargo" "+1.69.0" "test" "--frozen" "--no-run" "--message-format=json", kill_on_drop: false }`
[INFO] [stdout] db4912c4aa63771954c03c44db4ac7997a5ae4c2f6925694323776aaef24427d
[INFO] running `Command { std: "docker" "start" "-a" "db4912c4aa63771954c03c44db4ac7997a5ae4c2f6925694323776aaef24427d", kill_on_drop: false }`
[INFO] [stderr]    Compiling syn v1.0.109
[INFO] [stderr]    Compiling convert_case v0.5.0
[INFO] [stderr]    Compiling persian-rug_derive v0.1.2
[INFO] [stderr]    Compiling boulder_derive v0.3.0 (/opt/rustwide/workdir)
[INFO] [stderr]    Compiling persian-rug v0.1.2
[INFO] [stderr]     Finished test [unoptimized + debuginfo] target(s) in 9.34s
[INFO] running `Command { std: "docker" "inspect" "db4912c4aa63771954c03c44db4ac7997a5ae4c2f6925694323776aaef24427d", kill_on_drop: false }`
[INFO] running `Command { std: "docker" "rm" "-f" "db4912c4aa63771954c03c44db4ac7997a5ae4c2f6925694323776aaef24427d", kill_on_drop: false }`
[INFO] [stdout] db4912c4aa63771954c03c44db4ac7997a5ae4c2f6925694323776aaef24427d
[INFO] running `Command { std: "docker" "create" "-v" "/var/lib/crater-agent-workspace/builds/worker-4-tc1/target:/opt/rustwide/target:rw,Z" "-v" "/var/lib/crater-agent-workspace/builds/worker-4-tc1/source:/opt/rustwide/workdir:ro,Z" "-v" "/var/lib/crater-agent-workspace/cargo-home:/opt/rustwide/cargo-home:ro,Z" "-v" "/var/lib/crater-agent-workspace/rustup-home:/opt/rustwide/rustup-home:ro,Z" "-e" "SOURCE_DIR=/opt/rustwide/workdir" "-e" "CARGO_TARGET_DIR=/opt/rustwide/target" "-e" "CARGO_INCREMENTAL=0" "-e" "RUST_BACKTRACE=full" "-e" "RUSTFLAGS=--cap-lints=warn" "-e" "RUSTDOCFLAGS=--cap-lints=warn" "-e" "CARGO_HOME=/opt/rustwide/cargo-home" "-e" "RUSTUP_HOME=/opt/rustwide/rustup-home" "-w" "/opt/rustwide/workdir" "-m" "1610612736" "--user" "0:0" "--network" "none" "ghcr.io/rust-lang/crates-build-env/linux@sha256:5ff2268d62e97bff2cde7d5815dd6ed5b47097566f13b8d0ca110b04b60e07ed" "/opt/rustwide/cargo-home/bin/cargo" "+1.69.0" "test" "--frozen", kill_on_drop: false }`
[INFO] [stdout] 637371bf0f3d60a66daba27a54d0df2a9d92860919bad38375150a5139fc9897
[INFO] running `Command { std: "docker" "start" "-a" "637371bf0f3d60a66daba27a54d0df2a9d92860919bad38375150a5139fc9897", kill_on_drop: false }`
[INFO] [stderr]     Finished test [unoptimized + debuginfo] target(s) in 0.01s
[INFO] [stderr]      Running unittests src/lib.rs (/opt/rustwide/target/debug/deps/boulder_derive-a6e4fd36dee4553e)
[INFO] [stdout] 
[INFO] [stdout] running 0 tests
[INFO] [stdout] 
[INFO] [stdout] test result: ok. 0 passed; 0 failed; 0 ignored; 0 measured; 0 filtered out; finished in 0.00s
[INFO] [stdout] 
[INFO] [stderr]    Doc-tests boulder_derive
[INFO] [stdout] 
[INFO] [stdout] running 4 tests
[INFO] [stdout] test src/lib.rs - string_pattern (line 201) ... FAILED
[INFO] [stdout] test src/lib.rs - builder (line 43) ... FAILED
[INFO] [stdout] test src/lib.rs - repeat (line 221) ... FAILED
[INFO] [stdout] test src/lib.rs - generatable (line 135) ... FAILED
[INFO] [stdout] 
[INFO] [stdout] failures:
[INFO] [stdout] 
[INFO] [stdout] ---- src/lib.rs - string_pattern (line 201) stdout ----
[INFO] [stdout] error[E0432]: unresolved import `boulder`
[INFO] [stdout]  --> src/lib.rs:202:5
[INFO] [stdout]   |
[INFO] [stdout] 3 | use boulder::{Const, Generator, Inc, Pattern};
[INFO] [stdout]   |     ^^^^^^^ use of undeclared crate or module `boulder`
[INFO] [stdout] 
[INFO] [stdout] error: cannot determine resolution for the macro `Pattern`
[INFO] [stdout]  --> src/lib.rs:204:13
[INFO] [stdout]   |
[INFO] [stdout] 5 | let mut g = Pattern!("hello-{}-{}", Inc(11i32), Const(4i32));
[INFO] [stdout]   |             ^^^^^^^
[INFO] [stdout]   |
[INFO] [stdout]   = note: import resolution is stuck, try simplifying macro imports
[INFO] [stdout] 
[INFO] [stdout] error: aborting due to 2 previous errors
[INFO] [stdout] 
[INFO] [stdout] For more information about this error, try `rustc --explain E0432`.
[INFO] [stdout] Couldn't compile the test.
[INFO] [stdout] ---- src/lib.rs - builder (line 43) stdout ----
[INFO] [stdout] error[E0432]: unresolved import `boulder`
[INFO] [stdout]  --> src/lib.rs:44:5
[INFO] [stdout]   |
[INFO] [stdout] 3 | use boulder::{Buildable, Generatable, Builder};
[INFO] [stdout]   |     ^^^^^^^ use of undeclared crate or module `boulder`
[INFO] [stdout] 
[INFO] [stdout] error: cannot determine resolution for the derive macro `Buildable`
[INFO] [stdout]  --> src/lib.rs:46:10
[INFO] [stdout]   |
[INFO] [stdout] 5 | #[derive(Buildable)]
[INFO] [stdout]   |          ^^^^^^^^^
[INFO] [stdout]   |
[INFO] [stdout]   = note: import resolution is stuck, try simplifying macro imports
[INFO] [stdout] 
[INFO] [stdout] error: cannot find attribute `boulder` in this scope
[INFO] [stdout]   --> src/lib.rs:51:5
[INFO] [stdout]    |
[INFO] [stdout] 10 |   #[boulder(default=6-1)]
[INFO] [stdout]    |     ^^^^^^^
[INFO] [stdout] 
[INFO] [stdout] error: cannot determine resolution for the derive macro `Buildable`
[INFO] [stdout]   --> src/lib.rs:55:10
[INFO] [stdout]    |
[INFO] [stdout] 14 | #[derive(Buildable)]
[INFO] [stdout]    |          ^^^^^^^^^
[INFO] [stdout]    |
[INFO] [stdout]    = note: import resolution is stuck, try simplifying macro imports
[INFO] [stdout] 
[INFO] [stdout] error: cannot find attribute `boulder` in this scope
[INFO] [stdout]   --> src/lib.rs:58:5
[INFO] [stdout]    |
[INFO] [stdout] 17 |   #[boulder(buildable)]
[INFO] [stdout]    |     ^^^^^^^
[INFO] [stdout] 
[INFO] [stdout] error: cannot find attribute `boulder` in this scope
[INFO] [stdout]   --> src/lib.rs:61:5
[INFO] [stdout]    |
[INFO] [stdout] 20 |   #[boulder(buildable(a=1))]
[INFO] [stdout]    |     ^^^^^^^
[INFO] [stdout] 
[INFO] [stdout] error: cannot find attribute `boulder` in this scope
[INFO] [stdout]   --> src/lib.rs:64:5
[INFO] [stdout]    |
[INFO] [stdout] 23 |   #[boulder(buildable, sequence=2)]
[INFO] [stdout]    |     ^^^^^^^
[INFO] [stdout] 
[INFO] [stdout] error: cannot find attribute `boulder` in this scope
[INFO] [stdout]   --> src/lib.rs:67:5
[INFO] [stdout]    |
[INFO] [stdout] 26 |   #[boulder(sequence=1)]
[INFO] [stdout]    |     ^^^^^^^
[INFO] [stdout] 
[INFO] [stdout] error[E0599]: no function or associated item named `builder` found for struct `Foo` in the current scope
[INFO] [stdout]   --> src/lib.rs:71:16
[INFO] [stdout]    |
[INFO] [stdout] 6  | struct Foo {
[INFO] [stdout]    | ---------- function or associated item `builder` not found for this struct
[INFO] [stdout] ...
[INFO] [stdout] 30 | let foo = Foo::builder().build();
[INFO] [stdout]    |                ^^^^^^^ function or associated item not found in `Foo`
[INFO] [stdout] 
[INFO] [stdout] error[E0599]: no function or associated item named `builder` found for struct `Bar` in the current scope
[INFO] [stdout]   --> src/lib.rs:74:16
[INFO] [stdout]    |
[INFO] [stdout] 15 | struct Bar {
[INFO] [stdout]    | ---------- function or associated item `builder` not found for this struct
[INFO] [stdout] ...
[INFO] [stdout] 33 | let bar = Bar::builder().build();
[INFO] [stdout]    |                ^^^^^^^ function or associated item not found in `Bar`
[INFO] [stdout] 
[INFO] [stdout] error: aborting due to 10 previous errors
[INFO] [stdout] 
[INFO] [stdout] Some errors have detailed explanations: E0432, E0599.
[INFO] [stdout] For more information about an error, try `rustc --explain E0432`.
[INFO] [stdout] Couldn't compile the test.
[INFO] [stdout] ---- src/lib.rs - repeat (line 221) stdout ----
[INFO] [stdout] error[E0432]: unresolved import `boulder`
[INFO] [stdout]  --> src/lib.rs:222:5
[INFO] [stdout]   |
[INFO] [stdout] 3 | use boulder::{Generatable, Generator, Repeat};
[INFO] [stdout]   |     ^^^^^^^ use of undeclared crate or module `boulder`
[INFO] [stdout] 
[INFO] [stdout] error: cannot determine resolution for the derive macro `Generatable`
[INFO] [stdout]  --> src/lib.rs:224:10
[INFO] [stdout]   |
[INFO] [stdout] 5 | #[derive(Generatable)]
[INFO] [stdout]   |          ^^^^^^^^^^^
[INFO] [stdout]   |
[INFO] [stdout]   = note: import resolution is stuck, try simplifying macro imports
[INFO] [stdout] 
[INFO] [stdout] error: cannot find attribute `boulder` in this scope
[INFO] [stdout]  --> src/lib.rs:226:6
[INFO] [stdout]   |
[INFO] [stdout] 7 |    #[boulder(generator=Repeat!("hi", "bye"))]
[INFO] [stdout]   |      ^^^^^^^
[INFO] [stdout] 
[INFO] [stdout] error[E0599]: no function or associated item named `generator` found for struct `Foo` in the current scope
[INFO] [stdout]   --> src/lib.rs:230:18
[INFO] [stdout]    |
[INFO] [stdout] 6  | struct Foo {
[INFO] [stdout]    | ---------- function or associated item `generator` not found for this struct
[INFO] [stdout] ...
[INFO] [stdout] 11 | let mut g = Foo::generator();
[INFO] [stdout]    |                  ^^^^^^^^^ function or associated item not found in `Foo`
[INFO] [stdout] 
[INFO] [stdout] error: aborting due to 4 previous errors
[INFO] [stdout] 
[INFO] [stdout] Some errors have detailed explanations: E0432, E0599.
[INFO] [stdout] For more information about an error, try `rustc --explain E0432`.
[INFO] [stdout] Couldn't compile the test.
[INFO] [stdout] ---- src/lib.rs - generatable (line 135) stdout ----
[INFO] [stdout] error[E0432]: unresolved import `boulder`
[INFO] [stdout]  --> src/lib.rs:136:5
[INFO] [stdout]   |
[INFO] [stdout] 3 | use boulder::{Generatable, Generator, Inc};
[INFO] [stdout]   |     ^^^^^^^ use of undeclared crate or module `boulder`
[INFO] [stdout] 
[INFO] [stdout] error: cannot determine resolution for the derive macro `Generatable`
[INFO] [stdout]  --> src/lib.rs:138:10
[INFO] [stdout]   |
[INFO] [stdout] 5 | #[derive(Generatable)]
[INFO] [stdout]   |          ^^^^^^^^^^^
[INFO] [stdout]   |
[INFO] [stdout]   = note: import resolution is stuck, try simplifying macro imports
[INFO] [stdout] 
[INFO] [stdout] error: cannot find attribute `boulder` in this scope
[INFO] [stdout]   --> src/lib.rs:143:5
[INFO] [stdout]    |
[INFO] [stdout] 10 |   #[boulder(generator=Inc(5))]
[INFO] [stdout]    |     ^^^^^^^
[INFO] [stdout] 
[INFO] [stdout] error: cannot determine resolution for the derive macro `Generatable`
[INFO] [stdout]   --> src/lib.rs:147:10
[INFO] [stdout]    |
[INFO] [stdout] 14 | #[derive(Generatable)]
[INFO] [stdout]    |          ^^^^^^^^^^^
[INFO] [stdout]    |
[INFO] [stdout]    = note: import resolution is stuck, try simplifying macro imports
[INFO] [stdout] 
[INFO] [stdout] error: cannot find attribute `boulder` in this scope
[INFO] [stdout]   --> src/lib.rs:150:5
[INFO] [stdout]    |
[INFO] [stdout] 17 |   #[boulder(generatable)]
[INFO] [stdout]    |     ^^^^^^^
[INFO] [stdout] 
[INFO] [stdout] error: cannot find attribute `boulder` in this scope
[INFO] [stdout]   --> src/lib.rs:153:5
[INFO] [stdout]    |
[INFO] [stdout] 20 |   #[boulder(generatable(a=Inc(1)))]
[INFO] [stdout]    |     ^^^^^^^
[INFO] [stdout] 
[INFO] [stdout] error: cannot find attribute `boulder` in this scope
[INFO] [stdout]   --> src/lib.rs:157:5
[INFO] [stdout]    |
[INFO] [stdout] 24 |   #[boulder(generatable, sequence_generator=Inc(0usize))]
[INFO] [stdout]    |     ^^^^^^^
[INFO] [stdout] 
[INFO] [stdout] error: cannot find attribute `boulder` in this scope
[INFO] [stdout]   --> src/lib.rs:160:5
[INFO] [stdout]    |
[INFO] [stdout] 27 |   #[boulder(sequence=1)]
[INFO] [stdout]    |     ^^^^^^^
[INFO] [stdout] 
[INFO] [stdout] error[E0599]: no function or associated item named `generator` found for struct `Bar` in the current scope
[INFO] [stdout]   --> src/lib.rs:164:20
[INFO] [stdout]    |
[INFO] [stdout] 15 | struct Bar {
[INFO] [stdout]    | ---------- function or associated item `generator` not found for this struct
[INFO] [stdout] ...
[INFO] [stdout] 31 | let mut gen = Bar::generator();
[INFO] [stdout]    |                    ^^^^^^^^^ function or associated item not found in `Bar`
[INFO] [stdout] 
[INFO] [stdout] error: aborting due to 9 previous errors
[INFO] [stdout] 
[INFO] [stdout] Some errors have detailed explanations: E0432, E0599.
[INFO] [stdout] For more information about an error, try `rustc --explain E0432`.
[INFO] [stdout] Couldn't compile the test.
[INFO] [stdout] 
[INFO] [stdout] failures:
[INFO] [stdout]     src/lib.rs - builder (line 43)
[INFO] [stdout]     src/lib.rs - generatable (line 135)
[INFO] [stdout]     src/lib.rs - repeat (line 221)
[INFO] [stdout]     src/lib.rs - string_pattern (line 201)
[INFO] [stdout] 
[INFO] [stdout] test result: FAILED. 0 passed; 4 failed; 0 ignored; 0 measured; 0 filtered out; finished in 0.16s
[INFO] [stdout] 
[INFO] [stderr] error: doctest failed, to rerun pass `--doc`
[INFO] running `Command { std: "docker" "inspect" "637371bf0f3d60a66daba27a54d0df2a9d92860919bad38375150a5139fc9897", kill_on_drop: false }`
[INFO] running `Command { std: "docker" "rm" "-f" "637371bf0f3d60a66daba27a54d0df2a9d92860919bad38375150a5139fc9897", kill_on_drop: false }`
[INFO] [stdout] 637371bf0f3d60a66daba27a54d0df2a9d92860919bad38375150a5139fc9897
