[INFO] fetching crate bottomless-pit 0.1.0...
[INFO] testing bottomless-pit-0.1.0 against 1.69.0 for beta-1.70-1
[INFO] extracting crate bottomless-pit 0.1.0 into /workspace/builds/worker-7-tc1/source
[INFO] validating manifest of crates.io crate bottomless-pit 0.1.0 on toolchain 1.69.0
[INFO] running `Command { std: CARGO_HOME="/workspace/cargo-home" RUSTUP_HOME="/workspace/rustup-home" "/workspace/cargo-home/bin/cargo" "+1.69.0" "metadata" "--manifest-path" "Cargo.toml" "--no-deps", kill_on_drop: false }`
[INFO] started tweaking crates.io crate bottomless-pit 0.1.0
[INFO] finished tweaking crates.io crate bottomless-pit 0.1.0
[INFO] tweaked toml for crates.io crate bottomless-pit 0.1.0 written to /workspace/builds/worker-7-tc1/source/Cargo.toml
[INFO] running `Command { std: CARGO_HOME="/workspace/cargo-home" RUSTUP_HOME="/workspace/rustup-home" __CARGO_TEST_CHANNEL_OVERRIDE_DO_NOT_USE_THIS="nightly" "/workspace/cargo-home/bin/cargo" "+1.69.0" "generate-lockfile" "--manifest-path" "Cargo.toml" "-Zno-index-update", kill_on_drop: false }`
[INFO] [stderr]     Blocking waiting for file lock on package cache
[INFO] running `Command { std: CARGO_HOME="/workspace/cargo-home" RUSTUP_HOME="/workspace/rustup-home" "/workspace/cargo-home/bin/cargo" "+1.69.0" "fetch" "--manifest-path" "Cargo.toml", kill_on_drop: false }`
[INFO] [stderr]  Downloading crates ...
[INFO] [stderr]   Downloaded pollster v0.2.5
[INFO] [stderr]   Downloaded glyph_brush v0.7.7
[INFO] running `Command { std: "docker" "create" "-v" "/var/lib/crater-agent-workspace/builds/worker-7-tc1/target:/opt/rustwide/target:rw,Z" "-v" "/var/lib/crater-agent-workspace/builds/worker-7-tc1/source:/opt/rustwide/workdir:ro,Z" "-v" "/var/lib/crater-agent-workspace/cargo-home:/opt/rustwide/cargo-home:ro,Z" "-v" "/var/lib/crater-agent-workspace/rustup-home:/opt/rustwide/rustup-home:ro,Z" "-e" "SOURCE_DIR=/opt/rustwide/workdir" "-e" "CARGO_TARGET_DIR=/opt/rustwide/target" "-e" "CARGO_HOME=/opt/rustwide/cargo-home" "-e" "RUSTUP_HOME=/opt/rustwide/rustup-home" "-w" "/opt/rustwide/workdir" "-m" "1610612736" "--user" "0:0" "--network" "none" "ghcr.io/rust-lang/crates-build-env/linux@sha256:5ff2268d62e97bff2cde7d5815dd6ed5b47097566f13b8d0ca110b04b60e07ed" "/opt/rustwide/cargo-home/bin/cargo" "+1.69.0" "metadata" "--no-deps" "--format-version=1", kill_on_drop: false }`
[INFO] [stdout] 6dbc563d2df83d53d50bcf3ea1fac0f7d8472b3aebeeb9a2d5cdc8a12ab136f5
[INFO] running `Command { std: "docker" "start" "-a" "6dbc563d2df83d53d50bcf3ea1fac0f7d8472b3aebeeb9a2d5cdc8a12ab136f5", kill_on_drop: false }`
[INFO] running `Command { std: "docker" "inspect" "6dbc563d2df83d53d50bcf3ea1fac0f7d8472b3aebeeb9a2d5cdc8a12ab136f5", kill_on_drop: false }`
[INFO] running `Command { std: "docker" "rm" "-f" "6dbc563d2df83d53d50bcf3ea1fac0f7d8472b3aebeeb9a2d5cdc8a12ab136f5", kill_on_drop: false }`
[INFO] [stdout] 6dbc563d2df83d53d50bcf3ea1fac0f7d8472b3aebeeb9a2d5cdc8a12ab136f5
[INFO] running `Command { std: "docker" "create" "-v" "/var/lib/crater-agent-workspace/builds/worker-7-tc1/target:/opt/rustwide/target:rw,Z" "-v" "/var/lib/crater-agent-workspace/builds/worker-7-tc1/source:/opt/rustwide/workdir:ro,Z" "-v" "/var/lib/crater-agent-workspace/cargo-home:/opt/rustwide/cargo-home:ro,Z" "-v" "/var/lib/crater-agent-workspace/rustup-home:/opt/rustwide/rustup-home:ro,Z" "-e" "SOURCE_DIR=/opt/rustwide/workdir" "-e" "CARGO_TARGET_DIR=/opt/rustwide/target" "-e" "CARGO_INCREMENTAL=0" "-e" "RUST_BACKTRACE=full" "-e" "RUSTFLAGS=--cap-lints=warn" "-e" "RUSTDOCFLAGS=--cap-lints=warn" "-e" "CARGO_HOME=/opt/rustwide/cargo-home" "-e" "RUSTUP_HOME=/opt/rustwide/rustup-home" "-w" "/opt/rustwide/workdir" "-m" "1610612736" "--user" "0:0" "--network" "none" "ghcr.io/rust-lang/crates-build-env/linux@sha256:5ff2268d62e97bff2cde7d5815dd6ed5b47097566f13b8d0ca110b04b60e07ed" "/opt/rustwide/cargo-home/bin/cargo" "+1.69.0" "build" "--frozen" "--message-format=json", kill_on_drop: false }`
[INFO] [stdout] b8828a309141e7f05e01470a3e7013a5ad47f0d0fd13ae15c55043ad5c251d16
[INFO] running `Command { std: "docker" "start" "-a" "b8828a309141e7f05e01470a3e7013a5ad47f0d0fd13ae15c55043ad5c251d16", kill_on_drop: false }`
[INFO] [stderr]    Compiling autocfg v1.1.0
[INFO] [stderr]    Compiling libc v0.2.142
[INFO] [stderr]    Compiling proc-macro2 v1.0.56
[INFO] [stderr]    Compiling quote v1.0.26
[INFO] [stderr]    Compiling unicode-ident v1.0.8
[INFO] [stderr]    Compiling version_check v0.9.4
[INFO] [stderr]    Compiling once_cell v1.17.1
[INFO] [stderr]    Compiling pkg-config v0.3.26
[INFO] [stderr]    Compiling xml-rs v0.8.4
[INFO] [stderr]    Compiling smallvec v1.10.0
[INFO] [stderr]    Compiling log v0.4.17
[INFO] [stderr]    Compiling scopeguard v1.1.0
[INFO] [stderr]    Compiling memchr v2.5.0
[INFO] [stderr]    Compiling thiserror v1.0.40
[INFO] [stderr]    Compiling libloading v0.7.4
[INFO] [stderr]    Compiling crossbeam-utils v0.8.15
[INFO] [stderr]    Compiling crc32fast v1.3.2
[INFO] [stderr]    Compiling simd-adler32 v0.3.5
[INFO] [stderr]    Compiling dlib v0.5.0
[INFO] [stderr]    Compiling ttf-parser v0.19.0
[INFO] [stderr]    Compiling miniz_oxide v0.7.1
[INFO] [stderr]    Compiling parking_lot_core v0.9.7
[INFO] [stderr]    Compiling ab_glyph_rasterizer v0.1.8
[INFO] [stderr]    Compiling num-traits v0.2.15
[INFO] [stderr]    Compiling memoffset v0.6.5
[INFO] [stderr]    Compiling memoffset v0.8.0
[INFO] [stderr]    Compiling ahash v0.7.6
[INFO] [stderr]    Compiling crossbeam-epoch v0.9.14
[INFO] [stderr]    Compiling wayland-sys v0.29.5
[INFO] [stderr]    Compiling slotmap v1.0.6
[INFO] [stderr]    Compiling lock_api v0.4.9
[INFO] [stderr]    Compiling indexmap v1.9.3
[INFO] [stderr]    Compiling termcolor v1.2.0
[INFO] [stderr]    Compiling scoped-tls v1.0.1
[INFO] [stderr]    Compiling arrayvec v0.7.2
[INFO] [stderr]    Compiling rustc-hash v1.1.0
[INFO] [stderr]    Compiling nom v7.1.3
[INFO] [stderr]    Compiling syn v2.0.15
[INFO] [stderr]    Compiling wayland-scanner v0.29.5
[INFO] [stderr]    Compiling flate2 v1.0.26
[INFO] [stderr]    Compiling fdeflate v0.3.0
[INFO] [stderr]    Compiling rayon-core v1.11.0
[INFO] [stderr]    Compiling unicode-width v0.1.10
[INFO] [stderr]    Compiling khronos-egl v4.1.0
[INFO] [stderr]    Compiling io-lifetimes v1.0.10
[INFO] [stderr]    Compiling ash v0.37.2+1.3.238
[INFO] [stderr]    Compiling bit-vec v0.6.3
[INFO] [stderr]    Compiling crossbeam-deque v0.8.3
[INFO] [stderr]    Compiling codespan-reporting v0.11.1
[INFO] [stderr]    Compiling png v0.17.8
[INFO] [stderr]    Compiling getrandom v0.2.9
[INFO] [stderr]    Compiling nix v0.24.3
[INFO] [stderr]    Compiling bit-set v0.5.3
[INFO] [stderr]    Compiling rand_core v0.6.4
[INFO] [stderr]    Compiling num_cpus v1.15.0
[INFO] [stderr]    Compiling nix v0.25.1
[INFO] [stderr]    Compiling crossbeam-channel v0.5.8
[INFO] [stderr]    Compiling hashbrown v0.12.3
[INFO] [stderr]    Compiling spirv v0.2.0+1.5.4
[INFO] [stderr]    Compiling smithay-client-toolkit v0.16.0
[INFO] [stderr]    Compiling num-integer v0.1.45
[INFO] [stderr]    Compiling owned_ttf_parser v0.19.0
[INFO] [stderr]    Compiling gpu-alloc-types v0.2.0
[INFO] [stderr]    Compiling ab_glyph v0.2.21
[INFO] [stderr]    Compiling gpu-descriptor-types v0.1.1
[INFO] [stderr]    Compiling raw-window-handle v0.5.2
[INFO] [stderr]    Compiling wayland-client v0.29.5
[INFO] [stderr]    Compiling wayland-protocols v0.29.5
[INFO] [stderr]    Compiling hexf-parse v0.2.1
[INFO] [stderr]    Compiling arrayref v0.3.7
[INFO] [stderr]    Compiling strict-num v0.1.0
[INFO] [stderr]    Compiling vec_map v0.8.2
[INFO] [stderr]    Compiling rustix v0.37.18
[INFO] [stderr]    Compiling xcursor v0.3.4
[INFO] [stderr]    Compiling ppv-lite86 v0.2.17
[INFO] [stderr]    Compiling unicode-xid v0.2.4
[INFO] [stderr]    Compiling gpu-descriptor v0.2.3
[INFO] [stderr]    Compiling gpu-alloc v0.5.3
[INFO] [stderr]    Compiling parking_lot v0.12.1
[INFO] [stderr]    Compiling memmap2 v0.5.10
[INFO] [stderr]    Compiling rand_chacha v0.3.1
[INFO] [stderr]    Compiling wayland-commons v0.29.5
[INFO] [stderr]    Compiling fxhash v0.2.1
[INFO] [stderr]    Compiling x11-dl v2.21.0
[INFO] [stderr]    Compiling num-rational v0.4.1
[INFO] [stderr]    Compiling wgpu-types v0.15.2
[INFO] [stderr]    Compiling glow v0.12.1
[INFO] [stderr]    Compiling renderdoc-sys v0.7.1
[INFO] [stderr]    Compiling cfg_aliases v0.1.1
[INFO] [stderr]    Compiling profiling v1.0.8
[INFO] [stderr]    Compiling linux-raw-sys v0.3.6
[INFO] [stderr]    Compiling static_assertions v1.1.0
[INFO] [stderr]    Compiling either v1.8.1
[INFO] [stderr]    Compiling winit v0.28.3
[INFO] [stderr]    Compiling thiserror-impl v1.0.40
[INFO] [stderr]    Compiling bytemuck_derive v1.4.1
[INFO] [stderr]    Compiling rayon v1.7.0
[INFO] [stderr]    Compiling rand v0.8.5
[INFO] [stderr]    Compiling approx v0.5.1
[INFO] [stderr]    Compiling aho-corasick v1.0.1
[INFO] [stderr]    Compiling linked-hash-map v0.5.6
[INFO] [stderr]    Compiling cgmath v0.18.0
[INFO] [stderr]    Compiling xi-unicode v0.3.0
[INFO] [stderr]    Compiling regex-syntax v0.7.1
[INFO] [stderr]    Compiling glyph_brush_layout v0.2.3
[INFO] [stderr]    Compiling twox-hash v1.6.3
[INFO] [stderr]    Compiling bytemuck v1.13.1
[INFO] [stderr]    Compiling ordered-float v3.7.0
[INFO] [stderr]    Compiling approx v0.4.0
[INFO] [stderr]    Compiling mio v0.8.6
[INFO] [stderr]    Compiling instant v0.1.12
[INFO] [stderr]    Compiling wayland-cursor v0.29.5
[INFO] [stderr]    Compiling tiny-skia-path v0.8.4
[INFO] [stderr]    Compiling jpeg-decoder v0.3.0
[INFO] [stderr]    Compiling color_quant v1.1.0
[INFO] [stderr]    Compiling percent-encoding v2.2.0
[INFO] [stderr]    Compiling is-terminal v0.4.7
[INFO] [stderr]    Compiling pollster v0.2.5
[INFO] [stderr]    Compiling tiny-skia v0.8.4
[INFO] [stderr]    Compiling calloop v0.10.5
[INFO] [stderr]    Compiling naga v0.11.0
[INFO] [stderr]    Compiling regex v1.8.1
[INFO] [stderr]    Compiling glyph_brush_draw_cache v0.1.5
[INFO] [stderr]    Compiling image v0.24.6
[INFO] [stderr]    Compiling glyph_brush v0.7.7
[INFO] [stderr]    Compiling env_logger v0.10.0
[INFO] [stderr]    Compiling wgpu-hal v0.15.4
[INFO] [stderr]    Compiling wgpu-core v0.15.1
[INFO] [stderr]    Compiling wgpu v0.15.1
[INFO] [stderr]    Compiling sctk-adwaita v0.5.4
[INFO] [stderr]    Compiling bottomless-pit v0.1.0 (/opt/rustwide/workdir)
[INFO] [stderr]     Finished dev [unoptimized + debuginfo] target(s) in 1m 07s
[INFO] running `Command { std: "docker" "inspect" "b8828a309141e7f05e01470a3e7013a5ad47f0d0fd13ae15c55043ad5c251d16", kill_on_drop: false }`
[INFO] running `Command { std: "docker" "rm" "-f" "b8828a309141e7f05e01470a3e7013a5ad47f0d0fd13ae15c55043ad5c251d16", kill_on_drop: false }`
[INFO] [stdout] b8828a309141e7f05e01470a3e7013a5ad47f0d0fd13ae15c55043ad5c251d16
[INFO] running `Command { std: "docker" "create" "-v" "/var/lib/crater-agent-workspace/builds/worker-7-tc1/target:/opt/rustwide/target:rw,Z" "-v" "/var/lib/crater-agent-workspace/builds/worker-7-tc1/source:/opt/rustwide/workdir:ro,Z" "-v" "/var/lib/crater-agent-workspace/cargo-home:/opt/rustwide/cargo-home:ro,Z" "-v" "/var/lib/crater-agent-workspace/rustup-home:/opt/rustwide/rustup-home:ro,Z" "-e" "SOURCE_DIR=/opt/rustwide/workdir" "-e" "CARGO_TARGET_DIR=/opt/rustwide/target" "-e" "CARGO_INCREMENTAL=0" "-e" "RUST_BACKTRACE=full" "-e" "RUSTFLAGS=--cap-lints=warn" "-e" "RUSTDOCFLAGS=--cap-lints=warn" "-e" "CARGO_HOME=/opt/rustwide/cargo-home" "-e" "RUSTUP_HOME=/opt/rustwide/rustup-home" "-w" "/opt/rustwide/workdir" "-m" "1610612736" "--user" "0:0" "--network" "none" "ghcr.io/rust-lang/crates-build-env/linux@sha256:5ff2268d62e97bff2cde7d5815dd6ed5b47097566f13b8d0ca110b04b60e07ed" "/opt/rustwide/cargo-home/bin/cargo" "+1.69.0" "test" "--frozen" "--no-run" "--message-format=json", kill_on_drop: false }`
[INFO] [stdout] 489294ab20e3b7a1f0e713bd76c6a2d611e9b038da8a89572617da89a1065d94
[INFO] running `Command { std: "docker" "start" "-a" "489294ab20e3b7a1f0e713bd76c6a2d611e9b038da8a89572617da89a1065d94", kill_on_drop: false }`
[INFO] [stderr]    Compiling bottomless-pit v0.1.0 (/opt/rustwide/workdir)
[INFO] [stderr]     Finished test [unoptimized + debuginfo] target(s) in 2.67s
[INFO] running `Command { std: "docker" "inspect" "489294ab20e3b7a1f0e713bd76c6a2d611e9b038da8a89572617da89a1065d94", kill_on_drop: false }`
[INFO] running `Command { std: "docker" "rm" "-f" "489294ab20e3b7a1f0e713bd76c6a2d611e9b038da8a89572617da89a1065d94", kill_on_drop: false }`
[INFO] [stdout] 489294ab20e3b7a1f0e713bd76c6a2d611e9b038da8a89572617da89a1065d94
[INFO] running `Command { std: "docker" "create" "-v" "/var/lib/crater-agent-workspace/builds/worker-7-tc1/target:/opt/rustwide/target:rw,Z" "-v" "/var/lib/crater-agent-workspace/builds/worker-7-tc1/source:/opt/rustwide/workdir:ro,Z" "-v" "/var/lib/crater-agent-workspace/cargo-home:/opt/rustwide/cargo-home:ro,Z" "-v" "/var/lib/crater-agent-workspace/rustup-home:/opt/rustwide/rustup-home:ro,Z" "-e" "SOURCE_DIR=/opt/rustwide/workdir" "-e" "CARGO_TARGET_DIR=/opt/rustwide/target" "-e" "CARGO_INCREMENTAL=0" "-e" "RUST_BACKTRACE=full" "-e" "RUSTFLAGS=--cap-lints=warn" "-e" "RUSTDOCFLAGS=--cap-lints=warn" "-e" "CARGO_HOME=/opt/rustwide/cargo-home" "-e" "RUSTUP_HOME=/opt/rustwide/rustup-home" "-w" "/opt/rustwide/workdir" "-m" "1610612736" "--user" "0:0" "--network" "none" "ghcr.io/rust-lang/crates-build-env/linux@sha256:5ff2268d62e97bff2cde7d5815dd6ed5b47097566f13b8d0ca110b04b60e07ed" "/opt/rustwide/cargo-home/bin/cargo" "+1.69.0" "test" "--frozen", kill_on_drop: false }`
[INFO] [stdout] 269bf5d0fe4a8c9b327b19f2f0f346f45400eff59bb52d03d54891605a1f6610
[INFO] running `Command { std: "docker" "start" "-a" "269bf5d0fe4a8c9b327b19f2f0f346f45400eff59bb52d03d54891605a1f6610", kill_on_drop: false }`
[INFO] [stderr]     Finished test [unoptimized + debuginfo] target(s) in 0.12s
[INFO] [stderr]      Running unittests src/lib.rs (/opt/rustwide/target/debug/deps/bottomless_pit-ad7e337de6ccdc9d)
[INFO] [stdout] 
[INFO] [stdout] running 0 tests
[INFO] [stdout] 
[INFO] [stdout] test result: ok. 0 passed; 0 failed; 0 ignored; 0 measured; 0 filtered out; finished in 0.00s
[INFO] [stdout] 
[INFO] [stderr]    Doc-tests bottomless-pit
[INFO] [stdout] 
[INFO] [stdout] running 3 tests
[INFO] [stdout] test src/engine_handle.rs - engine_handle::EngineBuilder::new (line 440) ... FAILED
[INFO] [stdout] test src/render.rs - render::Renderer::draw_textured_rectangle_with_uv (line 216) ... FAILED
[INFO] [stdout] test src/lib.rs - (line 9) - compile ... FAILED
[INFO] [stdout] 
[INFO] [stdout] failures:
[INFO] [stdout] 
[INFO] [stdout] ---- src/engine_handle.rs - engine_handle::EngineBuilder::new (line 440) stdout ----
[INFO] [stdout] error[E0433]: failed to resolve: use of undeclared type `Colour`
[INFO] [stdout]  --> src/engine_handle.rs:446:19
[INFO] [stdout]   |
[INFO] [stdout] 8 |     clear_colour: Colour::Black,
[INFO] [stdout]   |                   ^^^^^^ use of undeclared type `Colour`
[INFO] [stdout] 
[INFO] [stdout] error[E0411]: cannot find struct, variant or union type `Self` in this scope
[INFO] [stdout]  --> src/engine_handle.rs:441:1
[INFO] [stdout]   |
[INFO] [stdout] 2 | fn main() { #[allow(non_snake_case)] fn _doctest_main_src_engine_handle_rs_440_0() {
[INFO] [stdout]   |                                         ---------------------------------------- `Self` not allowed in a function
[INFO] [stdout] 3 | Self {
[INFO] [stdout]   | ^^^^ `Self` is only available in impls, traits, and type definitions
[INFO] [stdout] 
[INFO] [stdout] error: aborting due to 2 previous errors
[INFO] [stdout] 
[INFO] [stdout] Some errors have detailed explanations: E0411, E0433.
[INFO] [stdout] For more information about an error, try `rustc --explain E0411`.
[INFO] [stdout] Couldn't compile the test.
[INFO] [stdout] ---- src/render.rs - render::Renderer::draw_textured_rectangle_with_uv (line 216) stdout ----
[INFO] [stdout] error[E0425]: cannot find value `renderer` in this scope
[INFO] [stdout]  --> src/render.rs:217:1
[INFO] [stdout]   |
[INFO] [stdout] 3 | renderer.draw_textured_rectangle_with_uv(position, 100.0, 100.0, texture, Vec2{x: 0.0, y: 0.0}, Vec2{x: 100.0, y: 100.0})
[INFO] [stdout]   | ^^^^^^^^ not found in this scope
[INFO] [stdout] 
[INFO] [stdout] error[E0425]: cannot find value `position` in this scope
[INFO] [stdout]  --> src/render.rs:217:42
[INFO] [stdout]   |
[INFO] [stdout] 3 | renderer.draw_textured_rectangle_with_uv(position, 100.0, 100.0, texture, Vec2{x: 0.0, y: 0.0}, Vec2{x: 100.0, y: 100.0})
[INFO] [stdout]   |                                          ^^^^^^^^ not found in this scope
[INFO] [stdout] 
[INFO] [stdout] error[E0425]: cannot find value `texture` in this scope
[INFO] [stdout]  --> src/render.rs:217:66
[INFO] [stdout]   |
[INFO] [stdout] 3 | renderer.draw_textured_rectangle_with_uv(position, 100.0, 100.0, texture, Vec2{x: 0.0, y: 0.0}, Vec2{x: 100.0, y: 100.0})
[INFO] [stdout]   |                                                                  ^^^^^^^ not found in this scope
[INFO] [stdout] 
[INFO] [stdout] error[E0422]: cannot find struct, variant or union type `Vec2` in this scope
[INFO] [stdout]  --> src/render.rs:217:75
[INFO] [stdout]   |
[INFO] [stdout] 3 | renderer.draw_textured_rectangle_with_uv(position, 100.0, 100.0, texture, Vec2{x: 0.0, y: 0.0}, Vec2{x: 100.0, y: 100.0})
[INFO] [stdout]   |                                                                           ^^^^
[INFO] [stdout]  --> /rustc/84c898d65adf2f39a5a98507f1fe0ce10a2b8dbc/library/alloc/src/vec/mod.rs:400:1
[INFO] [stdout]   |
[INFO] [stdout]   = note: similarly named struct `Vec` defined here
[INFO] [stdout]   |
[INFO] [stdout] help: a struct with a similar name exists
[INFO] [stdout]   |
[INFO] [stdout] 3 | renderer.draw_textured_rectangle_with_uv(position, 100.0, 100.0, texture, Vec{x: 0.0, y: 0.0}, Vec2{x: 100.0, y: 100.0})
[INFO] [stdout]   |                                                                           ~~~
[INFO] [stdout] help: consider importing this struct
[INFO] [stdout]   |
[INFO] [stdout] 2 | use bottomless_pit::vectors::Vec2;
[INFO] [stdout]   |
[INFO] [stdout] 
[INFO] [stdout] error[E0422]: cannot find struct, variant or union type `Vec2` in this scope
[INFO] [stdout]  --> src/render.rs:217:97
[INFO] [stdout]   |
[INFO] [stdout] 3 | renderer.draw_textured_rectangle_with_uv(position, 100.0, 100.0, texture, Vec2{x: 0.0, y: 0.0}, Vec2{x: 100.0, y: 100.0})
[INFO] [stdout]   |                                                                                                 ^^^^
[INFO] [stdout]  --> /rustc/84c898d65adf2f39a5a98507f1fe0ce10a2b8dbc/library/alloc/src/vec/mod.rs:400:1
[INFO] [stdout]   |
[INFO] [stdout]   = note: similarly named struct `Vec` defined here
[INFO] [stdout]   |
[INFO] [stdout] help: a struct with a similar name exists
[INFO] [stdout]   |
[INFO] [stdout] 3 | renderer.draw_textured_rectangle_with_uv(position, 100.0, 100.0, texture, Vec2{x: 0.0, y: 0.0}, Vec{x: 100.0, y: 100.0})
[INFO] [stdout]   |                                                                                                 ~~~
[INFO] [stdout] help: consider importing this struct
[INFO] [stdout]   |
[INFO] [stdout] 2 | use bottomless_pit::vectors::Vec2;
[INFO] [stdout]   |
[INFO] [stdout] 
[INFO] [stdout] error: aborting due to 5 previous errors
[INFO] [stdout] 
[INFO] [stdout] Some errors have detailed explanations: E0422, E0425.
[INFO] [stdout] For more information about an error, try `rustc --explain E0422`.
[INFO] [stdout] Couldn't compile the test.
[INFO] [stdout] ---- src/lib.rs - (line 9) stdout ----
[INFO] [stdout] error[E0432]: unresolved import `bottomless_pit::EngineBuilder`
[INFO] [stdout]  --> src/lib.rs:10:30
[INFO] [stdout]   |
[INFO] [stdout] 3 | use bottomless_pit::{Engine, EngineBuilder, Renderer, Game};
[INFO] [stdout]   |                              ^^^^^^^^^^^^^ no `EngineBuilder` in the root
[INFO] [stdout]   |
[INFO] [stdout]   = help: consider importing this struct instead:
[INFO] [stdout]           bottomless_pit::engine_handle::EngineBuilder
[INFO] [stdout] 
[INFO] [stdout] error[E0603]: struct `Engine` is private
[INFO] [stdout]   --> src/lib.rs:10:22
[INFO] [stdout]    |
[INFO] [stdout] 3  | use bottomless_pit::{Engine, EngineBuilder, Renderer, Game};
[INFO] [stdout]    |                      ^^^^^^ private struct
[INFO] [stdout]    |
[INFO] [stdout] note: the struct `Engine` is defined here
[INFO] [stdout]   --> /opt/rustwide/workdir/src/lib.rs:54:5
[INFO] [stdout]    |
[INFO] [stdout] 54 | use engine_handle::Engine;
[INFO] [stdout]    |     ^^^^^^^^^^^^^^^^^^^^^
[INFO] [stdout] 
[INFO] [stdout] error[E0603]: struct `Renderer` is private
[INFO] [stdout]   --> src/lib.rs:10:45
[INFO] [stdout]    |
[INFO] [stdout] 3  | use bottomless_pit::{Engine, EngineBuilder, Renderer, Game};
[INFO] [stdout]    |                                             ^^^^^^^^ private struct
[INFO] [stdout]    |
[INFO] [stdout] note: the struct `Renderer` is defined here
[INFO] [stdout]   --> /opt/rustwide/workdir/src/lib.rs:55:5
[INFO] [stdout]    |
[INFO] [stdout] 55 | use render::Renderer;
[INFO] [stdout]    |     ^^^^^^^^^^^^^^^^
[INFO] [stdout] 
[INFO] [stdout] error: aborting due to 3 previous errors
[INFO] [stdout] 
[INFO] [stdout] Some errors have detailed explanations: E0432, E0603.
[INFO] [stdout] For more information about an error, try `rustc --explain E0432`.
[INFO] [stdout] Couldn't compile the test.
[INFO] [stdout] 
[INFO] [stdout] failures:
[INFO] [stdout]     src/engine_handle.rs - engine_handle::EngineBuilder::new (line 440)
[INFO] [stdout]     src/lib.rs - (line 9)
[INFO] [stdout]     src/render.rs - render::Renderer::draw_textured_rectangle_with_uv (line 216)
[INFO] [stdout] 
[INFO] [stdout] test result: FAILED. 0 passed; 3 failed; 0 ignored; 0 measured; 0 filtered out; finished in 0.06s
[INFO] [stdout] 
[INFO] [stderr] error: doctest failed, to rerun pass `--doc`
[INFO] running `Command { std: "docker" "inspect" "269bf5d0fe4a8c9b327b19f2f0f346f45400eff59bb52d03d54891605a1f6610", kill_on_drop: false }`
[INFO] running `Command { std: "docker" "rm" "-f" "269bf5d0fe4a8c9b327b19f2f0f346f45400eff59bb52d03d54891605a1f6610", kill_on_drop: false }`
[INFO] [stdout] 269bf5d0fe4a8c9b327b19f2f0f346f45400eff59bb52d03d54891605a1f6610
