[INFO] fetching crate boringtun 0.5.2...
[INFO] testing boringtun-0.5.2 against 1.69.0 for beta-1.70-1
[INFO] extracting crate boringtun 0.5.2 into /workspace/builds/worker-1-tc1/source
[INFO] validating manifest of crates.io crate boringtun 0.5.2 on toolchain 1.69.0
[INFO] running `Command { std: CARGO_HOME="/workspace/cargo-home" RUSTUP_HOME="/workspace/rustup-home" "/workspace/cargo-home/bin/cargo" "+1.69.0" "metadata" "--manifest-path" "Cargo.toml" "--no-deps", kill_on_drop: false }`
[INFO] started tweaking crates.io crate boringtun 0.5.2
[INFO] finished tweaking crates.io crate boringtun 0.5.2
[INFO] tweaked toml for crates.io crate boringtun 0.5.2 written to /workspace/builds/worker-1-tc1/source/Cargo.toml
[INFO] running `Command { std: CARGO_HOME="/workspace/cargo-home" RUSTUP_HOME="/workspace/rustup-home" __CARGO_TEST_CHANNEL_OVERRIDE_DO_NOT_USE_THIS="nightly" "/workspace/cargo-home/bin/cargo" "+1.69.0" "generate-lockfile" "--manifest-path" "Cargo.toml" "-Zno-index-update", kill_on_drop: false }`
[INFO] running `Command { std: CARGO_HOME="/workspace/cargo-home" RUSTUP_HOME="/workspace/rustup-home" "/workspace/cargo-home/bin/cargo" "+1.69.0" "fetch" "--manifest-path" "Cargo.toml", kill_on_drop: false }`
[INFO] [stderr]  Downloading crates ...
[INFO] [stderr]   Downloaded criterion-plot v0.4.5
[INFO] [stderr]   Downloaded poly1305 v0.8.0
[INFO] [stderr]   Downloaded universal-hash v0.5.0
[INFO] [stderr]   Downloaded untrusted v0.9.0
[INFO] [stderr]   Downloaded aead v0.5.2
[INFO] [stderr]   Downloaded ip_network_table v0.2.0
[INFO] [stderr]   Downloaded ip_network v0.4.1
[INFO] [stderr]   Downloaded ip_network_table-deps-treebitmap v0.5.0
[INFO] [stderr]   Downloaded platforms v3.0.2
[INFO] [stderr]   Downloaded chacha20poly1305 v0.10.1
[INFO] [stderr]   Downloaded x25519-dalek v2.0.0-rc.2
[INFO] [stderr]   Downloaded packed_simd_2 v0.3.8
[INFO] [stderr]   Downloaded criterion v0.3.6
[INFO] [stderr]   Downloaded fiat-crypto v0.1.20
[INFO] [stderr]   Downloaded curve25519-dalek v4.0.0-rc.2
[INFO] running `Command { std: "docker" "create" "-v" "/var/lib/crater-agent-workspace/builds/worker-1-tc1/target:/opt/rustwide/target:rw,Z" "-v" "/var/lib/crater-agent-workspace/builds/worker-1-tc1/source:/opt/rustwide/workdir:ro,Z" "-v" "/var/lib/crater-agent-workspace/cargo-home:/opt/rustwide/cargo-home:ro,Z" "-v" "/var/lib/crater-agent-workspace/rustup-home:/opt/rustwide/rustup-home:ro,Z" "-e" "SOURCE_DIR=/opt/rustwide/workdir" "-e" "CARGO_TARGET_DIR=/opt/rustwide/target" "-e" "CARGO_HOME=/opt/rustwide/cargo-home" "-e" "RUSTUP_HOME=/opt/rustwide/rustup-home" "-w" "/opt/rustwide/workdir" "-m" "1610612736" "--user" "0:0" "--network" "none" "ghcr.io/rust-lang/crates-build-env/linux@sha256:5ff2268d62e97bff2cde7d5815dd6ed5b47097566f13b8d0ca110b04b60e07ed" "/opt/rustwide/cargo-home/bin/cargo" "+1.69.0" "metadata" "--no-deps" "--format-version=1", kill_on_drop: false }`
[INFO] [stdout] 6e86d5ae347ca3878be5c48fd5131bb791129f44886acb64b1b0151152304ddc
[INFO] running `Command { std: "docker" "start" "-a" "6e86d5ae347ca3878be5c48fd5131bb791129f44886acb64b1b0151152304ddc", kill_on_drop: false }`
[INFO] running `Command { std: "docker" "inspect" "6e86d5ae347ca3878be5c48fd5131bb791129f44886acb64b1b0151152304ddc", kill_on_drop: false }`
[INFO] running `Command { std: "docker" "rm" "-f" "6e86d5ae347ca3878be5c48fd5131bb791129f44886acb64b1b0151152304ddc", kill_on_drop: false }`
[INFO] [stdout] 6e86d5ae347ca3878be5c48fd5131bb791129f44886acb64b1b0151152304ddc
[INFO] running `Command { std: "docker" "create" "-v" "/var/lib/crater-agent-workspace/builds/worker-1-tc1/target:/opt/rustwide/target:rw,Z" "-v" "/var/lib/crater-agent-workspace/builds/worker-1-tc1/source:/opt/rustwide/workdir:ro,Z" "-v" "/var/lib/crater-agent-workspace/cargo-home:/opt/rustwide/cargo-home:ro,Z" "-v" "/var/lib/crater-agent-workspace/rustup-home:/opt/rustwide/rustup-home:ro,Z" "-e" "SOURCE_DIR=/opt/rustwide/workdir" "-e" "CARGO_TARGET_DIR=/opt/rustwide/target" "-e" "CARGO_INCREMENTAL=0" "-e" "RUST_BACKTRACE=full" "-e" "RUSTFLAGS=--cap-lints=warn" "-e" "RUSTDOCFLAGS=--cap-lints=warn" "-e" "CARGO_HOME=/opt/rustwide/cargo-home" "-e" "RUSTUP_HOME=/opt/rustwide/rustup-home" "-w" "/opt/rustwide/workdir" "-m" "1610612736" "--user" "0:0" "--network" "none" "ghcr.io/rust-lang/crates-build-env/linux@sha256:5ff2268d62e97bff2cde7d5815dd6ed5b47097566f13b8d0ca110b04b60e07ed" "/opt/rustwide/cargo-home/bin/cargo" "+1.69.0" "build" "--frozen" "--message-format=json", kill_on_drop: false }`
[INFO] [stdout] 69f3395447fb9034717843d5def75e43e8a611a777649ff007daad67feca5ad1
[INFO] running `Command { std: "docker" "start" "-a" "69f3395447fb9034717843d5def75e43e8a611a777649ff007daad67feca5ad1", kill_on_drop: false }`
[INFO] [stderr]    Compiling libc v0.2.142
[INFO] [stderr]    Compiling cfg-if v1.0.0
[INFO] [stderr]    Compiling version_check v0.9.4
[INFO] [stderr]    Compiling typenum v1.16.0
[INFO] [stderr]    Compiling proc-macro2 v1.0.56
[INFO] [stderr]    Compiling quote v1.0.26
[INFO] [stderr]    Compiling unicode-ident v1.0.8
[INFO] [stderr]    Compiling subtle v2.4.1
[INFO] [stderr]    Compiling platforms v3.0.2
[INFO] [stderr]    Compiling autocfg v1.1.0
[INFO] [stderr]    Compiling parking_lot_core v0.9.7
[INFO] [stderr]    Compiling cpufeatures v0.2.7
[INFO] [stderr]    Compiling generic-array v0.14.7
[INFO] [stderr]    Compiling once_cell v1.17.1
[INFO] [stderr]    Compiling cc v1.0.79
[INFO] [stderr]    Compiling lock_api v0.4.9
[INFO] [stderr]    Compiling curve25519-dalek v4.0.0-rc.2
[INFO] [stderr]    Compiling opaque-debug v0.3.0
[INFO] [stderr]    Compiling smallvec v1.10.0
[INFO] [stderr]    Compiling scopeguard v1.1.0
[INFO] [stderr]    Compiling tracing-core v0.1.30
[INFO] [stderr]    Compiling ip_network v0.4.1
[INFO] [stderr]    Compiling syn v2.0.15
[INFO] [stderr]    Compiling pin-project-lite v0.2.9
[INFO] [stderr]    Compiling spin v0.5.2
[INFO] [stderr]    Compiling untrusted v0.7.1
[INFO] [stderr]    Compiling ip_network_table-deps-treebitmap v0.5.0
[INFO] [stderr]    Compiling untrusted v0.9.0
[INFO] [stderr]    Compiling base64 v0.13.1
[INFO] [stderr]    Compiling ring v0.16.20
[INFO] [stderr]    Compiling ip_network_table v0.2.0
[INFO] [stderr]    Compiling hex v0.4.3
[INFO] [stderr]    Compiling getrandom v0.2.9
[INFO] [stderr]    Compiling rand_core v0.6.4
[INFO] [stderr]    Compiling block-buffer v0.10.4
[INFO] [stderr]    Compiling inout v0.1.3
[INFO] [stderr]    Compiling parking_lot v0.12.1
[INFO] [stderr]    Compiling crypto-common v0.1.6
[INFO] [stderr]    Compiling digest v0.10.6
[INFO] [stderr]    Compiling universal-hash v0.5.0
[INFO] [stderr]    Compiling aead v0.5.2
[INFO] [stderr]    Compiling poly1305 v0.8.0
[INFO] [stderr]    Compiling blake2 v0.10.6
[INFO] [stderr]    Compiling hmac v0.12.1
[INFO] [stderr]    Compiling zeroize_derive v1.4.2
[INFO] [stderr]    Compiling tracing-attributes v0.1.24
[INFO] [stderr]    Compiling zeroize v1.6.0
[INFO] [stderr]    Compiling cipher v0.4.4
[INFO] [stderr]    Compiling chacha20 v0.9.1
[INFO] [stderr]    Compiling tracing v0.1.37
[INFO] [stderr]    Compiling chacha20poly1305 v0.10.1
[INFO] [stderr]    Compiling x25519-dalek v2.0.0-rc.2
[INFO] [stderr]    Compiling boringtun v0.5.2 (/opt/rustwide/workdir)
[INFO] [stdout] error[E0433]: failed to resolve: could not find `StaticSecret` in `x25519_dalek`
[INFO] [stdout]    --> src/device/api.rs:226:62
[INFO] [stdout]     |
[INFO] [stdout] 226 | ...                   device.set_key(x25519_dalek::StaticSecret::from(key_bytes.0))
[INFO] [stdout]     |                                                    ^^^^^^^^^^^^
[INFO] [stdout]     |                                                    |
[INFO] [stdout]     |                                                    could not find `StaticSecret` in `x25519_dalek`
[INFO] [stdout]     |                                                    help: a struct with a similar name exists: `SharedSecret`
[INFO] [stdout] 
[INFO] [stdout] 
[INFO] [stdout] error[E0412]: cannot find type `StaticSecret` in crate `x25519_dalek`
[INFO] [stdout]    --> src/device/mod.rs:118:37
[INFO] [stdout]     |
[INFO] [stdout] 118 |     key_pair: Option<(x25519_dalek::StaticSecret, x25519_dalek::PublicKey)>,
[INFO] [stdout]     |                                     ^^^^^^^^^^^^ help: a struct with a similar name exists: `SharedSecret`
[INFO] [stdout]     |
[INFO] [stdout]    ::: /opt/rustwide/cargo-home/registry/src/github.com-1ecc6299db9ec823/x25519-dalek-2.0.0-rc.2/src/x25519.rs:282:1
[INFO] [stdout]     |
[INFO] [stdout] 282 | pub struct SharedSecret(pub(crate) MontgomeryPoint);
[INFO] [stdout]     | ----------------------- similarly named struct `SharedSecret` defined here
[INFO] [stdout] 
[INFO] [stdout] 
[INFO] [stdout] error[E0412]: cannot find type `StaticSecret` in crate `x25519_dalek`
[INFO] [stdout]    --> src/device/mod.rs:444:54
[INFO] [stdout]     |
[INFO] [stdout] 444 |     fn set_key(&mut self, private_key: x25519_dalek::StaticSecret) {
[INFO] [stdout]     |                                                      ^^^^^^^^^^^^ help: a struct with a similar name exists: `SharedSecret`
[INFO] [stdout]     |
[INFO] [stdout]    ::: /opt/rustwide/cargo-home/registry/src/github.com-1ecc6299db9ec823/x25519-dalek-2.0.0-rc.2/src/x25519.rs:282:1
[INFO] [stdout]     |
[INFO] [stdout] 282 | pub struct SharedSecret(pub(crate) MontgomeryPoint);
[INFO] [stdout]     | ----------------------- similarly named struct `SharedSecret` defined here
[INFO] [stdout] 
[INFO] [stdout] 
[INFO] [stdout] error[E0412]: cannot find type `StaticSecret` in crate `x25519_dalek`
[INFO] [stdout]    --> src/noise/handshake.rs:230:35
[INFO] [stdout]     |
[INFO] [stdout] 230 |     static_private: x25519_dalek::StaticSecret,
[INFO] [stdout]     |                                   ^^^^^^^^^^^^ help: a struct with a similar name exists: `SharedSecret`
[INFO] [stdout]     |
[INFO] [stdout]    ::: /opt/rustwide/cargo-home/registry/src/github.com-1ecc6299db9ec823/x25519-dalek-2.0.0-rc.2/src/x25519.rs:282:1
[INFO] [stdout]     |
[INFO] [stdout] 282 | pub struct SharedSecret(pub(crate) MontgomeryPoint);
[INFO] [stdout]     | ----------------------- similarly named struct `SharedSecret` defined here
[INFO] [stdout] 
[INFO] [stdout] 
[INFO] [stdout] error[E0412]: cannot find type `StaticSecret` in crate `x25519_dalek`
[INFO] [stdout]    --> src/noise/handshake.rs:321:36
[INFO] [stdout]     |
[INFO] [stdout] 321 |     static_private: &x25519_dalek::StaticSecret,
[INFO] [stdout]     |                                    ^^^^^^^^^^^^ help: a struct with a similar name exists: `SharedSecret`
[INFO] [stdout]     |
[INFO] [stdout]    ::: /opt/rustwide/cargo-home/registry/src/github.com-1ecc6299db9ec823/x25519-dalek-2.0.0-rc.2/src/x25519.rs:282:1
[INFO] [stdout]     |
[INFO] [stdout] 282 | pub struct SharedSecret(pub(crate) MontgomeryPoint);
[INFO] [stdout]     | ----------------------- similarly named struct `SharedSecret` defined here
[INFO] [stdout] 
[INFO] [stdout] 
[INFO] [stdout] error[E0412]: cannot find type `StaticSecret` in crate `x25519_dalek`
[INFO] [stdout]    --> src/noise/handshake.rs:368:39
[INFO] [stdout]     |
[INFO] [stdout] 368 |         static_private: x25519_dalek::StaticSecret,
[INFO] [stdout]     |                                       ^^^^^^^^^^^^ help: a struct with a similar name exists: `SharedSecret`
[INFO] [stdout]     |
[INFO] [stdout]    ::: /opt/rustwide/cargo-home/registry/src/github.com-1ecc6299db9ec823/x25519-dalek-2.0.0-rc.2/src/x25519.rs:282:1
[INFO] [stdout]     |
[INFO] [stdout] 282 | pub struct SharedSecret(pub(crate) MontgomeryPoint);
[INFO] [stdout]     | ----------------------- similarly named struct `SharedSecret` defined here
[INFO] [stdout] 
[INFO] [stdout] 
[INFO] [stdout] error[E0412]: cannot find type `StaticSecret` in crate `x25519_dalek`
[INFO] [stdout]    --> src/noise/handshake.rs:390:39
[INFO] [stdout]     |
[INFO] [stdout] 390 |         static_private: x25519_dalek::StaticSecret,
[INFO] [stdout]     |                                       ^^^^^^^^^^^^ help: a struct with a similar name exists: `SharedSecret`
[INFO] [stdout]     |
[INFO] [stdout]    ::: /opt/rustwide/cargo-home/registry/src/github.com-1ecc6299db9ec823/x25519-dalek-2.0.0-rc.2/src/x25519.rs:282:1
[INFO] [stdout]     |
[INFO] [stdout] 282 | pub struct SharedSecret(pub(crate) MontgomeryPoint);
[INFO] [stdout]     | ----------------------- similarly named struct `SharedSecret` defined here
[INFO] [stdout] 
[INFO] [stdout] 
[INFO] [stdout] error[E0412]: cannot find type `StaticSecret` in crate `x25519_dalek`
[INFO] [stdout]    --> src/noise/handshake.rs:407:39
[INFO] [stdout]     |
[INFO] [stdout] 407 |         static_private: x25519_dalek::StaticSecret,
[INFO] [stdout]     |                                       ^^^^^^^^^^^^ help: a struct with a similar name exists: `SharedSecret`
[INFO] [stdout]     |
[INFO] [stdout]    ::: /opt/rustwide/cargo-home/registry/src/github.com-1ecc6299db9ec823/x25519-dalek-2.0.0-rc.2/src/x25519.rs:282:1
[INFO] [stdout]     |
[INFO] [stdout] 282 | pub struct SharedSecret(pub(crate) MontgomeryPoint);
[INFO] [stdout]     | ----------------------- similarly named struct `SharedSecret` defined here
[INFO] [stdout] 
[INFO] [stdout] 
[INFO] [stdout] error[E0412]: cannot find type `StaticSecret` in crate `x25519_dalek`
[INFO] [stdout]    --> src/noise/handshake.rs:470:36
[INFO] [stdout]     |
[INFO] [stdout] 470 |         private_key: x25519_dalek::StaticSecret,
[INFO] [stdout]     |                                    ^^^^^^^^^^^^ help: a struct with a similar name exists: `SharedSecret`
[INFO] [stdout]     |
[INFO] [stdout]    ::: /opt/rustwide/cargo-home/registry/src/github.com-1ecc6299db9ec823/x25519-dalek-2.0.0-rc.2/src/x25519.rs:282:1
[INFO] [stdout]     |
[INFO] [stdout] 282 | pub struct SharedSecret(pub(crate) MontgomeryPoint);
[INFO] [stdout]     | ----------------------- similarly named struct `SharedSecret` defined here
[INFO] [stdout] 
[INFO] [stdout] 
[INFO] [stdout] error[E0412]: cannot find type `StaticSecret` in crate `x25519_dalek`
[INFO] [stdout]    --> src/noise/mod.rs:133:39
[INFO] [stdout]     |
[INFO] [stdout] 133 |         static_private: x25519_dalek::StaticSecret,
[INFO] [stdout]     |                                       ^^^^^^^^^^^^ help: a struct with a similar name exists: `SharedSecret`
[INFO] [stdout]     |
[INFO] [stdout]    ::: /opt/rustwide/cargo-home/registry/src/github.com-1ecc6299db9ec823/x25519-dalek-2.0.0-rc.2/src/x25519.rs:282:1
[INFO] [stdout]     |
[INFO] [stdout] 282 | pub struct SharedSecret(pub(crate) MontgomeryPoint);
[INFO] [stdout]     | ----------------------- similarly named struct `SharedSecret` defined here
[INFO] [stdout] 
[INFO] [stdout] 
[INFO] [stdout] error[E0412]: cannot find type `StaticSecret` in crate `x25519_dalek`
[INFO] [stdout]    --> src/noise/mod.rs:156:39
[INFO] [stdout]     |
[INFO] [stdout] 156 |         static_private: x25519_dalek::StaticSecret,
[INFO] [stdout]     |                                       ^^^^^^^^^^^^ help: a struct with a similar name exists: `SharedSecret`
[INFO] [stdout]     |
[INFO] [stdout]    ::: /opt/rustwide/cargo-home/registry/src/github.com-1ecc6299db9ec823/x25519-dalek-2.0.0-rc.2/src/x25519.rs:282:1
[INFO] [stdout]     |
[INFO] [stdout] 282 | pub struct SharedSecret(pub(crate) MontgomeryPoint);
[INFO] [stdout]     | ----------------------- similarly named struct `SharedSecret` defined here
[INFO] [stdout] 
[INFO] [stdout] 
[INFO] [stdout] error[E0412]: cannot find type `StaticSecret` in crate `x25519_dalek`
[INFO] [stdout]    --> src/noise/mod.rs:295:39
[INFO] [stdout]     |
[INFO] [stdout] 295 |         static_private: x25519_dalek::StaticSecret,
[INFO] [stdout]     |                                       ^^^^^^^^^^^^ help: a struct with a similar name exists: `SharedSecret`
[INFO] [stdout]     |
[INFO] [stdout]    ::: /opt/rustwide/cargo-home/registry/src/github.com-1ecc6299db9ec823/x25519-dalek-2.0.0-rc.2/src/x25519.rs:282:1
[INFO] [stdout]     |
[INFO] [stdout] 282 | pub struct SharedSecret(pub(crate) MontgomeryPoint);
[INFO] [stdout]     | ----------------------- similarly named struct `SharedSecret` defined here
[INFO] [stdout] 
[INFO] [stdout] 
[INFO] [stdout] error[E0412]: cannot find type `StaticSecret` in crate `x25519_dalek`
[INFO] [stdout]    --> src/noise/mod.rs:331:39
[INFO] [stdout]     |
[INFO] [stdout] 331 |         static_private: x25519_dalek::StaticSecret,
[INFO] [stdout]     |                                       ^^^^^^^^^^^^ help: a struct with a similar name exists: `SharedSecret`
[INFO] [stdout]     |
[INFO] [stdout]    ::: /opt/rustwide/cargo-home/registry/src/github.com-1ecc6299db9ec823/x25519-dalek-2.0.0-rc.2/src/x25519.rs:282:1
[INFO] [stdout]     |
[INFO] [stdout] 282 | pub struct SharedSecret(pub(crate) MontgomeryPoint);
[INFO] [stdout]     | ----------------------- similarly named struct `SharedSecret` defined here
[INFO] [stdout] 
[INFO] [stdout] 
[INFO] [stdout] warning: use of deprecated associated function `x25519_dalek::ReusableSecret::new`: Renamed to `random_from_rng`. This will be removed in 2.1.0.
[INFO] [stdout]    --> src/noise/handshake.rs:726:63
[INFO] [stdout]     |
[INFO] [stdout] 726 |         let ephemeral_private = x25519_dalek::ReusableSecret::new(OsRng);
[INFO] [stdout]     |                                                               ^^^
[INFO] [stdout]     |
[INFO] [stdout]     = note: `#[warn(deprecated)]` on by default
[INFO] [stdout] 
[INFO] [stdout] 
[INFO] [stdout] warning: use of deprecated associated function `x25519_dalek::ReusableSecret::new`: Renamed to `random_from_rng`. This will be removed in 2.1.0.
[INFO] [stdout]    --> src/noise/handshake.rs:812:63
[INFO] [stdout]     |
[INFO] [stdout] 812 |         let ephemeral_private = x25519_dalek::ReusableSecret::new(OsRng);
[INFO] [stdout]     |                                                               ^^^
[INFO] [stdout] 
[INFO] [stdout] 
[INFO] [stdout] error: aborting due to 13 previous errors; 2 warnings emitted
[INFO] [stdout] 
[INFO] [stdout] 
[INFO] [stdout] Some errors have detailed explanations: E0412, E0433.
[INFO] [stdout] 
[INFO] [stdout] For more information about an error, try `rustc --explain E0412`.
[INFO] [stdout] 
[INFO] [stderr] error: could not compile `boringtun` due to 14 previous errors; 2 warnings emitted
[INFO] running `Command { std: "docker" "inspect" "69f3395447fb9034717843d5def75e43e8a611a777649ff007daad67feca5ad1", kill_on_drop: false }`
[INFO] running `Command { std: "docker" "rm" "-f" "69f3395447fb9034717843d5def75e43e8a611a777649ff007daad67feca5ad1", kill_on_drop: false }`
[INFO] [stdout] 69f3395447fb9034717843d5def75e43e8a611a777649ff007daad67feca5ad1
