[INFO] fetching crate boot-core 0.10.0...
[INFO] testing boot-core-0.10.0 against 1.69.0 for beta-1.70-1
[INFO] extracting crate boot-core 0.10.0 into /workspace/builds/worker-1-tc1/source
[INFO] validating manifest of crates.io crate boot-core 0.10.0 on toolchain 1.69.0
[INFO] running `Command { std: CARGO_HOME="/workspace/cargo-home" RUSTUP_HOME="/workspace/rustup-home" "/workspace/cargo-home/bin/cargo" "+1.69.0" "metadata" "--manifest-path" "Cargo.toml" "--no-deps", kill_on_drop: false }`
[INFO] started tweaking crates.io crate boot-core 0.10.0
[INFO] finished tweaking crates.io crate boot-core 0.10.0
[INFO] tweaked toml for crates.io crate boot-core 0.10.0 written to /workspace/builds/worker-1-tc1/source/Cargo.toml
[INFO] running `Command { std: CARGO_HOME="/workspace/cargo-home" RUSTUP_HOME="/workspace/rustup-home" __CARGO_TEST_CHANNEL_OVERRIDE_DO_NOT_USE_THIS="nightly" "/workspace/cargo-home/bin/cargo" "+1.69.0" "generate-lockfile" "--manifest-path" "Cargo.toml" "-Zno-index-update", kill_on_drop: false }`
[INFO] running `Command { std: CARGO_HOME="/workspace/cargo-home" RUSTUP_HOME="/workspace/rustup-home" "/workspace/cargo-home/bin/cargo" "+1.69.0" "fetch" "--manifest-path" "Cargo.toml", kill_on_drop: false }`
[INFO] [stderr]  Downloading crates ...
[INFO] [stderr]   Downloaded subtle-encoding v0.5.1
[INFO] [stderr]   Downloaded rustls-native-certs v0.5.0
[INFO] [stderr]   Downloaded ct-logs v0.8.0
[INFO] [stderr]   Downloaded tendermint-light-client-verifier v0.30.0
[INFO] [stderr]   Downloaded tendermint-rpc v0.30.0
[INFO] [stderr]   Downloaded cw20-base v1.0.1
[INFO] [stderr]   Downloaded cw-storage-plus v1.0.1
[INFO] [stderr]   Downloaded forward_ref v1.0.0
[INFO] [stderr]   Downloaded boot-fns-derive v0.10.0
[INFO] [stderr]   Downloaded boot-contract-derive v0.10.0
[INFO] [stderr]   Downloaded base16 v0.2.1
[INFO] [stderr]   Downloaded hex_lit v0.1.1
[INFO] [stderr]   Downloaded flex-error v0.4.4
[INFO] [stderr]   Downloaded ed25519-consensus v2.1.0
[INFO] [stderr]   Downloaded peg-macros v0.7.0
[INFO] [stderr]   Downloaded cw2 v1.0.1
[INFO] [stderr]   Downloaded safe-regex-macro v0.2.5
[INFO] [stderr]   Downloaded safe-regex v0.2.5
[INFO] [stderr]   Downloaded ibc-relayer-types v0.23.0
[INFO] [stderr]   Downloaded ics23 v0.9.0
[INFO] [stderr]   Downloaded safe-proc-macro2 v1.0.36
[INFO] [stderr]   Downloaded cw20 v1.0.1
[INFO] [stderr]   Downloaded ibc-proto v0.28.0
[INFO] [stderr]   Downloaded webpki-roots v0.21.1
[INFO] [stderr]   Downloaded tungstenite v0.18.0
[INFO] [stderr]   Downloaded secp256k1 v0.27.0
[INFO] [stderr]   Downloaded safe-regex-compiler v0.2.5
[INFO] [stderr]   Downloaded curve25519-dalek-ng v4.1.1
[INFO] [stderr]   Downloaded bitcoin v0.30.0
[INFO] [stderr]   Downloaded secp256k1-sys v0.8.1
[INFO] [stderr]   Downloaded serde_repr v0.1.12
[INFO] [stderr]   Downloaded sha256 v1.1.3
[INFO] [stderr]   Downloaded safe-quote v1.0.15
[INFO] [stderr]   Downloaded tendermint-proto v0.30.0
[INFO] [stderr]   Downloaded async-tungstenite v0.20.0
[INFO] [stderr]   Downloaded hyper-proxy v0.9.1
[INFO] [stderr]   Downloaded peg-runtime v0.7.0
[INFO] [stderr]   Downloaded peg v0.7.0
[INFO] [stderr]   Downloaded subtle-ng v2.5.0
[INFO] [stderr]   Downloaded tendermint v0.30.0
[INFO] [stderr]   Downloaded tendermint-config v0.30.0
[INFO] [stderr]   Downloaded ibc-chain-registry v0.23.0
[INFO] [stderr]   Downloaded bitcoin-private v0.1.0
[INFO] [stderr]   Downloaded bitcoin_hashes v0.12.0
[INFO] [stderr]   Downloaded prost-derive v0.9.0
[INFO] [stderr]   Downloaded cw-utils v1.0.1
[INFO] [stderr]   Downloaded cosmrs v0.12.0
[INFO] [stderr]   Downloaded cw-multi-test v0.16.4
[INFO] [stderr]   Downloaded bip32 v0.4.0
[INFO] [stderr]   Downloaded cosmos-sdk-proto v0.17.0
[INFO] [stderr]   Downloaded prost v0.9.0
[INFO] [stderr]   Downloaded cosmwasm-schema-derive v1.2.4
[INFO] [stderr]   Downloaded cosmwasm-schema v1.2.4
[INFO] [stderr]   Downloaded ed25519-zebra v3.1.0
[INFO] [stderr]   Downloaded cosmwasm-crypto v1.2.4
[INFO] [stderr]   Downloaded cosmwasm-derive v1.2.4
[INFO] [stderr]   Downloaded serde-json-wasm v0.5.1
[INFO] [stderr]   Downloaded cosmwasm-std v1.2.4
[INFO] [stderr]   Downloaded hkd32 v0.7.0
[INFO] running `Command { std: "docker" "create" "-v" "/var/lib/crater-agent-workspace/builds/worker-1-tc1/target:/opt/rustwide/target:rw,Z" "-v" "/var/lib/crater-agent-workspace/builds/worker-1-tc1/source:/opt/rustwide/workdir:ro,Z" "-v" "/var/lib/crater-agent-workspace/cargo-home:/opt/rustwide/cargo-home:ro,Z" "-v" "/var/lib/crater-agent-workspace/rustup-home:/opt/rustwide/rustup-home:ro,Z" "-e" "SOURCE_DIR=/opt/rustwide/workdir" "-e" "CARGO_TARGET_DIR=/opt/rustwide/target" "-e" "CARGO_HOME=/opt/rustwide/cargo-home" "-e" "RUSTUP_HOME=/opt/rustwide/rustup-home" "-w" "/opt/rustwide/workdir" "-m" "1610612736" "--user" "0:0" "--network" "none" "ghcr.io/rust-lang/crates-build-env/linux@sha256:5ff2268d62e97bff2cde7d5815dd6ed5b47097566f13b8d0ca110b04b60e07ed" "/opt/rustwide/cargo-home/bin/cargo" "+1.69.0" "metadata" "--no-deps" "--format-version=1", kill_on_drop: false }`
[INFO] [stdout] 1c0b23533715eceab92ffae795743714391228d48e5473f4ad40eee224055674
[INFO] running `Command { std: "docker" "start" "-a" "1c0b23533715eceab92ffae795743714391228d48e5473f4ad40eee224055674", kill_on_drop: false }`
[INFO] running `Command { std: "docker" "inspect" "1c0b23533715eceab92ffae795743714391228d48e5473f4ad40eee224055674", kill_on_drop: false }`
[INFO] running `Command { std: "docker" "rm" "-f" "1c0b23533715eceab92ffae795743714391228d48e5473f4ad40eee224055674", kill_on_drop: false }`
[INFO] [stdout] 1c0b23533715eceab92ffae795743714391228d48e5473f4ad40eee224055674
[INFO] running `Command { std: "docker" "create" "-v" "/var/lib/crater-agent-workspace/builds/worker-1-tc1/target:/opt/rustwide/target:rw,Z" "-v" "/var/lib/crater-agent-workspace/builds/worker-1-tc1/source:/opt/rustwide/workdir:ro,Z" "-v" "/var/lib/crater-agent-workspace/cargo-home:/opt/rustwide/cargo-home:ro,Z" "-v" "/var/lib/crater-agent-workspace/rustup-home:/opt/rustwide/rustup-home:ro,Z" "-e" "SOURCE_DIR=/opt/rustwide/workdir" "-e" "CARGO_TARGET_DIR=/opt/rustwide/target" "-e" "CARGO_INCREMENTAL=0" "-e" "RUST_BACKTRACE=full" "-e" "RUSTFLAGS=--cap-lints=warn" "-e" "RUSTDOCFLAGS=--cap-lints=warn" "-e" "CARGO_HOME=/opt/rustwide/cargo-home" "-e" "RUSTUP_HOME=/opt/rustwide/rustup-home" "-w" "/opt/rustwide/workdir" "-m" "1610612736" "--user" "0:0" "--network" "none" "ghcr.io/rust-lang/crates-build-env/linux@sha256:5ff2268d62e97bff2cde7d5815dd6ed5b47097566f13b8d0ca110b04b60e07ed" "/opt/rustwide/cargo-home/bin/cargo" "+1.69.0" "build" "--frozen" "--message-format=json", kill_on_drop: false }`
[INFO] [stdout] 3d1fd96fb4aa48e76749d068035098035e3aa5bfed30948fa9621144474b4215
[INFO] running `Command { std: "docker" "start" "-a" "3d1fd96fb4aa48e76749d068035098035e3aa5bfed30948fa9621144474b4215", kill_on_drop: false }`
[INFO] [stderr]    Compiling proc-macro2 v1.0.56
[INFO] [stderr]    Compiling libc v0.2.142
[INFO] [stderr]    Compiling version_check v0.9.4
[INFO] [stderr]    Compiling serde_derive v1.0.160
[INFO] [stderr]    Compiling serde v1.0.160
[INFO] [stderr]    Compiling once_cell v1.17.1
[INFO] [stderr]    Compiling typenum v1.16.0
[INFO] [stderr]    Compiling syn v1.0.109
[INFO] [stderr]    Compiling cc v1.0.79
[INFO] [stderr]    Compiling subtle v2.4.1
[INFO] [stderr]    Compiling itoa v1.0.6
[INFO] [stderr]    Compiling cpufeatures v0.2.7
[INFO] [stderr]    Compiling fnv v1.0.7
[INFO] [stderr]    Compiling lock_api v0.4.9
[INFO] [stderr]    Compiling parking_lot_core v0.9.7
[INFO] [stderr]    Compiling scopeguard v1.1.0
[INFO] [stderr]    Compiling futures-channel v0.3.28
[INFO] [stderr]    Compiling smallvec v1.10.0
[INFO] [stderr]    Compiling tokio v1.28.0
[INFO] [stderr]    Compiling untrusted v0.7.1
[INFO] [stderr]    Compiling futures-util v0.3.28
[INFO] [stderr]    Compiling spin v0.5.2
[INFO] [stderr]    Compiling futures-io v0.3.28
[INFO] [stderr]    Compiling byteorder v1.4.3
[INFO] [stderr]    Compiling const-oid v0.9.2
[INFO] [stderr]    Compiling tracing-core v0.1.30
[INFO] [stderr]    Compiling base64 v0.13.1
[INFO] [stderr]    Compiling generic-array v0.14.7
[INFO] [stderr]    Compiling ahash v0.7.6
[INFO] [stderr]    Compiling anyhow v1.0.71
[INFO] [stderr]    Compiling base64ct v1.6.0
[INFO] [stderr]    Compiling indexmap v1.9.3
[INFO] [stderr]    Compiling either v1.8.1
[INFO] [stderr]    Compiling httparse v1.8.0
[INFO] [stderr]    Compiling opaque-debug v0.3.0
[INFO] [stderr]    Compiling hex v0.4.3
[INFO] [stderr]    Compiling base16ct v0.1.1
[INFO] [stderr]    Compiling keccak v0.1.3
[INFO] [stderr]    Compiling ryu v1.0.13
[INFO] [stderr]    Compiling serde_json v1.0.96
[INFO] [stderr]    Compiling tower-service v0.3.2
[INFO] [stderr]    Compiling quote v1.0.26
[INFO] [stderr]    Compiling num-traits v0.2.15
[INFO] [stderr]    Compiling itertools v0.10.5
[INFO] [stderr]    Compiling try-lock v0.2.4
[INFO] [stderr]    Compiling httpdate v1.0.2
[INFO] [stderr]    Compiling ppv-lite86 v0.2.17
[INFO] [stderr]    Compiling openssl-probe v0.1.5
[INFO] [stderr]    Compiling want v0.3.0
[INFO] [stderr]    Compiling syn v2.0.15
[INFO] [stderr]    Compiling bitflags v1.3.2
[INFO] [stderr]    Compiling percent-encoding v2.2.0
[INFO] [stderr]    Compiling rustversion v1.0.12
[INFO] [stderr]    Compiling rustls v0.20.8
[INFO] [stderr]    Compiling getrandom v0.1.16
[INFO] [stderr]    Compiling paste v1.0.12
[INFO] [stderr]    Compiling eyre v0.6.8
[INFO] [stderr]    Compiling ring v0.16.20
[INFO] [stderr]    Compiling indenter v0.3.3
[INFO] [stderr]    Compiling mime v0.3.17
[INFO] [stderr]    Compiling time-core v0.1.0
[INFO] [stderr]    Compiling base64 v0.21.0
[INFO] [stderr]    Compiling crunchy v0.2.2
[INFO] [stderr]    Compiling async-trait v0.1.68
[INFO] [stderr]    Compiling time-macros v0.2.8
[INFO] [stderr]    Compiling tinyvec_macros v0.1.1
[INFO] [stderr]    Compiling pkg-config v0.3.26
[INFO] [stderr]    Compiling getrandom v0.2.9
[INFO] [stderr]    Compiling signal-hook-registry v1.4.1
[INFO] [stderr]    Compiling rand_core v0.6.4
[INFO] [stderr]    Compiling socket2 v0.4.9
[INFO] [stderr]    Compiling num_cpus v1.15.0
[INFO] [stderr]    Compiling parking_lot v0.12.1
[INFO] [stderr]    Compiling hashbrown v0.12.3
[INFO] [stderr]    Compiling mio v0.8.6
[INFO] [stderr]    Compiling crypto-common v0.1.6
[INFO] [stderr]    Compiling block-buffer v0.10.4
[INFO] [stderr]    Compiling digest v0.9.0
[INFO] [stderr]    Compiling block-buffer v0.9.0
[INFO] [stderr]    Compiling ff v0.12.1
[INFO] [stderr]    Compiling rand_chacha v0.3.1
[INFO] [stderr]    Compiling sha2 v0.9.9
[INFO] [stderr]    Compiling digest v0.10.6
[INFO] [stderr]    Compiling group v0.12.1
[INFO] [stderr]    Compiling rand_core v0.5.1
[INFO] [stderr]    Compiling sha2 v0.10.6
[INFO] [stderr]    Compiling hmac v0.12.1
[INFO] [stderr]    Compiling signature v1.6.4
[INFO] [stderr]    Compiling sha3 v0.10.7
[INFO] [stderr]    Compiling rand v0.8.5
[INFO] [stderr]    Compiling openssl-sys v0.9.87
[INFO] [stderr]    Compiling rustls-pemfile v1.0.2
[INFO] [stderr]    Compiling flex-error v0.4.4
[INFO] [stderr]    Compiling tinyvec v1.6.0
[INFO] [stderr]    Compiling static_assertions v1.1.0
[INFO] [stderr]    Compiling axum-core v0.3.4
[INFO] [stderr]    Compiling ripemd v0.1.3
[INFO] [stderr]    Compiling form_urlencoded v1.1.0
[INFO] [stderr]    Compiling unicode-bidi v0.3.13
[INFO] [stderr]    Compiling dyn-clone v1.0.11
[INFO] [stderr]    Compiling tower-layer v0.3.2
[INFO] [stderr]    Compiling subtle-ng v2.5.0
[INFO] [stderr]    Compiling time v0.3.20
[INFO] [stderr]    Compiling uint v0.9.5
[INFO] [stderr]    Compiling rustls-native-certs v0.6.2
[INFO] [stderr]    Compiling axum v0.6.17
[INFO] [stderr]    Compiling safe-proc-macro2 v1.0.36
[INFO] [stderr]    Compiling schemars v0.8.12
[INFO] [stderr]    Compiling sha1 v0.10.5
[INFO] [stderr]    Compiling num-integer v0.1.45
[INFO] [stderr]    Compiling matchit v0.7.0
[INFO] [stderr]    Compiling unicode-xid v0.2.4
[INFO] [stderr]    Compiling foreign-types-shared v0.1.1
[INFO] [stderr]    Compiling openssl v0.10.52
[INFO] [stderr]    Compiling sync_wrapper v0.1.2
[INFO] [stderr]    Compiling semver v1.0.17
[INFO] [stderr]    Compiling foreign-types v0.3.2
[INFO] [stderr]    Compiling native-tls v0.2.11
[INFO] [stderr]    Compiling ident_case v1.0.1
[INFO] [stderr]    Compiling strsim v0.10.0
[INFO] [stderr]    Compiling num-bigint v0.4.3
[INFO] [stderr]    Compiling bitcoin-private v0.1.0
[INFO] [stderr]    Compiling peg-runtime v0.7.0
[INFO] [stderr]    Compiling forward_ref v1.0.0
[INFO] [stderr]    Compiling utf-8 v0.7.6
[INFO] [stderr]    Compiling unicode-normalization v0.1.22
[INFO] [stderr]    Compiling secp256k1-sys v0.8.1
[INFO] [stderr]    Compiling num-rational v0.4.1
[INFO] [stderr]    Compiling same-file v1.0.6
[INFO] [stderr]    Compiling safe-quote v1.0.15
[INFO] [stderr]    Compiling erased-serde v0.3.25
[INFO] [stderr]    Compiling serde_derive_internals v0.26.0
[INFO] [stderr]    Compiling darling_core v0.14.4
[INFO] [stderr]    Compiling peg-macros v0.7.0
[INFO] [stderr]    Compiling idna v0.3.0
[INFO] [stderr]    Compiling safe-regex-compiler v0.2.5
[INFO] [stderr]    Compiling walkdir v2.3.3
[INFO] [stderr]    Compiling fixed-hash v0.8.0
[INFO] [stderr]    Compiling webpki v0.22.0
[INFO] [stderr]    Compiling sct v0.7.0
[INFO] [stderr]    Compiling webpki v0.21.4
[INFO] [stderr]    Compiling sct v0.6.1
[INFO] [stderr]    Compiling url v2.3.1
[INFO] [stderr]    Compiling rustls v0.19.1
[INFO] [stderr]    Compiling ct-logs v0.8.0
[INFO] [stderr]    Compiling webpki-roots v0.21.1
[INFO] [stderr]    Compiling pbkdf2 v0.11.0
[INFO] [stderr]    Compiling hex_lit v0.1.1
[INFO] [stderr]    Compiling safe-regex-macro v0.2.5
[INFO] [stderr]    Compiling uuid v0.8.2
[INFO] [stderr]    Compiling webpki-roots v0.22.6
[INFO] [stderr]    Compiling bitcoin_hashes v0.12.0
[INFO] [stderr]    Compiling bs58 v0.4.0
[INFO] [stderr]    Compiling rand_chacha v0.2.2
[INFO] [stderr]    Compiling encoding_rs v0.8.32
[INFO] [stderr]    Compiling safe-regex v0.2.5
[INFO] [stderr]    Compiling ipnet v2.7.2
[INFO] [stderr]    Compiling unicode-segmentation v1.10.1
[INFO] [stderr]    Compiling bitcoin v0.30.0
[INFO] [stderr]    Compiling rand v0.7.3
[INFO] [stderr]    Compiling convert_case v0.6.0
[INFO] [stderr]    Compiling time v0.1.45
[INFO] [stderr]    Compiling bech32 v0.9.1
[INFO] [stderr]    Compiling iana-time-zone v0.1.56
[INFO] [stderr]    Compiling peg v0.7.0
[INFO] [stderr]    Compiling sha256 v1.1.3
[INFO] [stderr]    Compiling base16 v0.2.1
[INFO] [stderr]    Compiling chrono v0.4.24
[INFO] [stderr]    Compiling rustls-native-certs v0.5.0
[INFO] [stderr]    Compiling secp256k1 v0.27.0
[INFO] [stderr]    Compiling prost-derive v0.11.9
[INFO] [stderr]    Compiling pin-project-internal v1.0.12
[INFO] [stderr]    Compiling num-derive v0.3.3
[INFO] [stderr]    Compiling schemars_derive v0.8.12
[INFO] [stderr]    Compiling cosmwasm-derive v1.2.4
[INFO] [stderr]    Compiling derivative v2.2.0
[INFO] [stderr]    Compiling darling_macro v0.14.4
[INFO] [stderr]    Compiling cosmwasm-schema-derive v1.2.4
[INFO] [stderr]    Compiling derive_more v0.99.17
[INFO] [stderr]    Compiling zeroize_derive v1.4.2
[INFO] [stderr]    Compiling futures-macro v0.3.28
[INFO] [stderr]    Compiling tokio-macros v2.1.0
[INFO] [stderr]    Compiling tracing-attributes v0.1.24
[INFO] [stderr]    Compiling thiserror-impl v1.0.40
[INFO] [stderr]    Compiling zeroize v1.6.0
[INFO] [stderr]    Compiling serde_repr v0.1.12
[INFO] [stderr]    Compiling der v0.6.1
[INFO] [stderr]    Compiling crypto-bigint v0.4.9
[INFO] [stderr]    Compiling subtle-encoding v0.5.1
[INFO] [stderr]    Compiling pin-project v1.0.12
[INFO] [stderr]    Compiling curve25519-dalek v3.2.0
[INFO] [stderr]    Compiling curve25519-dalek-ng v4.1.1
[INFO] [stderr]    Compiling async-stream-impl v0.3.5
[INFO] [stderr]    Compiling openssl-macros v0.1.1
[INFO] [stderr]    Compiling darling v0.14.4
[INFO] [stderr]    Compiling prost-derive v0.9.0
[INFO] [stderr]    Compiling derive_builder_core v0.12.0
[INFO] [stderr]    Compiling spki v0.6.0
[INFO] [stderr]    Compiling rfc6979 v0.3.1
[INFO] [stderr]    Compiling ed25519-consensus v2.1.0
[INFO] [stderr]    Compiling thiserror v1.0.40
[INFO] [stderr]    Compiling tracing v0.1.37
[INFO] [stderr]    Compiling pkcs8 v0.9.0
[INFO] [stderr]    Compiling hkd32 v0.7.0
[INFO] [stderr]    Compiling sec1 v0.3.0
[INFO] [stderr]    Compiling async-stream v0.3.5
[INFO] [stderr]    Compiling tracing-futures v0.2.5
[INFO] [stderr]    Compiling boot-fns-derive v0.10.0
[INFO] [stderr]    Compiling boot-contract-derive v0.10.0
[INFO] [stderr]    Compiling elliptic-curve v0.12.3
[INFO] [stderr]    Compiling derive_builder_macro v0.12.0
[INFO] [stderr]    Compiling ecdsa v0.14.8
[INFO] [stderr]    Compiling k256 v0.11.6
[INFO] [stderr]    Compiling derive_builder v0.12.0
[INFO] [stderr]    Compiling bip32 v0.4.0
[INFO] [stderr]    Compiling futures-executor v0.3.28
[INFO] [stderr]    Compiling futures v0.3.28
[INFO] [stderr]    Compiling bytes v1.4.0
[INFO] [stderr]    Compiling serde_bytes v0.11.9
[INFO] [stderr]    Compiling ed25519 v1.5.3
[INFO] [stderr]    Compiling ed25519-zebra v3.1.0
[INFO] [stderr]    Compiling serde-json-wasm v0.5.1
[INFO] [stderr]    Compiling toml v0.5.11
[INFO] [stderr]    Compiling impl-serde v0.4.0
[INFO] [stderr]    Compiling serde_urlencoded v0.7.1
[INFO] [stderr]    Compiling ed25519-dalek v1.0.1
[INFO] [stderr]    Compiling primitive-types v0.12.1
[INFO] [stderr]    Compiling cosmwasm-crypto v1.2.4
[INFO] [stderr]    Compiling http v0.2.9
[INFO] [stderr]    Compiling prost v0.11.9
[INFO] [stderr]    Compiling prost v0.9.0
[INFO] [stderr]    Compiling prost-types v0.11.9
[INFO] [stderr]    Compiling ics23 v0.9.0
[INFO] [stderr]    Compiling http-body v0.4.5
[INFO] [stderr]    Compiling headers-core v0.2.0
[INFO] [stderr]    Compiling tungstenite v0.18.0
[INFO] [stderr]    Compiling headers v0.3.8
[INFO] [stderr]    Compiling cosmwasm-std v1.2.4
[INFO] [stderr]    Compiling cosmwasm-schema v1.2.4
[INFO] [stderr]    Compiling tendermint-proto v0.30.0
[INFO] [stderr]    Compiling tokio-util v0.7.8
[INFO] [stderr]    Compiling tokio-rustls v0.23.4
[INFO] [stderr]    Compiling tokio-io-timeout v1.2.0
[INFO] [stderr]    Compiling tokio-stream v0.1.14
[INFO] [stderr]    Compiling tokio-rustls v0.22.0
[INFO] [stderr]    Compiling tokio-native-tls v0.3.1
[INFO] [stderr]    Compiling async-tungstenite v0.20.0
[INFO] [stderr]    Compiling h2 v0.3.18
[INFO] [stderr]    Compiling tower v0.4.13
[INFO] [stderr]    Compiling cw-storage-plus v1.0.1
[INFO] [stderr]    Compiling cw2 v1.0.1
[INFO] [stderr]    Compiling cw-utils v1.0.1
[INFO] [stderr]    Compiling cw-multi-test v0.16.4
[INFO] [stderr]    Compiling tendermint v0.30.0
[INFO] [stderr]    Compiling hyper v0.14.26
[INFO] [stderr]    Compiling hyper-timeout v0.4.1
[INFO] [stderr]    Compiling hyper-rustls v0.22.1
[INFO] [stderr]    Compiling hyper-rustls v0.23.2
[INFO] [stderr]    Compiling hyper-tls v0.5.0
[INFO] [stderr]    Compiling tendermint-config v0.30.0
[INFO] [stderr]    Compiling tendermint-light-client-verifier v0.30.0
[INFO] [stderr]    Compiling hyper-proxy v0.9.1
[INFO] [stderr]    Compiling reqwest v0.11.17
[INFO] [stderr]    Compiling tendermint-rpc v0.30.0
[INFO] [stderr]    Compiling tonic v0.8.3
[INFO] [stderr]    Compiling ibc-proto v0.28.0
[INFO] [stderr]    Compiling cosmos-sdk-proto v0.17.0
[INFO] [stderr]    Compiling cosmrs v0.12.0
[INFO] [stderr]    Compiling ibc-relayer-types v0.23.0
[INFO] [stderr]    Compiling ibc-chain-registry v0.23.0
[INFO] [stderr]    Compiling boot-core v0.10.0 (/opt/rustwide/workdir)
[INFO] [stderr]     Finished dev [unoptimized + debuginfo] target(s) in 1m 28s
[INFO] running `Command { std: "docker" "inspect" "3d1fd96fb4aa48e76749d068035098035e3aa5bfed30948fa9621144474b4215", kill_on_drop: false }`
[INFO] running `Command { std: "docker" "rm" "-f" "3d1fd96fb4aa48e76749d068035098035e3aa5bfed30948fa9621144474b4215", kill_on_drop: false }`
[INFO] [stdout] 3d1fd96fb4aa48e76749d068035098035e3aa5bfed30948fa9621144474b4215
[INFO] running `Command { std: "docker" "create" "-v" "/var/lib/crater-agent-workspace/builds/worker-1-tc1/target:/opt/rustwide/target:rw,Z" "-v" "/var/lib/crater-agent-workspace/builds/worker-1-tc1/source:/opt/rustwide/workdir:ro,Z" "-v" "/var/lib/crater-agent-workspace/cargo-home:/opt/rustwide/cargo-home:ro,Z" "-v" "/var/lib/crater-agent-workspace/rustup-home:/opt/rustwide/rustup-home:ro,Z" "-e" "SOURCE_DIR=/opt/rustwide/workdir" "-e" "CARGO_TARGET_DIR=/opt/rustwide/target" "-e" "CARGO_INCREMENTAL=0" "-e" "RUST_BACKTRACE=full" "-e" "RUSTFLAGS=--cap-lints=warn" "-e" "RUSTDOCFLAGS=--cap-lints=warn" "-e" "CARGO_HOME=/opt/rustwide/cargo-home" "-e" "RUSTUP_HOME=/opt/rustwide/rustup-home" "-w" "/opt/rustwide/workdir" "-m" "1610612736" "--user" "0:0" "--network" "none" "ghcr.io/rust-lang/crates-build-env/linux@sha256:5ff2268d62e97bff2cde7d5815dd6ed5b47097566f13b8d0ca110b04b60e07ed" "/opt/rustwide/cargo-home/bin/cargo" "+1.69.0" "test" "--frozen" "--no-run" "--message-format=json", kill_on_drop: false }`
[INFO] [stdout] 3aaa3ee271061f1aece78365cac2aee6ffd43ecfb43fa16886852db789b83b20
[INFO] running `Command { std: "docker" "start" "-a" "3aaa3ee271061f1aece78365cac2aee6ffd43ecfb43fa16886852db789b83b20", kill_on_drop: false }`
[INFO] [stderr]    Compiling cw20 v1.0.1
[INFO] [stderr]    Compiling cw20-base v1.0.1
[INFO] [stderr]    Compiling boot-core v0.10.0 (/opt/rustwide/workdir)
[INFO] [stderr]     Finished test [unoptimized + debuginfo] target(s) in 24.92s
[INFO] running `Command { std: "docker" "inspect" "3aaa3ee271061f1aece78365cac2aee6ffd43ecfb43fa16886852db789b83b20", kill_on_drop: false }`
[INFO] running `Command { std: "docker" "rm" "-f" "3aaa3ee271061f1aece78365cac2aee6ffd43ecfb43fa16886852db789b83b20", kill_on_drop: false }`
[INFO] [stdout] 3aaa3ee271061f1aece78365cac2aee6ffd43ecfb43fa16886852db789b83b20
[INFO] running `Command { std: "docker" "create" "-v" "/var/lib/crater-agent-workspace/builds/worker-1-tc1/target:/opt/rustwide/target:rw,Z" "-v" "/var/lib/crater-agent-workspace/builds/worker-1-tc1/source:/opt/rustwide/workdir:ro,Z" "-v" "/var/lib/crater-agent-workspace/cargo-home:/opt/rustwide/cargo-home:ro,Z" "-v" "/var/lib/crater-agent-workspace/rustup-home:/opt/rustwide/rustup-home:ro,Z" "-e" "SOURCE_DIR=/opt/rustwide/workdir" "-e" "CARGO_TARGET_DIR=/opt/rustwide/target" "-e" "CARGO_INCREMENTAL=0" "-e" "RUST_BACKTRACE=full" "-e" "RUSTFLAGS=--cap-lints=warn" "-e" "RUSTDOCFLAGS=--cap-lints=warn" "-e" "CARGO_HOME=/opt/rustwide/cargo-home" "-e" "RUSTUP_HOME=/opt/rustwide/rustup-home" "-w" "/opt/rustwide/workdir" "-m" "1610612736" "--user" "0:0" "--network" "none" "ghcr.io/rust-lang/crates-build-env/linux@sha256:5ff2268d62e97bff2cde7d5815dd6ed5b47097566f13b8d0ca110b04b60e07ed" "/opt/rustwide/cargo-home/bin/cargo" "+1.69.0" "test" "--frozen", kill_on_drop: false }`
[INFO] [stdout] 32b3cb876f5f2dd957b2b4dcb0e242eba92a74630bde0ff46bf8b5fe87140fcb
[INFO] running `Command { std: "docker" "start" "-a" "32b3cb876f5f2dd957b2b4dcb0e242eba92a74630bde0ff46bf8b5fe87140fcb", kill_on_drop: false }`
[INFO] [stderr]     Finished test [unoptimized + debuginfo] target(s) in 0.70s
[INFO] [stderr]      Running unittests src/lib.rs (/opt/rustwide/target/debug/deps/boot_core-44f8c10a74e70452)
[INFO] [stdout] 
[INFO] [stdout] running 9 tests
[INFO] [stdout] test keys::public::tst::test_key_conversions ... ok
[INFO] [stdout] test keys::public::tst::test_tendermint ... ok
[INFO] [stdout] test keys::public::tst::test_proposer ... ok
[INFO] [stdout] test keys::signature::tst::test_verify ... ok
[INFO] [stdout] test keys::public::tst::tst_conv ... ok
[INFO] [stdout] test keys::private::tst::tst_root_priv_key ... ok
[INFO] [stdout] test keys::private::tst::tst_words_to_pub ... ok
[INFO] [stdout] test keys::private::tst::tst_gen_mnemonic ... ok
[INFO] [stdout] test keys::private::tst::tst_words ... ok
[INFO] [stdout] 
[INFO] [stderr]    Doc-tests boot-core
[INFO] [stdout] test result: ok. 9 passed; 0 failed; 0 ignored; 0 measured; 0 filtered out; finished in 0.19s
[INFO] [stdout] 
[INFO] [stdout] 
[INFO] [stdout] running 1 test
[INFO] [stdout] test src/deploy.rs - deploy::Deploy (line 6) ... FAILED
[INFO] [stdout] 
[INFO] [stdout] failures:
[INFO] [stdout] 
[INFO] [stdout] ---- src/deploy.rs - deploy::Deploy (line 6) stdout ----
[INFO] [stdout] error[E0432]: unresolved import `boot_cw_plus`
[INFO] [stdout]  --> src/deploy.rs:8:5
[INFO] [stdout]   |
[INFO] [stdout] 5 | use boot_cw_plus::Cw20Base;
[INFO] [stdout]   |     ^^^^^^^^^^^^ use of undeclared crate or module `boot_cw_plus`
[INFO] [stdout] 
[INFO] [stdout] error: aborting due to previous error
[INFO] [stdout] 
[INFO] [stdout] For more information about this error, try `rustc --explain E0432`.
[INFO] [stdout] Couldn't compile the test.
[INFO] [stdout] 
[INFO] [stdout] failures:
[INFO] [stdout]     src/deploy.rs - deploy::Deploy (line 6)
[INFO] [stdout] 
[INFO] [stdout] test result: FAILED. 0 passed; 1 failed; 0 ignored; 0 measured; 0 filtered out; finished in 0.12s
[INFO] [stdout] 
[INFO] [stderr] error: doctest failed, to rerun pass `--doc`
[INFO] running `Command { std: "docker" "inspect" "32b3cb876f5f2dd957b2b4dcb0e242eba92a74630bde0ff46bf8b5fe87140fcb", kill_on_drop: false }`
[INFO] running `Command { std: "docker" "rm" "-f" "32b3cb876f5f2dd957b2b4dcb0e242eba92a74630bde0ff46bf8b5fe87140fcb", kill_on_drop: false }`
[INFO] [stdout] 32b3cb876f5f2dd957b2b4dcb0e242eba92a74630bde0ff46bf8b5fe87140fcb
