[INFO] fetching crate boot-abstract 0.2.0-beta.3...
[INFO] testing boot-abstract-0.2.0-beta.3 against 1.69.0 for beta-1.70-1
[INFO] extracting crate boot-abstract 0.2.0-beta.3 into /workspace/builds/worker-2-tc1/source
[INFO] validating manifest of crates.io crate boot-abstract 0.2.0-beta.3 on toolchain 1.69.0
[INFO] running `Command { std: CARGO_HOME="/workspace/cargo-home" RUSTUP_HOME="/workspace/rustup-home" "/workspace/cargo-home/bin/cargo" "+1.69.0" "metadata" "--manifest-path" "Cargo.toml" "--no-deps", kill_on_drop: false }`
[INFO] started tweaking crates.io crate boot-abstract 0.2.0-beta.3
[INFO] finished tweaking crates.io crate boot-abstract 0.2.0-beta.3
[INFO] tweaked toml for crates.io crate boot-abstract 0.2.0-beta.3 written to /workspace/builds/worker-2-tc1/source/Cargo.toml
[INFO] running `Command { std: CARGO_HOME="/workspace/cargo-home" RUSTUP_HOME="/workspace/rustup-home" __CARGO_TEST_CHANNEL_OVERRIDE_DO_NOT_USE_THIS="nightly" "/workspace/cargo-home/bin/cargo" "+1.69.0" "generate-lockfile" "--manifest-path" "Cargo.toml" "-Zno-index-update", kill_on_drop: false }`
[INFO] running `Command { std: CARGO_HOME="/workspace/cargo-home" RUSTUP_HOME="/workspace/rustup-home" "/workspace/cargo-home/bin/cargo" "+1.69.0" "fetch" "--manifest-path" "Cargo.toml", kill_on_drop: false }`
[INFO] [stderr]  Downloading crates ...
[INFO] [stderr]   Downloaded tonic v0.8.3
[INFO] [stderr]   Downloaded cw-controllers v0.16.0
[INFO] [stderr]   Downloaded cw-utils v0.16.0
[INFO] [stderr]   Downloaded cosmwasm-storage v1.2.4
[INFO] [stderr]   Downloaded cw-storage-plus v0.16.0
[INFO] [stderr]   Downloaded tendermint-rpc v0.23.9
[INFO] [stderr]   Downloaded prost v0.11.9
[INFO] [stderr]   Downloaded pbkdf2 v0.6.0
[INFO] [stderr]   Downloaded sha256 v1.1.3
[INFO] [stderr]   Downloaded rust_decimal_macros v1.29.1
[INFO] [stderr]   Downloaded cosmwasm-crypto v1.2.4
[INFO] [stderr]   Downloaded bitcoin_hashes v0.10.0
[INFO] [stderr]   Downloaded serde-json-wasm v0.5.1
[INFO] [stderr]   Downloaded headers-core v0.2.0
[INFO] [stderr]   Downloaded sync_wrapper v0.1.2
[INFO] [stderr]   Downloaded peg-runtime v0.7.0
[INFO] [stderr]   Downloaded abstract-sdk v0.2.0-beta.7
[INFO] [stderr]   Downloaded serde_repr v0.1.12
[INFO] [stderr]   Downloaded hyper-timeout v0.4.1
[INFO] [stderr]   Downloaded cw20 v0.16.0
[INFO] [stderr]   Downloaded cw2 v0.15.1
[INFO] [stderr]   Downloaded cw20 v0.15.1
[INFO] [stderr]   Downloaded cosmwasm-derive v1.2.4
[INFO] [stderr]   Downloaded axum v0.6.17
[INFO] [stderr]   Downloaded cosmwasm-schema-derive v1.2.4
[INFO] [stderr]   Downloaded base16 v0.2.1
[INFO] [stderr]   Downloaded bech32 v0.8.1
[INFO] [stderr]   Downloaded hyper-proxy v0.9.1
[INFO] [stderr]   Downloaded serde_bytes v0.11.9
[INFO] [stderr]   Downloaded subtle-encoding v0.5.1
[INFO] [stderr]   Downloaded cw1155 v0.16.0
[INFO] [stderr]   Downloaded cw2 v0.16.0
[INFO] [stderr]   Downloaded ct-logs v0.8.0
[INFO] [stderr]   Downloaded axum-core v0.3.4
[INFO] [stderr]   Downloaded ripemd160 v0.9.1
[INFO] [stderr]   Downloaded cw-utils v0.15.1
[INFO] [stderr]   Downloaded prost-derive v0.11.9
[INFO] [stderr]   Downloaded peg v0.7.0
[INFO] [stderr]   Downloaded abstract-ica v0.2.0-beta.7
[INFO] [stderr]   Downloaded time-macros v0.2.4
[INFO] [stderr]   Downloaded tokio-io-timeout v1.2.0
[INFO] [stderr]   Downloaded cw-asset v2.4.0
[INFO] [stderr]   Downloaded prost-derive v0.10.1
[INFO] [stderr]   Downloaded flex-error v0.4.4
[INFO] [stderr]   Downloaded bs58 v0.4.0
[INFO] [stderr]   Downloaded ripemd v0.1.3
[INFO] [stderr]   Downloaded tendermint-config v0.23.9
[INFO] [stderr]   Downloaded prost-types v0.11.9
[INFO] [stderr]   Downloaded cosmwasm-schema v1.2.4
[INFO] [stderr]   Downloaded cosmrs v0.9.0
[INFO] [stderr]   Downloaded prost v0.10.4
[INFO] [stderr]   Downloaded bip32 v0.4.0
[INFO] [stderr]   Downloaded tendermint-proto v0.23.9
[INFO] [stderr]   Downloaded hkd32 v0.5.0
[INFO] [stderr]   Downloaded cw20-base v0.16.0
[INFO] [stderr]   Downloaded peg-macros v0.7.0
[INFO] [stderr]   Downloaded abstract-os v0.2.0-beta.7
[INFO] [stderr]   Downloaded tendermint v0.23.9
[INFO] [stderr]   Downloaded cw-storage-plus v0.15.1
[INFO] [stderr]   Downloaded cw-multi-test v0.15.1
[INFO] [stderr]   Downloaded gcc v0.3.55
[INFO] [stderr]   Downloaded cosmwasm-std v1.2.4
[INFO] [stderr]   Downloaded headers v0.3.8
[INFO] [stderr]   Downloaded secp256k1 v0.20.3
[INFO] [stderr]   Downloaded secp256k1-sys v0.4.2
[INFO] [stderr]   Downloaded cosmos-sdk-proto v0.14.0
[INFO] [stderr]   Downloaded bitcoin v0.27.1
[INFO] [stderr]   Downloaded rust-crypto v0.2.36
[INFO] [stderr]   Downloaded cw20-base v0.15.1
[INFO] [stderr]   Downloaded boot-contract-derive v0.1.3
[INFO] [stderr]   Downloaded boot-core v0.1.3
[INFO] running `Command { std: "docker" "create" "-v" "/var/lib/crater-agent-workspace/builds/worker-2-tc1/target:/opt/rustwide/target:rw,Z" "-v" "/var/lib/crater-agent-workspace/builds/worker-2-tc1/source:/opt/rustwide/workdir:ro,Z" "-v" "/var/lib/crater-agent-workspace/cargo-home:/opt/rustwide/cargo-home:ro,Z" "-v" "/var/lib/crater-agent-workspace/rustup-home:/opt/rustwide/rustup-home:ro,Z" "-e" "SOURCE_DIR=/opt/rustwide/workdir" "-e" "CARGO_TARGET_DIR=/opt/rustwide/target" "-e" "CARGO_HOME=/opt/rustwide/cargo-home" "-e" "RUSTUP_HOME=/opt/rustwide/rustup-home" "-w" "/opt/rustwide/workdir" "-m" "1610612736" "--user" "0:0" "--network" "none" "ghcr.io/rust-lang/crates-build-env/linux@sha256:5ff2268d62e97bff2cde7d5815dd6ed5b47097566f13b8d0ca110b04b60e07ed" "/opt/rustwide/cargo-home/bin/cargo" "+1.69.0" "metadata" "--no-deps" "--format-version=1", kill_on_drop: false }`
[INFO] [stdout] c13bc1f951389b44586c47ae486552c342e3bd5f0caf009bfe2fb6211a602adb
[INFO] running `Command { std: "docker" "start" "-a" "c13bc1f951389b44586c47ae486552c342e3bd5f0caf009bfe2fb6211a602adb", kill_on_drop: false }`
[INFO] running `Command { std: "docker" "inspect" "c13bc1f951389b44586c47ae486552c342e3bd5f0caf009bfe2fb6211a602adb", kill_on_drop: false }`
[INFO] running `Command { std: "docker" "rm" "-f" "c13bc1f951389b44586c47ae486552c342e3bd5f0caf009bfe2fb6211a602adb", kill_on_drop: false }`
[INFO] [stdout] c13bc1f951389b44586c47ae486552c342e3bd5f0caf009bfe2fb6211a602adb
[INFO] running `Command { std: "docker" "create" "-v" "/var/lib/crater-agent-workspace/builds/worker-2-tc1/target:/opt/rustwide/target:rw,Z" "-v" "/var/lib/crater-agent-workspace/builds/worker-2-tc1/source:/opt/rustwide/workdir:ro,Z" "-v" "/var/lib/crater-agent-workspace/cargo-home:/opt/rustwide/cargo-home:ro,Z" "-v" "/var/lib/crater-agent-workspace/rustup-home:/opt/rustwide/rustup-home:ro,Z" "-e" "SOURCE_DIR=/opt/rustwide/workdir" "-e" "CARGO_TARGET_DIR=/opt/rustwide/target" "-e" "CARGO_INCREMENTAL=0" "-e" "RUST_BACKTRACE=full" "-e" "RUSTFLAGS=--cap-lints=warn" "-e" "RUSTDOCFLAGS=--cap-lints=warn" "-e" "CARGO_HOME=/opt/rustwide/cargo-home" "-e" "RUSTUP_HOME=/opt/rustwide/rustup-home" "-w" "/opt/rustwide/workdir" "-m" "1610612736" "--user" "0:0" "--network" "none" "ghcr.io/rust-lang/crates-build-env/linux@sha256:5ff2268d62e97bff2cde7d5815dd6ed5b47097566f13b8d0ca110b04b60e07ed" "/opt/rustwide/cargo-home/bin/cargo" "+1.69.0" "build" "--frozen" "--message-format=json", kill_on_drop: false }`
[INFO] [stdout] 44ba64f3107dd50a1fa6646a5ee12d5162db040d438cc499899795a0bcd1b026
[INFO] running `Command { std: "docker" "start" "-a" "44ba64f3107dd50a1fa6646a5ee12d5162db040d438cc499899795a0bcd1b026", kill_on_drop: false }`
[INFO] [stderr]    Compiling proc-macro2 v1.0.56
[INFO] [stderr]    Compiling quote v1.0.26
[INFO] [stderr]    Compiling unicode-ident v1.0.8
[INFO] [stderr]    Compiling libc v0.2.142
[INFO] [stderr]    Compiling once_cell v1.17.1
[INFO] [stderr]    Compiling subtle v2.4.1
[INFO] [stderr]    Compiling syn v1.0.109
[INFO] [stderr]    Compiling autocfg v1.1.0
[INFO] [stderr]    Compiling serde_derive v1.0.160
[INFO] [stderr]    Compiling serde v1.0.160
[INFO] [stderr]    Compiling itoa v1.0.6
[INFO] [stderr]    Compiling digest v0.10.6
[INFO] [stderr]    Compiling ahash v0.7.6
[INFO] [stderr]    Compiling cpufeatures v0.2.7
[INFO] [stderr]    Compiling digest v0.9.0
[INFO] [stderr]    Compiling getrandom v0.1.16
[INFO] [stderr]    Compiling bytes v1.4.0
[INFO] [stderr]    Compiling const-oid v0.9.2
[INFO] [stderr]    Compiling block-buffer v0.9.0
[INFO] [stderr]    Compiling opaque-debug v0.3.0
[INFO] [stderr]    Compiling base64ct v1.6.0
[INFO] [stderr]    Compiling sha2 v0.9.9
[INFO] [stderr]    Compiling pin-project-lite v0.2.9
[INFO] [stderr]    Compiling base16ct v0.1.1
[INFO] [stderr]    Compiling base64 v0.13.1
[INFO] [stderr]    Compiling hmac v0.12.1
[INFO] [stderr]    Compiling byteorder v1.4.3
[INFO] [stderr]    Compiling ryu v1.0.13
[INFO] [stderr]    Compiling syn v2.0.15
[INFO] [stderr]    Compiling sha2 v0.10.6
[INFO] [stderr]    Compiling serde_json v1.0.96
[INFO] [stderr]    Compiling keccak v0.1.3
[INFO] [stderr]    Compiling log v0.4.17
[INFO] [stderr]    Compiling thiserror v1.0.40
[INFO] [stderr]    Compiling sha3 v0.10.7
[INFO] [stderr]    Compiling futures-core v0.3.28
[INFO] [stderr]    Compiling memchr v2.5.0
[INFO] [stderr]    Compiling hex v0.4.3
[INFO] [stderr]    Compiling lock_api v0.4.9
[INFO] [stderr]    Compiling getrandom v0.2.9
[INFO] [stderr]    Compiling schemars v0.8.12
[INFO] [stderr]    Compiling parking_lot_core v0.9.7
[INFO] [stderr]    Compiling rand_core v0.6.4
[INFO] [stderr]    Compiling rand_core v0.5.1
[INFO] [stderr]    Compiling crunchy v0.2.2
[INFO] [stderr]    Compiling signature v1.6.4
[INFO] [stderr]    Compiling hashbrown v0.12.3
[INFO] [stderr]    Compiling ff v0.12.1
[INFO] [stderr]    Compiling slab v0.4.8
[INFO] [stderr]    Compiling group v0.12.1
[INFO] [stderr]    Compiling futures-sink v0.3.28
[INFO] [stderr]    Compiling futures-task v0.3.28
[INFO] [stderr]    Compiling futures-channel v0.3.28
[INFO] [stderr]    Compiling dyn-clone v1.0.11
[INFO] [stderr]    Compiling scopeguard v1.1.0
[INFO] [stderr]    Compiling smallvec v1.10.0
[INFO] [stderr]    Compiling tokio v1.28.0
[INFO] [stderr]    Compiling futures-util v0.3.28
[INFO] [stderr]    Compiling static_assertions v1.1.0
[INFO] [stderr]    Compiling uint v0.9.5
[INFO] [stderr]    Compiling parking_lot v0.12.1
[INFO] [stderr]    Compiling mio v0.8.6
[INFO] [stderr]    Compiling socket2 v0.4.9
[INFO] [stderr]    Compiling signal-hook-registry v1.4.1
[INFO] [stderr]    Compiling num_cpus v1.15.0
[INFO] [stderr]    Compiling forward_ref v1.0.0
[INFO] [stderr]    Compiling pin-utils v0.1.0
[INFO] [stderr]    Compiling futures-io v0.3.28
[INFO] [stderr]    Compiling anyhow v1.0.71
[INFO] [stderr]    Compiling fnv v1.0.7
[INFO] [stderr]    Compiling tracing-core v0.1.30
[INFO] [stderr]    Compiling http v0.2.9
[INFO] [stderr]    Compiling either v1.8.1
[INFO] [stderr]    Compiling indexmap v1.9.3
[INFO] [stderr]    Compiling semver v1.0.17
[INFO] [stderr]    Compiling itertools v0.10.5
[INFO] [stderr]    Compiling ring v0.16.20
[INFO] [stderr]    Compiling httparse v1.8.0
[INFO] [stderr]    Compiling ppv-lite86 v0.2.17
[INFO] [stderr]    Compiling tower-service v0.3.2
[INFO] [stderr]    Compiling http-body v0.4.5
[INFO] [stderr]    Compiling num-traits v0.2.15
[INFO] [stderr]    Compiling serde_derive_internals v0.26.0
[INFO] [stderr]    Compiling try-lock v0.2.4
[INFO] [stderr]    Compiling spin v0.5.2
[INFO] [stderr]    Compiling untrusted v0.7.1
[INFO] [stderr]    Compiling httpdate v1.0.2
[INFO] [stderr]    Compiling bitflags v1.3.2
[INFO] [stderr]    Compiling want v0.3.0
[INFO] [stderr]    Compiling rustversion v1.0.12
[INFO] [stderr]    Compiling pkg-config v0.3.26
[INFO] [stderr]    Compiling async-trait v0.1.68
[INFO] [stderr]    Compiling percent-encoding v2.2.0
[INFO] [stderr]    Compiling openssl-probe v0.1.5
[INFO] [stderr]    Compiling openssl-sys v0.9.87
[INFO] [stderr]    Compiling mime v0.3.17
[INFO] [stderr]    Compiling eyre v0.6.8
[INFO] [stderr]    Compiling paste v1.0.12
[INFO] [stderr]    Compiling tinyvec_macros v0.1.1
[INFO] [stderr]    Compiling indenter v0.3.3
[INFO] [stderr]    Compiling tinyvec v1.6.0
[INFO] [stderr]    Compiling num_threads v0.1.6
[INFO] [stderr]    Compiling time-macros v0.2.4
[INFO] [stderr]    Compiling axum-core v0.3.4
[INFO] [stderr]    Compiling form_urlencoded v1.1.0
[INFO] [stderr]    Compiling rand_chacha v0.2.2
[INFO] [stderr]    Compiling rand_chacha v0.3.1
[INFO] [stderr]    Compiling webpki v0.21.4
[INFO] [stderr]    Compiling sct v0.6.1
[INFO] [stderr]    Compiling schemars_derive v0.8.12
[INFO] [stderr]    Compiling derivative v2.2.0
[INFO] [stderr]    Compiling cosmwasm-derive v1.2.4
[INFO] [stderr]    Compiling cosmwasm-schema-derive v1.2.4
[INFO] [stderr]    Compiling prost-derive v0.11.9
[INFO] [stderr]    Compiling zeroize_derive v1.4.2
[INFO] [stderr]    Compiling thiserror-impl v1.0.40
[INFO] [stderr]    Compiling futures-macro v0.3.28
[INFO] [stderr]    Compiling tokio-macros v2.1.0
[INFO] [stderr]    Compiling zeroize v1.6.0
[INFO] [stderr]    Compiling tracing-attributes v0.1.24
[INFO] [stderr]    Compiling der v0.6.1
[INFO] [stderr]    Compiling crypto-bigint v0.4.9
[INFO] [stderr]    Compiling curve25519-dalek v3.2.0
[INFO] [stderr]    Compiling spki v0.6.0
[INFO] [stderr]    Compiling rfc6979 v0.3.1
[INFO] [stderr]    Compiling pkcs8 v0.9.0
[INFO] [stderr]    Compiling sec1 v0.3.0
[INFO] [stderr]    Compiling prost v0.11.9
[INFO] [stderr]    Compiling elliptic-curve v0.12.3
[INFO] [stderr]    Compiling pin-project-internal v1.0.12
[INFO] [stderr]    Compiling ecdsa v0.14.8
[INFO] [stderr]    Compiling tracing v0.1.37
[INFO] [stderr]    Compiling subtle-encoding v0.5.1
[INFO] [stderr]    Compiling prost-types v0.11.9
[INFO] [stderr]    Compiling k256 v0.11.6
[INFO] [stderr]    Compiling time v0.3.11
[INFO] [stderr]    Compiling rustls v0.19.1
[INFO] [stderr]    Compiling num-derive v0.3.3
[INFO] [stderr]    Compiling pin-project v1.0.12
[INFO] [stderr]    Compiling flex-error v0.4.4
[INFO] [stderr]    Compiling unicode-normalization v0.1.22
[INFO] [stderr]    Compiling unicode-bidi v0.3.13
[INFO] [stderr]    Compiling foreign-types-shared v0.1.1
[INFO] [stderr]    Compiling openssl v0.10.52
[INFO] [stderr]    Compiling tower-layer v0.3.2
[INFO] [stderr]    Compiling foreign-types v0.3.2
[INFO] [stderr]    Compiling futures-executor v0.3.28
[INFO] [stderr]    Compiling idna v0.3.0
[INFO] [stderr]    Compiling futures v0.3.28
[INFO] [stderr]    Compiling openssl-macros v0.1.1
[INFO] [stderr]    Compiling rand v0.8.5
[INFO] [stderr]    Compiling rand v0.7.3
[INFO] [stderr]    Compiling axum v0.6.17
[INFO] [stderr]    Compiling native-tls v0.2.11
[INFO] [stderr]    Compiling url v2.3.1
[INFO] [stderr]    Compiling tokio-util v0.7.8
[INFO] [stderr]    Compiling tokio-io-timeout v1.2.0
[INFO] [stderr]    Compiling tokio-rustls v0.22.0
[INFO] [stderr]    Compiling h2 v0.3.18
[INFO] [stderr]    Compiling tower v0.4.13
[INFO] [stderr]    Compiling rustls-native-certs v0.5.0
[INFO] [stderr]    Compiling ed25519-zebra v3.1.0
[INFO] [stderr]    Compiling cosmwasm-crypto v1.2.4
[INFO] [stderr]    Compiling serde-json-wasm v0.5.1
[INFO] [stderr]    Compiling serde_bytes v0.11.9
[INFO] [stderr]    Compiling tendermint-proto v0.23.9
[INFO] [stderr]    Compiling ed25519 v1.5.3
[INFO] [stderr]    Compiling async-stream-impl v0.3.5
[INFO] [stderr]    Compiling ed25519-dalek v1.0.1
[INFO] [stderr]    Compiling serde_repr v0.1.12
[INFO] [stderr]    Compiling webpki-roots v0.21.1
[INFO] [stderr]    Compiling hyper v0.14.26
[INFO] [stderr]    Compiling ct-logs v0.8.0
[INFO] [stderr]    Compiling headers-core v0.2.0
[INFO] [stderr]    Compiling cosmwasm-std v1.2.4
[INFO] [stderr]    Compiling cosmwasm-schema v1.2.4
[INFO] [stderr]    Compiling secp256k1-sys v0.4.2
[INFO] [stderr]    Compiling ripemd160 v0.9.1
[INFO] [stderr]    Compiling sha1 v0.10.5
[INFO] [stderr]    Compiling peg-runtime v0.7.0
[INFO] [stderr]    Compiling matchit v0.7.0
[INFO] [stderr]    Compiling sync_wrapper v0.1.2
[INFO] [stderr]    Compiling headers v0.3.8
[INFO] [stderr]    Compiling peg-macros v0.7.0
[INFO] [stderr]    Compiling async-stream v0.3.5
[INFO] [stderr]    Compiling toml v0.5.11
[INFO] [stderr]    Compiling tokio-stream v0.1.14
[INFO] [stderr]    Compiling tracing-futures v0.2.5
[INFO] [stderr]    Compiling num-integer v0.1.45
[INFO] [stderr]    Compiling crypto-mac v0.10.1
[INFO] [stderr]    Compiling gcc v0.3.55
[INFO] [stderr]    Compiling same-file v1.0.6
[INFO] [stderr]    Compiling rust_decimal v1.29.1
[INFO] [stderr]    Compiling hyper-rustls v0.22.1
[INFO] [stderr]    Compiling hyper-timeout v0.4.1
[INFO] [stderr]    Compiling tendermint v0.23.9
[INFO] [stderr]    Compiling rust-crypto v0.2.36
[INFO] [stderr]    Compiling peg v0.7.0
[INFO] [stderr]    Compiling hyper-proxy v0.9.1
[INFO] [stderr]    Compiling walkdir v2.3.3
[INFO] [stderr]    Compiling tokio-native-tls v0.3.1
[INFO] [stderr]    Compiling prost-derive v0.9.0
[INFO] [stderr]    Compiling aho-corasick v1.0.1
[INFO] [stderr]    Compiling rand v0.4.6
[INFO] [stderr]    Compiling cw-storage-plus v0.16.0
[INFO] [stderr]    Compiling cw-storage-plus v0.15.1
[INFO] [stderr]    Compiling cw2 v0.16.0
[INFO] [stderr]    Compiling cosmwasm-storage v1.2.4
[INFO] [stderr]    Compiling cw-utils v0.16.0
[INFO] [stderr]    Compiling cw2 v0.15.1
[INFO] [stderr]    Compiling time v0.1.45
[INFO] [stderr]    Compiling cw-utils v0.15.1
[INFO] [stderr]    Compiling cw20 v0.16.0
[INFO] [stderr]    Compiling cw1155 v0.16.0
[INFO] [stderr]    Compiling bs58 v0.4.0
[INFO] [stderr]    Compiling tendermint-config v0.23.9
[INFO] [stderr]    Compiling pbkdf2 v0.11.0
[INFO] [stderr]    Compiling ripemd v0.1.3
[INFO] [stderr]    Compiling arrayvec v0.7.2
[INFO] [stderr]    Compiling regex-syntax v0.7.1
[INFO] [stderr]    Compiling tonic v0.8.3
[INFO] [stderr]    Compiling erased-serde v0.3.25
[INFO] [stderr]    Compiling uuid v0.8.2
[INFO] [stderr]    Compiling cw20-base v0.16.0
[INFO] [stderr]    Compiling bip32 v0.4.0
[INFO] [stderr]    Compiling tendermint-rpc v0.23.9
[INFO] [stderr]    Compiling cw-asset v2.4.0
[INFO] [stderr]    Compiling prost v0.9.0
[INFO] [stderr]    Compiling cw-controllers v0.16.0
[INFO] [stderr]    Compiling rand v0.3.23
[INFO] [stderr]    Compiling abstract-ica v0.2.0-beta.7
[INFO] [stderr]    Compiling hyper-tls v0.5.0
[INFO] [stderr]    Compiling secp256k1 v0.20.3
[INFO] [stderr]    Compiling pbkdf2 v0.6.0
[INFO] [stderr]    Compiling cosmos-sdk-proto v0.14.0
[INFO] [stderr]    Compiling hmac v0.10.1
[INFO] [stderr]    Compiling serde_urlencoded v0.7.1
[INFO] [stderr]    Compiling prost-derive v0.10.1
[INFO] [stderr]    Compiling atty v0.2.14
[INFO] [stderr]    Compiling regex v1.8.1
[INFO] [stderr]    Compiling encoding_rs v0.8.32
[INFO] [stderr]    Compiling bitcoin_hashes v0.10.0
[INFO] [stderr]    Compiling ipnet v2.7.2
[INFO] [stderr]    Compiling termcolor v1.2.0
[INFO] [stderr]    Compiling bech32 v0.8.1
[INFO] [stderr]    Compiling humantime v2.1.0
[INFO] [stderr]    Compiling protobuf v2.28.0
[INFO] [stderr]    Compiling iana-time-zone v0.1.56
[INFO] [stderr]    Compiling base64 v0.21.0
[INFO] [stderr]    Compiling rustc-serialize v0.3.24
[INFO] [stderr]    Compiling env_logger v0.8.4
[INFO] [stderr]    Compiling reqwest v0.11.17
[INFO] [stderr]    Compiling chrono v0.4.24
[INFO] [stderr]    Compiling prost v0.10.4
[INFO] [stderr]    Compiling abstract-os v0.2.0-beta.7
[INFO] [stderr]    Compiling hkd32 v0.5.0
[INFO] [stderr]    Compiling rust_decimal_macros v1.29.1
[INFO] [stderr]    Compiling cw-multi-test v0.15.1
[INFO] [stderr]    Compiling bitcoin v0.27.1
[INFO] [stderr]    Compiling cw20 v0.15.1
[INFO] [stderr]    Compiling boot-contract-derive v0.1.3
[INFO] [stderr]    Compiling sha256 v1.1.3
[INFO] [stderr]    Compiling lazy_static v1.4.0
[INFO] [stderr]    Compiling base16 v0.2.1
[INFO] [stderr]    Compiling dotenv v0.15.0
[INFO] [stderr]    Compiling cw20-base v0.15.1
[INFO] [stderr]    Compiling cosmrs v0.9.0
[INFO] [stderr]    Compiling boot-core v0.1.3
[INFO] [stderr]    Compiling abstract-sdk v0.2.0-beta.7
[INFO] [stderr]    Compiling boot-abstract v0.2.0-beta.3 (/opt/rustwide/workdir)
[INFO] [stdout] error[E0432]: unresolved import `abstract_os::memory`
[INFO] [stdout]  --> src/memory.rs:4:19
[INFO] [stdout]   |
[INFO] [stdout] 4 | use abstract_os::{memory::*, objects::UncheckedChannelEntry};
[INFO] [stdout]   |                   ^^^^^^ could not find `memory` in `abstract_os`
[INFO] [stdout] 
[INFO] [stdout] 
[INFO] [stdout] error[E0432]: unresolved import `abstract_os::add_on`
[INFO] [stdout]  --> src/subscription.rs:4:19
[INFO] [stdout]   |
[INFO] [stdout] 4 | use abstract_os::{add_on::BaseInstantiateMsg, subscription::*};
[INFO] [stdout]   |                   ^^^^^^ could not find `add_on` in `abstract_os`
[INFO] [stdout] 
[INFO] [stdout] 
[INFO] [stdout] error[E0432]: unresolved import `abstract_os::api`
[INFO] [stdout]  --> src/dex_api.rs:1:18
[INFO] [stdout]   |
[INFO] [stdout] 1 | use abstract_os::api::*;
[INFO] [stdout]   |                  ^^^ could not find `api` in `abstract_os`
[INFO] [stdout] 
[INFO] [stdout] 
[INFO] [stdout] error[E0432]: unresolved import `abstract_os::middleware`
[INFO] [stdout]  --> src/dex_api.rs:3:5
[INFO] [stdout]   |
[INFO] [stdout] 3 | use abstract_os::middleware;
[INFO] [stdout]   |     ^^^^^^^^^^^^^^^^^^^^^^^ no `middleware` in the root
[INFO] [stdout] 
[INFO] [stdout] 
[INFO] [stdout] error[E0432]: unresolved import `abstract_os::add_on`
[INFO] [stdout]  --> src/etf.rs:2:18
[INFO] [stdout]   |
[INFO] [stdout] 2 | use abstract_os::add_on::MigrateMsg;
[INFO] [stdout]   |                  ^^^^^^ could not find `add_on` in `abstract_os`
[INFO] [stdout] 
[INFO] [stdout] 
[INFO] [stdout] error[E0432]: unresolved import `abstract_os::api`
[INFO] [stdout]  --> src/tendermint_staking_api.rs:1:18
[INFO] [stdout]   |
[INFO] [stdout] 1 | use abstract_os::api::*;
[INFO] [stdout]   |                  ^^^ could not find `api` in `abstract_os`
[INFO] [stdout] 
[INFO] [stdout] 
[INFO] [stdout] error[E0432]: unresolved import `abstract_os::middleware`
[INFO] [stdout]  --> src/tendermint_staking_api.rs:3:5
[INFO] [stdout]   |
[INFO] [stdout] 3 | use abstract_os::middleware;
[INFO] [stdout]   |     ^^^^^^^^^^^^^^^^^^^^^^^ no `middleware` in the root
[INFO] [stdout] 
[INFO] [stdout] 
[INFO] [stdout] error[E0432]: unresolved imports `abstract_os::api`, `abstract_os::middleware`
[INFO] [stdout]  --> src/version_control.rs:7:5
[INFO] [stdout]   |
[INFO] [stdout] 7 |     api::BaseInstantiateMsg,
[INFO] [stdout]   |     ^^^ could not find `api` in `abstract_os`
[INFO] [stdout] 8 |     middleware,
[INFO] [stdout]   |     ^^^^^^^^^^ no `middleware` in the root
[INFO] [stdout] 
[INFO] [stdout] 
[INFO] [stdout] error[E0433]: failed to resolve: use of undeclared type `ExecuteMsg`
[INFO] [stdout]   --> src/memory.rs:64:26
[INFO] [stdout]    |
[INFO] [stdout] 64 |                         &ExecuteMsg::UpdateAssetAddresses {
[INFO] [stdout]    |                          ^^^^^^^^^^ use of undeclared type `ExecuteMsg`
[INFO] [stdout] 
[INFO] [stdout] 
[INFO] [stdout] error[E0433]: failed to resolve: use of undeclared type `ExecuteMsg`
[INFO] [stdout]    --> src/memory.rs:103:26
[INFO] [stdout]     |
[INFO] [stdout] 103 |                         &ExecuteMsg::UpdateChannels {
[INFO] [stdout]     |                          ^^^^^^^^^^ use of undeclared type `ExecuteMsg`
[INFO] [stdout] 
[INFO] [stdout] 
[INFO] [stdout] error[E0433]: failed to resolve: use of undeclared type `ExecuteMsg`
[INFO] [stdout]    --> src/memory.rs:143:26
[INFO] [stdout]     |
[INFO] [stdout] 143 |                         &ExecuteMsg::UpdateContractAddresses {
[INFO] [stdout]     |                          ^^^^^^^^^^ use of undeclared type `ExecuteMsg`
[INFO] [stdout] 
[INFO] [stdout] 
[INFO] [stdout] error[E0433]: failed to resolve: could not find `api` in `abstract_os`
[INFO] [stdout]   --> src/dex_api.rs:19:18
[INFO] [stdout]    |
[INFO] [stdout] 19 |     abstract_os::api::QueryMsg<abstract_os::dex::DexQueryMsg>,
[INFO] [stdout]    |                  ^^^ could not find `api` in `abstract_os`
[INFO] [stdout] 
[INFO] [stdout] 
[INFO] [stdout] error[E0433]: failed to resolve: could not find `api` in `abstract_os`
[INFO] [stdout]   --> src/tendermint_staking_api.rs:14:18
[INFO] [stdout]    |
[INFO] [stdout] 14 |     abstract_os::api::QueryMsg<abstract_os::tendermint_staking::QueryMsg>,
[INFO] [stdout]    |                  ^^^ could not find `api` in `abstract_os`
[INFO] [stdout] 
[INFO] [stdout] 
[INFO] [stdout] error[E0412]: cannot find type `ExecuteMsg` in this scope
[INFO] [stdout]   --> src/memory.rs:13:44
[INFO] [stdout]    |
[INFO] [stdout] 13 | pub type Memory<Chain> = AbstractOS<Chain, ExecuteMsg, InstantiateMsg, QueryMsg, MigrateMsg>;
[INFO] [stdout]    |                                            ^^^^^^^^^^ not found in this scope
[INFO] [stdout]    |
[INFO] [stdout] help: consider importing one of these items
[INFO] [stdout]    |
[INFO] [stdout] 1  | use abstract_os::abstract_token::ExecuteMsg;
[INFO] [stdout]    |
[INFO] [stdout] 1  | use abstract_os::ans_host::ExecuteMsg;
[INFO] [stdout]    |
[INFO] [stdout] 1  | use abstract_os::app::ExecuteMsg;
[INFO] [stdout]    |
[INFO] [stdout] 1  | use abstract_os::base::ExecuteMsg;
[INFO] [stdout]    |
[INFO] [stdout]      and 11 other candidates
[INFO] [stdout] 
[INFO] [stdout] 
[INFO] [stdout] error[E0412]: cannot find type `InstantiateMsg` in this scope
[INFO] [stdout]   --> src/memory.rs:13:56
[INFO] [stdout]    |
[INFO] [stdout] 13 | pub type Memory<Chain> = AbstractOS<Chain, ExecuteMsg, InstantiateMsg, QueryMsg, MigrateMsg>;
[INFO] [stdout]    |                                                        ^^^^^^^^^^^^^^ not found in this scope
[INFO] [stdout]    |
[INFO] [stdout] help: consider importing one of these items
[INFO] [stdout]    |
[INFO] [stdout] 1  | use abstract_os::abstract_token::InstantiateMsg;
[INFO] [stdout]    |
[INFO] [stdout] 1  | use abstract_os::ans_host::InstantiateMsg;
[INFO] [stdout]    |
[INFO] [stdout] 1  | use abstract_os::app::InstantiateMsg;
[INFO] [stdout]    |
[INFO] [stdout] 1  | use abstract_os::base::InstantiateMsg;
[INFO] [stdout]    |
[INFO] [stdout]      and 11 other candidates
[INFO] [stdout] 
[INFO] [stdout] 
[INFO] [stdout] error[E0412]: cannot find type `QueryMsg` in this scope
[INFO] [stdout]   --> src/memory.rs:13:72
[INFO] [stdout]    |
[INFO] [stdout] 13 | pub type Memory<Chain> = AbstractOS<Chain, ExecuteMsg, InstantiateMsg, QueryMsg, MigrateMsg>;
[INFO] [stdout]    |                                                                        ^^^^^^^^ not found in this scope
[INFO] [stdout]    |
[INFO] [stdout] help: consider importing one of these items
[INFO] [stdout]    |
[INFO] [stdout] 1  | use abstract_os::abstract_token::QueryMsg;
[INFO] [stdout]    |
[INFO] [stdout] 1  | use abstract_os::ans_host::QueryMsg;
[INFO] [stdout]    |
[INFO] [stdout] 1  | use abstract_os::app::QueryMsg;
[INFO] [stdout]    |
[INFO] [stdout] 1  | use abstract_os::base::QueryMsg;
[INFO] [stdout]    |
[INFO] [stdout]      and 12 other candidates
[INFO] [stdout] 
[INFO] [stdout] 
[INFO] [stdout] error[E0412]: cannot find type `MigrateMsg` in this scope
[INFO] [stdout]   --> src/memory.rs:13:82
[INFO] [stdout]    |
[INFO] [stdout] 13 | pub type Memory<Chain> = AbstractOS<Chain, ExecuteMsg, InstantiateMsg, QueryMsg, MigrateMsg>;
[INFO] [stdout]    |                                                                                  ^^^^^^^^^^ not found in this scope
[INFO] [stdout]    |
[INFO] [stdout] help: consider importing one of these items
[INFO] [stdout]    |
[INFO] [stdout] 1  | use abstract_os::abstract_token::MigrateMsg;
[INFO] [stdout]    |
[INFO] [stdout] 1  | use abstract_os::ans_host::MigrateMsg;
[INFO] [stdout]    |
[INFO] [stdout] 1  | use abstract_os::app::MigrateMsg;
[INFO] [stdout]    |
[INFO] [stdout] 1  | use abstract_os::base::MigrateMsg;
[INFO] [stdout]    |
[INFO] [stdout]      and 9 other candidates
[INFO] [stdout] 
[INFO] [stdout] 
[INFO] [stdout] error[E0412]: cannot find type `ExecuteMsg` in this scope
[INFO] [stdout]   --> src/dex_api.rs:17:5
[INFO] [stdout]    |
[INFO] [stdout] 17 |     ExecuteMsg<DexRequestMsg>,
[INFO] [stdout]    |     ^^^^^^^^^^ not found in this scope
[INFO] [stdout]    |
[INFO] [stdout] help: consider importing one of these items
[INFO] [stdout]    |
[INFO] [stdout] 1  | use abstract_os::abstract_token::ExecuteMsg;
[INFO] [stdout]    |
[INFO] [stdout] 1  | use abstract_os::ans_host::ExecuteMsg;
[INFO] [stdout]    |
[INFO] [stdout] 1  | use abstract_os::app::ExecuteMsg;
[INFO] [stdout]    |
[INFO] [stdout] 1  | use abstract_os::base::ExecuteMsg;
[INFO] [stdout]    |
[INFO] [stdout]      and 11 other candidates
[INFO] [stdout] 
[INFO] [stdout] 
[INFO] [stdout] error[E0412]: cannot find type `BaseInstantiateMsg` in this scope
[INFO] [stdout]   --> src/dex_api.rs:18:32
[INFO] [stdout]    |
[INFO] [stdout] 18 |     middleware::InstantiateMsg<BaseInstantiateMsg>,
[INFO] [stdout]    |                                ^^^^^^^^^^^^^^^^^^ not found in this scope
[INFO] [stdout]    |
[INFO] [stdout] help: consider importing one of these items
[INFO] [stdout]    |
[INFO] [stdout] 1  | use abstract_os::app::BaseInstantiateMsg;
[INFO] [stdout]    |
[INFO] [stdout] 1  | use abstract_os::extension::BaseInstantiateMsg;
[INFO] [stdout]    |
[INFO] [stdout] 1  | use abstract_os::ibc_host::BaseInstantiateMsg;
[INFO] [stdout]    |
[INFO] [stdout] 
[INFO] [stdout] 
[INFO] [stdout] error[E0433]: failed to resolve: use of undeclared type `ExecuteMsg`
[INFO] [stdout]   --> src/dex_api.rs:51:13
[INFO] [stdout]    |
[INFO] [stdout] 51 |             ExecuteMsg::<DexRequestMsg>::App(ApiRequestMsg {
[INFO] [stdout]    |             ^^^^^^^^^^ use of undeclared type `ExecuteMsg`
[INFO] [stdout]    |
[INFO] [stdout] help: consider importing one of these items
[INFO] [stdout]    |
[INFO] [stdout] 1  | use abstract_os::abstract_token::ExecuteMsg;
[INFO] [stdout]    |
[INFO] [stdout] 1  | use abstract_os::ans_host::ExecuteMsg;
[INFO] [stdout]    |
[INFO] [stdout] 1  | use abstract_os::app::ExecuteMsg;
[INFO] [stdout]    |
[INFO] [stdout] 1  | use abstract_os::base::ExecuteMsg;
[INFO] [stdout]    |
[INFO] [stdout]      and 11 other candidates
[INFO] [stdout] 
[INFO] [stdout] 
[INFO] [stdout] error[E0422]: cannot find struct, variant or union type `ApiRequestMsg` in this scope
[INFO] [stdout]   --> src/dex_api.rs:51:46
[INFO] [stdout]    |
[INFO] [stdout] 51 |             ExecuteMsg::<DexRequestMsg>::App(ApiRequestMsg {
[INFO] [stdout]    |                                              ^^^^^^^^^^^^^ help: a struct with a similar name exists: `DexRequestMsg`
[INFO] [stdout]    |
[INFO] [stdout]   ::: /opt/rustwide/cargo-home/registry/src/github.com-1ecc6299db9ec823/abstract-os-0.2.0-beta.7/src/modules/extensions/dex.rs:65:1
[INFO] [stdout]    |
[INFO] [stdout] 65 | pub struct DexRequestMsg {
[INFO] [stdout]    | ------------------------ similarly named struct `DexRequestMsg` defined here
[INFO] [stdout] 
[INFO] [stdout] 
[INFO] [stdout] error[E0412]: cannot find type `ExecuteMsg` in this scope
[INFO] [stdout]   --> src/tendermint_staking_api.rs:12:5
[INFO] [stdout]    |
[INFO] [stdout] 12 |     ExecuteMsg<RequestMsg>,
[INFO] [stdout]    |     ^^^^^^^^^^ not found in this scope
[INFO] [stdout]    |
[INFO] [stdout] help: consider importing one of these items
[INFO] [stdout]    |
[INFO] [stdout] 1  | use abstract_os::abstract_token::ExecuteMsg;
[INFO] [stdout]    |
[INFO] [stdout] 1  | use abstract_os::ans_host::ExecuteMsg;
[INFO] [stdout]    |
[INFO] [stdout] 1  | use abstract_os::app::ExecuteMsg;
[INFO] [stdout]    |
[INFO] [stdout] 1  | use abstract_os::base::ExecuteMsg;
[INFO] [stdout]    |
[INFO] [stdout]      and 11 other candidates
[INFO] [stdout] 
[INFO] [stdout] 
[INFO] [stdout] error[E0412]: cannot find type `BaseInstantiateMsg` in this scope
[INFO] [stdout]   --> src/tendermint_staking_api.rs:13:32
[INFO] [stdout]    |
[INFO] [stdout] 13 |     middleware::InstantiateMsg<BaseInstantiateMsg>,
[INFO] [stdout]    |                                ^^^^^^^^^^^^^^^^^^ not found in this scope
[INFO] [stdout]    |
[INFO] [stdout] help: consider importing one of these items
[INFO] [stdout]    |
[INFO] [stdout] 1  | use abstract_os::app::BaseInstantiateMsg;
[INFO] [stdout]    |
[INFO] [stdout] 1  | use abstract_os::extension::BaseInstantiateMsg;
[INFO] [stdout]    |
[INFO] [stdout] 1  | use abstract_os::ibc_host::BaseInstantiateMsg;
[INFO] [stdout]    |
[INFO] [stdout] 
[INFO] [stdout] 
[INFO] [stdout] error[E0107]: struct takes 1 generic argument but 5 generic arguments were supplied
[INFO] [stdout]   --> src/lib.rs:16:3
[INFO] [stdout]    |
[INFO] [stdout] 16 | >(Contract<Chain, ExecuteMsg, InitMsg, QueryMsg, M>)
[INFO] [stdout]    |   ^^^^^^^^        -------------------------------- help: remove these generic arguments
[INFO] [stdout]    |   |
[INFO] [stdout]    |   expected 1 generic argument
[INFO] [stdout]    |
[INFO] [stdout] note: struct defined here, with 1 generic parameter: `Chain`
[INFO] [stdout]   --> /opt/rustwide/cargo-home/registry/src/github.com-1ecc6299db9ec823/boot-core-0.1.3/src/contract.rs:22:12
[INFO] [stdout]    |
[INFO] [stdout] 22 | pub struct Contract<Chain: BootEnvironment> {
[INFO] [stdout]    |            ^^^^^^^^ -----
[INFO] [stdout] 
[INFO] [stdout] 
[INFO] [stdout] error[E0107]: struct takes 1 generic argument but 5 generic arguments were supplied
[INFO] [stdout]   --> src/lib.rs:29:19
[INFO] [stdout]    |
[INFO] [stdout] 29 |     type Target = Contract<Chain, E, I, Q, M>;
[INFO] [stdout]    |                   ^^^^^^^^        ---------- help: remove these generic arguments
[INFO] [stdout]    |                   |
[INFO] [stdout]    |                   expected 1 generic argument
[INFO] [stdout]    |
[INFO] [stdout] note: struct defined here, with 1 generic parameter: `Chain`
[INFO] [stdout]   --> /opt/rustwide/cargo-home/registry/src/github.com-1ecc6299db9ec823/boot-core-0.1.3/src/contract.rs:22:12
[INFO] [stdout]    |
[INFO] [stdout] 22 | pub struct Contract<Chain: BootEnvironment> {
[INFO] [stdout]    |            ^^^^^^^^ -----
[INFO] [stdout] 
[INFO] [stdout] 
[INFO] [stdout] error[E0107]: struct takes 1 generic argument but 5 generic arguments were supplied
[INFO] [stdout]    --> src/manager.rs:101:18
[INFO] [stdout]     |
[INFO] [stdout] 101 |         module: &Contract<Chain, H, I, N, S>,
[INFO] [stdout]     |                  ^^^^^^^^        ---------- help: remove these generic arguments
[INFO] [stdout]     |                  |
[INFO] [stdout]     |                  expected 1 generic argument
[INFO] [stdout]     |
[INFO] [stdout] note: struct defined here, with 1 generic parameter: `Chain`
[INFO] [stdout]    --> /opt/rustwide/cargo-home/registry/src/github.com-1ecc6299db9ec823/boot-core-0.1.3/src/contract.rs:22:12
[INFO] [stdout]     |
[INFO] [stdout] 22  | pub struct Contract<Chain: BootEnvironment> {
[INFO] [stdout]     |            ^^^^^^^^ -----
[INFO] [stdout] 
[INFO] [stdout] 
[INFO] [stdout] error[E0107]: struct takes 1 generic argument but 5 generic arguments were supplied
[INFO] [stdout]   --> src/version_control.rs:47:22
[INFO] [stdout]    |
[INFO] [stdout] 47 |         module: &mut Contract<Chain, R, S, T, V>,
[INFO] [stdout]    |                      ^^^^^^^^        ---------- help: remove these generic arguments
[INFO] [stdout]    |                      |
[INFO] [stdout]    |                      expected 1 generic argument
[INFO] [stdout]    |
[INFO] [stdout] note: struct defined here, with 1 generic parameter: `Chain`
[INFO] [stdout]   --> /opt/rustwide/cargo-home/registry/src/github.com-1ecc6299db9ec823/boot-core-0.1.3/src/contract.rs:22:12
[INFO] [stdout]    |
[INFO] [stdout] 22 | pub struct Contract<Chain: BootEnvironment> {
[INFO] [stdout]    |            ^^^^^^^^ -----
[INFO] [stdout] 
[INFO] [stdout] 
[INFO] [stdout] error[E0107]: struct takes 1 generic argument but 5 generic arguments were supplied
[INFO] [stdout]   --> src/version_control.rs:72:19
[INFO] [stdout]    |
[INFO] [stdout] 72 |         api: &mut Contract<Chain, R, middleware::InstantiateMsg<BaseInstantiateMsg>, T, V>,
[INFO] [stdout]    |                   ^^^^^^^^        ------------------------------------------------------- help: remove these generic arguments
[INFO] [stdout]    |                   |
[INFO] [stdout]    |                   expected 1 generic argument
[INFO] [stdout]    |
[INFO] [stdout] note: struct defined here, with 1 generic parameter: `Chain`
[INFO] [stdout]   --> /opt/rustwide/cargo-home/registry/src/github.com-1ecc6299db9ec823/boot-core-0.1.3/src/contract.rs:22:12
[INFO] [stdout]    |
[INFO] [stdout] 22 | pub struct Contract<Chain: BootEnvironment> {
[INFO] [stdout]    |            ^^^^^^^^ -----
[INFO] [stdout] 
[INFO] [stdout] 
[INFO] [stdout] error: aborting due to 28 previous errors
[INFO] [stdout] 
[INFO] [stdout] 
[INFO] [stdout] Some errors have detailed explanations: E0107, E0412, E0422, E0432, E0433.
[INFO] [stdout] 
[INFO] [stdout] For more information about an error, try `rustc --explain E0107`.
[INFO] [stdout] 
[INFO] [stderr] error: could not compile `boot-abstract` due to 29 previous errors
[INFO] [stderr] warning: build failed, waiting for other jobs to finish...
[INFO] running `Command { std: "docker" "inspect" "44ba64f3107dd50a1fa6646a5ee12d5162db040d438cc499899795a0bcd1b026", kill_on_drop: false }`
[INFO] running `Command { std: "docker" "rm" "-f" "44ba64f3107dd50a1fa6646a5ee12d5162db040d438cc499899795a0bcd1b026", kill_on_drop: false }`
[INFO] [stdout] 44ba64f3107dd50a1fa6646a5ee12d5162db040d438cc499899795a0bcd1b026
