[INFO] fetching crate bonsaidb-macros 0.4.1...
[INFO] testing bonsaidb-macros-0.4.1 against 1.69.0 for beta-1.70-1
[INFO] extracting crate bonsaidb-macros 0.4.1 into /workspace/builds/worker-5-tc1/source
[INFO] validating manifest of crates.io crate bonsaidb-macros 0.4.1 on toolchain 1.69.0
[INFO] running `Command { std: CARGO_HOME="/workspace/cargo-home" RUSTUP_HOME="/workspace/rustup-home" "/workspace/cargo-home/bin/cargo" "+1.69.0" "metadata" "--manifest-path" "Cargo.toml" "--no-deps", kill_on_drop: false }`
[INFO] started tweaking crates.io crate bonsaidb-macros 0.4.1
[INFO] finished tweaking crates.io crate bonsaidb-macros 0.4.1
[INFO] tweaked toml for crates.io crate bonsaidb-macros 0.4.1 written to /workspace/builds/worker-5-tc1/source/Cargo.toml
[INFO] running `Command { std: CARGO_HOME="/workspace/cargo-home" RUSTUP_HOME="/workspace/rustup-home" __CARGO_TEST_CHANNEL_OVERRIDE_DO_NOT_USE_THIS="nightly" "/workspace/cargo-home/bin/cargo" "+1.69.0" "generate-lockfile" "--manifest-path" "Cargo.toml" "-Zno-index-update", kill_on_drop: false }`
[INFO] running `Command { std: CARGO_HOME="/workspace/cargo-home" RUSTUP_HOME="/workspace/rustup-home" "/workspace/cargo-home/bin/cargo" "+1.69.0" "fetch" "--manifest-path" "Cargo.toml", kill_on_drop: false }`
[INFO] [stderr]  Downloading crates ...
[INFO] [stderr]   Downloaded attribute-derive v0.2.2
[INFO] [stderr]   Downloaded attribute-derive-macro v0.2.0
[INFO] [stderr]   Downloaded compiletest_rs v0.7.1
[INFO] [stderr]   Downloaded winnow v0.4.4
[INFO] [stderr]   Downloaded tester v0.9.1
[INFO] [stderr]   Downloaded rustfix v0.5.1
[INFO] [stderr]   Downloaded transmog-bincode v0.1.0
[INFO] [stderr]   Downloaded transmog v0.1.0
[INFO] running `Command { std: "docker" "create" "-v" "/var/lib/crater-agent-workspace/builds/worker-5-tc1/target:/opt/rustwide/target:rw,Z" "-v" "/var/lib/crater-agent-workspace/builds/worker-5-tc1/source:/opt/rustwide/workdir:ro,Z" "-v" "/var/lib/crater-agent-workspace/cargo-home:/opt/rustwide/cargo-home:ro,Z" "-v" "/var/lib/crater-agent-workspace/rustup-home:/opt/rustwide/rustup-home:ro,Z" "-e" "SOURCE_DIR=/opt/rustwide/workdir" "-e" "CARGO_TARGET_DIR=/opt/rustwide/target" "-e" "CARGO_HOME=/opt/rustwide/cargo-home" "-e" "RUSTUP_HOME=/opt/rustwide/rustup-home" "-w" "/opt/rustwide/workdir" "-m" "1610612736" "--user" "0:0" "--network" "none" "ghcr.io/rust-lang/crates-build-env/linux@sha256:5ff2268d62e97bff2cde7d5815dd6ed5b47097566f13b8d0ca110b04b60e07ed" "/opt/rustwide/cargo-home/bin/cargo" "+1.69.0" "metadata" "--no-deps" "--format-version=1", kill_on_drop: false }`
[INFO] [stdout] 5b090ba9f9b0efb9c07f0f43bed8b55188ab858342e1d72c7f6879732a89bc3e
[INFO] running `Command { std: "docker" "start" "-a" "5b090ba9f9b0efb9c07f0f43bed8b55188ab858342e1d72c7f6879732a89bc3e", kill_on_drop: false }`
[INFO] running `Command { std: "docker" "inspect" "5b090ba9f9b0efb9c07f0f43bed8b55188ab858342e1d72c7f6879732a89bc3e", kill_on_drop: false }`
[INFO] running `Command { std: "docker" "rm" "-f" "5b090ba9f9b0efb9c07f0f43bed8b55188ab858342e1d72c7f6879732a89bc3e", kill_on_drop: false }`
[INFO] [stdout] 5b090ba9f9b0efb9c07f0f43bed8b55188ab858342e1d72c7f6879732a89bc3e
[INFO] running `Command { std: "docker" "create" "-v" "/var/lib/crater-agent-workspace/builds/worker-5-tc1/target:/opt/rustwide/target:rw,Z" "-v" "/var/lib/crater-agent-workspace/builds/worker-5-tc1/source:/opt/rustwide/workdir:ro,Z" "-v" "/var/lib/crater-agent-workspace/cargo-home:/opt/rustwide/cargo-home:ro,Z" "-v" "/var/lib/crater-agent-workspace/rustup-home:/opt/rustwide/rustup-home:ro,Z" "-e" "SOURCE_DIR=/opt/rustwide/workdir" "-e" "CARGO_TARGET_DIR=/opt/rustwide/target" "-e" "CARGO_INCREMENTAL=0" "-e" "RUST_BACKTRACE=full" "-e" "RUSTFLAGS=--cap-lints=warn" "-e" "RUSTDOCFLAGS=--cap-lints=warn" "-e" "CARGO_HOME=/opt/rustwide/cargo-home" "-e" "RUSTUP_HOME=/opt/rustwide/rustup-home" "-w" "/opt/rustwide/workdir" "-m" "1610612736" "--user" "0:0" "--network" "none" "ghcr.io/rust-lang/crates-build-env/linux@sha256:5ff2268d62e97bff2cde7d5815dd6ed5b47097566f13b8d0ca110b04b60e07ed" "/opt/rustwide/cargo-home/bin/cargo" "+1.69.0" "build" "--frozen" "--message-format=json", kill_on_drop: false }`
[INFO] [stdout] b324ba10bb212451b6412bf4dce752d4efa868a6ffe9402790ee465a3ffc4720
[INFO] running `Command { std: "docker" "start" "-a" "b324ba10bb212451b6412bf4dce752d4efa868a6ffe9402790ee465a3ffc4720", kill_on_drop: false }`
[INFO] [stderr]    Compiling syn v1.0.109
[INFO] [stderr]    Compiling serde v1.0.160
[INFO] [stderr]    Compiling indexmap v1.9.3
[INFO] [stderr]    Compiling hashbrown v0.12.3
[INFO] [stderr]    Compiling serde_json v1.0.96
[INFO] [stderr]    Compiling proc-macro-error-attr v1.0.4
[INFO] [stderr]    Compiling once_cell v1.17.1
[INFO] [stderr]    Compiling ryu v1.0.13
[INFO] [stderr]    Compiling toml_datetime v0.6.1
[INFO] [stderr]    Compiling trybuild v1.0.80
[INFO] [stderr]    Compiling winnow v0.4.4
[INFO] [stderr]    Compiling itoa v1.0.6
[INFO] [stderr]    Compiling termcolor v1.2.0
[INFO] [stderr]    Compiling glob v0.3.1
[INFO] [stderr]    Compiling proc-macro-error v1.0.4
[INFO] [stderr]    Compiling toml_edit v0.19.8
[INFO] [stderr]    Compiling attribute-derive-macro v0.2.0
[INFO] [stderr]    Compiling attribute-derive v0.2.2
[INFO] [stderr]    Compiling basic-toml v0.1.2
[INFO] [stderr]    Compiling proc-macro-crate v1.3.1
[INFO] [stderr]    Compiling bonsaidb-macros v0.4.1 (/opt/rustwide/workdir)
[INFO] [stderr]     Finished dev [unoptimized + debuginfo] target(s) in 21.77s
[INFO] running `Command { std: "docker" "inspect" "b324ba10bb212451b6412bf4dce752d4efa868a6ffe9402790ee465a3ffc4720", kill_on_drop: false }`
[INFO] running `Command { std: "docker" "rm" "-f" "b324ba10bb212451b6412bf4dce752d4efa868a6ffe9402790ee465a3ffc4720", kill_on_drop: false }`
[INFO] [stdout] b324ba10bb212451b6412bf4dce752d4efa868a6ffe9402790ee465a3ffc4720
[INFO] running `Command { std: "docker" "create" "-v" "/var/lib/crater-agent-workspace/builds/worker-5-tc1/target:/opt/rustwide/target:rw,Z" "-v" "/var/lib/crater-agent-workspace/builds/worker-5-tc1/source:/opt/rustwide/workdir:ro,Z" "-v" "/var/lib/crater-agent-workspace/cargo-home:/opt/rustwide/cargo-home:ro,Z" "-v" "/var/lib/crater-agent-workspace/rustup-home:/opt/rustwide/rustup-home:ro,Z" "-e" "SOURCE_DIR=/opt/rustwide/workdir" "-e" "CARGO_TARGET_DIR=/opt/rustwide/target" "-e" "CARGO_INCREMENTAL=0" "-e" "RUST_BACKTRACE=full" "-e" "RUSTFLAGS=--cap-lints=warn" "-e" "RUSTDOCFLAGS=--cap-lints=warn" "-e" "CARGO_HOME=/opt/rustwide/cargo-home" "-e" "RUSTUP_HOME=/opt/rustwide/rustup-home" "-w" "/opt/rustwide/workdir" "-m" "1610612736" "--user" "0:0" "--network" "none" "ghcr.io/rust-lang/crates-build-env/linux@sha256:5ff2268d62e97bff2cde7d5815dd6ed5b47097566f13b8d0ca110b04b60e07ed" "/opt/rustwide/cargo-home/bin/cargo" "+1.69.0" "test" "--frozen" "--no-run" "--message-format=json", kill_on_drop: false }`
[INFO] [stdout] 5896faf078e0203aefcbe0a4fca0cd1eeed72206319074c7e433793d56b8925d
[INFO] running `Command { std: "docker" "start" "-a" "5896faf078e0203aefcbe0a4fca0cd1eeed72206319074c7e433793d56b8925d", kill_on_drop: false }`
[INFO] [stderr]    Compiling proc-macro2 v1.0.56
[INFO] [stderr]    Compiling unicode-ident v1.0.8
[INFO] [stderr]    Compiling serde v1.0.160
[INFO] [stderr]    Compiling quote v1.0.26
[INFO] [stderr]    Compiling syn v1.0.109
[INFO] [stderr]    Compiling proc-macro-error v1.0.4
[INFO] [stderr]    Compiling dirs-sys-next v0.1.2
[INFO] [stderr]    Compiling toml_datetime v0.6.1
[INFO] [stderr]    Compiling winnow v0.4.4
[INFO] [stderr]    Compiling trybuild v1.0.80
[INFO] [stderr]    Compiling getopts v0.2.21
[INFO] [stderr]    Compiling regex-syntax v0.7.1
[INFO] [stderr]    Compiling dirs-next v2.0.0
[INFO] [stderr]    Compiling term v0.7.0
[INFO] [stderr]    Compiling glob v0.3.1
[INFO] [stderr]    Compiling compiletest_rs v0.7.1
[INFO] [stderr]    Compiling filetime v0.2.21
[INFO] [stderr]    Compiling tester v0.9.1
[INFO] [stderr]    Compiling transmog v0.1.0
[INFO] [stderr]    Compiling diff v0.1.13
[INFO] [stderr]    Compiling syn v2.0.15
[INFO] [stderr]    Compiling proc-macro-error-attr v1.0.4
[INFO] [stderr]    Compiling toml_edit v0.19.8
[INFO] [stderr]    Compiling regex v1.8.1
[INFO] [stderr]    Compiling serde_derive v1.0.160
[INFO] [stderr]    Compiling attribute-derive-macro v0.2.0
[INFO] [stderr]    Compiling proc-macro-crate v1.3.1
[INFO] [stderr]    Compiling attribute-derive v0.2.2
[INFO] [stderr]    Compiling serde_json v1.0.96
[INFO] [stderr]    Compiling basic-toml v0.1.2
[INFO] [stderr]    Compiling bincode v1.3.3
[INFO] [stderr]    Compiling transmog-bincode v0.1.0
[INFO] [stderr]    Compiling rustfix v0.5.1
[INFO] [stderr]    Compiling bonsaidb-macros v0.4.1 (/opt/rustwide/workdir)
[INFO] [stdout] error[E0433]: failed to resolve: use of undeclared crate or module `bonsaidb`
[INFO] [stdout]  --> tests/view.rs:3:5
[INFO] [stdout]   |
[INFO] [stdout] 3 | use bonsaidb::core::schema::{Collection, View};
[INFO] [stdout]   |     ^^^^^^^^ use of undeclared crate or module `bonsaidb`
[INFO] [stdout] 
[INFO] [stdout] 
[INFO] [stdout] error: cannot determine resolution for the derive macro `Collection`
[INFO] [stdout]  --> tests/view.rs:5:10
[INFO] [stdout]   |
[INFO] [stdout] 5 | #[derive(Collection, Debug)]
[INFO] [stdout]   |          ^^^^^^^^^^
[INFO] [stdout]   |
[INFO] [stdout]   = note: import resolution is stuck, try simplifying macro imports
[INFO] [stdout] 
[INFO] [stdout] 
[INFO] [stdout] error: cannot find attribute `collection` in this scope
[INFO] [stdout]  --> tests/view.rs:6:3
[INFO] [stdout]   |
[INFO] [stdout] 6 | #[collection(name = "name", authority = "authority")]
[INFO] [stdout]   |   ^^^^^^^^^^
[INFO] [stdout] 
[INFO] [stdout] 
[INFO] [stdout] error: cannot determine resolution for the derive macro `View`
[INFO] [stdout]   --> tests/view.rs:11:14
[INFO] [stdout]    |
[INFO] [stdout] 11 |     #[derive(View, Debug)]
[INFO] [stdout]    |              ^^^^
[INFO] [stdout]    |
[INFO] [stdout]    = note: import resolution is stuck, try simplifying macro imports
[INFO] [stdout] 
[INFO] [stdout] 
[INFO] [stdout] error: cannot find attribute `view` in this scope
[INFO] [stdout]   --> tests/view.rs:12:7
[INFO] [stdout]    |
[INFO] [stdout] 12 |     #[view(collection = TestCollection, name = "some strange name äöü")]
[INFO] [stdout]    |       ^^^^
[INFO] [stdout] 
[INFO] [stdout] 
[INFO] [stdout] error: cannot find attribute `view` in this scope
[INFO] [stdout]   --> tests/view.rs:13:7
[INFO] [stdout]    |
[INFO] [stdout] 13 |     #[view(key = ())]
[INFO] [stdout]    |       ^^^^
[INFO] [stdout] 
[INFO] [stdout] 
[INFO] [stdout] error: cannot determine resolution for the derive macro `View`
[INFO] [stdout]   --> tests/view.rs:19:14
[INFO] [stdout]    |
[INFO] [stdout] 19 |     #[derive(View, Debug)]
[INFO] [stdout]    |              ^^^^
[INFO] [stdout]    |
[INFO] [stdout]    = note: import resolution is stuck, try simplifying macro imports
[INFO] [stdout] 
[INFO] [stdout] 
[INFO] [stdout] error: cannot find attribute `view` in this scope
[INFO] [stdout]   --> tests/view.rs:20:7
[INFO] [stdout]    |
[INFO] [stdout] 20 |     #[view(collection = TestCollection)]
[INFO] [stdout]    |       ^^^^
[INFO] [stdout] 
[INFO] [stdout] 
[INFO] [stdout] error: cannot find attribute `view` in this scope
[INFO] [stdout]   --> tests/view.rs:21:7
[INFO] [stdout]    |
[INFO] [stdout] 21 |     #[view(key = ())]
[INFO] [stdout]    |       ^^^^
[INFO] [stdout] 
[INFO] [stdout] 
[INFO] [stdout] error: cannot find attribute `view` in this scope
[INFO] [stdout]   --> tests/view.rs:22:7
[INFO] [stdout]    |
[INFO] [stdout] 22 |     #[view(serialization = transmog_bincode::Bincode)]
[INFO] [stdout]    |       ^^^^
[INFO] [stdout] 
[INFO] [stdout] 
[INFO] [stdout] error: cannot determine resolution for the derive macro `View`
[INFO] [stdout]   --> tests/view.rs:28:14
[INFO] [stdout]    |
[INFO] [stdout] 28 |     #[derive(View, Debug)]
[INFO] [stdout]    |              ^^^^
[INFO] [stdout]    |
[INFO] [stdout]    = note: import resolution is stuck, try simplifying macro imports
[INFO] [stdout] 
[INFO] [stdout] 
[INFO] [stdout] error: cannot find attribute `view` in this scope
[INFO] [stdout]   --> tests/view.rs:29:7
[INFO] [stdout]    |
[INFO] [stdout] 29 |     #[view(collection = TestCollection)]
[INFO] [stdout]    |       ^^^^
[INFO] [stdout] 
[INFO] [stdout] 
[INFO] [stdout] error: cannot find attribute `view` in this scope
[INFO] [stdout]   --> tests/view.rs:30:7
[INFO] [stdout]    |
[INFO] [stdout] 30 |     #[view(key = ())]
[INFO] [stdout]    |       ^^^^
[INFO] [stdout] 
[INFO] [stdout] 
[INFO] [stdout] error: cannot find attribute `view` in this scope
[INFO] [stdout]   --> tests/view.rs:31:7
[INFO] [stdout]    |
[INFO] [stdout] 31 |     #[view(serialization = None)]
[INFO] [stdout]    |       ^^^^
[INFO] [stdout] 
[INFO] [stdout] 
[INFO] [stdout] error[E0433]: failed to resolve: use of undeclared crate or module `bonsaidb`
[INFO] [stdout]  --> tests/schema.rs:3:5
[INFO] [stdout]   |
[INFO] [stdout] 3 | use bonsaidb::core::schema::{Collection, CollectionName, Qualified, Schema, Schematic};
[INFO] [stdout]   |     ^^^^^^^^ use of undeclared crate or module `bonsaidb`
[INFO] [stdout] 
[INFO] [stdout] 
[INFO] [stdout] error: cannot determine resolution for the derive macro `Schema`
[INFO] [stdout]  --> tests/schema.rs:7:14
[INFO] [stdout]   |
[INFO] [stdout] 7 |     #[derive(Schema, Debug)]
[INFO] [stdout]   |              ^^^^^^
[INFO] [stdout]   |
[INFO] [stdout]   = note: import resolution is stuck, try simplifying macro imports
[INFO] [stdout] 
[INFO] [stdout] 
[INFO] [stdout] error: cannot find attribute `schema` in this scope
[INFO] [stdout]  --> tests/schema.rs:8:7
[INFO] [stdout]   |
[INFO] [stdout] 8 |     #[schema(name = "name", core = ::bonsaidb::core)]
[INFO] [stdout]   |       ^^^^^^
[INFO] [stdout] 
[INFO] [stdout] 
[INFO] [stdout] error: cannot determine resolution for the derive macro `Schema`
[INFO] [stdout]   --> tests/schema.rs:19:14
[INFO] [stdout]    |
[INFO] [stdout] 19 |     #[derive(Schema, Debug)]
[INFO] [stdout]    |              ^^^^^^
[INFO] [stdout]    |
[INFO] [stdout]    = note: import resolution is stuck, try simplifying macro imports
[INFO] [stdout] 
[INFO] [stdout] 
[INFO] [stdout] error: cannot find attribute `schema` in this scope
[INFO] [stdout]   --> tests/schema.rs:20:7
[INFO] [stdout]    |
[INFO] [stdout] 20 |     #[schema(name = "name")]
[INFO] [stdout]    |       ^^^^^^
[INFO] [stdout] 
[INFO] [stdout] 
[INFO] [stdout] error: cannot determine resolution for the derive macro `Schema`
[INFO] [stdout]   --> tests/schema.rs:30:14
[INFO] [stdout]    |
[INFO] [stdout] 30 |     #[derive(Schema, Debug)]
[INFO] [stdout]    |              ^^^^^^
[INFO] [stdout]    |
[INFO] [stdout]    = note: import resolution is stuck, try simplifying macro imports
[INFO] [stdout] 
[INFO] [stdout] 
[INFO] [stdout] error: cannot find attribute `schema` in this scope
[INFO] [stdout]   --> tests/schema.rs:31:7
[INFO] [stdout]    |
[INFO] [stdout] 31 |     #[schema(name = "name", authority = "authority")]
[INFO] [stdout]    |       ^^^^^^
[INFO] [stdout] 
[INFO] [stdout] 
[INFO] [stdout] error: cannot determine resolution for the derive macro `Schema`
[INFO] [stdout]   --> tests/schema.rs:41:14
[INFO] [stdout]    |
[INFO] [stdout] 41 |     #[derive(Schema, Debug)]
[INFO] [stdout]    |              ^^^^^^
[INFO] [stdout]    |
[INFO] [stdout]    = note: import resolution is stuck, try simplifying macro imports
[INFO] [stdout] 
[INFO] [stdout] 
[INFO] [stdout] error: cannot find attribute `schema` in this scope
[INFO] [stdout]   --> tests/schema.rs:42:7
[INFO] [stdout]    |
[INFO] [stdout] 42 |     #[schema(name = "name", authority = "authority", collections = [TestCollection])]
[INFO] [stdout]    |       ^^^^^^
[INFO] [stdout] 
[INFO] [stdout] 
[INFO] [stdout] error: cannot determine resolution for the derive macro `Collection`
[INFO] [stdout]   --> tests/schema.rs:50:14
[INFO] [stdout]    |
[INFO] [stdout] 50 |     #[derive(Collection, Debug)]
[INFO] [stdout]    |              ^^^^^^^^^^
[INFO] [stdout]    |
[INFO] [stdout]    = note: import resolution is stuck, try simplifying macro imports
[INFO] [stdout] 
[INFO] [stdout] 
[INFO] [stdout] error: cannot find attribute `collection` in this scope
[INFO] [stdout]   --> tests/schema.rs:51:7
[INFO] [stdout]    |
[INFO] [stdout] 51 |     #[collection(name = "name")]
[INFO] [stdout]    |       ^^^^^^^^^^
[INFO] [stdout] 
[INFO] [stdout] 
[INFO] [stdout] error[E0433]: failed to resolve: use of undeclared crate or module `bonsaidb`
[INFO] [stdout]   --> tests/schema.rs:13:9
[INFO] [stdout]    |
[INFO] [stdout] 13 |         bonsaidb::core::schema::SchemaName::private("name")
[INFO] [stdout]    |         ^^^^^^^^ use of undeclared crate or module `bonsaidb`
[INFO] [stdout] 
[INFO] [stdout] 
[INFO] [stdout] error[E0433]: failed to resolve: use of undeclared crate or module `bonsaidb`
[INFO] [stdout]   --> tests/schema.rs:25:9
[INFO] [stdout]    |
[INFO] [stdout] 25 |         bonsaidb::core::schema::SchemaName::private("name")
[INFO] [stdout]    |         ^^^^^^^^ use of undeclared crate or module `bonsaidb`
[INFO] [stdout] 
[INFO] [stdout] 
[INFO] [stdout] error[E0433]: failed to resolve: use of undeclared crate or module `bonsaidb`
[INFO] [stdout]   --> tests/schema.rs:36:9
[INFO] [stdout]    |
[INFO] [stdout] 36 |         bonsaidb::core::schema::SchemaName::new("authority", "name")
[INFO] [stdout]    |         ^^^^^^^^ use of undeclared crate or module `bonsaidb`
[INFO] [stdout] 
[INFO] [stdout] 
[INFO] [stdout] error: aborting due to 14 previous errors
[INFO] [stdout] 
[INFO] [stdout] 
[INFO] [stdout] For more information about this error, try `rustc --explain E0433`.
[INFO] [stdout] 
[INFO] [stderr] error: could not compile `bonsaidb-macros` due to 15 previous errors
[INFO] [stderr] warning: build failed, waiting for other jobs to finish...
[INFO] [stdout] error[E0433]: failed to resolve: use of undeclared crate or module `bonsaidb`
[INFO] [stdout]  --> tests/collection.rs:3:5
[INFO] [stdout]   |
[INFO] [stdout] 3 | use bonsaidb::core::{
[INFO] [stdout]   |     ^^^^^^^^ use of undeclared crate or module `bonsaidb`
[INFO] [stdout] 
[INFO] [stdout] 
[INFO] [stdout] error: cannot determine resolution for the derive macro `Collection`
[INFO] [stdout]   --> tests/collection.rs:14:14
[INFO] [stdout]    |
[INFO] [stdout] 14 |     #[derive(Collection, Debug)]
[INFO] [stdout]    |              ^^^^^^^^^^
[INFO] [stdout]    |
[INFO] [stdout]    = note: import resolution is stuck, try simplifying macro imports
[INFO] [stdout] 
[INFO] [stdout] 
[INFO] [stdout] error[E0599]: no function or associated item named `schema_name` found for struct `core::Test` in the current scope
[INFO] [stdout]   --> tests/schema.rs:12:25
[INFO] [stdout]    |
[INFO] [stdout] 9  |     struct Test<T: Sync + Send + Debug + 'static>(T);
[INFO] [stdout]    |     --------------------------------------------- function or associated item `schema_name` not found for this struct
[INFO] [stdout] ...
[INFO] [stdout] 12 |         Test::<String>::schema_name(),
[INFO] [stdout]    |                         ^^^^^^^^^^^ function or associated item not found in `Test<String>`
[INFO] [stdout] 
[INFO] [stdout] 
[INFO] [stdout] error[E0599]: no function or associated item named `schema_name` found for struct `name_only::Test` in the current scope
[INFO] [stdout]   --> tests/schema.rs:24:25
[INFO] [stdout]    |
[INFO] [stdout] 21 |     struct Test<T: Sync + Send + Debug + 'static>(T);
[INFO] [stdout]    |     --------------------------------------------- function or associated item `schema_name` not found for this struct
[INFO] [stdout] ...
[INFO] [stdout] 24 |         Test::<String>::schema_name(),
[INFO] [stdout]    |                         ^^^^^^^^^^^ function or associated item not found in `Test<String>`
[INFO] [stdout] 
[INFO] [stdout] 
[INFO] [stdout] error[E0599]: no function or associated item named `schema_name` found for struct `name_and_authority::Test` in the current scope
[INFO] [stdout]   --> tests/schema.rs:35:25
[INFO] [stdout]    |
[INFO] [stdout] 32 |     struct Test<T: Sync + Send + Debug + 'static>(T);
[INFO] [stdout]    |     --------------------------------------------- function or associated item `schema_name` not found for this struct
[INFO] [stdout] ...
[INFO] [stdout] 35 |         Test::<String>::schema_name(),
[INFO] [stdout]    |                         ^^^^^^^^^^^ function or associated item not found in `Test<String>`
[INFO] [stdout] 
[INFO] [stdout] 
[INFO] [stderr] error: could not compile `bonsaidb-macros` due to 18 previous errors
[INFO] [stdout] error: aborting due to 17 previous errors
[INFO] [stdout] 
[INFO] [stdout] 
[INFO] [stdout] Some errors have detailed explanations: E0433, E0599.
[INFO] [stdout] 
[INFO] [stdout] For more information about an error, try `rustc --explain E0433`.
[INFO] [stdout] 
[INFO] [stdout] error: cannot find attribute `collection` in this scope
[INFO] [stdout]   --> tests/collection.rs:15:7
[INFO] [stdout]    |
[INFO] [stdout] 15 |     #[collection(name = "Name", core = ::bonsaidb::core)]
[INFO] [stdout]    |       ^^^^^^^^^^
[INFO] [stdout] 
[INFO] [stdout] 
[INFO] [stdout] error: cannot determine resolution for the derive macro `Collection`
[INFO] [stdout]   --> tests/collection.rs:26:14
[INFO] [stdout]    |
[INFO] [stdout] 26 |     #[derive(Collection, Debug)]
[INFO] [stdout]    |              ^^^^^^^^^^
[INFO] [stdout]    |
[INFO] [stdout]    = note: import resolution is stuck, try simplifying macro imports
[INFO] [stdout] 
[INFO] [stdout] 
[INFO] [stdout] error: cannot find attribute `collection` in this scope
[INFO] [stdout]   --> tests/collection.rs:27:7
[INFO] [stdout]    |
[INFO] [stdout] 27 |     #[collection(name = "Name", authority = "Authority")]
[INFO] [stdout]    |       ^^^^^^^^^^
[INFO] [stdout] 
[INFO] [stdout] 
[INFO] [stdout] error: cannot determine resolution for the derive macro `Collection`
[INFO] [stdout]   --> tests/collection.rs:38:21
[INFO] [stdout]    |
[INFO] [stdout] 38 |     #[derive(Clone, Collection, Debug, Serialize, Deserialize)]
[INFO] [stdout]    |                     ^^^^^^^^^^
[INFO] [stdout]    |
[INFO] [stdout]    = note: import resolution is stuck, try simplifying macro imports
[INFO] [stdout] 
[INFO] [stdout] 
[INFO] [stdout] error: cannot find attribute `collection` in this scope
[INFO] [stdout]   --> tests/collection.rs:39:7
[INFO] [stdout]    |
[INFO] [stdout] 39 |     #[collection(name = "Name", authority = "Authority", views = [ShapesByNumberOfSides])]
[INFO] [stdout]    |       ^^^^^^^^^^
[INFO] [stdout] 
[INFO] [stdout] 
[INFO] [stdout] error: cannot determine resolution for the derive macro `Collection`
[INFO] [stdout]   --> tests/collection.rs:77:14
[INFO] [stdout]    |
[INFO] [stdout] 77 |     #[derive(Collection, Clone, Debug, Deserialize, Serialize)]
[INFO] [stdout]    |              ^^^^^^^^^^
[INFO] [stdout]    |
[INFO] [stdout]    = note: import resolution is stuck, try simplifying macro imports
[INFO] [stdout] 
[INFO] [stdout] 
[INFO] [stdout] error: cannot find attribute `collection` in this scope
[INFO] [stdout]   --> tests/collection.rs:78:7
[INFO] [stdout]    |
[INFO] [stdout] 78 |     #[collection(
[INFO] [stdout]    |       ^^^^^^^^^^
[INFO] [stdout] 
[INFO] [stdout] 
[INFO] [stdout] error: cannot determine resolution for the derive macro `Collection`
[INFO] [stdout]   --> tests/collection.rs:95:14
[INFO] [stdout]    |
[INFO] [stdout] 95 |     #[derive(Collection, Debug, Deserialize, Serialize)]
[INFO] [stdout]    |              ^^^^^^^^^^
[INFO] [stdout]    |
[INFO] [stdout]    = note: import resolution is stuck, try simplifying macro imports
[INFO] [stdout] 
[INFO] [stdout] 
[INFO] [stdout] error: cannot find attribute `collection` in this scope
[INFO] [stdout]   --> tests/collection.rs:96:7
[INFO] [stdout]    |
[INFO] [stdout] 96 |     #[collection(name = "Name", authority = "Authority", serialization = None)]
[INFO] [stdout]    |       ^^^^^^^^^^
[INFO] [stdout] 
[INFO] [stdout] 
[INFO] [stdout] error: cannot determine resolution for the derive macro `Collection`
[INFO] [stdout]    --> tests/collection.rs:111:14
[INFO] [stdout]     |
[INFO] [stdout] 111 |     #[derive(Collection, Debug, Deserialize, Serialize)]
[INFO] [stdout]     |              ^^^^^^^^^^
[INFO] [stdout]     |
[INFO] [stdout]     = note: import resolution is stuck, try simplifying macro imports
[INFO] [stdout] 
[INFO] [stdout] 
[INFO] [stdout] error: cannot find attribute `collection` in this scope
[INFO] [stdout]    --> tests/collection.rs:112:7
[INFO] [stdout]     |
[INFO] [stdout] 112 |     #[collection(name = "Name", encryption_optional)]
[INFO] [stdout]     |       ^^^^^^^^^^
[INFO] [stdout] 
[INFO] [stdout] 
[INFO] [stdout] error: cannot determine resolution for the derive macro `Collection`
[INFO] [stdout]    --> tests/collection.rs:118:14
[INFO] [stdout]     |
[INFO] [stdout] 118 |     #[derive(Collection, Debug, Deserialize, Serialize)]
[INFO] [stdout]     |              ^^^^^^^^^^
[INFO] [stdout]     |
[INFO] [stdout]     = note: import resolution is stuck, try simplifying macro imports
[INFO] [stdout] 
[INFO] [stdout] 
[INFO] [stdout] error: cannot find attribute `collection` in this scope
[INFO] [stdout]    --> tests/collection.rs:119:7
[INFO] [stdout]     |
[INFO] [stdout] 119 |     #[collection(name = "Name")]
[INFO] [stdout]     |       ^^^^^^^^^^
[INFO] [stdout] 
[INFO] [stdout] 
[INFO] [stdout] error: cannot find attribute `collection` in this scope
[INFO] [stdout]    --> tests/collection.rs:120:7
[INFO] [stdout]     |
[INFO] [stdout] 120 |     #[collection(encryption_optional, encryption_key = Some(KeyId::Master))]
[INFO] [stdout]     |       ^^^^^^^^^^
[INFO] [stdout] 
[INFO] [stdout] 
[INFO] [stdout] error: cannot determine resolution for the derive macro `Collection`
[INFO] [stdout]    --> tests/collection.rs:126:14
[INFO] [stdout]     |
[INFO] [stdout] 126 |     #[derive(Collection, Debug, Deserialize, Serialize)]
[INFO] [stdout]     |              ^^^^^^^^^^
[INFO] [stdout]     |
[INFO] [stdout]     = note: import resolution is stuck, try simplifying macro imports
[INFO] [stdout] 
[INFO] [stdout] 
[INFO] [stdout] error: cannot find attribute `collection` in this scope
[INFO] [stdout]    --> tests/collection.rs:127:7
[INFO] [stdout]     |
[INFO] [stdout] 127 |     #[collection(name = "Name")]
[INFO] [stdout]     |       ^^^^^^^^^^
[INFO] [stdout] 
[INFO] [stdout] 
[INFO] [stdout] error: cannot find attribute `collection` in this scope
[INFO] [stdout]    --> tests/collection.rs:128:7
[INFO] [stdout]     |
[INFO] [stdout] 128 |     #[collection(encryption_required, encryption_key = Some(KeyId::Master))]
[INFO] [stdout]     |       ^^^^^^^^^^
[INFO] [stdout] 
[INFO] [stdout] 
[INFO] [stdout] error: cannot determine resolution for the derive macro `Collection`
[INFO] [stdout]    --> tests/collection.rs:134:14
[INFO] [stdout]     |
[INFO] [stdout] 134 |     #[derive(Collection, Debug, Deserialize, Serialize)]
[INFO] [stdout]     |              ^^^^^^^^^^
[INFO] [stdout]     |
[INFO] [stdout]     = note: import resolution is stuck, try simplifying macro imports
[INFO] [stdout] 
[INFO] [stdout] 
[INFO] [stdout] error: cannot find attribute `collection` in this scope
[INFO] [stdout]    --> tests/collection.rs:135:7
[INFO] [stdout]     |
[INFO] [stdout] 135 |     #[collection(name = "Name")]
[INFO] [stdout]     |       ^^^^^^^^^^
[INFO] [stdout] 
[INFO] [stdout] 
[INFO] [stdout] error: cannot find attribute `collection` in this scope
[INFO] [stdout]    --> tests/collection.rs:136:7
[INFO] [stdout]     |
[INFO] [stdout] 136 |     #[collection(encryption_key = Some(KeyId::Master))]
[INFO] [stdout]     |       ^^^^^^^^^^
[INFO] [stdout] 
[INFO] [stdout] 
[INFO] [stdout] error: cannot determine resolution for the derive macro `Collection`
[INFO] [stdout]    --> tests/collection.rs:142:14
[INFO] [stdout]     |
[INFO] [stdout] 142 |     #[derive(Collection, Debug, Deserialize, Serialize)]
[INFO] [stdout]     |              ^^^^^^^^^^
[INFO] [stdout]     |
[INFO] [stdout]     = note: import resolution is stuck, try simplifying macro imports
[INFO] [stdout] 
[INFO] [stdout] 
[INFO] [stdout] error: cannot find attribute `collection` in this scope
[INFO] [stdout]    --> tests/collection.rs:143:7
[INFO] [stdout]     |
[INFO] [stdout] 143 |     #[collection(name = "Name")]
[INFO] [stdout]     |       ^^^^^^^^^^
[INFO] [stdout] 
[INFO] [stdout] 
[INFO] [stdout] error: cannot find attribute `collection` in this scope
[INFO] [stdout]    --> tests/collection.rs:144:7
[INFO] [stdout]     |
[INFO] [stdout] 144 |     #[collection(primary_key = u32)]
[INFO] [stdout]     |       ^^^^^^^^^^
[INFO] [stdout] 
[INFO] [stdout] 
[INFO] [stdout] error: cannot determine resolution for the derive macro `Collection`
[INFO] [stdout]    --> tests/collection.rs:150:14
[INFO] [stdout]     |
[INFO] [stdout] 150 |     #[derive(Collection, Debug, Deserialize, Serialize)]
[INFO] [stdout]     |              ^^^^^^^^^^
[INFO] [stdout]     |
[INFO] [stdout]     = note: import resolution is stuck, try simplifying macro imports
[INFO] [stdout] 
[INFO] [stdout] 
[INFO] [stdout] error: cannot find attribute `collection` in this scope
[INFO] [stdout]    --> tests/collection.rs:151:7
[INFO] [stdout]     |
[INFO] [stdout] 151 |     #[collection(name = "Name")]
[INFO] [stdout]     |       ^^^^^^^^^^
[INFO] [stdout] 
[INFO] [stdout] 
[INFO] [stdout] error: cannot find attribute `collection` in this scope
[INFO] [stdout]    --> tests/collection.rs:152:7
[INFO] [stdout]     |
[INFO] [stdout] 152 |     #[collection(primary_key = u32, natural_id = |_:&Self| Some(1_u32))]
[INFO] [stdout]     |       ^^^^^^^^^^
[INFO] [stdout] 
[INFO] [stdout] 
[INFO] [stdout] error: cannot determine resolution for the derive macro `Collection`
[INFO] [stdout]    --> tests/collection.rs:158:14
[INFO] [stdout]     |
[INFO] [stdout] 158 |     #[derive(Collection, Debug, Deserialize, Serialize)]
[INFO] [stdout]     |              ^^^^^^^^^^
[INFO] [stdout]     |
[INFO] [stdout]     = note: import resolution is stuck, try simplifying macro imports
[INFO] [stdout] 
[INFO] [stdout] 
[INFO] [stdout] error: cannot find attribute `collection` in this scope
[INFO] [stdout]    --> tests/collection.rs:159:7
[INFO] [stdout]     |
[INFO] [stdout] 159 |     #[collection(name = "Name")]
[INFO] [stdout]     |       ^^^^^^^^^^
[INFO] [stdout] 
[INFO] [stdout] 
[INFO] [stdout] error: cannot find attribute `collection` in this scope
[INFO] [stdout]    --> tests/collection.rs:160:7
[INFO] [stdout]     |
[INFO] [stdout] 160 |     #[collection( natural_id = |_:&Self| Some(1_u64))]
[INFO] [stdout]     |       ^^^^^^^^^^
[INFO] [stdout] 
[INFO] [stdout] 
[INFO] [stdout] error[E0433]: failed to resolve: use of undeclared crate or module `bonsaidb`
[INFO] [stdout]   --> tests/collection.rs:20:9
[INFO] [stdout]    |
[INFO] [stdout] 20 |         bonsaidb::core::schema::CollectionName::private("Name")
[INFO] [stdout]    |         ^^^^^^^^ use of undeclared crate or module `bonsaidb`
[INFO] [stdout] 
[INFO] [stdout] 
[INFO] [stdout] error[E0433]: failed to resolve: use of undeclared crate or module `bonsaidb`
[INFO] [stdout]   --> tests/collection.rs:32:9
[INFO] [stdout]    |
[INFO] [stdout] 32 |         bonsaidb::core::schema::CollectionName::new("Authority", "Name")
[INFO] [stdout]    |         ^^^^^^^^ use of undeclared crate or module `bonsaidb`
[INFO] [stdout] 
[INFO] [stdout] 
[INFO] [stdout] error[E0433]: failed to resolve: use of undeclared crate or module `bonsaidb`
[INFO] [stdout]   --> tests/collection.rs:87:9
[INFO] [stdout]    |
[INFO] [stdout] 87 |         bonsaidb::core::schema::CollectionName::new("Authority", "Name")
[INFO] [stdout]    |         ^^^^^^^^ use of undeclared crate or module `bonsaidb`
[INFO] [stdout] 
[INFO] [stdout] 
[INFO] [stdout] error[E0433]: failed to resolve: use of undeclared crate or module `bonsaidb`
[INFO] [stdout]    --> tests/collection.rs:103:9
[INFO] [stdout]     |
[INFO] [stdout] 103 |         bonsaidb::core::schema::CollectionName::new("Authority", "Name")
[INFO] [stdout]     |         ^^^^^^^^ use of undeclared crate or module `bonsaidb`
[INFO] [stdout] 
[INFO] [stdout] 
[INFO] [stdout] error: aborting due to 35 previous errors
[INFO] [stdout] 
[INFO] [stdout] 
[INFO] [stdout] For more information about this error, try `rustc --explain E0433`.
[INFO] [stdout] 
[INFO] [stderr] error: could not compile `bonsaidb-macros` due to 36 previous errors
[INFO] running `Command { std: "docker" "inspect" "5896faf078e0203aefcbe0a4fca0cd1eeed72206319074c7e433793d56b8925d", kill_on_drop: false }`
[INFO] running `Command { std: "docker" "rm" "-f" "5896faf078e0203aefcbe0a4fca0cd1eeed72206319074c7e433793d56b8925d", kill_on_drop: false }`
[INFO] [stdout] 5896faf078e0203aefcbe0a4fca0cd1eeed72206319074c7e433793d56b8925d
