[INFO] fetching crate bombay 0.0.2...
[INFO] testing bombay-0.0.2 against 1.69.0 for beta-1.70-1
[INFO] extracting crate bombay 0.0.2 into /workspace/builds/worker-6-tc1/source
[INFO] validating manifest of crates.io crate bombay 0.0.2 on toolchain 1.69.0
[INFO] running `Command { std: CARGO_HOME="/workspace/cargo-home" RUSTUP_HOME="/workspace/rustup-home" "/workspace/cargo-home/bin/cargo" "+1.69.0" "metadata" "--manifest-path" "Cargo.toml" "--no-deps", kill_on_drop: false }`
[INFO] started tweaking crates.io crate bombay 0.0.2
[INFO] finished tweaking crates.io crate bombay 0.0.2
[INFO] tweaked toml for crates.io crate bombay 0.0.2 written to /workspace/builds/worker-6-tc1/source/Cargo.toml
[INFO] running `Command { std: CARGO_HOME="/workspace/cargo-home" RUSTUP_HOME="/workspace/rustup-home" __CARGO_TEST_CHANNEL_OVERRIDE_DO_NOT_USE_THIS="nightly" "/workspace/cargo-home/bin/cargo" "+1.69.0" "generate-lockfile" "--manifest-path" "Cargo.toml" "-Zno-index-update", kill_on_drop: false }`
[INFO] running `Command { std: CARGO_HOME="/workspace/cargo-home" RUSTUP_HOME="/workspace/rustup-home" "/workspace/cargo-home/bin/cargo" "+1.69.0" "fetch" "--manifest-path" "Cargo.toml", kill_on_drop: false }`
[INFO] [stderr]  Downloading crates ...
[INFO] [stderr]   Downloaded utf8-width v0.1.6
[INFO] [stderr]   Downloaded byte-unit v4.0.19
[INFO] [stderr]   Downloaded test-with v0.9.6
[INFO] [stderr]   Downloaded cookie_store v0.19.0
[INFO] [stderr]   Downloaded iso8601-timestamp v0.2.10
[INFO] running `Command { std: "docker" "create" "-v" "/var/lib/crater-agent-workspace/builds/worker-6-tc1/target:/opt/rustwide/target:rw,Z" "-v" "/var/lib/crater-agent-workspace/builds/worker-6-tc1/source:/opt/rustwide/workdir:ro,Z" "-v" "/var/lib/crater-agent-workspace/cargo-home:/opt/rustwide/cargo-home:ro,Z" "-v" "/var/lib/crater-agent-workspace/rustup-home:/opt/rustwide/rustup-home:ro,Z" "-e" "SOURCE_DIR=/opt/rustwide/workdir" "-e" "CARGO_TARGET_DIR=/opt/rustwide/target" "-e" "CARGO_HOME=/opt/rustwide/cargo-home" "-e" "RUSTUP_HOME=/opt/rustwide/rustup-home" "-w" "/opt/rustwide/workdir" "-m" "1610612736" "--user" "0:0" "--network" "none" "ghcr.io/rust-lang/crates-build-env/linux@sha256:5ff2268d62e97bff2cde7d5815dd6ed5b47097566f13b8d0ca110b04b60e07ed" "/opt/rustwide/cargo-home/bin/cargo" "+1.69.0" "metadata" "--no-deps" "--format-version=1", kill_on_drop: false }`
[INFO] [stdout] fd54f29e88bd192385e19d94f73271e83813a12802e43e57deef1de8331850f9
[INFO] running `Command { std: "docker" "start" "-a" "fd54f29e88bd192385e19d94f73271e83813a12802e43e57deef1de8331850f9", kill_on_drop: false }`
[INFO] running `Command { std: "docker" "inspect" "fd54f29e88bd192385e19d94f73271e83813a12802e43e57deef1de8331850f9", kill_on_drop: false }`
[INFO] running `Command { std: "docker" "rm" "-f" "fd54f29e88bd192385e19d94f73271e83813a12802e43e57deef1de8331850f9", kill_on_drop: false }`
[INFO] [stdout] fd54f29e88bd192385e19d94f73271e83813a12802e43e57deef1de8331850f9
[INFO] running `Command { std: "docker" "create" "-v" "/var/lib/crater-agent-workspace/builds/worker-6-tc1/target:/opt/rustwide/target:rw,Z" "-v" "/var/lib/crater-agent-workspace/builds/worker-6-tc1/source:/opt/rustwide/workdir:ro,Z" "-v" "/var/lib/crater-agent-workspace/cargo-home:/opt/rustwide/cargo-home:ro,Z" "-v" "/var/lib/crater-agent-workspace/rustup-home:/opt/rustwide/rustup-home:ro,Z" "-e" "SOURCE_DIR=/opt/rustwide/workdir" "-e" "CARGO_TARGET_DIR=/opt/rustwide/target" "-e" "CARGO_INCREMENTAL=0" "-e" "RUST_BACKTRACE=full" "-e" "RUSTFLAGS=--cap-lints=warn" "-e" "RUSTDOCFLAGS=--cap-lints=warn" "-e" "CARGO_HOME=/opt/rustwide/cargo-home" "-e" "RUSTUP_HOME=/opt/rustwide/rustup-home" "-w" "/opt/rustwide/workdir" "-m" "1610612736" "--user" "0:0" "--network" "none" "ghcr.io/rust-lang/crates-build-env/linux@sha256:5ff2268d62e97bff2cde7d5815dd6ed5b47097566f13b8d0ca110b04b60e07ed" "/opt/rustwide/cargo-home/bin/cargo" "+1.69.0" "build" "--frozen" "--message-format=json", kill_on_drop: false }`
[INFO] [stdout] c7df123a973a47317dc8a90a7e5b9c200fbdd50fdf3ae44f5ed3d20d904128a4
[INFO] running `Command { std: "docker" "start" "-a" "c7df123a973a47317dc8a90a7e5b9c200fbdd50fdf3ae44f5ed3d20d904128a4", kill_on_drop: false }`
[INFO] [stderr]    Compiling serde_derive v1.0.160
[INFO] [stderr]    Compiling serde v1.0.160
[INFO] [stderr]    Compiling tinyvec_macros v0.1.1
[INFO] [stderr]    Compiling once_cell v1.17.1
[INFO] [stderr]    Compiling itoa v1.0.6
[INFO] [stderr]    Compiling time-core v0.1.0
[INFO] [stderr]    Compiling strsim v0.10.0
[INFO] [stderr]    Compiling ring v0.16.20
[INFO] [stderr]    Compiling ident_case v1.0.1
[INFO] [stderr]    Compiling log v0.4.17
[INFO] [stderr]    Compiling fnv v1.0.7
[INFO] [stderr]    Compiling indexmap v1.9.3
[INFO] [stderr]    Compiling cookie v0.16.2
[INFO] [stderr]    Compiling syn v2.0.15
[INFO] [stderr]    Compiling serde_json v1.0.96
[INFO] [stderr]    Compiling unicode-bidi v0.3.13
[INFO] [stderr]    Compiling tinyvec v1.6.0
[INFO] [stderr]    Compiling time-macros v0.2.8
[INFO] [stderr]    Compiling generic-array v0.14.7
[INFO] [stderr]    Compiling hashbrown v0.12.3
[INFO] [stderr]    Compiling rustls v0.20.8
[INFO] [stderr]    Compiling ryu v1.0.13
[INFO] [stderr]    Compiling miniz_oxide v0.7.1
[INFO] [stderr]    Compiling const_format_proc_macros v0.2.29
[INFO] [stderr]    Compiling base64 v0.13.1
[INFO] [stderr]    Compiling flate2 v1.0.26
[INFO] [stderr]    Compiling unicode-normalization v0.1.22
[INFO] [stderr]    Compiling const_format v0.2.30
[INFO] [stderr]    Compiling time v0.3.20
[INFO] [stderr]    Compiling idna v0.3.0
[INFO] [stderr]    Compiling darling_core v0.20.0
[INFO] [stderr]    Compiling webpki v0.22.0
[INFO] [stderr]    Compiling sct v0.7.0
[INFO] [stderr]    Compiling webpki-roots v0.22.6
[INFO] [stderr]    Compiling serde_repr v0.1.12
[INFO] [stderr]    Compiling darling_macro v0.20.0
[INFO] [stderr]    Compiling darling v0.20.0
[INFO] [stderr]    Compiling serde_with_macros v2.3.3
[INFO] [stderr]    Compiling url v2.3.1
[INFO] [stderr]    Compiling uuid v1.3.2
[INFO] [stderr]    Compiling serde_with v2.3.3
[INFO] [stderr]    Compiling iso8601-timestamp v0.2.10
[INFO] [stderr]    Compiling cookie_store v0.19.0
[INFO] [stderr]    Compiling ureq v2.6.2
[INFO] [stderr]    Compiling bombay v0.0.2 (/opt/rustwide/workdir)
[INFO] [stderr]     Finished dev [unoptimized + debuginfo] target(s) in 23.70s
[INFO] running `Command { std: "docker" "inspect" "c7df123a973a47317dc8a90a7e5b9c200fbdd50fdf3ae44f5ed3d20d904128a4", kill_on_drop: false }`
[INFO] running `Command { std: "docker" "rm" "-f" "c7df123a973a47317dc8a90a7e5b9c200fbdd50fdf3ae44f5ed3d20d904128a4", kill_on_drop: false }`
[INFO] [stdout] c7df123a973a47317dc8a90a7e5b9c200fbdd50fdf3ae44f5ed3d20d904128a4
[INFO] running `Command { std: "docker" "create" "-v" "/var/lib/crater-agent-workspace/builds/worker-6-tc1/target:/opt/rustwide/target:rw,Z" "-v" "/var/lib/crater-agent-workspace/builds/worker-6-tc1/source:/opt/rustwide/workdir:ro,Z" "-v" "/var/lib/crater-agent-workspace/cargo-home:/opt/rustwide/cargo-home:ro,Z" "-v" "/var/lib/crater-agent-workspace/rustup-home:/opt/rustwide/rustup-home:ro,Z" "-e" "SOURCE_DIR=/opt/rustwide/workdir" "-e" "CARGO_TARGET_DIR=/opt/rustwide/target" "-e" "CARGO_INCREMENTAL=0" "-e" "RUST_BACKTRACE=full" "-e" "RUSTFLAGS=--cap-lints=warn" "-e" "RUSTDOCFLAGS=--cap-lints=warn" "-e" "CARGO_HOME=/opt/rustwide/cargo-home" "-e" "RUSTUP_HOME=/opt/rustwide/rustup-home" "-w" "/opt/rustwide/workdir" "-m" "1610612736" "--user" "0:0" "--network" "none" "ghcr.io/rust-lang/crates-build-env/linux@sha256:5ff2268d62e97bff2cde7d5815dd6ed5b47097566f13b8d0ca110b04b60e07ed" "/opt/rustwide/cargo-home/bin/cargo" "+1.69.0" "test" "--frozen" "--no-run" "--message-format=json", kill_on_drop: false }`
[INFO] [stdout] d7d744dbde4b47de93d53f85d5bfef227576e753537a04caae0c383dbdedd9ba
[INFO] running `Command { std: "docker" "start" "-a" "d7d744dbde4b47de93d53f85d5bfef227576e753537a04caae0c383dbdedd9ba", kill_on_drop: false }`
[INFO] [stderr]    Compiling crossbeam-utils v0.8.15
[INFO] [stderr]    Compiling memoffset v0.8.0
[INFO] [stderr]    Compiling crossbeam-epoch v0.9.14
[INFO] [stderr]    Compiling libc v0.2.142
[INFO] [stderr]    Compiling scopeguard v1.1.0
[INFO] [stderr]    Compiling block-buffer v0.10.4
[INFO] [stderr]    Compiling crypto-common v0.1.6
[INFO] [stderr]    Compiling memchr v2.5.0
[INFO] [stderr]    Compiling rayon-core v1.11.0
[INFO] [stderr]    Compiling proc-macro-error-attr v1.0.4
[INFO] [stderr]    Compiling syn v1.0.109
[INFO] [stderr]    Compiling serde v1.0.160
[INFO] [stderr]    Compiling proc-macro-error v1.0.4
[INFO] [stderr]    Compiling either v1.8.1
[INFO] [stderr]    Compiling cpufeatures v0.2.7
[INFO] [stderr]    Compiling regex-syntax v0.7.1
[INFO] [stderr]    Compiling utf8-width v0.1.6
[INFO] [stderr]    Compiling iso8601-timestamp v0.2.10
[INFO] [stderr]    Compiling constant_time_eq v0.2.5
[INFO] [stderr]    Compiling digest v0.10.6
[INFO] [stderr]    Compiling base32 v0.4.0
[INFO] [stderr]    Compiling sha1 v0.10.5
[INFO] [stderr]    Compiling sha2 v0.10.6
[INFO] [stderr]    Compiling hmac v0.12.1
[INFO] [stderr]    Compiling bombay v0.0.2 (/opt/rustwide/workdir)
[INFO] [stderr]    Compiling crossbeam-channel v0.5.8
[INFO] [stderr]    Compiling totp-rs v4.2.0
[INFO] [stderr]    Compiling num_cpus v1.15.0
[INFO] [stderr]    Compiling aho-corasick v1.0.1
[INFO] [stderr]    Compiling crossbeam-deque v0.8.3
[INFO] [stderr]    Compiling rayon v1.7.0
[INFO] [stderr]    Compiling regex v1.8.1
[INFO] [stderr]    Compiling byte-unit v4.0.19
[INFO] [stderr]    Compiling sysinfo v0.28.4
[INFO] [stderr]    Compiling test-with v0.9.6
[INFO] [stderr]     Finished test [unoptimized + debuginfo] target(s) in 8.52s
[INFO] running `Command { std: "docker" "inspect" "d7d744dbde4b47de93d53f85d5bfef227576e753537a04caae0c383dbdedd9ba", kill_on_drop: false }`
[INFO] running `Command { std: "docker" "rm" "-f" "d7d744dbde4b47de93d53f85d5bfef227576e753537a04caae0c383dbdedd9ba", kill_on_drop: false }`
[INFO] [stdout] d7d744dbde4b47de93d53f85d5bfef227576e753537a04caae0c383dbdedd9ba
[INFO] running `Command { std: "docker" "create" "-v" "/var/lib/crater-agent-workspace/builds/worker-6-tc1/target:/opt/rustwide/target:rw,Z" "-v" "/var/lib/crater-agent-workspace/builds/worker-6-tc1/source:/opt/rustwide/workdir:ro,Z" "-v" "/var/lib/crater-agent-workspace/cargo-home:/opt/rustwide/cargo-home:ro,Z" "-v" "/var/lib/crater-agent-workspace/rustup-home:/opt/rustwide/rustup-home:ro,Z" "-e" "SOURCE_DIR=/opt/rustwide/workdir" "-e" "CARGO_TARGET_DIR=/opt/rustwide/target" "-e" "CARGO_INCREMENTAL=0" "-e" "RUST_BACKTRACE=full" "-e" "RUSTFLAGS=--cap-lints=warn" "-e" "RUSTDOCFLAGS=--cap-lints=warn" "-e" "CARGO_HOME=/opt/rustwide/cargo-home" "-e" "RUSTUP_HOME=/opt/rustwide/rustup-home" "-w" "/opt/rustwide/workdir" "-m" "1610612736" "--user" "0:0" "--network" "none" "ghcr.io/rust-lang/crates-build-env/linux@sha256:5ff2268d62e97bff2cde7d5815dd6ed5b47097566f13b8d0ca110b04b60e07ed" "/opt/rustwide/cargo-home/bin/cargo" "+1.69.0" "test" "--frozen", kill_on_drop: false }`
[INFO] [stdout] 3368c4de1b2ff70a5d42ea3346795ba57f2c90be97dbe982362abe14950498fa
[INFO] running `Command { std: "docker" "start" "-a" "3368c4de1b2ff70a5d42ea3346795ba57f2c90be97dbe982362abe14950498fa", kill_on_drop: false }`
[INFO] [stderr]     Finished test [unoptimized + debuginfo] target(s) in 0.09s
[INFO] [stderr]      Running unittests src/lib.rs (/opt/rustwide/target/debug/deps/bombay-fb1b6872946c8e3b)
[INFO] [stdout] 
[INFO] [stdout] running 0 tests
[INFO] [stdout] 
[INFO] [stdout] test result: ok. 0 passed; 0 failed; 0 ignored; 0 measured; 0 filtered out; finished in 0.00s
[INFO] [stdout] 
[INFO] [stderr]      Running tests/mod.rs (/opt/rustwide/target/debug/deps/mod-f6f1a57b5255daa7)
[INFO] [stdout] 
[INFO] [stdout] running 33 tests
[INFO] [stdout] test client::endpoint::artist::get_100 ... ignored
[INFO] [stdout] test client::endpoint::playlist::get_test_playlist ... ignored, because following variables not found:
[INFO] [stdout] MC_EMAIL, MC_PASSWORD, MC_TOTP_SECRET
[INFO] [stdout] 
[INFO] [stdout] test client::endpoint::playlist::get_test_playlist_items ... ignored, because following variables not found:
[INFO] [stdout] MC_EMAIL, MC_PASSWORD, MC_TOTP_SECRET
[INFO] [stdout] 
[INFO] [stdout] test client::endpoint::playlist::get_user_playlists ... ignored, because following variables not found:
[INFO] [stdout] MC_EMAIL, MC_PASSWORD, MC_TOTP_SECRET
[INFO] [stdout] 
[INFO] [stdout] test client::endpoint::playlist::many_playlist_tests ... ignored, because following variables not found:
[INFO] [stdout] MC_EMAIL, MC_PASSWORD, MC_TOTP_SECRET
[INFO] [stdout] 
[INFO] [stdout] test client::endpoint::release::download_every_little_thing ... ignored, because following variables not found:
[INFO] [stdout] MC_EMAIL, MC_PASSWORD, MC_TOTP_SECRET
[INFO] [stdout] 
[INFO] [stdout] test client::endpoint::artist::find_bishu ... FAILED
[INFO] [stdout] test client::endpoint::playlist::get_top_30_tracks ... FAILED
[INFO] [stdout] test client::endpoint::artist::search_latest ... FAILED
[INFO] [stdout] test client::endpoint::artist::count_all ... FAILED
[INFO] [stdout] test client::endpoint::artist::find_latest ... FAILED
[INFO] [stdout] test client::endpoint::user::generate_player_code ... ignored
[INFO] [stdout] test client::endpoint::artist::search_all ... FAILED
[INFO] [stdout] test client::endpoint::playlist::get_top_30 ... FAILED
[INFO] [stdout] test client::endpoint::release::download_feelings_cover_art ... FAILED
[INFO] [stdout] test client::endpoint::mood::find_and_fetch_all ... FAILED
[INFO] [stdout] test client::endpoint::artist::get_lani_daye_photo ... FAILED
[INFO] [stdout] test client::endpoint::user::get_licenses ... ignored, because following variables not found:
[INFO] [stdout] MC_EMAIL, MC_PASSWORD, MC_TOTP_SECRET
[INFO] [stdout] 
[INFO] [stdout] test client::endpoint::user::get_player_code ... ignored, because following variables not found:
[INFO] [stdout] MC_EMAIL, MC_PASSWORD, MC_TOTP_SECRET
[INFO] [stdout] 
[INFO] [stdout] test client::endpoint::release::find_latest_from_rogue ... FAILED
[INFO] [stdout] test client::endpoint::user::get_shop_discount_code ... ignored, because following variables not found:
[INFO] [stdout] MC_EMAIL, MC_PASSWORD, MC_TOTP_SECRET
[INFO] [stdout] 
[INFO] [stdout] test client::endpoint::user::get_totp_qr_code_image ... ignored, because following variables not found:
[INFO] [stdout] MC_EMAIL, MC_PASSWORD, MC_TOTP_SECRET
[INFO] [stdout] 
[INFO] [stdout] test client::endpoint::release::find_latest_related ... FAILED
[INFO] [stdout] test client::endpoint::release::find_latest ... FAILED
[INFO] [stdout] test client::endpoint::release::get_related_to_oxygen ... FAILED
[INFO] [stdout] test client::endpoint::user::get_user_info_2fa_email_login ... ignored
[INFO] [stdout] test client::endpoint::release::get_souvenir_details ... FAILED
[INFO] [stdout] test client::about_grant ... FAILED
[INFO] [stdout] test client::endpoint::release::stream_no_service ... FAILED
[INFO] [stdout] test client::endpoint::user::get_user_info_2fa_totp_login ... ignored, because following variables not found:
[INFO] [stdout] MC_EMAIL, MC_PASSWORD, MC_TOTP_SECRET
[INFO] [stdout] 
[INFO] [stdout] test client::endpoint::user::get_user_info_any_login ... ignored, because following variables not found:
[INFO] [stdout] MC_EMAIL, MC_PASSWORD, MC_TOTP_SECRET
[INFO] [stdout] 
[INFO] [stdout] test client::endpoint::user::set_email ... ignored
[INFO] [stdout] test client::endpoint::user::set_password ... ignored
[INFO] [stdout] 
[INFO] [stdout] failures:
[INFO] [stdout] 
[INFO] [stdout] ---- client::endpoint::artist::find_bishu stdout ----
[INFO] [stdout] Error: Request(Transport(Transport { kind: Dns, message: Some("resolve dns name 'player.monstercat.app:443'"), url: Some(Url { scheme: "https", cannot_be_a_base: false, username: "", password: None, host: Some(Domain("player.monstercat.app")), port: None, path: "/api/artist/bishu", query: None, fragment: None }), source: Some(Custom { kind: Uncategorized, error: "failed to lookup address information: Temporary failure in name resolution" }) }))
[INFO] [stdout] 
[INFO] [stdout] ---- client::endpoint::playlist::get_top_30_tracks stdout ----
[INFO] [stdout] Error: Request(Transport(Transport { kind: Dns, message: Some("resolve dns name 'player.monstercat.app:443'"), url: Some(Url { scheme: "https", cannot_be_a_base: false, username: "", password: None, host: Some(Domain("player.monstercat.app")), port: None, path: "/api/playlist/991334fb-ca5e-48c6-bc73-cb83c364357d", query: None, fragment: None }), source: Some(Custom { kind: Uncategorized, error: "failed to lookup address information: Temporary failure in name resolution" }) }))
[INFO] [stdout] 
[INFO] [stdout] ---- client::endpoint::artist::search_latest stdout ----
[INFO] [stdout] Error: Message("Expected to find latest artists.")
[INFO] [stdout] 
[INFO] [stdout] ---- client::endpoint::artist::count_all stdout ----
[INFO] [stdout] Error: Request(Transport(Transport { kind: Dns, message: Some("resolve dns name 'player.monstercat.app:443'"), url: Some(Url { scheme: "https", cannot_be_a_base: false, username: "", password: None, host: Some(Domain("player.monstercat.app")), port: None, path: "/api/artists", query: None, fragment: None }), source: Some(Custom { kind: Uncategorized, error: "failed to lookup address information: Temporary failure in name resolution" }) }))
[INFO] [stdout] 
[INFO] [stdout] ---- client::endpoint::artist::find_latest stdout ----
[INFO] [stdout] Error: Request(Transport(Transport { kind: Dns, message: Some("resolve dns name 'player.monstercat.app:443'"), url: Some(Url { scheme: "https", cannot_be_a_base: false, username: "", password: None, host: Some(Domain("player.monstercat.app")), port: None, path: "/api/latest-artists", query: None, fragment: None }), source: Some(Custom { kind: Uncategorized, error: "failed to lookup address information: Temporary failure in name resolution" }) }))
[INFO] [stdout] 
[INFO] [stdout] ---- client::endpoint::artist::search_all stdout ----
[INFO] [stdout] Error: Message("Expected to find all artists.")
[INFO] [stdout] 
[INFO] [stdout] ---- client::endpoint::playlist::get_top_30 stdout ----
[INFO] [stdout] Error: Request(Transport(Transport { kind: Dns, message: Some("resolve dns name 'player.monstercat.app:443'"), url: Some(Url { scheme: "https", cannot_be_a_base: false, username: "", password: None, host: Some(Domain("player.monstercat.app")), port: None, path: "/api/playlist/991334fb-ca5e-48c6-bc73-cb83c364357d", query: None, fragment: None }), source: Some(Custom { kind: Uncategorized, error: "failed to lookup address information: Temporary failure in name resolution" }) }))
[INFO] [stdout] 
[INFO] [stdout] ---- client::endpoint::release::download_feelings_cover_art stdout ----
[INFO] [stdout] Error: Request(Transport(Transport { kind: Dns, message: Some("resolve dns name 'www.monstercat.com:443'"), url: Some(Url { scheme: "https", cannot_be_a_base: false, username: "", password: None, host: Some(Domain("www.monstercat.com")), port: None, path: "/release/742779546913/cover", query: None, fragment: None }), source: Some(Custom { kind: Uncategorized, error: "failed to lookup address information: Temporary failure in name resolution" }) }))
[INFO] [stdout] 
[INFO] [stdout] ---- client::endpoint::mood::find_and_fetch_all stdout ----
[INFO] [stdout] Error: Request(Transport(Transport { kind: Dns, message: Some("resolve dns name 'player.monstercat.app:443'"), url: Some(Url { scheme: "https", cannot_be_a_base: false, username: "", password: None, host: Some(Domain("player.monstercat.app")), port: None, path: "/api/moods", query: None, fragment: None }), source: Some(Custom { kind: Uncategorized, error: "failed to lookup address information: Temporary failure in name resolution" }) }))
[INFO] [stdout] 
[INFO] [stdout] ---- client::endpoint::artist::get_lani_daye_photo stdout ----
[INFO] [stdout] Error: Request(Transport(Transport { kind: Dns, message: Some("resolve dns name 'www.monstercat.com:443'"), url: Some(Url { scheme: "https", cannot_be_a_base: false, username: "", password: None, host: Some(Domain("www.monstercat.com")), port: None, path: "/artist/lanidaye/photo", query: None, fragment: None }), source: Some(Custom { kind: Uncategorized, error: "failed to lookup address information: Temporary failure in name resolution" }) }))
[INFO] [stdout] 
[INFO] [stdout] ---- client::endpoint::release::find_latest_from_rogue stdout ----
[INFO] [stdout] Error: Request(Transport(Transport { kind: Dns, message: Some("resolve dns name 'player.monstercat.app:443'"), url: Some(Url { scheme: "https", cannot_be_a_base: false, username: "", password: None, host: Some(Domain("player.monstercat.app")), port: None, path: "/api/artist/rogue/releases", query: None, fragment: None }), source: Some(Custom { kind: Uncategorized, error: "failed to lookup address information: Temporary failure in name resolution" }) }))
[INFO] [stdout] 
[INFO] [stdout] ---- client::endpoint::release::find_latest_related stdout ----
[INFO] [stdout] Error: Request(Transport(Transport { kind: Dns, message: Some("resolve dns name 'player.monstercat.app:443'"), url: Some(Url { scheme: "https", cannot_be_a_base: false, username: "", password: None, host: Some(Domain("player.monstercat.app")), port: None, path: "/api/catalog/latest-releases", query: Some("limit=3&offset=0"), fragment: None }), source: Some(Custom { kind: Uncategorized, error: "failed to lookup address information: Temporary failure in name resolution" }) }))
[INFO] [stdout] 
[INFO] [stdout] ---- client::endpoint::release::find_latest stdout ----
[INFO] [stdout] Error: Request(Transport(Transport { kind: Dns, message: Some("resolve dns name 'player.monstercat.app:443'"), url: Some(Url { scheme: "https", cannot_be_a_base: false, username: "", password: None, host: Some(Domain("player.monstercat.app")), port: None, path: "/api/catalog/latest-releases", query: Some("offset=0&limit=3"), fragment: None }), source: Some(Custom { kind: Uncategorized, error: "failed to lookup address information: Temporary failure in name resolution" }) }))
[INFO] [stdout] 
[INFO] [stdout] ---- client::endpoint::release::get_related_to_oxygen stdout ----
[INFO] [stdout] Error: Request(Transport(Transport { kind: Dns, message: Some("resolve dns name 'player.monstercat.app:443'"), url: Some(Url { scheme: "https", cannot_be_a_base: false, username: "", password: None, host: Some(Domain("player.monstercat.app")), port: None, path: "/api/related-releases/6a58b6d2-bbec-4847-8dcf-45023a930968", query: None, fragment: None }), source: Some(Custom { kind: Uncategorized, error: "failed to lookup address information: Temporary failure in name resolution" }) }))
[INFO] [stdout] 
[INFO] [stdout] ---- client::endpoint::release::get_souvenir_details stdout ----
[INFO] [stdout] Error: Request(Transport(Transport { kind: Dns, message: Some("resolve dns name 'player.monstercat.app:443'"), url: Some(Url { scheme: "https", cannot_be_a_base: false, username: "", password: None, host: Some(Domain("player.monstercat.app")), port: None, path: "/api/catalog/release/MCS1186", query: Some("idType=catalogId"), fragment: None }), source: Some(Custom { kind: Uncategorized, error: "failed to lookup address information: Temporary failure in name resolution" }) }))
[INFO] [stdout] 
[INFO] [stdout] ---- client::about_grant stdout ----
[INFO] [stdout] Error: Message("Expected to find artists.")
[INFO] [stdout] 
[INFO] [stdout] ---- client::endpoint::release::stream_no_service stdout ----
[INFO] [stdout] Error: Request(Transport(Transport { kind: Dns, message: Some("resolve dns name 'player.monstercat.app:443'"), url: Some(Url { scheme: "https", cannot_be_a_base: false, username: "", password: None, host: Some(Domain("player.monstercat.app")), port: None, path: "/api/release/3efe8e1e-8ec9-440b-8c00-d825f777c83e/track-stream/6b5401bc-06d0-41e8-ab16-7742f2aa40bf", query: None, fragment: None }), source: Some(Custom { kind: Uncategorized, error: "failed to lookup address information: Temporary failure in name resolution" }) }))
[INFO] [stdout] 
[INFO] [stdout] 
[INFO] [stdout] failures:
[INFO] [stdout]     client::about_grant
[INFO] [stdout]     client::endpoint::artist::count_all
[INFO] [stdout]     client::endpoint::artist::find_bishu
[INFO] [stdout]     client::endpoint::artist::find_latest
[INFO] [stdout]     client::endpoint::artist::get_lani_daye_photo
[INFO] [stdout]     client::endpoint::artist::search_all
[INFO] [stdout]     client::endpoint::artist::search_latest
[INFO] [stdout]     client::endpoint::mood::find_and_fetch_all
[INFO] [stdout]     client::endpoint::playlist::get_top_30
[INFO] [stdout]     client::endpoint::playlist::get_top_30_tracks
[INFO] [stdout]     client::endpoint::release::download_feelings_cover_art
[INFO] [stdout]     client::endpoint::release::find_latest
[INFO] [stdout]     client::endpoint::release::find_latest_from_rogue
[INFO] [stdout]     client::endpoint::release::find_latest_related
[INFO] [stdout]     client::endpoint::release::get_related_to_oxygen
[INFO] [stdout]     client::endpoint::release::get_souvenir_details
[INFO] [stdout]     client::endpoint::release::stream_no_service
[INFO] [stdout] 
[INFO] [stdout] test result: FAILED. 0 passed; 17 failed; 16 ignored; 0 measured; 0 filtered out; finished in 0.01s
[INFO] [stdout] 
[INFO] [stderr] error: test failed, to rerun pass `--test mod`
[INFO] running `Command { std: "docker" "inspect" "3368c4de1b2ff70a5d42ea3346795ba57f2c90be97dbe982362abe14950498fa", kill_on_drop: false }`
[INFO] running `Command { std: "docker" "rm" "-f" "3368c4de1b2ff70a5d42ea3346795ba57f2c90be97dbe982362abe14950498fa", kill_on_drop: false }`
[INFO] [stdout] 3368c4de1b2ff70a5d42ea3346795ba57f2c90be97dbe982362abe14950498fa
