[INFO] fetching crate bolero-afl 0.9.0...
[INFO] testing bolero-afl-0.9.0 against 1.69.0 for beta-1.70-1
[INFO] extracting crate bolero-afl 0.9.0 into /workspace/builds/worker-1-tc1/source
[INFO] validating manifest of crates.io crate bolero-afl 0.9.0 on toolchain 1.69.0
[INFO] running `Command { std: CARGO_HOME="/workspace/cargo-home" RUSTUP_HOME="/workspace/rustup-home" "/workspace/cargo-home/bin/cargo" "+1.69.0" "metadata" "--manifest-path" "Cargo.toml" "--no-deps", kill_on_drop: false }`
[INFO] started tweaking crates.io crate bolero-afl 0.9.0
[INFO] finished tweaking crates.io crate bolero-afl 0.9.0
[INFO] tweaked toml for crates.io crate bolero-afl 0.9.0 written to /workspace/builds/worker-1-tc1/source/Cargo.toml
[INFO] running `Command { std: CARGO_HOME="/workspace/cargo-home" RUSTUP_HOME="/workspace/rustup-home" __CARGO_TEST_CHANNEL_OVERRIDE_DO_NOT_USE_THIS="nightly" "/workspace/cargo-home/bin/cargo" "+1.69.0" "generate-lockfile" "--manifest-path" "Cargo.toml" "-Zno-index-update", kill_on_drop: false }`
[INFO] running `Command { std: CARGO_HOME="/workspace/cargo-home" RUSTUP_HOME="/workspace/rustup-home" "/workspace/cargo-home/bin/cargo" "+1.69.0" "fetch" "--manifest-path" "Cargo.toml", kill_on_drop: false }`
[INFO] [stderr]  Downloading crates ...
[INFO] [stderr]   Downloaded pretty-hex v0.3.0
[INFO] [stderr]   Downloaded bolero-generator-derive v0.9.1
[INFO] [stderr]   Downloaded bolero-generator v0.9.1
[INFO] [stderr]   Downloaded bolero-engine v0.9.0
[INFO] running `Command { std: "docker" "create" "-v" "/var/lib/crater-agent-workspace/builds/worker-1-tc1/target:/opt/rustwide/target:rw,Z" "-v" "/var/lib/crater-agent-workspace/builds/worker-1-tc1/source:/opt/rustwide/workdir:ro,Z" "-v" "/var/lib/crater-agent-workspace/cargo-home:/opt/rustwide/cargo-home:ro,Z" "-v" "/var/lib/crater-agent-workspace/rustup-home:/opt/rustwide/rustup-home:ro,Z" "-e" "SOURCE_DIR=/opt/rustwide/workdir" "-e" "CARGO_TARGET_DIR=/opt/rustwide/target" "-e" "CARGO_HOME=/opt/rustwide/cargo-home" "-e" "RUSTUP_HOME=/opt/rustwide/rustup-home" "-w" "/opt/rustwide/workdir" "-m" "1610612736" "--user" "0:0" "--network" "none" "ghcr.io/rust-lang/crates-build-env/linux@sha256:97d61d7686bf65f8ecb15491ab51835e82dc9176a96a831f143a431b191fc501" "/opt/rustwide/cargo-home/bin/cargo" "+1.69.0" "metadata" "--no-deps" "--format-version=1", kill_on_drop: false }`
[INFO] [stdout] 1bed445e2a82819eac8cf305998ca38a560cc23596199ad1bbe5928d21a7ecfe
[INFO] running `Command { std: "docker" "start" "-a" "1bed445e2a82819eac8cf305998ca38a560cc23596199ad1bbe5928d21a7ecfe", kill_on_drop: false }`
[INFO] running `Command { std: "docker" "inspect" "1bed445e2a82819eac8cf305998ca38a560cc23596199ad1bbe5928d21a7ecfe", kill_on_drop: false }`
[INFO] running `Command { std: "docker" "rm" "-f" "1bed445e2a82819eac8cf305998ca38a560cc23596199ad1bbe5928d21a7ecfe", kill_on_drop: false }`
[INFO] [stdout] 1bed445e2a82819eac8cf305998ca38a560cc23596199ad1bbe5928d21a7ecfe
[INFO] running `Command { std: "docker" "create" "-v" "/var/lib/crater-agent-workspace/builds/worker-1-tc1/target:/opt/rustwide/target:rw,Z" "-v" "/var/lib/crater-agent-workspace/builds/worker-1-tc1/source:/opt/rustwide/workdir:ro,Z" "-v" "/var/lib/crater-agent-workspace/cargo-home:/opt/rustwide/cargo-home:ro,Z" "-v" "/var/lib/crater-agent-workspace/rustup-home:/opt/rustwide/rustup-home:ro,Z" "-e" "SOURCE_DIR=/opt/rustwide/workdir" "-e" "CARGO_TARGET_DIR=/opt/rustwide/target" "-e" "CARGO_INCREMENTAL=0" "-e" "RUST_BACKTRACE=full" "-e" "RUSTFLAGS=--cap-lints=warn" "-e" "RUSTDOCFLAGS=--cap-lints=warn" "-e" "CARGO_HOME=/opt/rustwide/cargo-home" "-e" "RUSTUP_HOME=/opt/rustwide/rustup-home" "-w" "/opt/rustwide/workdir" "-m" "1610612736" "--user" "0:0" "--network" "none" "ghcr.io/rust-lang/crates-build-env/linux@sha256:97d61d7686bf65f8ecb15491ab51835e82dc9176a96a831f143a431b191fc501" "/opt/rustwide/cargo-home/bin/cargo" "+1.69.0" "build" "--frozen" "--message-format=json", kill_on_drop: false }`
[INFO] [stdout] 4c7a95a78322dd110c265cccc45980af8324b8a30da961b92367dabda8828333
[INFO] running `Command { std: "docker" "start" "-a" "4c7a95a78322dd110c265cccc45980af8324b8a30da961b92367dabda8828333", kill_on_drop: false }`
[INFO] [stderr]    Compiling hashbrown v0.12.3
[INFO] [stderr]    Compiling winnow v0.4.1
[INFO] [stderr]    Compiling toml_datetime v0.6.1
[INFO] [stderr]    Compiling indexmap v1.9.3
[INFO] [stderr]    Compiling memchr v2.5.0
[INFO] [stderr]    Compiling syn v1.0.109
[INFO] [stderr]    Compiling libc v0.2.142
[INFO] [stderr]    Compiling once_cell v1.17.1
[INFO] [stderr]    Compiling backtrace v0.3.67
[INFO] [stderr]    Compiling gimli v0.27.2
[INFO] [stderr]    Compiling adler v1.0.2
[INFO] [stderr]    Compiling miniz_oxide v0.6.2
[INFO] [stderr]    Compiling rustc-demangle v0.1.23
[INFO] [stderr]    Compiling object v0.30.3
[INFO] [stderr]    Compiling bolero-afl v0.9.0 (/opt/rustwide/workdir)
[INFO] [stderr]    Compiling pretty-hex v0.3.0
[INFO] [stderr]    Compiling toml_edit v0.19.8
[INFO] [stderr]    Compiling addr2line v0.19.0
[INFO] [stderr]    Compiling proc-macro-crate v1.3.1
[INFO] [stderr]    Compiling bolero-generator-derive v0.9.1
[INFO] [stderr]    Compiling bolero-generator v0.9.1
[INFO] [stdout] error: cannot find macro `vec` in this scope
[INFO] [stdout]    --> /opt/rustwide/cargo-home/registry/src/github.com-1ecc6299db9ec823/bolero-generator-0.9.1/src/driver/macros.rs:134:36
[INFO] [stdout]     |
[INFO] [stdout] 134 |                     let mut data = vec![0; init_len];
[INFO] [stdout]     |                                    ^^^
[INFO] [stdout]     |
[INFO] [stdout]    ::: /opt/rustwide/cargo-home/registry/src/github.com-1ecc6299db9ec823/bolero-generator-0.9.1/src/driver/rng.rs:68:5
[INFO] [stdout]     |
[INFO] [stdout] 68  |     gen_from_bytes!();
[INFO] [stdout]     |     ----------------- in this macro invocation
[INFO] [stdout]     |
[INFO] [stdout]     = note: this error originates in the macro `gen_from_bytes` (in Nightly builds, run with -Z macro-backtrace for more info)
[INFO] [stdout] 
[INFO] [stdout] 
[INFO] [stdout] error: cannot find macro `vec` in this scope
[INFO] [stdout]    --> /opt/rustwide/cargo-home/registry/src/github.com-1ecc6299db9ec823/bolero-generator-0.9.1/src/driver/macros.rs:134:36
[INFO] [stdout]     |
[INFO] [stdout] 134 |                     let mut data = vec![0; init_len];
[INFO] [stdout]     |                                    ^^^
[INFO] [stdout]     |
[INFO] [stdout]    ::: /opt/rustwide/cargo-home/registry/src/github.com-1ecc6299db9ec823/bolero-generator-0.9.1/src/driver/rng.rs:33:5
[INFO] [stdout]     |
[INFO] [stdout] 33  |     gen_from_bytes!();
[INFO] [stdout]     |     ----------------- in this macro invocation
[INFO] [stdout]     |
[INFO] [stdout]     = note: this error originates in the macro `gen_from_bytes` (in Nightly builds, run with -Z macro-backtrace for more info)
[INFO] [stdout] 
[INFO] [stdout] 
[INFO] [stdout] error: cannot find macro `vec` in this scope
[INFO] [stdout]    --> /opt/rustwide/cargo-home/registry/src/github.com-1ecc6299db9ec823/bolero-generator-0.9.1/src/driver/macros.rs:134:36
[INFO] [stdout]     |
[INFO] [stdout] 134 |                     let mut data = vec![0; init_len];
[INFO] [stdout]     |                                    ^^^
[INFO] [stdout]     |
[INFO] [stdout]    ::: /opt/rustwide/cargo-home/registry/src/github.com-1ecc6299db9ec823/bolero-generator-0.9.1/src/driver/bytes.rs:64:5
[INFO] [stdout]     |
[INFO] [stdout] 64  |     gen_from_bytes!();
[INFO] [stdout]     |     ----------------- in this macro invocation
[INFO] [stdout]     |
[INFO] [stdout]     = note: this error originates in the macro `gen_from_bytes` (in Nightly builds, run with -Z macro-backtrace for more info)
[INFO] [stdout] 
[INFO] [stdout] 
[INFO] [stdout] error[E0433]: failed to resolve: use of undeclared crate or module `std`
[INFO] [stdout]   --> /opt/rustwide/cargo-home/registry/src/github.com-1ecc6299db9ec823/bolero-generator-0.9.1/src/driver/bytes.rs:46:36
[INFO] [stdout]    |
[INFO] [stdout] 46 |                     let copy_len = std::cmp::min(bytes.len(), self.input.len() - offset);
[INFO] [stdout]    |                                    ^^^ use of undeclared crate or module `std`
[INFO] [stdout] 
[INFO] [stdout] 
[INFO] [stdout] error[E0433]: failed to resolve: use of undeclared crate or module `std`
[INFO] [stdout]   --> /opt/rustwide/cargo-home/registry/src/github.com-1ecc6299db9ec823/bolero-generator-0.9.1/src/driver/bytes.rs:59:34
[INFO] [stdout]    |
[INFO] [stdout] 59 |         self.input = &self.input[std::cmp::min(consumed, self.input.len())..];
[INFO] [stdout]    |                                  ^^^ use of undeclared crate or module `std`
[INFO] [stdout] 
[INFO] [stdout] 
[INFO] [stdout] error[E0433]: failed to resolve: use of undeclared crate or module `std`
[INFO] [stdout]    --> /opt/rustwide/cargo-home/registry/src/github.com-1ecc6299db9ec823/bolero-generator-0.9.1/src/driver/macros.rs:132:46
[INFO] [stdout]     |
[INFO] [stdout] 132 | ...                   Bound::Included(&std::cmp::min(ABUSIVE_SIZE, len.end() - len.start())),
[INFO] [stdout]     |                                        ^^^ use of undeclared crate or module `std`
[INFO] [stdout]     |
[INFO] [stdout]    ::: /opt/rustwide/cargo-home/registry/src/github.com-1ecc6299db9ec823/bolero-generator-0.9.1/src/driver/bytes.rs:64:5
[INFO] [stdout]     |
[INFO] [stdout] 64  |     gen_from_bytes!();
[INFO] [stdout]     |     ----------------- in this macro invocation
[INFO] [stdout]     |
[INFO] [stdout]     = note: this error originates in the macro `gen_from_bytes` (in Nightly builds, run with -Z macro-backtrace for more info)
[INFO] [stdout] 
[INFO] [stdout] 
[INFO] [stdout] error[E0433]: failed to resolve: use of undeclared crate or module `std`
[INFO] [stdout]    --> /opt/rustwide/cargo-home/registry/src/github.com-1ecc6299db9ec823/bolero-generator-0.9.1/src/driver/macros.rs:143:59
[INFO] [stdout]     |
[INFO] [stdout] 143 | ...                   let max_additional_size = std::cmp::min(
[INFO] [stdout]     |                                                 ^^^ use of undeclared crate or module `std`
[INFO] [stdout]     |
[INFO] [stdout]    ::: /opt/rustwide/cargo-home/registry/src/github.com-1ecc6299db9ec823/bolero-generator-0.9.1/src/driver/bytes.rs:64:5
[INFO] [stdout]     |
[INFO] [stdout] 64  |     gen_from_bytes!();
[INFO] [stdout]     |     ----------------- in this macro invocation
[INFO] [stdout]     |
[INFO] [stdout]     = note: this error originates in the macro `gen_from_bytes` (in Nightly builds, run with -Z macro-backtrace for more info)
[INFO] [stdout] 
[INFO] [stdout] 
[INFO] [stdout] error[E0433]: failed to resolve: use of undeclared crate or module `std`
[INFO] [stdout]    --> /opt/rustwide/cargo-home/registry/src/github.com-1ecc6299db9ec823/bolero-generator-0.9.1/src/driver/macros.rs:152:54
[INFO] [stdout]     |
[INFO] [stdout] 152 | ...                   Bound::Included(&std::cmp::min(
[INFO] [stdout]     |                                        ^^^ use of undeclared crate or module `std`
[INFO] [stdout]     |
[INFO] [stdout]    ::: /opt/rustwide/cargo-home/registry/src/github.com-1ecc6299db9ec823/bolero-generator-0.9.1/src/driver/bytes.rs:64:5
[INFO] [stdout]     |
[INFO] [stdout] 64  |     gen_from_bytes!();
[INFO] [stdout]     |     ----------------- in this macro invocation
[INFO] [stdout]     |
[INFO] [stdout]     = note: this error originates in the macro `gen_from_bytes` (in Nightly builds, run with -Z macro-backtrace for more info)
[INFO] [stdout] 
[INFO] [stdout] 
[INFO] [stdout] error[E0433]: failed to resolve: use of undeclared crate or module `std`
[INFO] [stdout]    --> /opt/rustwide/cargo-home/registry/src/github.com-1ecc6299db9ec823/bolero-generator-0.9.1/src/driver/macros.rs:132:46
[INFO] [stdout]     |
[INFO] [stdout] 132 | ...                   Bound::Included(&std::cmp::min(ABUSIVE_SIZE, len.end() - len.start())),
[INFO] [stdout]     |                                        ^^^ use of undeclared crate or module `std`
[INFO] [stdout]     |
[INFO] [stdout]    ::: /opt/rustwide/cargo-home/registry/src/github.com-1ecc6299db9ec823/bolero-generator-0.9.1/src/driver/rng.rs:33:5
[INFO] [stdout]     |
[INFO] [stdout] 33  |     gen_from_bytes!();
[INFO] [stdout]     |     ----------------- in this macro invocation
[INFO] [stdout]     |
[INFO] [stdout]     = note: this error originates in the macro `gen_from_bytes` (in Nightly builds, run with -Z macro-backtrace for more info)
[INFO] [stdout] 
[INFO] [stdout] 
[INFO] [stdout] error[E0433]: failed to resolve: use of undeclared crate or module `std`
[INFO] [stdout]    --> /opt/rustwide/cargo-home/registry/src/github.com-1ecc6299db9ec823/bolero-generator-0.9.1/src/driver/macros.rs:143:59
[INFO] [stdout]     |
[INFO] [stdout] 143 | ...                   let max_additional_size = std::cmp::min(
[INFO] [stdout]     |                                                 ^^^ use of undeclared crate or module `std`
[INFO] [stdout]     |
[INFO] [stdout]    ::: /opt/rustwide/cargo-home/registry/src/github.com-1ecc6299db9ec823/bolero-generator-0.9.1/src/driver/rng.rs:33:5
[INFO] [stdout]     |
[INFO] [stdout] 33  |     gen_from_bytes!();
[INFO] [stdout]     |     ----------------- in this macro invocation
[INFO] [stdout]     |
[INFO] [stdout]     = note: this error originates in the macro `gen_from_bytes` (in Nightly builds, run with -Z macro-backtrace for more info)
[INFO] [stdout] 
[INFO] [stdout] 
[INFO] [stdout] error[E0433]: failed to resolve: use of undeclared crate or module `std`
[INFO] [stdout]    --> /opt/rustwide/cargo-home/registry/src/github.com-1ecc6299db9ec823/bolero-generator-0.9.1/src/driver/macros.rs:152:54
[INFO] [stdout]     |
[INFO] [stdout] 152 | ...                   Bound::Included(&std::cmp::min(
[INFO] [stdout]     |                                        ^^^ use of undeclared crate or module `std`
[INFO] [stdout]     |
[INFO] [stdout]    ::: /opt/rustwide/cargo-home/registry/src/github.com-1ecc6299db9ec823/bolero-generator-0.9.1/src/driver/rng.rs:33:5
[INFO] [stdout]     |
[INFO] [stdout] 33  |     gen_from_bytes!();
[INFO] [stdout]     |     ----------------- in this macro invocation
[INFO] [stdout]     |
[INFO] [stdout]     = note: this error originates in the macro `gen_from_bytes` (in Nightly builds, run with -Z macro-backtrace for more info)
[INFO] [stdout] 
[INFO] [stdout] 
[INFO] [stdout] error[E0433]: failed to resolve: use of undeclared crate or module `std`
[INFO] [stdout]    --> /opt/rustwide/cargo-home/registry/src/github.com-1ecc6299db9ec823/bolero-generator-0.9.1/src/driver/macros.rs:132:46
[INFO] [stdout]     |
[INFO] [stdout] 132 | ...                   Bound::Included(&std::cmp::min(ABUSIVE_SIZE, len.end() - len.start())),
[INFO] [stdout]     |                                        ^^^ use of undeclared crate or module `std`
[INFO] [stdout]     |
[INFO] [stdout]    ::: /opt/rustwide/cargo-home/registry/src/github.com-1ecc6299db9ec823/bolero-generator-0.9.1/src/driver/rng.rs:68:5
[INFO] [stdout]     |
[INFO] [stdout] 68  |     gen_from_bytes!();
[INFO] [stdout]     |     ----------------- in this macro invocation
[INFO] [stdout]     |
[INFO] [stdout]     = note: this error originates in the macro `gen_from_bytes` (in Nightly builds, run with -Z macro-backtrace for more info)
[INFO] [stdout] 
[INFO] [stdout] 
[INFO] [stdout] error[E0433]: failed to resolve: use of undeclared crate or module `std`
[INFO] [stdout]    --> /opt/rustwide/cargo-home/registry/src/github.com-1ecc6299db9ec823/bolero-generator-0.9.1/src/driver/macros.rs:143:59
[INFO] [stdout]     |
[INFO] [stdout] 143 | ...                   let max_additional_size = std::cmp::min(
[INFO] [stdout]     |                                                 ^^^ use of undeclared crate or module `std`
[INFO] [stdout]     |
[INFO] [stdout]    ::: /opt/rustwide/cargo-home/registry/src/github.com-1ecc6299db9ec823/bolero-generator-0.9.1/src/driver/rng.rs:68:5
[INFO] [stdout]     |
[INFO] [stdout] 68  |     gen_from_bytes!();
[INFO] [stdout]     |     ----------------- in this macro invocation
[INFO] [stdout]     |
[INFO] [stdout]     = note: this error originates in the macro `gen_from_bytes` (in Nightly builds, run with -Z macro-backtrace for more info)
[INFO] [stdout] 
[INFO] [stdout] 
[INFO] [stdout] error[E0433]: failed to resolve: use of undeclared crate or module `std`
[INFO] [stdout]    --> /opt/rustwide/cargo-home/registry/src/github.com-1ecc6299db9ec823/bolero-generator-0.9.1/src/driver/macros.rs:152:54
[INFO] [stdout]     |
[INFO] [stdout] 152 | ...                   Bound::Included(&std::cmp::min(
[INFO] [stdout]     |                                        ^^^ use of undeclared crate or module `std`
[INFO] [stdout]     |
[INFO] [stdout]    ::: /opt/rustwide/cargo-home/registry/src/github.com-1ecc6299db9ec823/bolero-generator-0.9.1/src/driver/rng.rs:68:5
[INFO] [stdout]     |
[INFO] [stdout] 68  |     gen_from_bytes!();
[INFO] [stdout]     |     ----------------- in this macro invocation
[INFO] [stdout]     |
[INFO] [stdout]     = note: this error originates in the macro `gen_from_bytes` (in Nightly builds, run with -Z macro-backtrace for more info)
[INFO] [stdout] 
[INFO] [stdout] 
[INFO] [stdout] error[E0433]: failed to resolve: use of undeclared type `Vec`
[INFO] [stdout]    --> /opt/rustwide/cargo-home/registry/src/github.com-1ecc6299db9ec823/bolero-generator-0.9.1/src/driver/macros.rs:114:36
[INFO] [stdout]     |
[INFO] [stdout] 114 |                     let mut data = Vec::new();
[INFO] [stdout]     |                                    ^^^ use of undeclared type `Vec`
[INFO] [stdout]     |
[INFO] [stdout]    ::: /opt/rustwide/cargo-home/registry/src/github.com-1ecc6299db9ec823/bolero-generator-0.9.1/src/driver/bytes.rs:64:5
[INFO] [stdout]     |
[INFO] [stdout] 64  |     gen_from_bytes!();
[INFO] [stdout]     |     ----------------- in this macro invocation
[INFO] [stdout]     |
[INFO] [stdout]     = note: this error originates in the macro `gen_from_bytes` (in Nightly builds, run with -Z macro-backtrace for more info)
[INFO] [stdout] 
[INFO] [stdout] 
[INFO] [stdout] error[E0433]: failed to resolve: use of undeclared type `Vec`
[INFO] [stdout]    --> /opt/rustwide/cargo-home/registry/src/github.com-1ecc6299db9ec823/bolero-generator-0.9.1/src/driver/macros.rs:114:36
[INFO] [stdout]     |
[INFO] [stdout] 114 |                     let mut data = Vec::new();
[INFO] [stdout]     |                                    ^^^ use of undeclared type `Vec`
[INFO] [stdout]     |
[INFO] [stdout]    ::: /opt/rustwide/cargo-home/registry/src/github.com-1ecc6299db9ec823/bolero-generator-0.9.1/src/driver/rng.rs:33:5
[INFO] [stdout]     |
[INFO] [stdout] 33  |     gen_from_bytes!();
[INFO] [stdout]     |     ----------------- in this macro invocation
[INFO] [stdout]     |
[INFO] [stdout]     = note: this error originates in the macro `gen_from_bytes` (in Nightly builds, run with -Z macro-backtrace for more info)
[INFO] [stdout] 
[INFO] [stdout] 
[INFO] [stdout] error[E0433]: failed to resolve: use of undeclared type `Vec`
[INFO] [stdout]    --> /opt/rustwide/cargo-home/registry/src/github.com-1ecc6299db9ec823/bolero-generator-0.9.1/src/driver/macros.rs:114:36
[INFO] [stdout]     |
[INFO] [stdout] 114 |                     let mut data = Vec::new();
[INFO] [stdout]     |                                    ^^^ use of undeclared type `Vec`
[INFO] [stdout]     |
[INFO] [stdout]    ::: /opt/rustwide/cargo-home/registry/src/github.com-1ecc6299db9ec823/bolero-generator-0.9.1/src/driver/rng.rs:68:5
[INFO] [stdout]     |
[INFO] [stdout] 68  |     gen_from_bytes!();
[INFO] [stdout]     |     ----------------- in this macro invocation
[INFO] [stdout]     |
[INFO] [stdout]     = note: this error originates in the macro `gen_from_bytes` (in Nightly builds, run with -Z macro-backtrace for more info)
[INFO] [stdout] 
[INFO] [stdout] 
[INFO] [stdout] error: aborting due to 17 previous errors
[INFO] [stdout] 
[INFO] [stdout] 
[INFO] [stdout] For more information about this error, try `rustc --explain E0433`.
[INFO] [stdout] 
[INFO] [stderr] error: could not compile `bolero-generator` due to 18 previous errors
[INFO] running `Command { std: "docker" "inspect" "4c7a95a78322dd110c265cccc45980af8324b8a30da961b92367dabda8828333", kill_on_drop: false }`
[INFO] running `Command { std: "docker" "rm" "-f" "4c7a95a78322dd110c265cccc45980af8324b8a30da961b92367dabda8828333", kill_on_drop: false }`
[INFO] [stdout] 4c7a95a78322dd110c265cccc45980af8324b8a30da961b92367dabda8828333
