[INFO] fetching crate bluetooth-hci 0.1.0...
[INFO] testing bluetooth-hci-0.1.0 against 1.69.0 for beta-1.70-1
[INFO] extracting crate bluetooth-hci 0.1.0 into /workspace/builds/worker-3-tc1/source
[INFO] validating manifest of crates.io crate bluetooth-hci 0.1.0 on toolchain 1.69.0
[INFO] running `Command { std: CARGO_HOME="/workspace/cargo-home" RUSTUP_HOME="/workspace/rustup-home" "/workspace/cargo-home/bin/cargo" "+1.69.0" "metadata" "--manifest-path" "Cargo.toml" "--no-deps", kill_on_drop: false }`
[INFO] started tweaking crates.io crate bluetooth-hci 0.1.0
[INFO] finished tweaking crates.io crate bluetooth-hci 0.1.0
[INFO] tweaked toml for crates.io crate bluetooth-hci 0.1.0 written to /workspace/builds/worker-3-tc1/source/Cargo.toml
[INFO] running `Command { std: CARGO_HOME="/workspace/cargo-home" RUSTUP_HOME="/workspace/rustup-home" __CARGO_TEST_CHANNEL_OVERRIDE_DO_NOT_USE_THIS="nightly" "/workspace/cargo-home/bin/cargo" "+1.69.0" "generate-lockfile" "--manifest-path" "Cargo.toml" "-Zno-index-update", kill_on_drop: false }`
[INFO] running `Command { std: CARGO_HOME="/workspace/cargo-home" RUSTUP_HOME="/workspace/rustup-home" "/workspace/cargo-home/bin/cargo" "+1.69.0" "fetch" "--manifest-path" "Cargo.toml", kill_on_drop: false }`
[INFO] running `Command { std: "docker" "create" "-v" "/var/lib/crater-agent-workspace/builds/worker-3-tc1/target:/opt/rustwide/target:rw,Z" "-v" "/var/lib/crater-agent-workspace/builds/worker-3-tc1/source:/opt/rustwide/workdir:ro,Z" "-v" "/var/lib/crater-agent-workspace/cargo-home:/opt/rustwide/cargo-home:ro,Z" "-v" "/var/lib/crater-agent-workspace/rustup-home:/opt/rustwide/rustup-home:ro,Z" "-e" "SOURCE_DIR=/opt/rustwide/workdir" "-e" "CARGO_TARGET_DIR=/opt/rustwide/target" "-e" "CARGO_HOME=/opt/rustwide/cargo-home" "-e" "RUSTUP_HOME=/opt/rustwide/rustup-home" "-w" "/opt/rustwide/workdir" "-m" "1610612736" "--user" "0:0" "--network" "none" "ghcr.io/rust-lang/crates-build-env/linux@sha256:5ff2268d62e97bff2cde7d5815dd6ed5b47097566f13b8d0ca110b04b60e07ed" "/opt/rustwide/cargo-home/bin/cargo" "+1.69.0" "metadata" "--no-deps" "--format-version=1", kill_on_drop: false }`
[INFO] [stdout] 63efb48aff3e30c364f8f04b9d4977752d4ebe50a369528e2d039bc346f8f215
[INFO] running `Command { std: "docker" "start" "-a" "63efb48aff3e30c364f8f04b9d4977752d4ebe50a369528e2d039bc346f8f215", kill_on_drop: false }`
[INFO] running `Command { std: "docker" "inspect" "63efb48aff3e30c364f8f04b9d4977752d4ebe50a369528e2d039bc346f8f215", kill_on_drop: false }`
[INFO] running `Command { std: "docker" "rm" "-f" "63efb48aff3e30c364f8f04b9d4977752d4ebe50a369528e2d039bc346f8f215", kill_on_drop: false }`
[INFO] [stdout] 63efb48aff3e30c364f8f04b9d4977752d4ebe50a369528e2d039bc346f8f215
[INFO] running `Command { std: "docker" "create" "-v" "/var/lib/crater-agent-workspace/builds/worker-3-tc1/target:/opt/rustwide/target:rw,Z" "-v" "/var/lib/crater-agent-workspace/builds/worker-3-tc1/source:/opt/rustwide/workdir:ro,Z" "-v" "/var/lib/crater-agent-workspace/cargo-home:/opt/rustwide/cargo-home:ro,Z" "-v" "/var/lib/crater-agent-workspace/rustup-home:/opt/rustwide/rustup-home:ro,Z" "-e" "SOURCE_DIR=/opt/rustwide/workdir" "-e" "CARGO_TARGET_DIR=/opt/rustwide/target" "-e" "CARGO_INCREMENTAL=0" "-e" "RUST_BACKTRACE=full" "-e" "RUSTFLAGS=--cap-lints=warn" "-e" "RUSTDOCFLAGS=--cap-lints=warn" "-e" "CARGO_HOME=/opt/rustwide/cargo-home" "-e" "RUSTUP_HOME=/opt/rustwide/rustup-home" "-w" "/opt/rustwide/workdir" "-m" "1610612736" "--user" "0:0" "--network" "none" "ghcr.io/rust-lang/crates-build-env/linux@sha256:5ff2268d62e97bff2cde7d5815dd6ed5b47097566f13b8d0ca110b04b60e07ed" "/opt/rustwide/cargo-home/bin/cargo" "+1.69.0" "build" "--frozen" "--message-format=json", kill_on_drop: false }`
[INFO] [stdout] 8ce78ea8e489c1a46abe6ab8193b4d6932ff6804b8381fdda6544973c5fb7514
[INFO] running `Command { std: "docker" "start" "-a" "8ce78ea8e489c1a46abe6ab8193b4d6932ff6804b8381fdda6544973c5fb7514", kill_on_drop: false }`
[INFO] [stderr]    Compiling nb v1.1.0
[INFO] [stderr]    Compiling byteorder v1.4.3
[INFO] [stderr]    Compiling bitflags v1.3.2
[INFO] [stderr]    Compiling nb v0.1.3
[INFO] [stderr]    Compiling bluetooth-hci v0.1.0 (/opt/rustwide/workdir)
[INFO] [stderr]     Finished dev [unoptimized + debuginfo] target(s) in 1.38s
[INFO] running `Command { std: "docker" "inspect" "8ce78ea8e489c1a46abe6ab8193b4d6932ff6804b8381fdda6544973c5fb7514", kill_on_drop: false }`
[INFO] running `Command { std: "docker" "rm" "-f" "8ce78ea8e489c1a46abe6ab8193b4d6932ff6804b8381fdda6544973c5fb7514", kill_on_drop: false }`
[INFO] [stdout] 8ce78ea8e489c1a46abe6ab8193b4d6932ff6804b8381fdda6544973c5fb7514
[INFO] running `Command { std: "docker" "create" "-v" "/var/lib/crater-agent-workspace/builds/worker-3-tc1/target:/opt/rustwide/target:rw,Z" "-v" "/var/lib/crater-agent-workspace/builds/worker-3-tc1/source:/opt/rustwide/workdir:ro,Z" "-v" "/var/lib/crater-agent-workspace/cargo-home:/opt/rustwide/cargo-home:ro,Z" "-v" "/var/lib/crater-agent-workspace/rustup-home:/opt/rustwide/rustup-home:ro,Z" "-e" "SOURCE_DIR=/opt/rustwide/workdir" "-e" "CARGO_TARGET_DIR=/opt/rustwide/target" "-e" "CARGO_INCREMENTAL=0" "-e" "RUST_BACKTRACE=full" "-e" "RUSTFLAGS=--cap-lints=warn" "-e" "RUSTDOCFLAGS=--cap-lints=warn" "-e" "CARGO_HOME=/opt/rustwide/cargo-home" "-e" "RUSTUP_HOME=/opt/rustwide/rustup-home" "-w" "/opt/rustwide/workdir" "-m" "1610612736" "--user" "0:0" "--network" "none" "ghcr.io/rust-lang/crates-build-env/linux@sha256:5ff2268d62e97bff2cde7d5815dd6ed5b47097566f13b8d0ca110b04b60e07ed" "/opt/rustwide/cargo-home/bin/cargo" "+1.69.0" "test" "--frozen" "--no-run" "--message-format=json", kill_on_drop: false }`
[INFO] [stdout] f773bdb0b240b713e1045ec0ac646518e8389149b267cd054185bfd5d7bf8df8
[INFO] running `Command { std: "docker" "start" "-a" "f773bdb0b240b713e1045ec0ac646518e8389149b267cd054185bfd5d7bf8df8", kill_on_drop: false }`
[INFO] [stderr]    Compiling bluetooth-hci v0.1.0 (/opt/rustwide/workdir)
[INFO] [stderr]     Finished test [unoptimized + debuginfo] target(s) in 1.67s
[INFO] running `Command { std: "docker" "inspect" "f773bdb0b240b713e1045ec0ac646518e8389149b267cd054185bfd5d7bf8df8", kill_on_drop: false }`
[INFO] running `Command { std: "docker" "rm" "-f" "f773bdb0b240b713e1045ec0ac646518e8389149b267cd054185bfd5d7bf8df8", kill_on_drop: false }`
[INFO] [stdout] f773bdb0b240b713e1045ec0ac646518e8389149b267cd054185bfd5d7bf8df8
[INFO] running `Command { std: "docker" "create" "-v" "/var/lib/crater-agent-workspace/builds/worker-3-tc1/target:/opt/rustwide/target:rw,Z" "-v" "/var/lib/crater-agent-workspace/builds/worker-3-tc1/source:/opt/rustwide/workdir:ro,Z" "-v" "/var/lib/crater-agent-workspace/cargo-home:/opt/rustwide/cargo-home:ro,Z" "-v" "/var/lib/crater-agent-workspace/rustup-home:/opt/rustwide/rustup-home:ro,Z" "-e" "SOURCE_DIR=/opt/rustwide/workdir" "-e" "CARGO_TARGET_DIR=/opt/rustwide/target" "-e" "CARGO_INCREMENTAL=0" "-e" "RUST_BACKTRACE=full" "-e" "RUSTFLAGS=--cap-lints=warn" "-e" "RUSTDOCFLAGS=--cap-lints=warn" "-e" "CARGO_HOME=/opt/rustwide/cargo-home" "-e" "RUSTUP_HOME=/opt/rustwide/rustup-home" "-w" "/opt/rustwide/workdir" "-m" "1610612736" "--user" "0:0" "--network" "none" "ghcr.io/rust-lang/crates-build-env/linux@sha256:5ff2268d62e97bff2cde7d5815dd6ed5b47097566f13b8d0ca110b04b60e07ed" "/opt/rustwide/cargo-home/bin/cargo" "+1.69.0" "test" "--frozen", kill_on_drop: false }`
[INFO] [stdout] d44b4a2c3e4a9e3f317624da249955fba0188a8a438e15345c27e75f7b014cc0
[INFO] running `Command { std: "docker" "start" "-a" "d44b4a2c3e4a9e3f317624da249955fba0188a8a438e15345c27e75f7b014cc0", kill_on_drop: false }`
[INFO] [stderr]     Finished test [unoptimized + debuginfo] target(s) in 0.01s
[INFO] [stderr]      Running unittests src/lib.rs (/opt/rustwide/target/debug/deps/bluetooth_hci-848d55542760fa9c)
[INFO] [stdout] 
[INFO] [stdout] running 0 tests
[INFO] [stdout] 
[INFO] [stderr]      Running tests/advertising_interval.rs (/opt/rustwide/target/debug/deps/advertising_interval-7b71528c20f108af)
[INFO] [stdout] test result: ok. 0 passed; 0 failed; 0 ignored; 0 measured; 0 filtered out; finished in 0.00s
[INFO] [stdout] 
[INFO] [stdout] 
[INFO] [stdout] running 8 tests
[INFO] [stdout] test connectable_directed_high_duty_cycle_with_range ... ok
[INFO] [stdout] test higher_min_scannable_undirected ... ok
[INFO] [stdout] test connectable_directed_high_duty_cycle_without_range ... ok
[INFO] [stdout] test interval_too_short ... ok
[INFO] [stdout] test interval_too_long ... ok
[INFO] [stdout] test valid ... ok
[INFO] [stdout] test inverted ... ok
[INFO] [stdout] test other_type_without_range ... ok
[INFO] [stdout] 
[INFO] [stdout] test result: ok. 8 passed; 0 failed; 0 ignored; 0 measured; 0 filtered out; finished in 0.01s
[INFO] [stdout] 
[INFO] [stderr]      Running tests/command_complete.rs (/opt/rustwide/target/debug/deps/command_complete-a63620bc91c042f9)
[INFO] [stdout] 
[INFO] [stdout] running 40 tests
[INFO] [stdout] test le_clear_white_list ... ok
[INFO] [stdout] test le_long_term_key_request_negative_reply ... ok
[INFO] [stdout] test le_long_term_key_request_reply ... ok
[INFO] [stdout] test le_read_advertising_channel_tx_power ... ok
[INFO] [stdout] test le_read_buffer_size ... ok
[INFO] [stdout] test le_encrypt ... ok
[INFO] [stdout] test le_create_connection_cancel ... ok
[INFO] [stdout] test le_add_device_to_whitelist ... ok
[INFO] [stdout] test le_read_channel_map ... ok
[INFO] [stdout] test command_complete_failed ... ok
[INFO] [stdout] test le_rand ... ok
[INFO] [stdout] test le_remove_device_from_whitelist ... ok
[INFO] [stdout] test le_set_advertise_enable ... ok
[INFO] [stdout] test le_read_white_list_size ... ok
[INFO] [stdout] test le_read_supported_states ... ok
[INFO] [stdout] test le_receiver_test ... ok
[INFO] [stdout] test le_set_host_channel_classification ... ok
[INFO] [stdout] test le_set_random_address ... ok
[INFO] [stdout] test le_read_supported_states_failed_reserved_flag ... ok
[INFO] [stdout] test le_set_advertising_data ... ok
[INFO] [stdout] test le_set_advertising_parameters ... ok
[INFO] [stdout] test le_set_scan_enable ... ok
[INFO] [stdout] test le_test_end ... ok
[INFO] [stdout] test le_transmitter_test ... ok
[INFO] [stdout] test le_set_scan_response_data ... ok
[INFO] [stdout] test read_local_supported_commands_failed_bad_command_flag ... ok
[INFO] [stdout] test read_local_supported_features ... ok
[INFO] [stdout] test read_bd_addr ... ok
[INFO] [stdout] test le_set_scan_parameters ... ok
[INFO] [stdout] test read_local_supported_commands ... ok
[INFO] [stdout] test read_rssi ... ok
[INFO] [stdout] test reset ... ok
[INFO] [stdout] test unsolicited_command_complete ... ok
[INFO] [stdout] test read_local_version_information ... ok
[INFO] [stdout] test read_tx_power_level ... ok
[INFO] [stdout] test set_event_mask ... ok
[INFO] [stdout] test vendor_command ... ok
[INFO] [stdout] test le_read_local_supported_features ... ok
[INFO] [stdout] test le_set_event_mask ... ok
[INFO] [stdout] test le_read_channel_map_failed_reserved ... ok
[INFO] [stdout] 
[INFO] [stdout] test result: ok. 40 passed; 0 failed; 0 ignored; 0 measured; 0 filtered out; finished in 0.01s
[INFO] [stdout] 
[INFO] [stderr]      Running tests/connection_interval.rs (/opt/rustwide/target/debug/deps/connection_interval-5352060efd016036)
[INFO] [stdout] 
[INFO] [stdout] running 26 tests
[INFO] [stdout] test fixed_from_bytes_bad_connection_latency ... ok
[INFO] [stdout] test bad_conn_latency ... ok
[INFO] [stdout] test fixed_from_bytes_interval_too_long ... ok
[INFO] [stdout] test fixed_from_bytes_supervision_timeout_impossible ... ok
[INFO] [stdout] test fixed_from_bytes_supervision_timeout_too_long ... ok
[INFO] [stdout] test fixed_from_bytes_interval_too_short ... ok
[INFO] [stdout] test fixed_from_bytes_supervision_timeout_too_short_absolute ... ok
[INFO] [stdout] test fixed_from_bytes_supervision_timeout_too_short_relative ... ok
[INFO] [stdout] test fixed_from_bytes_valid ... ok
[INFO] [stdout] test from_bytes_bad_connection_latency ... ok
[INFO] [stdout] test from_bytes_interval_too_long ... ok
[INFO] [stdout] test from_bytes_interval_too_short ... ok
[INFO] [stdout] test from_bytes_supervision_timeout_too_long ... ok
[INFO] [stdout] test from_bytes_supervision_timeout_impossible ... ok
[INFO] [stdout] test from_bytes_supervision_timeout_too_short_absolute ... ok
[INFO] [stdout] test from_bytes_supervision_timeout_too_short_relative ... ok
[INFO] [stdout] test from_bytes_valid ... ok
[INFO] [stdout] test impossible_supervision_timeout ... ok
[INFO] [stdout] test incomplete ... ok
[INFO] [stdout] test inverted ... ok
[INFO] [stdout] test supervision_timeout_too_long ... ok
[INFO] [stdout] test supervision_timeout_too_short_absolute ... ok
[INFO] [stdout] test supervision_timeout_too_short_relative ... ok
[INFO] [stdout] test too_long ... ok
[INFO] [stdout] test valid ... ok
[INFO] [stdout] test too_short ... ok
[INFO] [stdout] 
[INFO] [stdout] test result: ok. 26 passed; 0 failed; 0 ignored; 0 measured; 0 filtered out; finished in 0.00s
[INFO] [stdout] 
[INFO] [stderr]      Running tests/event.rs (/opt/rustwide/target/debug/deps/event-a5e2edd118d30f29)
[INFO] [stdout] 
[INFO] [stdout] running 31 tests
[INFO] [stdout] test connection_complete ... ok
[INFO] [stdout] test connection_complete_failed_bad_link_type ... ok
[INFO] [stdout] test connection_complete_failed_bad_status ... ok
[INFO] [stdout] test command_status_vendor_status ... ok
[INFO] [stdout] test command_status ... ok
[INFO] [stdout] test connection_complete_failed_encryption_enabled ... ok
[INFO] [stdout] test data_buffer_overflow ... ok
[INFO] [stdout] test disconnection_complete ... ok
[INFO] [stdout] test disconnection_complete_failed_bad_status ... ok
[INFO] [stdout] test disconnection_complete_failed_bad_reason ... ok
[INFO] [stdout] test encryption_change ... ok
[INFO] [stdout] test encryption_change_failed_bad_status ... ok
[INFO] [stdout] test hardware_error ... ok
[INFO] [stdout] test encryption_key_refresh_complete ... ok
[INFO] [stdout] test le_advertising_report ... ok
[INFO] [stdout] test le_advertising_report_failed_bad_advertisement_type ... ok
[INFO] [stdout] test le_advertising_report_failed_incomplete ... ok
[INFO] [stdout] test le_connection_complete ... ok
[INFO] [stdout] test le_connection_complete_failed_bad_address_type ... ok
[INFO] [stdout] test le_connection_complete_failed_bad_central_clock_accuracy ... ok
[INFO] [stdout] test le_connection_complete_failed_bad_role ... ok
[INFO] [stdout] test le_connection_update_complete ... ok
[INFO] [stdout] test data_buffer_overflow_failed_bad_link_type ... ok
[INFO] [stdout] test le_advertising_report_failed_bad_addr_type ... ok
[INFO] [stdout] test encryption_change_failed_bad_encryption ... ok
[INFO] [stdout] test le_long_term_key_request ... ok
[INFO] [stdout] test le_read_remote_used_features_complete ... ok
[INFO] [stdout] test number_of_completed_packets ... ok
[INFO] [stdout] test le_read_remote_used_features_complete_failed_bad_flag ... ok
[INFO] [stdout] test read_remote_version_complete ... ok
[INFO] [stderr]      Running tests/expected_connection_length.rs (/opt/rustwide/target/debug/deps/expected_connection_length-8ca3aecec27c4251)
[INFO] [stdout] test read_remote_version_complete_failed_bad_status ... ok
[INFO] [stdout] 
[INFO] [stdout] test result: ok. 31 passed; 0 failed; 0 ignored; 0 measured; 0 filtered out; finished in 0.01s
[INFO] [stdout] 
[INFO] [stdout] 
[INFO] [stdout] running 3 tests
[INFO] [stdout] test interval_too_long ... ok
[INFO] [stdout] test inverted ... ok
[INFO] [stderr]      Running tests/host.rs (/opt/rustwide/target/debug/deps/host-e1f6fb0e2f8ee9da)
[INFO] [stdout] test valid ... ok
[INFO] [stdout] 
[INFO] [stdout] test result: ok. 3 passed; 0 failed; 0 ignored; 0 measured; 0 filtered out; finished in 0.00s
[INFO] [stdout] 
[INFO] [stdout] 
[INFO] [stdout] running 54 tests
[INFO] [stdout] test disconnect ... ok
[INFO] [stdout] test le_add_device_to_white_list ... ok
[INFO] [stdout] test disconnect_bad_reason ... ok
[INFO] [stdout] test le_clear_white_list ... ok
[INFO] [stdout] test le_connection_update ... ok
[INFO] [stdout] test le_create_connection_cancel ... ok
[INFO] [stdout] test le_create_connection_no_whitelist ... ok
[INFO] [stdout] test le_create_connection_use_whitelist ... ok
[INFO] [stdout] test le_encrypt ... ok
[INFO] [stdout] test le_long_term_key_request_negative_reply ... ok
[INFO] [stdout] test le_long_term_key_request_reply ... ok
[INFO] [stdout] test le_rand ... ok
[INFO] [stdout] test le_read_advertising_channel_tx_power ... ok
[INFO] [stdout] test le_read_channel_map ... ok
[INFO] [stdout] test le_read_buffer_size ... ok
[INFO] [stdout] test le_read_local_supported_features ... ok
[INFO] [stdout] test le_read_supported_states ... ok
[INFO] [stdout] test le_read_remote_used_features ... ok
[INFO] [stdout] test le_receiver_test ... ok
[INFO] [stdout] test le_read_white_list_size ... ok
[INFO] [stdout] test le_receiver_test_out_of_range ... ok
[INFO] [stdout] test le_remove_device_from_white_list ... ok
[INFO] [stdout] test le_set_advertising_data_empty ... ok
[INFO] [stdout] test le_set_advertise_enable ... ok
[INFO] [stdout] test le_set_advertising_data_full ... ok
[INFO] [stdout] test le_set_advertising_data_partial ... ok
[INFO] [stdout] test le_set_advertising_parameters ... ok
[INFO] [stdout] test le_set_advertising_data_too_long ... ok
[INFO] [stdout] test le_set_advertising_parameters_bad_channel_map ... ok
[INFO] [stdout] test le_set_event_mask ... ok
[INFO] [stdout] test le_set_host_channel_classification ... ok
[INFO] [stdout] test le_set_random_address ... ok
[INFO] [stdout] test le_set_random_address_invalid_addr_type ... ok
[INFO] [stdout] test le_set_host_channel_classification_failed_empty ... ok
[INFO] [stdout] test le_set_scan_enable ... ok
[INFO] [stdout] test le_set_scan_parameters ... ok
[INFO] [stdout] test le_set_scan_response_data_partial ... ok
[INFO] [stdout] test le_set_scan_response_data_too_long ... ok
[INFO] [stdout] test le_test_end ... ok
[INFO] [stdout] test le_start_encryption ... ok
[INFO] [stdout] test le_set_scan_response_data_full ... ok
[INFO] [stdout] test le_transmitter_test ... ok
[INFO] [stdout] test le_set_scan_response_data_empty ... ok
[INFO] [stdout] test le_transmitter_test_channel_out_of_range ... ok
[INFO] [stdout] test read_bd_addr ... ok
[INFO] [stdout] test le_transmitter_test_length_out_of_range ... ok
[INFO] [stdout] test read_local_supported_commands ... ok
[INFO] [stdout] test read_local_supported_features ... ok
[INFO] [stdout] test read_local_version_information ... ok
[INFO] [stdout] test read_rssi ... ok
[INFO] [stdout] test reset ... ok
[INFO] [stdout] test read_remote_version_information ... ok
[INFO] [stderr]      Running tests/scan_window.rs (/opt/rustwide/target/debug/deps/scan_window-bcbfe5c0d9463d07)
[INFO] [stdout] test read_tx_power_level ... ok
[INFO] [stdout] test set_event_mask ... ok
[INFO] [stdout] 
[INFO] [stdout] test result: ok. 54 passed; 0 failed; 0 ignored; 0 measured; 0 filtered out; finished in 0.00s
[INFO] [stdout] 
[INFO] [stdout] 
[INFO] [stdout] running 7 tests
[INFO] [stdout] test copy_into_slice ... ok
[INFO] [stdout] test interval_too_long ... ok
[INFO] [stdout] test inverted_and_window_too_long ... ok
[INFO] [stdout] test inverted ... ok
[INFO] [stdout] test valid ... ok
[INFO] [stdout] test interval_too_short ... ok
[INFO] [stdout] test window_too_short ... ok
[INFO] [stdout] 
[INFO] [stdout] test result: ok. 7 passed; 0 failed; 0 ignored; 0 measured; 0 filtered out; finished in 0.00s
[INFO] [stdout] 
[INFO] [stderr]    Doc-tests bluetooth-hci
[INFO] [stdout] 
[INFO] [stdout] running 4 tests
[INFO] [stdout] test src/bitflag_array.rs - bitflag_array::bitflag_array (line 19) ... FAILED
[INFO] [stdout] test src/bitflag_array.rs - bitflag_array::bitflag_array (line 38) ... FAILED
[INFO] [stdout] test src/lib.rs - Controller::read_into (line 139) ... ok
[INFO] [stdout] test src/lib.rs - Controller::peek (line 237) ... ok
[INFO] [stdout] 
[INFO] [stdout] failures:
[INFO] [stdout] 
[INFO] [stdout] ---- src/bitflag_array.rs - bitflag_array::bitflag_array (line 19) stdout ----
[INFO] [stdout] error: cannot find macro `bitflag_array` in this scope
[INFO] [stdout]  --> src/bitflag_array.rs:23:1
[INFO] [stdout]   |
[INFO] [stdout] 5 | bitflag_array! {
[INFO] [stdout]   | ^^^^^^^^^^^^^
[INFO] [stdout] 
[INFO] [stdout] error: aborting due to previous error
[INFO] [stdout] 
[INFO] [stdout] Couldn't compile the test.
[INFO] [stdout] ---- src/bitflag_array.rs - bitflag_array::bitflag_array (line 38) stdout ----
[INFO] [stdout] error: cannot find macro `bitflag_array` in this scope
[INFO] [stdout]  --> src/bitflag_array.rs:41:1
[INFO] [stdout]   |
[INFO] [stdout] 4 | bitflag_array! {
[INFO] [stdout]   | ^^^^^^^^^^^^^
[INFO] [stdout] 
[INFO] [stdout] error[E0433]: failed to resolve: use of undeclared type `Flags`
[INFO] [stdout]   --> src/bitflag_array.rs:52:19
[INFO] [stdout]    |
[INFO] [stdout] 15 | let mut letters = Flags::ALPHA | Flags::BETA;
[INFO] [stdout]    |                   ^^^^^ use of undeclared type `Flags`
[INFO] [stdout] 
[INFO] [stdout] error[E0433]: failed to resolve: use of undeclared type `Flags`
[INFO] [stdout]   --> src/bitflag_array.rs:52:34
[INFO] [stdout]    |
[INFO] [stdout] 15 | let mut letters = Flags::ALPHA | Flags::BETA;
[INFO] [stdout]    |                                  ^^^^^ use of undeclared type `Flags`
[INFO] [stdout] 
[INFO] [stdout] error[E0433]: failed to resolve: use of undeclared type `Flags`
[INFO] [stdout]   --> src/bitflag_array.rs:53:12
[INFO] [stdout]    |
[INFO] [stdout] 16 | letters |= Flags::THETA;
[INFO] [stdout]    |            ^^^^^ use of undeclared type `Flags`
[INFO] [stdout] 
[INFO] [stdout] error[E0433]: failed to resolve: use of undeclared type `Flags`
[INFO] [stdout]   --> src/bitflag_array.rs:56:27
[INFO] [stdout]    |
[INFO] [stdout] 19 | assert_eq!(letters.is_set(Flags::OMEGA), false);
[INFO] [stdout]    |                           ^^^^^ use of undeclared type `Flags`
[INFO] [stdout] 
[INFO] [stdout] error[E0433]: failed to resolve: use of undeclared type `Flags`
[INFO] [stdout]   --> src/bitflag_array.rs:57:26
[INFO] [stdout]    |
[INFO] [stdout] 20 | assert!(letters.contains(Flags::BETA | Flags::THETA));
[INFO] [stdout]    |                          ^^^^^ use of undeclared type `Flags`
[INFO] [stdout] 
[INFO] [stdout] error[E0433]: failed to resolve: use of undeclared type `Flags`
[INFO] [stdout]   --> src/bitflag_array.rs:57:40
[INFO] [stdout]    |
[INFO] [stdout] 20 | assert!(letters.contains(Flags::BETA | Flags::THETA));
[INFO] [stdout]    |                                        ^^^^^ use of undeclared type `Flags`
[INFO] [stdout] 
[INFO] [stdout] error: aborting due to 7 previous errors
[INFO] [stdout] 
[INFO] [stdout] For more information about this error, try `rustc --explain E0433`.
[INFO] [stdout] Couldn't compile the test.
[INFO] [stdout] 
[INFO] [stdout] failures:
[INFO] [stdout]     src/bitflag_array.rs - bitflag_array::bitflag_array (line 19)
[INFO] [stdout]     src/bitflag_array.rs - bitflag_array::bitflag_array (line 38)
[INFO] [stdout] 
[INFO] [stdout] test result: FAILED. 2 passed; 2 failed; 0 ignored; 0 measured; 0 filtered out; finished in 0.20s
[INFO] [stdout] 
[INFO] [stderr] error: doctest failed, to rerun pass `--doc`
[INFO] running `Command { std: "docker" "inspect" "d44b4a2c3e4a9e3f317624da249955fba0188a8a438e15345c27e75f7b014cc0", kill_on_drop: false }`
[INFO] running `Command { std: "docker" "rm" "-f" "d44b4a2c3e4a9e3f317624da249955fba0188a8a438e15345c27e75f7b014cc0", kill_on_drop: false }`
[INFO] [stdout] d44b4a2c3e4a9e3f317624da249955fba0188a8a438e15345c27e75f7b014cc0
