[INFO] fetching crate blockz 0.2.2...
[INFO] testing blockz-0.2.2 against 1.69.0 for beta-1.70-1
[INFO] extracting crate blockz 0.2.2 into /workspace/builds/worker-1-tc1/source
[INFO] validating manifest of crates.io crate blockz 0.2.2 on toolchain 1.69.0
[INFO] running `Command { std: CARGO_HOME="/workspace/cargo-home" RUSTUP_HOME="/workspace/rustup-home" "/workspace/cargo-home/bin/cargo" "+1.69.0" "metadata" "--manifest-path" "Cargo.toml" "--no-deps", kill_on_drop: false }`
[INFO] started tweaking crates.io crate blockz 0.2.2
[INFO] finished tweaking crates.io crate blockz 0.2.2
[INFO] tweaked toml for crates.io crate blockz 0.2.2 written to /workspace/builds/worker-1-tc1/source/Cargo.toml
[INFO] running `Command { std: CARGO_HOME="/workspace/cargo-home" RUSTUP_HOME="/workspace/rustup-home" __CARGO_TEST_CHANNEL_OVERRIDE_DO_NOT_USE_THIS="nightly" "/workspace/cargo-home/bin/cargo" "+1.69.0" "generate-lockfile" "--manifest-path" "Cargo.toml" "-Zno-index-update", kill_on_drop: false }`
[INFO] running `Command { std: CARGO_HOME="/workspace/cargo-home" RUSTUP_HOME="/workspace/rustup-home" "/workspace/cargo-home/bin/cargo" "+1.69.0" "fetch" "--manifest-path" "Cargo.toml", kill_on_drop: false }`
[INFO] [stderr]  Downloading crates ...
[INFO] [stderr]   Downloaded darling_core v0.12.4
[INFO] [stderr]   Downloaded darling_macro v0.12.4
[INFO] [stderr]   Downloaded darling v0.12.4
[INFO] [stderr]   Downloaded envy v0.4.2
[INFO] [stderr]   Downloaded blockz_derive v0.2.2
[INFO] running `Command { std: "docker" "create" "-v" "/var/lib/crater-agent-workspace/builds/worker-1-tc1/target:/opt/rustwide/target:rw,Z" "-v" "/var/lib/crater-agent-workspace/builds/worker-1-tc1/source:/opt/rustwide/workdir:ro,Z" "-v" "/var/lib/crater-agent-workspace/cargo-home:/opt/rustwide/cargo-home:ro,Z" "-v" "/var/lib/crater-agent-workspace/rustup-home:/opt/rustwide/rustup-home:ro,Z" "-e" "SOURCE_DIR=/opt/rustwide/workdir" "-e" "CARGO_TARGET_DIR=/opt/rustwide/target" "-e" "CARGO_HOME=/opt/rustwide/cargo-home" "-e" "RUSTUP_HOME=/opt/rustwide/rustup-home" "-w" "/opt/rustwide/workdir" "-m" "1610612736" "--user" "0:0" "--network" "none" "ghcr.io/rust-lang/crates-build-env/linux@sha256:5ff2268d62e97bff2cde7d5815dd6ed5b47097566f13b8d0ca110b04b60e07ed" "/opt/rustwide/cargo-home/bin/cargo" "+1.69.0" "metadata" "--no-deps" "--format-version=1", kill_on_drop: false }`
[INFO] [stdout] 3d7217651863f36d025e1f7d074f1e7c8bbc79461234711f0fb85ea669b22f48
[INFO] running `Command { std: "docker" "start" "-a" "3d7217651863f36d025e1f7d074f1e7c8bbc79461234711f0fb85ea669b22f48", kill_on_drop: false }`
[INFO] running `Command { std: "docker" "inspect" "3d7217651863f36d025e1f7d074f1e7c8bbc79461234711f0fb85ea669b22f48", kill_on_drop: false }`
[INFO] running `Command { std: "docker" "rm" "-f" "3d7217651863f36d025e1f7d074f1e7c8bbc79461234711f0fb85ea669b22f48", kill_on_drop: false }`
[INFO] [stdout] 3d7217651863f36d025e1f7d074f1e7c8bbc79461234711f0fb85ea669b22f48
[INFO] running `Command { std: "docker" "create" "-v" "/var/lib/crater-agent-workspace/builds/worker-1-tc1/target:/opt/rustwide/target:rw,Z" "-v" "/var/lib/crater-agent-workspace/builds/worker-1-tc1/source:/opt/rustwide/workdir:ro,Z" "-v" "/var/lib/crater-agent-workspace/cargo-home:/opt/rustwide/cargo-home:ro,Z" "-v" "/var/lib/crater-agent-workspace/rustup-home:/opt/rustwide/rustup-home:ro,Z" "-e" "SOURCE_DIR=/opt/rustwide/workdir" "-e" "CARGO_TARGET_DIR=/opt/rustwide/target" "-e" "CARGO_INCREMENTAL=0" "-e" "RUST_BACKTRACE=full" "-e" "RUSTFLAGS=--cap-lints=warn" "-e" "RUSTDOCFLAGS=--cap-lints=warn" "-e" "CARGO_HOME=/opt/rustwide/cargo-home" "-e" "RUSTUP_HOME=/opt/rustwide/rustup-home" "-w" "/opt/rustwide/workdir" "-m" "1610612736" "--user" "0:0" "--network" "none" "ghcr.io/rust-lang/crates-build-env/linux@sha256:5ff2268d62e97bff2cde7d5815dd6ed5b47097566f13b8d0ca110b04b60e07ed" "/opt/rustwide/cargo-home/bin/cargo" "+1.69.0" "build" "--frozen" "--message-format=json", kill_on_drop: false }`
[INFO] [stdout] 92dfd6cbcc64740c7a3bc279026dd9296eabef1685368e4035991006d78cfcf6
[INFO] running `Command { std: "docker" "start" "-a" "92dfd6cbcc64740c7a3bc279026dd9296eabef1685368e4035991006d78cfcf6", kill_on_drop: false }`
[INFO] [stderr]    Compiling syn v1.0.109
[INFO] [stderr]    Compiling fnv v1.0.7
[INFO] [stderr]    Compiling strsim v0.10.0
[INFO] [stderr]    Compiling ident_case v1.0.1
[INFO] [stderr]    Compiling async-trait v0.1.68
[INFO] [stderr]    Compiling anyhow v1.0.71
[INFO] [stderr]    Compiling convert_case v0.4.0
[INFO] [stderr]    Compiling syn v2.0.15
[INFO] [stderr]    Compiling darling_core v0.12.4
[INFO] [stderr]    Compiling darling_macro v0.12.4
[INFO] [stderr]    Compiling darling v0.12.4
[INFO] [stderr]    Compiling blockz_derive v0.2.2
[INFO] [stderr]    Compiling blockz v0.2.2 (/opt/rustwide/workdir)
[INFO] [stderr]     Finished dev [unoptimized + debuginfo] target(s) in 9.64s
[INFO] running `Command { std: "docker" "inspect" "92dfd6cbcc64740c7a3bc279026dd9296eabef1685368e4035991006d78cfcf6", kill_on_drop: false }`
[INFO] running `Command { std: "docker" "rm" "-f" "92dfd6cbcc64740c7a3bc279026dd9296eabef1685368e4035991006d78cfcf6", kill_on_drop: false }`
[INFO] [stdout] 92dfd6cbcc64740c7a3bc279026dd9296eabef1685368e4035991006d78cfcf6
[INFO] running `Command { std: "docker" "create" "-v" "/var/lib/crater-agent-workspace/builds/worker-1-tc1/target:/opt/rustwide/target:rw,Z" "-v" "/var/lib/crater-agent-workspace/builds/worker-1-tc1/source:/opt/rustwide/workdir:ro,Z" "-v" "/var/lib/crater-agent-workspace/cargo-home:/opt/rustwide/cargo-home:ro,Z" "-v" "/var/lib/crater-agent-workspace/rustup-home:/opt/rustwide/rustup-home:ro,Z" "-e" "SOURCE_DIR=/opt/rustwide/workdir" "-e" "CARGO_TARGET_DIR=/opt/rustwide/target" "-e" "CARGO_INCREMENTAL=0" "-e" "RUST_BACKTRACE=full" "-e" "RUSTFLAGS=--cap-lints=warn" "-e" "RUSTDOCFLAGS=--cap-lints=warn" "-e" "CARGO_HOME=/opt/rustwide/cargo-home" "-e" "RUSTUP_HOME=/opt/rustwide/rustup-home" "-w" "/opt/rustwide/workdir" "-m" "1610612736" "--user" "0:0" "--network" "none" "ghcr.io/rust-lang/crates-build-env/linux@sha256:5ff2268d62e97bff2cde7d5815dd6ed5b47097566f13b8d0ca110b04b60e07ed" "/opt/rustwide/cargo-home/bin/cargo" "+1.69.0" "test" "--frozen" "--no-run" "--message-format=json", kill_on_drop: false }`
[INFO] [stdout] bffc06fe180782126b7ea42d6183ca76f2df2cda495a50e5a23e984a283bf452
[INFO] running `Command { std: "docker" "start" "-a" "bffc06fe180782126b7ea42d6183ca76f2df2cda495a50e5a23e984a283bf452", kill_on_drop: false }`
[INFO] [stderr]    Compiling libc v0.2.142
[INFO] [stderr]    Compiling serde v1.0.160
[INFO] [stderr]    Compiling parking_lot_core v0.9.7
[INFO] [stderr]    Compiling log v0.4.17
[INFO] [stderr]    Compiling smallvec v1.10.0
[INFO] [stderr]    Compiling lock_api v0.4.9
[INFO] [stderr]    Compiling scopeguard v1.1.0
[INFO] [stderr]    Compiling tokio v1.28.0
[INFO] [stderr]    Compiling bytes v1.4.0
[INFO] [stderr]    Compiling pin-project-lite v0.2.9
[INFO] [stderr]    Compiling serde_derive v1.0.160
[INFO] [stderr]    Compiling tokio-macros v2.1.0
[INFO] [stderr]    Compiling socket2 v0.4.9
[INFO] [stderr]    Compiling signal-hook-registry v1.4.1
[INFO] [stderr]    Compiling num_cpus v1.15.0
[INFO] [stderr]    Compiling mio v0.8.6
[INFO] [stderr]    Compiling parking_lot v0.12.1
[INFO] [stderr]    Compiling serde_json v1.0.96
[INFO] [stderr]    Compiling basic-toml v0.1.2
[INFO] [stderr]    Compiling envy v0.4.2
[INFO] [stderr]    Compiling trybuild v1.0.80
[INFO] [stderr]    Compiling blockz v0.2.2 (/opt/rustwide/workdir)
[INFO] [stderr]     Finished test [unoptimized + debuginfo] target(s) in 15.21s
[INFO] running `Command { std: "docker" "inspect" "bffc06fe180782126b7ea42d6183ca76f2df2cda495a50e5a23e984a283bf452", kill_on_drop: false }`
[INFO] running `Command { std: "docker" "rm" "-f" "bffc06fe180782126b7ea42d6183ca76f2df2cda495a50e5a23e984a283bf452", kill_on_drop: false }`
[INFO] [stdout] bffc06fe180782126b7ea42d6183ca76f2df2cda495a50e5a23e984a283bf452
[INFO] running `Command { std: "docker" "create" "-v" "/var/lib/crater-agent-workspace/builds/worker-1-tc1/target:/opt/rustwide/target:rw,Z" "-v" "/var/lib/crater-agent-workspace/builds/worker-1-tc1/source:/opt/rustwide/workdir:ro,Z" "-v" "/var/lib/crater-agent-workspace/cargo-home:/opt/rustwide/cargo-home:ro,Z" "-v" "/var/lib/crater-agent-workspace/rustup-home:/opt/rustwide/rustup-home:ro,Z" "-e" "SOURCE_DIR=/opt/rustwide/workdir" "-e" "CARGO_TARGET_DIR=/opt/rustwide/target" "-e" "CARGO_INCREMENTAL=0" "-e" "RUST_BACKTRACE=full" "-e" "RUSTFLAGS=--cap-lints=warn" "-e" "RUSTDOCFLAGS=--cap-lints=warn" "-e" "CARGO_HOME=/opt/rustwide/cargo-home" "-e" "RUSTUP_HOME=/opt/rustwide/rustup-home" "-w" "/opt/rustwide/workdir" "-m" "1610612736" "--user" "0:0" "--network" "none" "ghcr.io/rust-lang/crates-build-env/linux@sha256:5ff2268d62e97bff2cde7d5815dd6ed5b47097566f13b8d0ca110b04b60e07ed" "/opt/rustwide/cargo-home/bin/cargo" "+1.69.0" "test" "--frozen", kill_on_drop: false }`
[INFO] [stdout] ecf671e6ea5557a987e61313231f65460c7743dcdfdbd3bb19e23ceb19a433be
[INFO] running `Command { std: "docker" "start" "-a" "ecf671e6ea5557a987e61313231f65460c7743dcdfdbd3bb19e23ceb19a433be", kill_on_drop: false }`
[INFO] [stderr]     Finished test [unoptimized + debuginfo] target(s) in 0.05s
[INFO] [stdout] 
[INFO] [stderr]      Running unittests src/lib.rs (/opt/rustwide/target/debug/deps/blockz-316a6292e7b3550d)
[INFO] [stdout] running 2 tests
[INFO] [stderr]    Compiling proc-macro2 v1.0.56
[INFO] [stderr]    Compiling quote v1.0.26
[INFO] [stderr]    Compiling unicode-ident v1.0.8
[INFO] [stderr]    Compiling libc v0.2.142
[INFO] [stderr]    Compiling syn v1.0.109
[INFO] [stderr]    Compiling autocfg v1.1.0
[INFO] [stderr]    Compiling ident_case v1.0.1
[INFO] [stderr]    Compiling fnv v1.0.7
[INFO] [stderr]    Compiling strsim v0.10.0
[INFO] [stderr]    Compiling cfg-if v1.0.0
[INFO] [stderr]    Compiling parking_lot_core v0.9.7
[INFO] [stderr]    Compiling serde_derive v1.0.160
[INFO] [stderr]    Compiling log v0.4.17
[INFO] [stderr]    Compiling anyhow v1.0.71
[INFO] [stderr]    Compiling serde v1.0.160
[INFO] [stderr]    Compiling async-trait v0.1.68
[INFO] [stderr]    Compiling smallvec v1.10.0
[INFO] [stderr]    Compiling scopeguard v1.1.0
[INFO] [stderr]    Compiling convert_case v0.4.0
[INFO] [stderr]    Compiling bytes v1.4.0
[INFO] [stderr]    Compiling pin-project-lite v0.2.9
[INFO] [stderr]    Compiling once_cell v1.17.1
[INFO] [stderr]    Compiling lock_api v0.4.9
[INFO] [stderr]    Compiling tokio v1.28.0
[INFO] [stderr]    Compiling signal-hook-registry v1.4.1
[INFO] [stderr]    Compiling socket2 v0.4.9
[INFO] [stderr]    Compiling mio v0.8.6
[INFO] [stderr]    Compiling num_cpus v1.15.0
[INFO] [stderr]    Compiling syn v2.0.15
[INFO] [stderr]    Compiling parking_lot v0.12.1
[INFO] [stderr]    Compiling darling_core v0.12.4
[INFO] [stderr]    Compiling tokio-macros v2.1.0
[INFO] [stderr]    Compiling darling_macro v0.12.4
[INFO] [stderr]    Compiling darling v0.12.4
[INFO] [stderr]    Compiling blockz_derive v0.2.2
[INFO] [stderr]    Compiling blockz v0.2.2 (/opt/rustwide/workdir)
[INFO] [stderr]    Compiling envy v0.4.2
[INFO] [stderr]    Compiling blockz-tests v0.0.0 (/opt/rustwide/target/tests/trybuild/blockz)
[INFO] [stderr]     Finished dev [unoptimized + debuginfo] target(s) in 26.71s
[INFO] [stderr] 
[INFO] [stderr] 
[INFO] [stderr] test tests/ui/direct_configuration-p-0.rs [should pass] ... ok
[INFO] [stderr] test tests/ui/direct_configuration-p-1.rs [should pass] ... ok
[INFO] [stderr] test tests/ui/direct_configuration-p-2.rs [should pass] ... ok
[INFO] [stderr] test tests/ui/direct_configuration-f-0.rs [should fail to compile] ... ok
[INFO] [stderr] test tests/ui/direct_configuration-f-1.rs [should fail to compile] ... mismatch
[INFO] [stderr] 
[INFO] [stderr] EXPECTED:
[INFO] [stderr] ┈┈┈┈┈┈┈┈┈┈┈┈┈┈┈┈┈┈┈┈┈┈┈┈┈┈┈┈┈┈┈┈┈┈┈┈┈┈┈┈┈┈┈┈┈┈┈┈┈┈┈┈┈┈┈┈┈┈┈┈
[INFO] [stderr] error[E0277]: the trait bound `MyConfig: Default` is not satisfied
[INFO] [stderr]   --> $DIR/direct_configuration-f-1.rs:16:17
[INFO] [stderr]    |
[INFO] [stderr] 16 |     let conf1 = <MyConfig as EasyConfiguration>::load().await;
[INFO] [stderr]    |                 ^^^^^^^^^^^^^^^^^^^^^^^^^^^^^^^^^^^^^^^ the trait `Default` is not implemented for `MyConfig`
[INFO] [stderr]    |
[INFO] [stderr]    = note: required because of the requirements on the impl of `EasyConfiguration` for `MyConfig`
[INFO] [stderr] 
[INFO] [stderr] error[E0277]: the trait bound `MyConfig: Default` is not satisfied
[INFO] [stderr]    --> $DIR/direct_configuration-f-1.rs:16:17
[INFO] [stderr]     |
[INFO] [stderr] 16  |     let conf1 = <MyConfig as EasyConfiguration>::load().await;
[INFO] [stderr]     |                 ^^^^^^^^^^^^^^^^^^^^^^^^^^^^^^^^^^^^^ the trait `Default` is not implemented for `MyConfig`
[INFO] [stderr]     |
[INFO] [stderr]    ::: $WORKSPACE/src/configuration.rs
[INFO] [stderr]     |
[INFO] [stderr]     |     async fn load() -> Self::Result;
[INFO] [stderr]     |              ---- required by this bound in `blockz::configuration::EasyConfiguration::load`
[INFO] [stderr]     |
[INFO] [stderr]     = note: required because of the requirements on the impl of `EasyConfiguration` for `MyConfig`
[INFO] [stderr] ┈┈┈┈┈┈┈┈┈┈┈┈┈┈┈┈┈┈┈┈┈┈┈┈┈┈┈┈┈┈┈┈┈┈┈┈┈┈┈┈┈┈┈┈┈┈┈┈┈┈┈┈┈┈┈┈┈┈┈┈
[INFO] [stderr] 
[INFO] [stderr] ACTUAL OUTPUT:
[INFO] [stderr] ┈┈┈┈┈┈┈┈┈┈┈┈┈┈┈┈┈┈┈┈┈┈┈┈┈┈┈┈┈┈┈┈┈┈┈┈┈┈┈┈┈┈┈┈┈┈┈┈┈┈┈┈┈┈┈┈┈┈┈┈
[INFO] [stderr] error[E0277]: the trait bound `MyConfig: Default` is not satisfied
[INFO] [stderr]   --> tests/ui/direct_configuration-f-1.rs:16:17
[INFO] [stderr]    |
[INFO] [stderr] 16 |     let conf1 = <MyConfig as EasyConfiguration>::load().await;
[INFO] [stderr]    |                 ^^^^^^^^^^^^^^^^^^^^^^^^^^^^^^^^^^^^^^^ the trait `Default` is not implemented for `MyConfig`
[INFO] [stderr]    |
[INFO] [stderr]    = note: required for `MyConfig` to implement `EasyConfiguration`
[INFO] [stderr] help: consider annotating `MyConfig` with `#[derive(Default)]`
[INFO] [stderr]    |
[INFO] [stderr] 9  | #[derive(Default)]
[INFO] [stderr]    |
[INFO] [stderr] 
[INFO] [stderr] error[E0277]: the trait bound `MyConfig: Default` is not satisfied
[INFO] [stderr]   --> tests/ui/direct_configuration-f-1.rs:16:17
[INFO] [stderr]    |
[INFO] [stderr] 16 |     let conf1 = <MyConfig as EasyConfiguration>::load().await;
[INFO] [stderr]    |                 ^^^^^^^^^^^^^^^^^^^^^^^^^^^^^^^^^^^^^ the trait `Default` is not implemented for `MyConfig`
[INFO] [stderr]    |
[INFO] [stderr]    = note: required for `MyConfig` to implement `EasyConfiguration`
[INFO] [stderr] help: consider annotating `MyConfig` with `#[derive(Default)]`
[INFO] [stderr]    |
[INFO] [stderr] 9  | #[derive(Default)]
[INFO] [stderr]    |
[INFO] [stderr] ┈┈┈┈┈┈┈┈┈┈┈┈┈┈┈┈┈┈┈┈┈┈┈┈┈┈┈┈┈┈┈┈┈┈┈┈┈┈┈┈┈┈┈┈┈┈┈┈┈┈┈┈┈┈┈┈┈┈┈┈
[INFO] [stderr] note: If the actual output is the correct output you can bless it by rerunning
[INFO] [stderr]       your test with the environment variable TRYBUILD=overwrite
[INFO] [stderr] 
[INFO] [stderr] 
[INFO] [stderr] 
[INFO] [stdout] test test::test_direct_configuration ... FAILED
[INFO] [stderr]    Compiling blockz-tests v0.0.0 (/opt/rustwide/target/tests/trybuild/blockz)
[INFO] [stderr]     Finished dev [unoptimized + debuginfo] target(s) in 0.48s
[INFO] [stderr] 
[INFO] [stderr] 
[INFO] [stderr] test tests/ui/singleton-p-0.rs [should pass] ... ok
[INFO] [stderr] test tests/ui/singleton-p-1.rs [should pass] ... ok
[INFO] [stderr] test tests/ui/singleton-p-2.rs [should pass] ... ok
[INFO] [stderr] test tests/ui/singleton-f-0.rs [should fail to compile] ... mismatch
[INFO] [stderr] 
[INFO] [stderr] EXPECTED:
[INFO] [stderr] ┈┈┈┈┈┈┈┈┈┈┈┈┈┈┈┈┈┈┈┈┈┈┈┈┈┈┈┈┈┈┈┈┈┈┈┈┈┈┈┈┈┈┈┈┈┈┈┈┈┈┈┈┈┈┈┈┈┈┈┈
[INFO] [stderr] error: Unknown field: `a`
[INFO] [stderr]  --> $DIR/singleton-f-0.rs:8:13
[INFO] [stderr]   |
[INFO] [stderr] 8 | #[singleton(a = "mutex", b = "rwlock", c)]
[INFO] [stderr]   |             ^
[INFO] [stderr] 
[INFO] [stderr] error: Unknown field: `b`
[INFO] [stderr]  --> $DIR/singleton-f-0.rs:8:26
[INFO] [stderr]   |
[INFO] [stderr] 8 | #[singleton(a = "mutex", b = "rwlock", c)]
[INFO] [stderr]   |                          ^
[INFO] [stderr] 
[INFO] [stderr] error: Unknown field: `c`
[INFO] [stderr]  --> $DIR/singleton-f-0.rs:8:40
[INFO] [stderr]   |
[INFO] [stderr] 8 | #[singleton(a = "mutex", b = "rwlock", c)]
[INFO] [stderr]   |                                        ^
[INFO] [stderr] 
[INFO] [stderr] error[E0599]: no function or associated item named `use_singleton` found for struct `Dummy` in the current scope
[INFO] [stderr]   --> $DIR/singleton-f-0.rs:12:5
[INFO] [stderr]    |
[INFO] [stderr] 9  | struct Dummy(Vec<i32>);
[INFO] [stderr]    | ----------------------- function or associated item `use_singleton` not found for this
[INFO] [stderr] ...
[INFO] [stderr] 12 |     #[singleton_fn]
[INFO] [stderr]    |     ^^^^^^^^^^^^^^^ function or associated item not found in `Dummy`
[INFO] [stderr]    |
[INFO] [stderr]    = help: items from traits can only be used if the trait is implemented and in scope
[INFO] [stderr]    = note: the following trait defines an item `use_singleton`, perhaps you need to implement it:
[INFO] [stderr]            candidate #1: `blockz::singleton::Singleton`
[INFO] [stderr]    = note: this error originates in an attribute macro (in Nightly builds, run with -Z macro-backtrace for more info)
[INFO] [stderr] 
[INFO] [stderr] error[E0599]: no function or associated item named `use_mut_singleton` found for struct `Dummy` in the current scope
[INFO] [stderr]   --> $DIR/singleton-f-0.rs:17:5
[INFO] [stderr]    |
[INFO] [stderr] 9  | struct Dummy(Vec<i32>);
[INFO] [stderr]    | ----------------------- function or associated item `use_mut_singleton` not found for this
[INFO] [stderr] ...
[INFO] [stderr] 17 |     #[singleton_fn]
[INFO] [stderr]    |     ^^^^^^^^^^^^^^^ function or associated item not found in `Dummy`
[INFO] [stderr]    |
[INFO] [stderr]    = help: items from traits can only be used if the trait is implemented and in scope
[INFO] [stderr]    = note: the following trait defines an item `use_mut_singleton`, perhaps you need to implement it:
[INFO] [stderr]            candidate #1: `blockz::singleton::Singleton`
[INFO] [stderr]    = note: this error originates in an attribute macro (in Nightly builds, run with -Z macro-backtrace for more info)
[INFO] [stderr] 
[INFO] [stderr] error[E0599]: no function or associated item named `use_mut_singleton_with_arg` found for struct `Dummy` in the current scope
[INFO] [stderr]   --> $DIR/singleton-f-0.rs:22:5
[INFO] [stderr]    |
[INFO] [stderr] 9  | struct Dummy(Vec<i32>);
[INFO] [stderr]    | ----------------------- function or associated item `use_mut_singleton_with_arg` not found for this
[INFO] [stderr] ...
[INFO] [stderr] 22 |     #[singleton_fn]
[INFO] [stderr]    |     ^^^^^^^^^^^^^^^ function or associated item not found in `Dummy`
[INFO] [stderr]    |
[INFO] [stderr]    = help: items from traits can only be used if the trait is implemented and in scope
[INFO] [stderr]    = note: the following trait defines an item `use_mut_singleton_with_arg`, perhaps you need to implement it:
[INFO] [stderr]            candidate #1: `blockz::singleton::Singleton`
[INFO] [stderr]    = note: this error originates in an attribute macro (in Nightly builds, run with -Z macro-backtrace for more info)
[INFO] [stderr] 
[INFO] [stderr] error[E0599]: no function or associated item named `use_singleton_with_arg` found for struct `Dummy` in the current scope
[INFO] [stderr]   --> $DIR/singleton-f-0.rs:27:5
[INFO] [stderr]    |
[INFO] [stderr] 9  | struct Dummy(Vec<i32>);
[INFO] [stderr]    | ----------------------- function or associated item `use_singleton_with_arg` not found for this
[INFO] [stderr] ...
[INFO] [stderr] 27 |     #[singleton_fn]
[INFO] [stderr]    |     ^^^^^^^^^^^^^^^ function or associated item not found in `Dummy`
[INFO] [stderr]    |
[INFO] [stderr]    = help: items from traits can only be used if the trait is implemented and in scope
[INFO] [stderr]    = note: the following trait defines an item `use_singleton_with_arg`, perhaps you need to implement it:
[INFO] [stderr]            candidate #1: `blockz::singleton::Singleton`
[INFO] [stderr]    = note: this error originates in an attribute macro (in Nightly builds, run with -Z macro-backtrace for more info)
[INFO] [stderr] ┈┈┈┈┈┈┈┈┈┈┈┈┈┈┈┈┈┈┈┈┈┈┈┈┈┈┈┈┈┈┈┈┈┈┈┈┈┈┈┈┈┈┈┈┈┈┈┈┈┈┈┈┈┈┈┈┈┈┈┈
[INFO] [stderr] 
[INFO] [stderr] ACTUAL OUTPUT:
[INFO] [stderr] ┈┈┈┈┈┈┈┈┈┈┈┈┈┈┈┈┈┈┈┈┈┈┈┈┈┈┈┈┈┈┈┈┈┈┈┈┈┈┈┈┈┈┈┈┈┈┈┈┈┈┈┈┈┈┈┈┈┈┈┈
[INFO] [stderr] error: Unknown field: `a`
[INFO] [stderr]  --> tests/ui/singleton-f-0.rs:8:13
[INFO] [stderr]   |
[INFO] [stderr] 8 | #[singleton(a = "mutex", b = "rwlock", c)]
[INFO] [stderr]   |             ^
[INFO] [stderr] 
[INFO] [stderr] error: Unknown field: `b`
[INFO] [stderr]  --> tests/ui/singleton-f-0.rs:8:26
[INFO] [stderr]   |
[INFO] [stderr] 8 | #[singleton(a = "mutex", b = "rwlock", c)]
[INFO] [stderr]   |                          ^
[INFO] [stderr] 
[INFO] [stderr] error: Unknown field: `c`
[INFO] [stderr]  --> tests/ui/singleton-f-0.rs:8:40
[INFO] [stderr]   |
[INFO] [stderr] 8 | #[singleton(a = "mutex", b = "rwlock", c)]
[INFO] [stderr]   |                                        ^
[INFO] [stderr] 
[INFO] [stderr] error[E0599]: no function or associated item named `use_singleton` found for struct `Dummy` in the current scope
[INFO] [stderr]   --> tests/ui/singleton-f-0.rs:12:5
[INFO] [stderr]    |
[INFO] [stderr] 9  | struct Dummy(Vec<i32>);
[INFO] [stderr]    | ------------ function or associated item `use_singleton` not found for this struct
[INFO] [stderr] ...
[INFO] [stderr] 12 |     #[singleton_fn]
[INFO] [stderr]    |     ^^^^^^^^^^^^^^^ function or associated item not found in `Dummy`
[INFO] [stderr]    |
[INFO] [stderr]    = help: items from traits can only be used if the trait is implemented and in scope
[INFO] [stderr]    = note: the following trait defines an item `use_singleton`, perhaps you need to implement it:
[INFO] [stderr]            candidate #1: `blockz::singleton::Singleton`
[INFO] [stderr]    = note: this error originates in the attribute macro `singleton_fn` (in Nightly builds, run with -Z macro-backtrace for more info)
[INFO] [stderr] 
[INFO] [stderr] error[E0599]: no function or associated item named `use_mut_singleton` found for struct `Dummy` in the current scope
[INFO] [stderr]   --> tests/ui/singleton-f-0.rs:17:5
[INFO] [stderr]    |
[INFO] [stderr] 9  | struct Dummy(Vec<i32>);
[INFO] [stderr]    | ------------ function or associated item `use_mut_singleton` not found for this struct
[INFO] [stderr] ...
[INFO] [stderr] 17 |     #[singleton_fn]
[INFO] [stderr]    |     ^^^^^^^^^^^^^^^ function or associated item not found in `Dummy`
[INFO] [stderr]    |
[INFO] [stderr]    = help: items from traits can only be used if the trait is implemented and in scope
[INFO] [stderr]    = note: the following trait defines an item `use_mut_singleton`, perhaps you need to implement it:
[INFO] [stderr]            candidate #1: `blockz::singleton::Singleton`
[INFO] [stderr]    = note: this error originates in the attribute macro `singleton_fn` (in Nightly builds, run with -Z macro-backtrace for more info)
[INFO] [stderr] 
[INFO] [stderr] error[E0599]: no function or associated item named `use_mut_singleton_with_arg` found for struct `Dummy` in the current scope
[INFO] [stderr]   --> tests/ui/singleton-f-0.rs:22:5
[INFO] [stderr]    |
[INFO] [stderr] 9  | struct Dummy(Vec<i32>);
[INFO] [stderr]    | ------------ function or associated item `use_mut_singleton_with_arg` not found for this struct
[INFO] [stderr] ...
[INFO] [stderr] 22 |     #[singleton_fn]
[INFO] [stderr]    |     ^^^^^^^^^^^^^^^ function or associated item not found in `Dummy`
[INFO] [stderr]    |
[INFO] [stderr]    = help: items from traits can only be used if the trait is implemented and in scope
[INFO] [stderr]    = note: the following trait defines an item `use_mut_singleton_with_arg`, perhaps you need to implement it:
[INFO] [stderr]            candidate #1: `blockz::singleton::Singleton`
[INFO] [stderr]    = note: this error originates in the attribute macro `singleton_fn` (in Nightly builds, run with -Z macro-backtrace for more info)
[INFO] [stderr] 
[INFO] [stderr] error[E0599]: no function or associated item named `use_singleton_with_arg` found for struct `Dummy` in the current scope
[INFO] [stderr]   --> tests/ui/singleton-f-0.rs:27:5
[INFO] [stderr]    |
[INFO] [stderr] 9  | struct Dummy(Vec<i32>);
[INFO] [stderr]    | ------------ function or associated item `use_singleton_with_arg` not found for this struct
[INFO] [stderr] ...
[INFO] [stderr] 27 |     #[singleton_fn]
[INFO] [stderr]    |     ^^^^^^^^^^^^^^^ function or associated item not found in `Dummy`
[INFO] [stderr]    |
[INFO] [stderr]    = help: items from traits can only be used if the trait is implemented and in scope
[INFO] [stderr]    = note: the following trait defines an item `use_singleton_with_arg`, perhaps you need to implement it:
[INFO] [stderr]            candidate #1: `blockz::singleton::Singleton`
[INFO] [stderr]    = note: this error originates in the attribute macro `singleton_fn` (in Nightly builds, run with -Z macro-backtrace for more info)
[INFO] [stderr] ┈┈┈┈┈┈┈┈┈┈┈┈┈┈┈┈┈┈┈┈┈┈┈┈┈┈┈┈┈┈┈┈┈┈┈┈┈┈┈┈┈┈┈┈┈┈┈┈┈┈┈┈┈┈┈┈┈┈┈┈
[INFO] [stderr] note: If the actual output is the correct output you can bless it by rerunning
[INFO] [stderr]       your test with the environment variable TRYBUILD=overwrite
[INFO] [stderr] 
[INFO] [stderr] test tests/ui/singleton-f-1.rs [should fail to compile] ... mismatch
[INFO] [stderr] 
[INFO] [stderr] EXPECTED:
[INFO] [stderr] ┈┈┈┈┈┈┈┈┈┈┈┈┈┈┈┈┈┈┈┈┈┈┈┈┈┈┈┈┈┈┈┈┈┈┈┈┈┈┈┈┈┈┈┈┈┈┈┈┈┈┈┈┈┈┈┈┈┈┈┈
[INFO] [stderr] error: Unknown field: `lok`. Did you mean `lock`?
[INFO] [stderr]  --> $DIR/singleton-f-1.rs:8:13
[INFO] [stderr]   |
[INFO] [stderr] 8 | #[singleton(lok = "mutex")]
[INFO] [stderr]   |             ^^^
[INFO] [stderr] 
[INFO] [stderr] error[E0599]: no function or associated item named `use_singleton` found for struct `Dummy` in the current scope
[INFO] [stderr]   --> $DIR/singleton-f-1.rs:12:5
[INFO] [stderr]    |
[INFO] [stderr] 9  | struct Dummy(Vec<i32>);
[INFO] [stderr]    | ----------------------- function or associated item `use_singleton` not found for this
[INFO] [stderr] ...
[INFO] [stderr] 12 |     #[singleton_fn]
[INFO] [stderr]    |     ^^^^^^^^^^^^^^^ function or associated item not found in `Dummy`
[INFO] [stderr]    |
[INFO] [stderr]    = help: items from traits can only be used if the trait is implemented and in scope
[INFO] [stderr]    = note: the following trait defines an item `use_singleton`, perhaps you need to implement it:
[INFO] [stderr]            candidate #1: `blockz::singleton::Singleton`
[INFO] [stderr]    = note: this error originates in an attribute macro (in Nightly builds, run with -Z macro-backtrace for more info)
[INFO] [stderr] 
[INFO] [stderr] error[E0599]: no function or associated item named `use_mut_singleton` found for struct `Dummy` in the current scope
[INFO] [stderr]   --> $DIR/singleton-f-1.rs:17:5
[INFO] [stderr]    |
[INFO] [stderr] 9  | struct Dummy(Vec<i32>);
[INFO] [stderr]    | ----------------------- function or associated item `use_mut_singleton` not found for this
[INFO] [stderr] ...
[INFO] [stderr] 17 |     #[singleton_fn]
[INFO] [stderr]    |     ^^^^^^^^^^^^^^^ function or associated item not found in `Dummy`
[INFO] [stderr]    |
[INFO] [stderr]    = help: items from traits can only be used if the trait is implemented and in scope
[INFO] [stderr]    = note: the following trait defines an item `use_mut_singleton`, perhaps you need to implement it:
[INFO] [stderr]            candidate #1: `blockz::singleton::Singleton`
[INFO] [stderr]    = note: this error originates in an attribute macro (in Nightly builds, run with -Z macro-backtrace for more info)
[INFO] [stderr] 
[INFO] [stderr] error[E0599]: no function or associated item named `use_mut_singleton_with_arg` found for struct `Dummy` in the current scope
[INFO] [stderr]   --> $DIR/singleton-f-1.rs:22:5
[INFO] [stderr]    |
[INFO] [stderr] 9  | struct Dummy(Vec<i32>);
[INFO] [stderr]    | ----------------------- function or associated item `use_mut_singleton_with_arg` not found for this
[INFO] [stderr] ...
[INFO] [stderr] 22 |     #[singleton_fn]
[INFO] [stderr]    |     ^^^^^^^^^^^^^^^ function or associated item not found in `Dummy`
[INFO] [stderr]    |
[INFO] [stderr]    = help: items from traits can only be used if the trait is implemented and in scope
[INFO] [stderr]    = note: the following trait defines an item `use_mut_singleton_with_arg`, perhaps you need to implement it:
[INFO] [stderr]            candidate #1: `blockz::singleton::Singleton`
[INFO] [stderr]    = note: this error originates in an attribute macro (in Nightly builds, run with -Z macro-backtrace for more info)
[INFO] [stderr] 
[INFO] [stderr] error[E0599]: no function or associated item named `use_singleton_with_arg` found for struct `Dummy` in the current scope
[INFO] [stderr]   --> $DIR/singleton-f-1.rs:27:5
[INFO] [stderr]    |
[INFO] [stderr] 9  | struct Dummy(Vec<i32>);
[INFO] [stderr]    | ----------------------- function or associated item `use_singleton_with_arg` not found for this
[INFO] [stderr] ...
[INFO] [stderr] 27 |     #[singleton_fn]
[INFO] [stderr]    |     ^^^^^^^^^^^^^^^ function or associated item not found in `Dummy`
[INFO] [stderr]    |
[INFO] [stderr]    = help: items from traits can only be used if the trait is implemented and in scope
[INFO] [stderr]    = note: the following trait defines an item `use_singleton_with_arg`, perhaps you need to implement it:
[INFO] [stderr]            candidate #1: `blockz::singleton::Singleton`
[INFO] [stderr]    = note: this error originates in an attribute macro (in Nightly builds, run with -Z macro-backtrace for more info)
[INFO] [stderr] ┈┈┈┈┈┈┈┈┈┈┈┈┈┈┈┈┈┈┈┈┈┈┈┈┈┈┈┈┈┈┈┈┈┈┈┈┈┈┈┈┈┈┈┈┈┈┈┈┈┈┈┈┈┈┈┈┈┈┈┈
[INFO] [stderr] 
[INFO] [stderr] ACTUAL OUTPUT:
[INFO] [stderr] ┈┈┈┈┈┈┈┈┈┈┈┈┈┈┈┈┈┈┈┈┈┈┈┈┈┈┈┈┈┈┈┈┈┈┈┈┈┈┈┈┈┈┈┈┈┈┈┈┈┈┈┈┈┈┈┈┈┈┈┈
[INFO] [stderr] error: Unknown field: `lok`. Did you mean `lock`?
[INFO] [stderr]  --> tests/ui/singleton-f-1.rs:8:13
[INFO] [stderr]   |
[INFO] [stderr] 8 | #[singleton(lok = "mutex")]
[INFO] [stderr]   |             ^^^
[INFO] [stderr] 
[INFO] [stderr] error[E0599]: no function or associated item named `use_singleton` found for struct `Dummy` in the current scope
[INFO] [stderr]   --> tests/ui/singleton-f-1.rs:12:5
[INFO] [stderr]    |
[INFO] [stderr] 9  | struct Dummy(Vec<i32>);
[INFO] [stderr]    | ------------ function or associated item `use_singleton` not found for this struct
[INFO] [stderr] ...
[INFO] [stderr] 12 |     #[singleton_fn]
[INFO] [stderr]    |     ^^^^^^^^^^^^^^^ function or associated item not found in `Dummy`
[INFO] [stderr]    |
[INFO] [stderr]    = help: items from traits can only be used if the trait is implemented and in scope
[INFO] [stderr]    = note: the following trait defines an item `use_singleton`, perhaps you need to implement it:
[INFO] [stderr]            candidate #1: `blockz::singleton::Singleton`
[INFO] [stderr]    = note: this error originates in the attribute macro `singleton_fn` (in Nightly builds, run with -Z macro-backtrace for more info)
[INFO] [stderr] 
[INFO] [stderr] error[E0599]: no function or associated item named `use_mut_singleton` found for struct `Dummy` in the current scope
[INFO] [stderr]   --> tests/ui/singleton-f-1.rs:17:5
[INFO] [stderr]    |
[INFO] [stderr] 9  | struct Dummy(Vec<i32>);
[INFO] [stderr]    | ------------ function or associated item `use_mut_singleton` not found for this struct
[INFO] [stderr] ...
[INFO] [stderr] 17 |     #[singleton_fn]
[INFO] [stderr]    |     ^^^^^^^^^^^^^^^ function or associated item not found in `Dummy`
[INFO] [stderr]    |
[INFO] [stderr]    = help: items from traits can only be used if the trait is implemented and in scope
[INFO] [stderr]    = note: the following trait defines an item `use_mut_singleton`, perhaps you need to implement it:
[INFO] [stderr]            candidate #1: `blockz::singleton::Singleton`
[INFO] [stderr]    = note: this error originates in the attribute macro `singleton_fn` (in Nightly builds, run with -Z macro-backtrace for more info)
[INFO] [stderr] 
[INFO] [stderr] error[E0599]: no function or associated item named `use_mut_singleton_with_arg` found for struct `Dummy` in the current scope
[INFO] [stderr]   --> tests/ui/singleton-f-1.rs:22:5
[INFO] [stderr]    |
[INFO] [stderr] 9  | struct Dummy(Vec<i32>);
[INFO] [stderr]    | ------------ function or associated item `use_mut_singleton_with_arg` not found for this struct
[INFO] [stderr] ...
[INFO] [stderr] 22 |     #[singleton_fn]
[INFO] [stderr]    |     ^^^^^^^^^^^^^^^ function or associated item not found in `Dummy`
[INFO] [stderr]    |
[INFO] [stderr]    = help: items from traits can only be used if the trait is implemented and in scope
[INFO] [stderr]    = note: the following trait defines an item `use_mut_singleton_with_arg`, perhaps you need to implement it:
[INFO] [stderr]            candidate #1: `blockz::singleton::Singleton`
[INFO] [stderr]    = note: this error originates in the attribute macro `singleton_fn` (in Nightly builds, run with -Z macro-backtrace for more info)
[INFO] [stderr] 
[INFO] [stderr] error[E0599]: no function or associated item named `use_singleton_with_arg` found for struct `Dummy` in the current scope
[INFO] [stderr]   --> tests/ui/singleton-f-1.rs:27:5
[INFO] [stderr]    |
[INFO] [stderr] 9  | struct Dummy(Vec<i32>);
[INFO] [stderr]    | ------------ function or associated item `use_singleton_with_arg` not found for this struct
[INFO] [stderr] ...
[INFO] [stderr] 27 |     #[singleton_fn]
[INFO] [stderr]    |     ^^^^^^^^^^^^^^^ function or associated item not found in `Dummy`
[INFO] [stderr]    |
[INFO] [stderr]    = help: items from traits can only be used if the trait is implemented and in scope
[INFO] [stderr]    = note: the following trait defines an item `use_singleton_with_arg`, perhaps you need to implement it:
[INFO] [stderr]            candidate #1: `blockz::singleton::Singleton`
[INFO] [stderr]    = note: this error originates in the attribute macro `singleton_fn` (in Nightly builds, run with -Z macro-backtrace for more info)
[INFO] [stderr] ┈┈┈┈┈┈┈┈┈┈┈┈┈┈┈┈┈┈┈┈┈┈┈┈┈┈┈┈┈┈┈┈┈┈┈┈┈┈┈┈┈┈┈┈┈┈┈┈┈┈┈┈┈┈┈┈┈┈┈┈
[INFO] [stderr] note: If the actual output is the correct output you can bless it by rerunning
[INFO] [stderr]       your test with the environment variable TRYBUILD=overwrite
[INFO] [stderr] 
[INFO] [stderr] test tests/ui/singleton-f-2.rs [should fail to compile] ... mismatch
[INFO] [stderr] 
[INFO] [stderr] EXPECTED:
[INFO] [stderr] ┈┈┈┈┈┈┈┈┈┈┈┈┈┈┈┈┈┈┈┈┈┈┈┈┈┈┈┈┈┈┈┈┈┈┈┈┈┈┈┈┈┈┈┈┈┈┈┈┈┈┈┈┈┈┈┈┈┈┈┈
[INFO] [stderr] error: Unknown literal value `mootex`
[INFO] [stderr]  --> $DIR/singleton-f-2.rs:8:20
[INFO] [stderr]   |
[INFO] [stderr] 8 | #[singleton(lock = "mootex")]
[INFO] [stderr]   |                    ^^^^^^^^
[INFO] [stderr] 
[INFO] [stderr] error[E0599]: no function or associated item named `use_singleton` found for struct `Dummy` in the current scope
[INFO] [stderr]   --> $DIR/singleton-f-2.rs:12:5
[INFO] [stderr]    |
[INFO] [stderr] 9  | struct Dummy(Vec<i32>);
[INFO] [stderr]    | ----------------------- function or associated item `use_singleton` not found for this
[INFO] [stderr] ...
[INFO] [stderr] 12 |     #[singleton_fn]
[INFO] [stderr]    |     ^^^^^^^^^^^^^^^ function or associated item not found in `Dummy`
[INFO] [stderr]    |
[INFO] [stderr]    = help: items from traits can only be used if the trait is implemented and in scope
[INFO] [stderr]    = note: the following trait defines an item `use_singleton`, perhaps you need to implement it:
[INFO] [stderr]            candidate #1: `blockz::singleton::Singleton`
[INFO] [stderr]    = note: this error originates in an attribute macro (in Nightly builds, run with -Z macro-backtrace for more info)
[INFO] [stderr] 
[INFO] [stderr] error[E0599]: no function or associated item named `use_mut_singleton` found for struct `Dummy` in the current scope
[INFO] [stderr]   --> $DIR/singleton-f-2.rs:17:5
[INFO] [stderr]    |
[INFO] [stderr] 9  | struct Dummy(Vec<i32>);
[INFO] [stderr]    | ----------------------- function or associated item `use_mut_singleton` not found for this
[INFO] [stderr] ...
[INFO] [stderr] 17 |     #[singleton_fn]
[INFO] [stderr]    |     ^^^^^^^^^^^^^^^ function or associated item not found in `Dummy`
[INFO] [stderr]    |
[INFO] [stderr]    = help: items from traits can only be used if the trait is implemented and in scope
[INFO] [stderr]    = note: the following trait defines an item `use_mut_singleton`, perhaps you need to implement it:
[INFO] [stderr]            candidate #1: `blockz::singleton::Singleton`
[INFO] [stderr]    = note: this error originates in an attribute macro (in Nightly builds, run with -Z macro-backtrace for more info)
[INFO] [stderr] 
[INFO] [stderr] error[E0599]: no function or associated item named `use_mut_singleton_with_arg` found for struct `Dummy` in the current scope
[INFO] [stderr]   --> $DIR/singleton-f-2.rs:22:5
[INFO] [stderr]    |
[INFO] [stderr] 9  | struct Dummy(Vec<i32>);
[INFO] [stderr]    | ----------------------- function or associated item `use_mut_singleton_with_arg` not found for this
[INFO] [stderr] ...
[INFO] [stderr] 22 |     #[singleton_fn]
[INFO] [stderr]    |     ^^^^^^^^^^^^^^^ function or associated item not found in `Dummy`
[INFO] [stderr]    |
[INFO] [stderr]    = help: items from traits can only be used if the trait is implemented and in scope
[INFO] [stderr]    = note: the following trait defines an item `use_mut_singleton_with_arg`, perhaps you need to implement it:
[INFO] [stderr]            candidate #1: `blockz::singleton::Singleton`
[INFO] [stderr]    = note: this error originates in an attribute macro (in Nightly builds, run with -Z macro-backtrace for more info)
[INFO] [stderr] 
[INFO] [stderr] error[E0599]: no function or associated item named `use_singleton_with_arg` found for struct `Dummy` in the current scope
[INFO] [stderr]   --> $DIR/singleton-f-2.rs:27:5
[INFO] [stderr]    |
[INFO] [stderr] 9  | struct Dummy(Vec<i32>);
[INFO] [stderr]    | ----------------------- function or associated item `use_singleton_with_arg` not found for this
[INFO] [stderr] ...
[INFO] [stderr] 27 |     #[singleton_fn]
[INFO] [stderr]    |     ^^^^^^^^^^^^^^^ function or associated item not found in `Dummy`
[INFO] [stderr]    |
[INFO] [stderr]    = help: items from traits can only be used if the trait is implemented and in scope
[INFO] [stderr]    = note: the following trait defines an item `use_singleton_with_arg`, perhaps you need to implement it:
[INFO] [stderr]            candidate #1: `blockz::singleton::Singleton`
[INFO] [stderr]    = note: this error originates in an attribute macro (in Nightly builds, run with -Z macro-backtrace for more info)
[INFO] [stderr] ┈┈┈┈┈┈┈┈┈┈┈┈┈┈┈┈┈┈┈┈┈┈┈┈┈┈┈┈┈┈┈┈┈┈┈┈┈┈┈┈┈┈┈┈┈┈┈┈┈┈┈┈┈┈┈┈┈┈┈┈
[INFO] [stderr] 
[INFO] [stderr] ACTUAL OUTPUT:
[INFO] [stderr] ┈┈┈┈┈┈┈┈┈┈┈┈┈┈┈┈┈┈┈┈┈┈┈┈┈┈┈┈┈┈┈┈┈┈┈┈┈┈┈┈┈┈┈┈┈┈┈┈┈┈┈┈┈┈┈┈┈┈┈┈
[INFO] [stderr] error: Unknown literal value `mootex`
[INFO] [stderr]  --> tests/ui/singleton-f-2.rs:8:20
[INFO] [stderr]   |
[INFO] [stderr] 8 | #[singleton(lock = "mootex")]
[INFO] [stderr]   |                    ^^^^^^^^
[INFO] [stderr] 
[INFO] [stderr] error[E0599]: no function or associated item named `use_singleton` found for struct `Dummy` in the current scope
[INFO] [stderr]   --> tests/ui/singleton-f-2.rs:12:5
[INFO] [stderr]    |
[INFO] [stderr] 9  | struct Dummy(Vec<i32>);
[INFO] [stderr]    | ------------ function or associated item `use_singleton` not found for this struct
[INFO] [stderr] ...
[INFO] [stderr] 12 |     #[singleton_fn]
[INFO] [stderr]    |     ^^^^^^^^^^^^^^^ function or associated item not found in `Dummy`
[INFO] [stderr]    |
[INFO] [stderr]    = help: items from traits can only be used if the trait is implemented and in scope
[INFO] [stderr]    = note: the following trait defines an item `use_singleton`, perhaps you need to implement it:
[INFO] [stderr]            candidate #1: `blockz::singleton::Singleton`
[INFO] [stderr]    = note: this error originates in the attribute macro `singleton_fn` (in Nightly builds, run with -Z macro-backtrace for more info)
[INFO] [stderr] 
[INFO] [stderr] error[E0599]: no function or associated item named `use_mut_singleton` found for struct `Dummy` in the current scope
[INFO] [stderr]   --> tests/ui/singleton-f-2.rs:17:5
[INFO] [stderr]    |
[INFO] [stderr] 9  | struct Dummy(Vec<i32>);
[INFO] [stderr]    | ------------ function or associated item `use_mut_singleton` not found for this struct
[INFO] [stderr] ...
[INFO] [stderr] 17 |     #[singleton_fn]
[INFO] [stderr]    |     ^^^^^^^^^^^^^^^ function or associated item not found in `Dummy`
[INFO] [stderr]    |
[INFO] [stderr]    = help: items from traits can only be used if the trait is implemented and in scope
[INFO] [stderr]    = note: the following trait defines an item `use_mut_singleton`, perhaps you need to implement it:
[INFO] [stderr]            candidate #1: `blockz::singleton::Singleton`
[INFO] [stderr]    = note: this error originates in the attribute macro `singleton_fn` (in Nightly builds, run with -Z macro-backtrace for more info)
[INFO] [stderr] 
[INFO] [stderr] error[E0599]: no function or associated item named `use_mut_singleton_with_arg` found for struct `Dummy` in the current scope
[INFO] [stderr]   --> tests/ui/singleton-f-2.rs:22:5
[INFO] [stderr]    |
[INFO] [stderr] 9  | struct Dummy(Vec<i32>);
[INFO] [stderr]    | ------------ function or associated item `use_mut_singleton_with_arg` not found for this struct
[INFO] [stderr] ...
[INFO] [stderr] 22 |     #[singleton_fn]
[INFO] [stderr]    |     ^^^^^^^^^^^^^^^ function or associated item not found in `Dummy`
[INFO] [stderr]    |
[INFO] [stderr]    = help: items from traits can only be used if the trait is implemented and in scope
[INFO] [stderr]    = note: the following trait defines an item `use_mut_singleton_with_arg`, perhaps you need to implement it:
[INFO] [stderr]            candidate #1: `blockz::singleton::Singleton`
[INFO] [stderr]    = note: this error originates in the attribute macro `singleton_fn` (in Nightly builds, run with -Z macro-backtrace for more info)
[INFO] [stderr] 
[INFO] [stderr] error[E0599]: no function or associated item named `use_singleton_with_arg` found for struct `Dummy` in the current scope
[INFO] [stderr]   --> tests/ui/singleton-f-2.rs:27:5
[INFO] [stderr]    |
[INFO] [stderr] 9  | struct Dummy(Vec<i32>);
[INFO] [stderr]    | ------------ function or associated item `use_singleton_with_arg` not found for this struct
[INFO] [stderr] ...
[INFO] [stderr] 27 |     #[singleton_fn]
[INFO] [stderr]    |     ^^^^^^^^^^^^^^^ function or associated item not found in `Dummy`
[INFO] [stderr]    |
[INFO] [stderr]    = help: items from traits can only be used if the trait is implemented and in scope
[INFO] [stderr]    = note: the following trait defines an item `use_singleton_with_arg`, perhaps you need to implement it:
[INFO] [stderr]            candidate #1: `blockz::singleton::Singleton`
[INFO] [stderr]    = note: this error originates in the attribute macro `singleton_fn` (in Nightly builds, run with -Z macro-backtrace for more info)
[INFO] [stderr] ┈┈┈┈┈┈┈┈┈┈┈┈┈┈┈┈┈┈┈┈┈┈┈┈┈┈┈┈┈┈┈┈┈┈┈┈┈┈┈┈┈┈┈┈┈┈┈┈┈┈┈┈┈┈┈┈┈┈┈┈
[INFO] [stderr] note: If the actual output is the correct output you can bless it by rerunning
[INFO] [stderr]       your test with the environment variable TRYBUILD=overwrite
[INFO] [stderr] 
[INFO] [stderr] test tests/ui/singleton-f-3.rs [should fail to compile] ... mismatch
[INFO] [stderr] 
[INFO] [stderr] EXPECTED:
[INFO] [stderr] ┈┈┈┈┈┈┈┈┈┈┈┈┈┈┈┈┈┈┈┈┈┈┈┈┈┈┈┈┈┈┈┈┈┈┈┈┈┈┈┈┈┈┈┈┈┈┈┈┈┈┈┈┈┈┈┈┈┈┈┈
[INFO] [stderr] error: Unknown literal value `rwlok`
[INFO] [stderr]  --> $DIR/singleton-f-3.rs:8:20
[INFO] [stderr]   |
[INFO] [stderr] 8 | #[singleton(lock = "rwlok")]
[INFO] [stderr]   |                    ^^^^^^^
[INFO] [stderr] 
[INFO] [stderr] error[E0599]: no function or associated item named `use_singleton` found for struct `Dummy` in the current scope
[INFO] [stderr]   --> $DIR/singleton-f-3.rs:12:5
[INFO] [stderr]    |
[INFO] [stderr] 9  | struct Dummy(Vec<i32>);
[INFO] [stderr]    | ----------------------- function or associated item `use_singleton` not found for this
[INFO] [stderr] ...
[INFO] [stderr] 12 |     #[singleton_fn]
[INFO] [stderr]    |     ^^^^^^^^^^^^^^^ function or associated item not found in `Dummy`
[INFO] [stderr]    |
[INFO] [stderr]    = help: items from traits can only be used if the trait is implemented and in scope
[INFO] [stderr]    = note: the following trait defines an item `use_singleton`, perhaps you need to implement it:
[INFO] [stderr]            candidate #1: `blockz::singleton::Singleton`
[INFO] [stderr]    = note: this error originates in an attribute macro (in Nightly builds, run with -Z macro-backtrace for more info)
[INFO] [stderr] 
[INFO] [stderr] error[E0599]: no function or associated item named `use_mut_singleton` found for struct `Dummy` in the current scope
[INFO] [stderr]   --> $DIR/singleton-f-3.rs:17:5
[INFO] [stderr]    |
[INFO] [stderr] 9  | struct Dummy(Vec<i32>);
[INFO] [stderr]    | ----------------------- function or associated item `use_mut_singleton` not found for this
[INFO] [stderr] ...
[INFO] [stderr] 17 |     #[singleton_fn]
[INFO] [stderr]    |     ^^^^^^^^^^^^^^^ function or associated item not found in `Dummy`
[INFO] [stderr]    |
[INFO] [stderr]    = help: items from traits can only be used if the trait is implemented and in scope
[INFO] [stderr]    = note: the following trait defines an item `use_mut_singleton`, perhaps you need to implement it:
[INFO] [stderr]            candidate #1: `blockz::singleton::Singleton`
[INFO] [stderr]    = note: this error originates in an attribute macro (in Nightly builds, run with -Z macro-backtrace for more info)
[INFO] [stderr] 
[INFO] [stderr] error[E0599]: no function or associated item named `use_mut_singleton_with_arg` found for struct `Dummy` in the current scope
[INFO] [stderr]   --> $DIR/singleton-f-3.rs:22:5
[INFO] [stderr]    |
[INFO] [stderr] 9  | struct Dummy(Vec<i32>);
[INFO] [stderr]    | ----------------------- function or associated item `use_mut_singleton_with_arg` not found for this
[INFO] [stderr] ...
[INFO] [stderr] 22 |     #[singleton_fn]
[INFO] [stderr]    |     ^^^^^^^^^^^^^^^ function or associated item not found in `Dummy`
[INFO] [stderr]    |
[INFO] [stderr]    = help: items from traits can only be used if the trait is implemented and in scope
[INFO] [stderr]    = note: the following trait defines an item `use_mut_singleton_with_arg`, perhaps you need to implement it:
[INFO] [stderr]            candidate #1: `blockz::singleton::Singleton`
[INFO] [stderr]    = note: this error originates in an attribute macro (in Nightly builds, run with -Z macro-backtrace for more info)
[INFO] [stderr] 
[INFO] [stderr] error[E0599]: no function or associated item named `use_singleton_with_arg` found for struct `Dummy` in the current scope
[INFO] [stderr]   --> $DIR/singleton-f-3.rs:27:5
[INFO] [stderr]    |
[INFO] [stderr] 9  | struct Dummy(Vec<i32>);
[INFO] [stderr]    | ----------------------- function or associated item `use_singleton_with_arg` not found for this
[INFO] [stderr] ...
[INFO] [stderr] 27 |     #[singleton_fn]
[INFO] [stderr]    |     ^^^^^^^^^^^^^^^ function or associated item not found in `Dummy`
[INFO] [stderr]    |
[INFO] [stderr]    = help: items from traits can only be used if the trait is implemented and in scope
[INFO] [stderr]    = note: the following trait defines an item `use_singleton_with_arg`, perhaps you need to implement it:
[INFO] [stderr]            candidate #1: `blockz::singleton::Singleton`
[INFO] [stderr]    = note: this error originates in an attribute macro (in Nightly builds, run with -Z macro-backtrace for more info)
[INFO] [stderr] ┈┈┈┈┈┈┈┈┈┈┈┈┈┈┈┈┈┈┈┈┈┈┈┈┈┈┈┈┈┈┈┈┈┈┈┈┈┈┈┈┈┈┈┈┈┈┈┈┈┈┈┈┈┈┈┈┈┈┈┈
[INFO] [stderr] 
[INFO] [stderr] ACTUAL OUTPUT:
[INFO] [stderr] ┈┈┈┈┈┈┈┈┈┈┈┈┈┈┈┈┈┈┈┈┈┈┈┈┈┈┈┈┈┈┈┈┈┈┈┈┈┈┈┈┈┈┈┈┈┈┈┈┈┈┈┈┈┈┈┈┈┈┈┈
[INFO] [stderr] error: Unknown literal value `rwlok`
[INFO] [stderr]  --> tests/ui/singleton-f-3.rs:8:20
[INFO] [stderr]   |
[INFO] [stderr] 8 | #[singleton(lock = "rwlok")]
[INFO] [stderr]   |                    ^^^^^^^
[INFO] [stderr] 
[INFO] [stderr] error[E0599]: no function or associated item named `use_singleton` found for struct `Dummy` in the current scope
[INFO] [stderr]   --> tests/ui/singleton-f-3.rs:12:5
[INFO] [stderr]    |
[INFO] [stderr] 9  | struct Dummy(Vec<i32>);
[INFO] [stderr]    | ------------ function or associated item `use_singleton` not found for this struct
[INFO] [stderr] ...
[INFO] [stderr] 12 |     #[singleton_fn]
[INFO] [stderr]    |     ^^^^^^^^^^^^^^^ function or associated item not found in `Dummy`
[INFO] [stderr]    |
[INFO] [stderr]    = help: items from traits can only be used if the trait is implemented and in scope
[INFO] [stderr]    = note: the following trait defines an item `use_singleton`, perhaps you need to implement it:
[INFO] [stderr]            candidate #1: `blockz::singleton::Singleton`
[INFO] [stderr]    = note: this error originates in the attribute macro `singleton_fn` (in Nightly builds, run with -Z macro-backtrace for more info)
[INFO] [stderr] 
[INFO] [stderr] error[E0599]: no function or associated item named `use_mut_singleton` found for struct `Dummy` in the current scope
[INFO] [stderr]   --> tests/ui/singleton-f-3.rs:17:5
[INFO] [stderr]    |
[INFO] [stderr] 9  | struct Dummy(Vec<i32>);
[INFO] [stderr]    | ------------ function or associated item `use_mut_singleton` not found for this struct
[INFO] [stderr] ...
[INFO] [stderr] 17 |     #[singleton_fn]
[INFO] [stderr]    |     ^^^^^^^^^^^^^^^ function or associated item not found in `Dummy`
[INFO] [stderr]    |
[INFO] [stderr]    = help: items from traits can only be used if the trait is implemented and in scope
[INFO] [stderr]    = note: the following trait defines an item `use_mut_singleton`, perhaps you need to implement it:
[INFO] [stderr]            candidate #1: `blockz::singleton::Singleton`
[INFO] [stderr]    = note: this error originates in the attribute macro `singleton_fn` (in Nightly builds, run with -Z macro-backtrace for more info)
[INFO] [stderr] 
[INFO] [stderr] error[E0599]: no function or associated item named `use_mut_singleton_with_arg` found for struct `Dummy` in the current scope
[INFO] [stderr]   --> tests/ui/singleton-f-3.rs:22:5
[INFO] [stderr]    |
[INFO] [stderr] 9  | struct Dummy(Vec<i32>);
[INFO] [stderr]    | ------------ function or associated item `use_mut_singleton_with_arg` not found for this struct
[INFO] [stderr] ...
[INFO] [stderr] 22 |     #[singleton_fn]
[INFO] [stderr]    |     ^^^^^^^^^^^^^^^ function or associated item not found in `Dummy`
[INFO] [stderr]    |
[INFO] [stderr]    = help: items from traits can only be used if the trait is implemented and in scope
[INFO] [stderr]    = note: the following trait defines an item `use_mut_singleton_with_arg`, perhaps you need to implement it:
[INFO] [stderr]            candidate #1: `blockz::singleton::Singleton`
[INFO] [stderr]    = note: this error originates in the attribute macro `singleton_fn` (in Nightly builds, run with -Z macro-backtrace for more info)
[INFO] [stderr] 
[INFO] [stderr] error[E0599]: no function or associated item named `use_singleton_with_arg` found for struct `Dummy` in the current scope
[INFO] [stderr]   --> tests/ui/singleton-f-3.rs:27:5
[INFO] [stderr]    |
[INFO] [stderr] 9  | struct Dummy(Vec<i32>);
[INFO] [stderr]    | ------------ function or associated item `use_singleton_with_arg` not found for this struct
[INFO] [stderr] ...
[INFO] [stderr] 27 |     #[singleton_fn]
[INFO] [stderr]    |     ^^^^^^^^^^^^^^^ function or associated item not found in `Dummy`
[INFO] [stderr]    |
[INFO] [stderr]    = help: items from traits can only be used if the trait is implemented and in scope
[INFO] [stderr]    = note: the following trait defines an item `use_singleton_with_arg`, perhaps you need to implement it:
[INFO] [stderr]            candidate #1: `blockz::singleton::Singleton`
[INFO] [stderr]    = note: this error originates in the attribute macro `singleton_fn` (in Nightly builds, run with -Z macro-backtrace for more info)
[INFO] [stderr] ┈┈┈┈┈┈┈┈┈┈┈┈┈┈┈┈┈┈┈┈┈┈┈┈┈┈┈┈┈┈┈┈┈┈┈┈┈┈┈┈┈┈┈┈┈┈┈┈┈┈┈┈┈┈┈┈┈┈┈┈
[INFO] [stderr] note: If the actual output is the correct output you can bless it by rerunning
[INFO] [stderr]       your test with the environment variable TRYBUILD=overwrite
[INFO] [stderr] 
[INFO] [stderr] test tests/ui/singleton-f-4.rs [should fail to compile] ... ok
[INFO] [stderr] test tests/ui/singleton-f-5.rs [should fail to compile] ... ok
[INFO] [stderr] test tests/ui/singleton-f-6.rs [should fail to compile] ... ok
[INFO] [stderr] test tests/ui/singleton-f-7.rs [should fail to compile] ... ok
[INFO] [stderr] test tests/ui/singleton-f-8.rs [should fail to compile] ... mismatch
[INFO] [stderr] 
[INFO] [stderr] EXPECTED:
[INFO] [stderr] ┈┈┈┈┈┈┈┈┈┈┈┈┈┈┈┈┈┈┈┈┈┈┈┈┈┈┈┈┈┈┈┈┈┈┈┈┈┈┈┈┈┈┈┈┈┈┈┈┈┈┈┈┈┈┈┈┈┈┈┈
[INFO] [stderr] error: implementation of `SingletonFnMutWithArg` is not general enough
[INFO] [stderr]    --> $DIR/singleton-f-8.rs:23:5
[INFO] [stderr]     |
[INFO] [stderr] 23  |       #[singleton_fn]
[INFO] [stderr]     |       ^^^^^^^^^^^^^^^ implementation of `SingletonFnMutWithArg` is not general enough
[INFO] [stderr]     |
[INFO] [stderr]    ::: $WORKSPACE/src/singleton.rs
[INFO] [stderr]     |
[INFO] [stderr]     | / pub trait SingletonFnMutWithArg<'i, I, A, R>
[INFO] [stderr] 231 | | where
[INFO] [stderr] 232 | |     A: Send,
[INFO] [stderr] 233 | |     R: Send,
[INFO] [stderr] ...   |
[INFO] [stderr] 238 | |     fn call_once(self, inner: &'i mut I, arg: A) -> Self::SingletonResult;
[INFO] [stderr] 239 | | }
[INFO] [stderr]     | |_- trait `SingletonFnMutWithArg` defined here
[INFO] [stderr]     |
[INFO] [stderr]     = note: `for<'_, '_, '_> fn(&mut Dummy, (&usize, &i32)) -> impl Future {Dummy::blockz_singleton_fn_mut_with_arg_get_set}` must implement `SingletonFnMutWithArg<'0, Dummy, (&usize, &i32), Option<i32>>`, for any lifetime `'0`...
[INFO] [stderr]     = note: ...but `SingletonFnMutWithArg<'_, Dummy, (&usize, &i32), Option<i32>>` is actually implemented for the type `for<'_, '_, '_> fn(&mut Dummy, (&usize, &i32)) -> impl Future {Dummy::blockz_singleton_fn_mut_with_arg_get_set}`
[INFO] [stderr]     = note: this error originates in an attribute macro (in Nightly builds, run with -Z macro-backtrace for more info)
[INFO] [stderr] 
[INFO] [stderr] error: implementation of `SingletonFnWithArg` is not general enough
[INFO] [stderr]    --> $DIR/singleton-f-8.rs:28:5
[INFO] [stderr]     |
[INFO] [stderr] 28  |       #[singleton_fn]
[INFO] [stderr]     |       ^^^^^^^^^^^^^^^ implementation of `SingletonFnWithArg` is not general enough
[INFO] [stderr]     |
[INFO] [stderr]    ::: $WORKSPACE/src/singleton.rs
[INFO] [stderr]     |
[INFO] [stderr]     | / pub trait SingletonFnWithArg<'i, I, A, R>
[INFO] [stderr] 159 | | where
[INFO] [stderr] 160 | |     A: Send,
[INFO] [stderr] 161 | |     R: Send,
[INFO] [stderr] ...   |
[INFO] [stderr] 166 | |     fn call_once(self, inner: &'i I, arg: A) -> Self::SingletonResult;
[INFO] [stderr] 167 | | }
[INFO] [stderr]     | |_- trait `SingletonFnWithArg` defined here
[INFO] [stderr]     |
[INFO] [stderr]     = note: `for<'_, '_> fn(&Dummy, &[i32]) -> impl Future {Dummy::blockz_singleton_fn_with_arg_check_equals}` must implement `SingletonFnWithArg<'0, Dummy, &[i32], bool>`, for any lifetime `'0`...
[INFO] [stderr]     = note: ...but `SingletonFnWithArg<'_, Dummy, &[i32], bool>` is actually implemented for the type `for<'_, '_> fn(&Dummy, &[i32]) -> impl Future {Dummy::blockz_singleton_fn_with_arg_check_equals}`
[INFO] [stderr]     = note: this error originates in an attribute macro (in Nightly builds, run with -Z macro-backtrace for more info)
[INFO] [stderr] ┈┈┈┈┈┈┈┈┈┈┈┈┈┈┈┈┈┈┈┈┈┈┈┈┈┈┈┈┈┈┈┈┈┈┈┈┈┈┈┈┈┈┈┈┈┈┈┈┈┈┈┈┈┈┈┈┈┈┈┈
[INFO] [stderr] 
[INFO] [stderr] ACTUAL OUTPUT:
[INFO] [stderr] ┈┈┈┈┈┈┈┈┈┈┈┈┈┈┈┈┈┈┈┈┈┈┈┈┈┈┈┈┈┈┈┈┈┈┈┈┈┈┈┈┈┈┈┈┈┈┈┈┈┈┈┈┈┈┈┈┈┈┈┈
[INFO] [stdout] test test::test_singleton ... FAILED
[INFO] [stderr] error[E0521]: borrowed data escapes outside of associated function
[INFO] [stdout] 
[INFO] [stderr]   --> tests/ui/singleton-f-8.rs:23:5
[INFO] [stdout] failures:
[INFO] [stderr]    |
[INFO] [stdout] 
[INFO] [stderr] 23 |     #[singleton_fn]
[INFO] [stdout] ---- test::test_direct_configuration stdout ----
[INFO] [stderr]    |     ^^^^^^^^^^^^^^^
[INFO] [stdout] thread 'test::test_direct_configuration' panicked at '1 of 5 tests failed', /opt/rustwide/cargo-home/registry/src/github.com-1ecc6299db9ec823/trybuild-1.0.80/src/run.rs:101:13
[INFO] [stderr]    |     |
[INFO] [stdout] stack backtrace:
[INFO] [stderr]    |     `get` escapes the associated function body here
[INFO] [stdout]    0:     0x5611774055fa - std::backtrace_rs::backtrace::libunwind::trace::ha9053a9a07ca49cb
[INFO] [stderr]    |     argument requires that `'1` must outlive `'static`
[INFO] [stdout]                                at /rustc/84c898d65adf2f39a5a98507f1fe0ce10a2b8dbc/library/std/src/../../backtrace/src/backtrace/libunwind.rs:93:5
[INFO] [stderr] 24 |     pub async fn get_set(&mut self, get: &usize, set: &i32) -> Option<i32> {
[INFO] [stdout]    1:     0x5611774055fa - std::backtrace_rs::backtrace::trace_unsynchronized::h9c2852a457ad564e
[INFO] [stderr]    |                                     ---  - let's call the lifetime of this reference `'1`
[INFO] [stdout]                                at /rustc/84c898d65adf2f39a5a98507f1fe0ce10a2b8dbc/library/std/src/../../backtrace/src/backtrace/mod.rs:66:5
[INFO] [stderr]    |                                     |
[INFO] [stdout]    2:     0x5611774055fa - std::sys_common::backtrace::_print_fmt::h457936fbfaa0070f
[INFO] [stderr]    |                                     `get` is a reference that is only valid in the associated function body
[INFO] [stdout]                                at /rustc/84c898d65adf2f39a5a98507f1fe0ce10a2b8dbc/library/std/src/sys_common/backtrace.rs:65:5
[INFO] [stderr]    |
[INFO] [stdout]    3:     0x5611774055fa - <std::sys_common::backtrace::_print::DisplayBacktrace as core::fmt::Display>::fmt::h5779d7bf7f70cb0c
[INFO] [stderr]    = note: this error originates in the attribute macro `singleton_fn` (in Nightly builds, run with -Z macro-backtrace for more info)
[INFO] [stdout]                                at /rustc/84c898d65adf2f39a5a98507f1fe0ce10a2b8dbc/library/std/src/sys_common/backtrace.rs:44:22
[INFO] [stderr] 
[INFO] [stdout]    4:     0x56117742b29e - core::fmt::write::h5a4baaff1bcd3eb5
[INFO] [stderr] error[E0521]: borrowed data escapes outside of associated function
[INFO] [stdout]                                at /rustc/84c898d65adf2f39a5a98507f1fe0ce10a2b8dbc/library/core/src/fmt/mod.rs:1232:17
[INFO] [stderr]   --> tests/ui/singleton-f-8.rs:23:5
[INFO] [stdout]    5:     0x561177401c45 - std::io::Write::write_fmt::h478f79c628ef31d1
[INFO] [stderr]    |
[INFO] [stdout]                                at /rustc/84c898d65adf2f39a5a98507f1fe0ce10a2b8dbc/library/std/src/io/mod.rs:1684:15
[INFO] [stderr] 23 |     #[singleton_fn]
[INFO] [stdout]    6:     0x5611774053c5 - std::sys_common::backtrace::_print::h5fcdc36060f177e8
[INFO] [stderr]    |     ^^^^^^^^^^^^^^^
[INFO] [stdout]                                at /rustc/84c898d65adf2f39a5a98507f1fe0ce10a2b8dbc/library/std/src/sys_common/backtrace.rs:47:5
[INFO] [stderr]    |     |
[INFO] [stdout]    7:     0x5611774053c5 - std::sys_common::backtrace::print::h54ca9458b876c8bf
[INFO] [stderr]    |     `set` escapes the associated function body here
[INFO] [stdout]                                at /rustc/84c898d65adf2f39a5a98507f1fe0ce10a2b8dbc/library/std/src/sys_common/backtrace.rs:34:9
[INFO] [stderr]    |     argument requires that `'2` must outlive `'static`
[INFO] [stdout]    8:     0x56117740718f - std::panicking::default_hook::{{closure}}::hbe471161c7664ed6
[INFO] [stderr] 24 |     pub async fn get_set(&mut self, get: &usize, set: &i32) -> Option<i32> {
[INFO] [stdout]                                at /rustc/84c898d65adf2f39a5a98507f1fe0ce10a2b8dbc/library/std/src/panicking.rs:271:22
[INFO] [stderr]    |                                                  ---  - let's call the lifetime of this reference `'2`
[INFO] [stdout]    9:     0x561177406e4f - std::panicking::default_hook::ha3500da57aa4ac4f
[INFO] [stderr]    |                                                  |
[INFO] [stdout]                                at /rustc/84c898d65adf2f39a5a98507f1fe0ce10a2b8dbc/library/std/src/panicking.rs:287:9
[INFO] [stderr]    |                                                  `set` is a reference that is only valid in the associated function body
[INFO] [stdout]   10:     0x5611773d7c17 - <alloc::boxed::Box<F,A> as core::ops::function::Fn<Args>>::call::hdf1b89dd137ece34
[INFO] [stderr]    |
[INFO] [stdout]                                at /rustc/84c898d65adf2f39a5a98507f1fe0ce10a2b8dbc/library/alloc/src/boxed.rs:2001:9
[INFO] [stderr]    = note: this error originates in the attribute macro `singleton_fn` (in Nightly builds, run with -Z macro-backtrace for more info)
[INFO] [stdout]   11:     0x5611773d7c17 - test::test_main::{{closure}}::h9081a79f20e75698
[INFO] [stderr] 
[INFO] [stdout]                                at /rustc/84c898d65adf2f39a5a98507f1fe0ce10a2b8dbc/library/test/src/lib.rs:135:21
[INFO] [stderr] error[E0521]: borrowed data escapes outside of associated function
[INFO] [stdout]   12:     0x5611774078bd - <alloc::boxed::Box<F,A> as core::ops::function::Fn<Args>>::call::h6507bddc3eebb4a5
[INFO] [stderr]   --> tests/ui/singleton-f-8.rs:28:5
[INFO] [stdout]                                at /rustc/84c898d65adf2f39a5a98507f1fe0ce10a2b8dbc/library/alloc/src/boxed.rs:2001:9
[INFO] [stderr]    |
[INFO] [stdout]   13:     0x5611774078bd - std::panicking::rust_panic_with_hook::h50c09d000dc561d2
[INFO] [stderr] 28 |     #[singleton_fn]
[INFO] [stdout]                                at /rustc/84c898d65adf2f39a5a98507f1fe0ce10a2b8dbc/library/std/src/panicking.rs:696:13
[INFO] [stderr]    |     ^^^^^^^^^^^^^^^
[INFO] [stdout]   14:     0x561177407639 - std::panicking::begin_panic_handler::{{closure}}::h9e2b2176e00e0d9c
[INFO] [stderr]    |     |
[INFO] [stdout]                                at /rustc/84c898d65adf2f39a5a98507f1fe0ce10a2b8dbc/library/std/src/panicking.rs:583:13
[INFO] [stderr]    |     `other` escapes the associated function body here
[INFO] [stdout]   15:     0x561177405a66 - std::sys_common::backtrace::__rust_end_short_backtrace::h5739b8e512c09d02
[INFO] [stderr]    |     argument requires that `'1` must outlive `'static`
[INFO] [stdout]                                at /rustc/84c898d65adf2f39a5a98507f1fe0ce10a2b8dbc/library/std/src/sys_common/backtrace.rs:150:18
[INFO] [stderr] 29 |     pub async fn check_equals(&self, other: &[i32]) -> bool {
[INFO] [stdout]   16:     0x561177407342 - rust_begin_unwind
[INFO] [stderr]    |                                      -----  - let's call the lifetime of this reference `'1`
[INFO] [stdout]                                at /rustc/84c898d65adf2f39a5a98507f1fe0ce10a2b8dbc/library/std/src/panicking.rs:579:5
[INFO] [stderr]    |                                      |
[INFO] [stdout]   17:     0x56117719ce53 - core::panicking::panic_fmt::hf33a1475b4dc5c3e
[INFO] [stderr]    |                                      `other` is a reference that is only valid in the associated function body
[INFO] [stdout]                                at /rustc/84c898d65adf2f39a5a98507f1fe0ce10a2b8dbc/library/core/src/panicking.rs:64:14
[INFO] [stderr]    |
[INFO] [stdout]   18:     0x56117720248f - trybuild::run::<impl trybuild::Runner>::run::hf1bc98c30af4c20a
[INFO] [stderr]    = note: this error originates in the attribute macro `singleton_fn` (in Nightly builds, run with -Z macro-backtrace for more info)
[INFO] [stdout]                                at /opt/rustwide/cargo-home/registry/src/github.com-1ecc6299db9ec823/trybuild-1.0.80/src/run.rs:101:13
[INFO] [stderr] ┈┈┈┈┈┈┈┈┈┈┈┈┈┈┈┈┈┈┈┈┈┈┈┈┈┈┈┈┈┈┈┈┈┈┈┈┈┈┈┈┈┈┈┈┈┈┈┈┈┈┈┈┈┈┈┈┈┈┈┈
[INFO] [stdout]   19:     0x561177207c6a - <trybuild::TestCases as core::ops::drop::Drop>::drop::h12df87f8fb2c08bd
[INFO] [stderr] note: If the actual output is the correct output you can bless it by rerunning
[INFO] [stdout]                                at /opt/rustwide/cargo-home/registry/src/github.com-1ecc6299db9ec823/trybuild-1.0.80/src/lib.rs:315:13
[INFO] [stderr]       your test with the environment variable TRYBUILD=overwrite
[INFO] [stdout]   20:     0x56117719e2e7 - core::ptr::drop_in_place<trybuild::TestCases>::h71cf9083aa0338ec
[INFO] [stderr] 
[INFO] [stdout]                                at /rustc/84c898d65adf2f39a5a98507f1fe0ce10a2b8dbc/library/core/src/ptr/mod.rs:490:1
[INFO] [stderr] 
[INFO] [stdout]   21:     0x56117719faf2 - blockz::test::test_direct_configuration::h43b36d56dc5fff1d
[INFO] [stderr] 
[INFO] [stdout]                                at /opt/rustwide/workdir/src/lib.rs:69:5
[INFO] [stderr] error: test failed, to rerun pass `--lib`
[INFO] [stdout]   22:     0x56117719f567 - blockz::test::test_direct_configuration::{{closure}}::hbf31f17e2c72e77b
[INFO] [stdout]                                at /opt/rustwide/workdir/src/lib.rs:64:36
[INFO] [stdout]   23:     0x56117719e255 - core::ops::function::FnOnce::call_once::h9797e81aea3710c1
[INFO] [stdout]                                at /rustc/84c898d65adf2f39a5a98507f1fe0ce10a2b8dbc/library/core/src/ops/function.rs:250:5
[INFO] [stdout]   24:     0x5611773dcfff - core::ops::function::FnOnce::call_once::h7d969581be7d0075
[INFO] [stdout]                                at /rustc/84c898d65adf2f39a5a98507f1fe0ce10a2b8dbc/library/core/src/ops/function.rs:250:5
[INFO] [stdout]   25:     0x5611773dcfff - test::__rust_begin_short_backtrace::hca25a52684e56655
[INFO] [stdout]                                at /rustc/84c898d65adf2f39a5a98507f1fe0ce10a2b8dbc/library/test/src/lib.rs:656:18
[INFO] [stdout]   26:     0x5611773ae61c - test::run_test::{{closure}}::ha8ac744c4af1a4bb
[INFO] [stdout]                                at /rustc/84c898d65adf2f39a5a98507f1fe0ce10a2b8dbc/library/test/src/lib.rs:647:30
[INFO] [stdout]   27:     0x5611773ae61c - core::ops::function::FnOnce::call_once{{vtable.shim}}::h7b411a9ed45bdecf
[INFO] [stdout]                                at /rustc/84c898d65adf2f39a5a98507f1fe0ce10a2b8dbc/library/core/src/ops/function.rs:250:5
[INFO] [stdout]   28:     0x5611773dbfc6 - <alloc::boxed::Box<F,A> as core::ops::function::FnOnce<Args>>::call_once::hd05328869a8ed200
[INFO] [stdout]                                at /rustc/84c898d65adf2f39a5a98507f1fe0ce10a2b8dbc/library/alloc/src/boxed.rs:1987:9
[INFO] [stdout]   29:     0x5611773dbfc6 - <core::panic::unwind_safe::AssertUnwindSafe<F> as core::ops::function::FnOnce<()>>::call_once::h0c601ce20bd5b2be
[INFO] [stdout]                                at /rustc/84c898d65adf2f39a5a98507f1fe0ce10a2b8dbc/library/core/src/panic/unwind_safe.rs:271:9
[INFO] [stdout]   30:     0x5611773dbfc6 - std::panicking::try::do_call::ha4be5c164fe30854
[INFO] [stdout]                                at /rustc/84c898d65adf2f39a5a98507f1fe0ce10a2b8dbc/library/std/src/panicking.rs:487:40
[INFO] [stdout]   31:     0x5611773dbfc6 - std::panicking::try::h604546f3609af05f
[INFO] [stdout]                                at /rustc/84c898d65adf2f39a5a98507f1fe0ce10a2b8dbc/library/std/src/panicking.rs:451:19
[INFO] [stdout]   32:     0x5611773dbfc6 - std::panic::catch_unwind::h5bfa8afe44c9c2f9
[INFO] [stdout]                                at /rustc/84c898d65adf2f39a5a98507f1fe0ce10a2b8dbc/library/std/src/panic.rs:140:14
[INFO] [stdout]   33:     0x5611773dbfc6 - test::run_test_in_process::hd50dee55dd63e6aa
[INFO] [stdout]                                at /rustc/84c898d65adf2f39a5a98507f1fe0ce10a2b8dbc/library/test/src/lib.rs:679:27
[INFO] [stdout]   34:     0x5611773dbfc6 - test::run_test::run_test_inner::{{closure}}::h4aa0f433aa85cea8
[INFO] [stdout]                                at /rustc/84c898d65adf2f39a5a98507f1fe0ce10a2b8dbc/library/test/src/lib.rs:573:39
[INFO] [stdout]   35:     0x5611773a8c91 - test::run_test::run_test_inner::{{closure}}::had56431adf24b4d6
[INFO] [stdout]                                at /rustc/84c898d65adf2f39a5a98507f1fe0ce10a2b8dbc/library/test/src/lib.rs:600:37
[INFO] [stdout]   36:     0x5611773a8c91 - std::sys_common::backtrace::__rust_begin_short_backtrace::ha8d9890e0c73bf13
[INFO] [stdout]                                at /rustc/84c898d65adf2f39a5a98507f1fe0ce10a2b8dbc/library/std/src/sys_common/backtrace.rs:134:18
[INFO] [stdout]   37:     0x5611773ae6ab - std::thread::Builder::spawn_unchecked_::{{closure}}::{{closure}}::h251832bcb4a95327
[INFO] [stdout]                                at /rustc/84c898d65adf2f39a5a98507f1fe0ce10a2b8dbc/library/std/src/thread/mod.rs:560:17
[INFO] [stdout]   38:     0x5611773ae6ab - <core::panic::unwind_safe::AssertUnwindSafe<F> as core::ops::function::FnOnce<()>>::call_once::h8fdff598fa414831
[INFO] [stdout]                                at /rustc/84c898d65adf2f39a5a98507f1fe0ce10a2b8dbc/library/core/src/panic/unwind_safe.rs:271:9
[INFO] [stdout]   39:     0x5611773ae6ab - std::panicking::try::do_call::h455dd2f7764a950f
[INFO] [stdout]                                at /rustc/84c898d65adf2f39a5a98507f1fe0ce10a2b8dbc/library/std/src/panicking.rs:487:40
[INFO] [stdout]   40:     0x5611773ae6ab - std::panicking::try::had6f23b7b73ae72a
[INFO] [stdout]                                at /rustc/84c898d65adf2f39a5a98507f1fe0ce10a2b8dbc/library/std/src/panicking.rs:451:19
[INFO] [stdout]   41:     0x5611773ae6ab - std::panic::catch_unwind::ha6a5ca3915b4dad0
[INFO] [stdout]                                at /rustc/84c898d65adf2f39a5a98507f1fe0ce10a2b8dbc/library/std/src/panic.rs:140:14
[INFO] [stdout]   42:     0x5611773ae6ab - std::thread::Builder::spawn_unchecked_::{{closure}}::h883b72ef75da6231
[INFO] [stdout]                                at /rustc/84c898d65adf2f39a5a98507f1fe0ce10a2b8dbc/library/std/src/thread/mod.rs:559:30
[INFO] [stdout]   43:     0x5611773ae6ab - core::ops::function::FnOnce::call_once{{vtable.shim}}::hb7dff73dc8bd2ccb
[INFO] [stdout]                                at /rustc/84c898d65adf2f39a5a98507f1fe0ce10a2b8dbc/library/core/src/ops/function.rs:250:5
[INFO] [stdout]   44:     0x56117740cb23 - <alloc::boxed::Box<F,A> as core::ops::function::FnOnce<Args>>::call_once::h39990b24eedef2ab
[INFO] [stdout]                                at /rustc/84c898d65adf2f39a5a98507f1fe0ce10a2b8dbc/library/alloc/src/boxed.rs:1987:9
[INFO] [stdout]   45:     0x56117740cb23 - <alloc::boxed::Box<F,A> as core::ops::function::FnOnce<Args>>::call_once::h01a027258444143b
[INFO] [stdout]                                at /rustc/84c898d65adf2f39a5a98507f1fe0ce10a2b8dbc/library/alloc/src/boxed.rs:1987:9
[INFO] [stdout]   46:     0x56117740cb23 - std::sys::unix::thread::Thread::new::thread_start::ha4f1cdd9c25884ba
[INFO] [stdout]                                at /rustc/84c898d65adf2f39a5a98507f1fe0ce10a2b8dbc/library/std/src/sys/unix/thread.rs:108:17
[INFO] [stdout]   47:     0x7fb8a786bb43 - <unknown>
[INFO] [stdout]   48:     0x7fb8a78fcbb4 - __clone
[INFO] [stdout]   49:                0x0 - <unknown>
[INFO] [stdout] 
[INFO] [stdout] ---- test::test_singleton stdout ----
[INFO] [stdout] thread 'test::test_singleton' panicked at '5 of 12 tests failed', /opt/rustwide/cargo-home/registry/src/github.com-1ecc6299db9ec823/trybuild-1.0.80/src/run.rs:101:13
[INFO] [stdout] stack backtrace:
[INFO] [stdout]    0:     0x5611774055fa - std::backtrace_rs::backtrace::libunwind::trace::ha9053a9a07ca49cb
[INFO] [stdout]                                at /rustc/84c898d65adf2f39a5a98507f1fe0ce10a2b8dbc/library/std/src/../../backtrace/src/backtrace/libunwind.rs:93:5
[INFO] [stdout]    1:     0x5611774055fa - std::backtrace_rs::backtrace::trace_unsynchronized::h9c2852a457ad564e
[INFO] [stdout]                                at /rustc/84c898d65adf2f39a5a98507f1fe0ce10a2b8dbc/library/std/src/../../backtrace/src/backtrace/mod.rs:66:5
[INFO] [stdout]    2:     0x5611774055fa - std::sys_common::backtrace::_print_fmt::h457936fbfaa0070f
[INFO] [stdout]                                at /rustc/84c898d65adf2f39a5a98507f1fe0ce10a2b8dbc/library/std/src/sys_common/backtrace.rs:65:5
[INFO] [stdout]    3:     0x5611774055fa - <std::sys_common::backtrace::_print::DisplayBacktrace as core::fmt::Display>::fmt::h5779d7bf7f70cb0c
[INFO] [stdout]                                at /rustc/84c898d65adf2f39a5a98507f1fe0ce10a2b8dbc/library/std/src/sys_common/backtrace.rs:44:22
[INFO] [stdout]    4:     0x56117742b29e - core::fmt::write::h5a4baaff1bcd3eb5
[INFO] [stdout]                                at /rustc/84c898d65adf2f39a5a98507f1fe0ce10a2b8dbc/library/core/src/fmt/mod.rs:1232:17
[INFO] [stdout]    5:     0x561177401c45 - std::io::Write::write_fmt::h478f79c628ef31d1
[INFO] [stdout]                                at /rustc/84c898d65adf2f39a5a98507f1fe0ce10a2b8dbc/library/std/src/io/mod.rs:1684:15
[INFO] [stdout]    6:     0x5611774053c5 - std::sys_common::backtrace::_print::h5fcdc36060f177e8
[INFO] [stdout]                                at /rustc/84c898d65adf2f39a5a98507f1fe0ce10a2b8dbc/library/std/src/sys_common/backtrace.rs:47:5
[INFO] [stdout]    7:     0x5611774053c5 - std::sys_common::backtrace::print::h54ca9458b876c8bf
[INFO] [stdout]                                at /rustc/84c898d65adf2f39a5a98507f1fe0ce10a2b8dbc/library/std/src/sys_common/backtrace.rs:34:9
[INFO] [stdout]    8:     0x56117740718f - std::panicking::default_hook::{{closure}}::hbe471161c7664ed6
[INFO] [stdout]                                at /rustc/84c898d65adf2f39a5a98507f1fe0ce10a2b8dbc/library/std/src/panicking.rs:271:22
[INFO] [stdout]    9:     0x561177406e4f - std::panicking::default_hook::ha3500da57aa4ac4f
[INFO] [stdout]                                at /rustc/84c898d65adf2f39a5a98507f1fe0ce10a2b8dbc/library/std/src/panicking.rs:287:9
[INFO] [stdout]   10:     0x5611773d7c17 - <alloc::boxed::Box<F,A> as core::ops::function::Fn<Args>>::call::hdf1b89dd137ece34
[INFO] [stdout]                                at /rustc/84c898d65adf2f39a5a98507f1fe0ce10a2b8dbc/library/alloc/src/boxed.rs:2001:9
[INFO] [stdout]   11:     0x5611773d7c17 - test::test_main::{{closure}}::h9081a79f20e75698
[INFO] [stdout]                                at /rustc/84c898d65adf2f39a5a98507f1fe0ce10a2b8dbc/library/test/src/lib.rs:135:21
[INFO] [stdout]   12:     0x5611774078bd - <alloc::boxed::Box<F,A> as core::ops::function::Fn<Args>>::call::h6507bddc3eebb4a5
[INFO] [stdout]                                at /rustc/84c898d65adf2f39a5a98507f1fe0ce10a2b8dbc/library/alloc/src/boxed.rs:2001:9
[INFO] [stdout]   13:     0x5611774078bd - std::panicking::rust_panic_with_hook::h50c09d000dc561d2
[INFO] [stdout]                                at /rustc/84c898d65adf2f39a5a98507f1fe0ce10a2b8dbc/library/std/src/panicking.rs:696:13
[INFO] [stdout]   14:     0x561177407639 - std::panicking::begin_panic_handler::{{closure}}::h9e2b2176e00e0d9c
[INFO] [stdout]                                at /rustc/84c898d65adf2f39a5a98507f1fe0ce10a2b8dbc/library/std/src/panicking.rs:583:13
[INFO] [stdout]   15:     0x561177405a66 - std::sys_common::backtrace::__rust_end_short_backtrace::h5739b8e512c09d02
[INFO] [stdout]                                at /rustc/84c898d65adf2f39a5a98507f1fe0ce10a2b8dbc/library/std/src/sys_common/backtrace.rs:150:18
[INFO] [stdout]   16:     0x561177407342 - rust_begin_unwind
[INFO] [stdout]                                at /rustc/84c898d65adf2f39a5a98507f1fe0ce10a2b8dbc/library/std/src/panicking.rs:579:5
[INFO] [stdout]   17:     0x56117719ce53 - core::panicking::panic_fmt::hf33a1475b4dc5c3e
[INFO] [stdout]                                at /rustc/84c898d65adf2f39a5a98507f1fe0ce10a2b8dbc/library/core/src/panicking.rs:64:14
[INFO] [stdout]   18:     0x56117720248f - trybuild::run::<impl trybuild::Runner>::run::hf1bc98c30af4c20a
[INFO] [stdout]                                at /opt/rustwide/cargo-home/registry/src/github.com-1ecc6299db9ec823/trybuild-1.0.80/src/run.rs:101:13
[INFO] [stdout]   19:     0x561177207c6a - <trybuild::TestCases as core::ops::drop::Drop>::drop::h12df87f8fb2c08bd
[INFO] [stdout]                                at /opt/rustwide/cargo-home/registry/src/github.com-1ecc6299db9ec823/trybuild-1.0.80/src/lib.rs:315:13
[INFO] [stdout]   20:     0x56117719e2e7 - core::ptr::drop_in_place<trybuild::TestCases>::h71cf9083aa0338ec
[INFO] [stdout]                                at /rustc/84c898d65adf2f39a5a98507f1fe0ce10a2b8dbc/library/core/src/ptr/mod.rs:490:1
[INFO] [stdout]   21:     0x56117719f51f - blockz::test::test_singleton::h9f0feee7ad63a067
[INFO] [stdout]                                at /opt/rustwide/workdir/src/lib.rs:59:5
[INFO] [stdout]   22:     0x56117719e7d7 - blockz::test::test_singleton::{{closure}}::h25a604005efaa851
[INFO] [stdout]                                at /opt/rustwide/workdir/src/lib.rs:54:25
[INFO] [stdout]   23:     0x56117719e295 - core::ops::function::FnOnce::call_once::hfd9607ef4daa6527
[INFO] [stdout]                                at /rustc/84c898d65adf2f39a5a98507f1fe0ce10a2b8dbc/library/core/src/ops/function.rs:250:5
[INFO] [stdout]   24:     0x5611773dcfff - core::ops::function::FnOnce::call_once::h7d969581be7d0075
[INFO] [stdout]                                at /rustc/84c898d65adf2f39a5a98507f1fe0ce10a2b8dbc/library/core/src/ops/function.rs:250:5
[INFO] [stdout]   25:     0x5611773dcfff - test::__rust_begin_short_backtrace::hca25a52684e56655
[INFO] [stdout]                                at /rustc/84c898d65adf2f39a5a98507f1fe0ce10a2b8dbc/library/test/src/lib.rs:656:18
[INFO] [stdout]   26:     0x5611773ae61c - test::run_test::{{closure}}::ha8ac744c4af1a4bb
[INFO] [stdout]                                at /rustc/84c898d65adf2f39a5a98507f1fe0ce10a2b8dbc/library/test/src/lib.rs:647:30
[INFO] [stdout]   27:     0x5611773ae61c - core::ops::function::FnOnce::call_once{{vtable.shim}}::h7b411a9ed45bdecf
[INFO] [stdout]                                at /rustc/84c898d65adf2f39a5a98507f1fe0ce10a2b8dbc/library/core/src/ops/function.rs:250:5
[INFO] [stdout]   28:     0x5611773dbfc6 - <alloc::boxed::Box<F,A> as core::ops::function::FnOnce<Args>>::call_once::hd05328869a8ed200
[INFO] [stdout]                                at /rustc/84c898d65adf2f39a5a98507f1fe0ce10a2b8dbc/library/alloc/src/boxed.rs:1987:9
[INFO] [stdout]   29:     0x5611773dbfc6 - <core::panic::unwind_safe::AssertUnwindSafe<F> as core::ops::function::FnOnce<()>>::call_once::h0c601ce20bd5b2be
[INFO] [stdout]                                at /rustc/84c898d65adf2f39a5a98507f1fe0ce10a2b8dbc/library/core/src/panic/unwind_safe.rs:271:9
[INFO] [stdout]   30:     0x5611773dbfc6 - std::panicking::try::do_call::ha4be5c164fe30854
[INFO] [stdout]                                at /rustc/84c898d65adf2f39a5a98507f1fe0ce10a2b8dbc/library/std/src/panicking.rs:487:40
[INFO] [stdout]   31:     0x5611773dbfc6 - std::panicking::try::h604546f3609af05f
[INFO] [stdout]                                at /rustc/84c898d65adf2f39a5a98507f1fe0ce10a2b8dbc/library/std/src/panicking.rs:451:19
[INFO] [stdout]   32:     0x5611773dbfc6 - std::panic::catch_unwind::h5bfa8afe44c9c2f9
[INFO] [stdout]                                at /rustc/84c898d65adf2f39a5a98507f1fe0ce10a2b8dbc/library/std/src/panic.rs:140:14
[INFO] [stdout]   33:     0x5611773dbfc6 - test::run_test_in_process::hd50dee55dd63e6aa
[INFO] [stdout]                                at /rustc/84c898d65adf2f39a5a98507f1fe0ce10a2b8dbc/library/test/src/lib.rs:679:27
[INFO] [stdout]   34:     0x5611773dbfc6 - test::run_test::run_test_inner::{{closure}}::h4aa0f433aa85cea8
[INFO] [stdout]                                at /rustc/84c898d65adf2f39a5a98507f1fe0ce10a2b8dbc/library/test/src/lib.rs:573:39
[INFO] [stdout]   35:     0x5611773a8c91 - test::run_test::run_test_inner::{{closure}}::had56431adf24b4d6
[INFO] [stdout]                                at /rustc/84c898d65adf2f39a5a98507f1fe0ce10a2b8dbc/library/test/src/lib.rs:600:37
[INFO] [stdout]   36:     0x5611773a8c91 - std::sys_common::backtrace::__rust_begin_short_backtrace::ha8d9890e0c73bf13
[INFO] [stdout]                                at /rustc/84c898d65adf2f39a5a98507f1fe0ce10a2b8dbc/library/std/src/sys_common/backtrace.rs:134:18
[INFO] [stdout]   37:     0x5611773ae6ab - std::thread::Builder::spawn_unchecked_::{{closure}}::{{closure}}::h251832bcb4a95327
[INFO] [stdout]                                at /rustc/84c898d65adf2f39a5a98507f1fe0ce10a2b8dbc/library/std/src/thread/mod.rs:560:17
[INFO] [stdout]   38:     0x5611773ae6ab - <core::panic::unwind_safe::AssertUnwindSafe<F> as core::ops::function::FnOnce<()>>::call_once::h8fdff598fa414831
[INFO] [stdout]                                at /rustc/84c898d65adf2f39a5a98507f1fe0ce10a2b8dbc/library/core/src/panic/unwind_safe.rs:271:9
[INFO] [stdout]   39:     0x5611773ae6ab - std::panicking::try::do_call::h455dd2f7764a950f
[INFO] [stdout]                                at /rustc/84c898d65adf2f39a5a98507f1fe0ce10a2b8dbc/library/std/src/panicking.rs:487:40
[INFO] [stdout]   40:     0x5611773ae6ab - std::panicking::try::had6f23b7b73ae72a
[INFO] [stdout]                                at /rustc/84c898d65adf2f39a5a98507f1fe0ce10a2b8dbc/library/std/src/panicking.rs:451:19
[INFO] [stdout]   41:     0x5611773ae6ab - std::panic::catch_unwind::ha6a5ca3915b4dad0
[INFO] [stdout]                                at /rustc/84c898d65adf2f39a5a98507f1fe0ce10a2b8dbc/library/std/src/panic.rs:140:14
[INFO] [stdout]   42:     0x5611773ae6ab - std::thread::Builder::spawn_unchecked_::{{closure}}::h883b72ef75da6231
[INFO] [stdout]                                at /rustc/84c898d65adf2f39a5a98507f1fe0ce10a2b8dbc/library/std/src/thread/mod.rs:559:30
[INFO] [stdout]   43:     0x5611773ae6ab - core::ops::function::FnOnce::call_once{{vtable.shim}}::hb7dff73dc8bd2ccb
[INFO] [stdout]                                at /rustc/84c898d65adf2f39a5a98507f1fe0ce10a2b8dbc/library/core/src/ops/function.rs:250:5
[INFO] [stdout]   44:     0x56117740cb23 - <alloc::boxed::Box<F,A> as core::ops::function::FnOnce<Args>>::call_once::h39990b24eedef2ab
[INFO] [stdout]                                at /rustc/84c898d65adf2f39a5a98507f1fe0ce10a2b8dbc/library/alloc/src/boxed.rs:1987:9
[INFO] [stdout]   45:     0x56117740cb23 - <alloc::boxed::Box<F,A> as core::ops::function::FnOnce<Args>>::call_once::h01a027258444143b
[INFO] [stdout]                                at /rustc/84c898d65adf2f39a5a98507f1fe0ce10a2b8dbc/library/alloc/src/boxed.rs:1987:9
[INFO] [stdout]   46:     0x56117740cb23 - std::sys::unix::thread::Thread::new::thread_start::ha4f1cdd9c25884ba
[INFO] [stdout]                                at /rustc/84c898d65adf2f39a5a98507f1fe0ce10a2b8dbc/library/std/src/sys/unix/thread.rs:108:17
[INFO] [stdout]   47:     0x7fb8a786bb43 - <unknown>
[INFO] [stdout]   48:     0x7fb8a78fcbb4 - __clone
[INFO] [stdout]   49:                0x0 - <unknown>
[INFO] [stdout] 
[INFO] [stdout] 
[INFO] [stdout] failures:
[INFO] [stdout]     test::test_direct_configuration
[INFO] [stdout]     test::test_singleton
[INFO] [stdout] 
[INFO] [stdout] test result: FAILED. 0 passed; 2 failed; 0 ignored; 0 measured; 0 filtered out; finished in 40.83s
[INFO] [stdout] 
[INFO] running `Command { std: "docker" "inspect" "ecf671e6ea5557a987e61313231f65460c7743dcdfdbd3bb19e23ceb19a433be", kill_on_drop: false }`
[INFO] running `Command { std: "docker" "rm" "-f" "ecf671e6ea5557a987e61313231f65460c7743dcdfdbd3bb19e23ceb19a433be", kill_on_drop: false }`
[INFO] [stdout] ecf671e6ea5557a987e61313231f65460c7743dcdfdbd3bb19e23ceb19a433be
