[INFO] fetching crate bitcoinsecp256k1-field 0.1.16-alpha.0...
[INFO] testing bitcoinsecp256k1-field-0.1.16-alpha.0 against 1.69.0 for beta-1.70-1
[INFO] extracting crate bitcoinsecp256k1-field 0.1.16-alpha.0 into /workspace/builds/worker-5-tc1/source
[INFO] validating manifest of crates.io crate bitcoinsecp256k1-field 0.1.16-alpha.0 on toolchain 1.69.0
[INFO] running `Command { std: CARGO_HOME="/workspace/cargo-home" RUSTUP_HOME="/workspace/rustup-home" "/workspace/cargo-home/bin/cargo" "+1.69.0" "metadata" "--manifest-path" "Cargo.toml" "--no-deps", kill_on_drop: false }`
[INFO] started tweaking crates.io crate bitcoinsecp256k1-field 0.1.16-alpha.0
[INFO] finished tweaking crates.io crate bitcoinsecp256k1-field 0.1.16-alpha.0
[INFO] tweaked toml for crates.io crate bitcoinsecp256k1-field 0.1.16-alpha.0 written to /workspace/builds/worker-5-tc1/source/Cargo.toml
[INFO] running `Command { std: CARGO_HOME="/workspace/cargo-home" RUSTUP_HOME="/workspace/rustup-home" __CARGO_TEST_CHANNEL_OVERRIDE_DO_NOT_USE_THIS="nightly" "/workspace/cargo-home/bin/cargo" "+1.69.0" "generate-lockfile" "--manifest-path" "Cargo.toml" "-Zno-index-update", kill_on_drop: false }`
[INFO] running `Command { std: CARGO_HOME="/workspace/cargo-home" RUSTUP_HOME="/workspace/rustup-home" "/workspace/cargo-home/bin/cargo" "+1.69.0" "fetch" "--manifest-path" "Cargo.toml", kill_on_drop: false }`
[INFO] running `Command { std: "docker" "create" "-v" "/var/lib/crater-agent-workspace/builds/worker-5-tc1/target:/opt/rustwide/target:rw,Z" "-v" "/var/lib/crater-agent-workspace/builds/worker-5-tc1/source:/opt/rustwide/workdir:ro,Z" "-v" "/var/lib/crater-agent-workspace/cargo-home:/opt/rustwide/cargo-home:ro,Z" "-v" "/var/lib/crater-agent-workspace/rustup-home:/opt/rustwide/rustup-home:ro,Z" "-e" "SOURCE_DIR=/opt/rustwide/workdir" "-e" "CARGO_TARGET_DIR=/opt/rustwide/target" "-e" "CARGO_HOME=/opt/rustwide/cargo-home" "-e" "RUSTUP_HOME=/opt/rustwide/rustup-home" "-w" "/opt/rustwide/workdir" "-m" "1610612736" "--user" "0:0" "--network" "none" "ghcr.io/rust-lang/crates-build-env/linux@sha256:5ff2268d62e97bff2cde7d5815dd6ed5b47097566f13b8d0ca110b04b60e07ed" "/opt/rustwide/cargo-home/bin/cargo" "+1.69.0" "metadata" "--no-deps" "--format-version=1", kill_on_drop: false }`
[INFO] [stdout] 3989bab4fc1b9417d52fe4db9a95e9341e22d5c5ab9abf273f4809e91bce8fd8
[INFO] running `Command { std: "docker" "start" "-a" "3989bab4fc1b9417d52fe4db9a95e9341e22d5c5ab9abf273f4809e91bce8fd8", kill_on_drop: false }`
[INFO] running `Command { std: "docker" "inspect" "3989bab4fc1b9417d52fe4db9a95e9341e22d5c5ab9abf273f4809e91bce8fd8", kill_on_drop: false }`
[INFO] running `Command { std: "docker" "rm" "-f" "3989bab4fc1b9417d52fe4db9a95e9341e22d5c5ab9abf273f4809e91bce8fd8", kill_on_drop: false }`
[INFO] [stdout] 3989bab4fc1b9417d52fe4db9a95e9341e22d5c5ab9abf273f4809e91bce8fd8
[INFO] running `Command { std: "docker" "create" "-v" "/var/lib/crater-agent-workspace/builds/worker-5-tc1/target:/opt/rustwide/target:rw,Z" "-v" "/var/lib/crater-agent-workspace/builds/worker-5-tc1/source:/opt/rustwide/workdir:ro,Z" "-v" "/var/lib/crater-agent-workspace/cargo-home:/opt/rustwide/cargo-home:ro,Z" "-v" "/var/lib/crater-agent-workspace/rustup-home:/opt/rustwide/rustup-home:ro,Z" "-e" "SOURCE_DIR=/opt/rustwide/workdir" "-e" "CARGO_TARGET_DIR=/opt/rustwide/target" "-e" "CARGO_INCREMENTAL=0" "-e" "RUST_BACKTRACE=full" "-e" "RUSTFLAGS=--cap-lints=warn" "-e" "RUSTDOCFLAGS=--cap-lints=warn" "-e" "CARGO_HOME=/opt/rustwide/cargo-home" "-e" "RUSTUP_HOME=/opt/rustwide/rustup-home" "-w" "/opt/rustwide/workdir" "-m" "1610612736" "--user" "0:0" "--network" "none" "ghcr.io/rust-lang/crates-build-env/linux@sha256:5ff2268d62e97bff2cde7d5815dd6ed5b47097566f13b8d0ca110b04b60e07ed" "/opt/rustwide/cargo-home/bin/cargo" "+1.69.0" "build" "--frozen" "--message-format=json", kill_on_drop: false }`
[INFO] [stdout] 20234f2a2ff082c6f762fdca506d1ccc6f2cb574ccc53571fb4e42123aeb60f5
[INFO] running `Command { std: "docker" "start" "-a" "20234f2a2ff082c6f762fdca506d1ccc6f2cb574ccc53571fb4e42123aeb60f5", kill_on_drop: false }`
[INFO] [stderr]    Compiling regex-syntax v0.7.1
[INFO] [stderr]    Compiling backtrace v0.3.67
[INFO] [stderr]    Compiling adler v1.0.2
[INFO] [stderr]    Compiling itoa v1.0.6
[INFO] [stderr]    Compiling ryu v1.0.13
[INFO] [stderr]    Compiling aho-corasick v1.0.1
[INFO] [stderr]    Compiling syn v1.0.109
[INFO] [stderr]    Compiling object v0.30.3
[INFO] [stderr]    Compiling serde_json v1.0.96
[INFO] [stderr]    Compiling num_cpus v1.15.0
[INFO] [stderr]    Compiling serde_derive v1.0.160
[INFO] [stderr]    Compiling ahash v0.7.6
[INFO] [stderr]    Compiling num-traits v0.2.15
[INFO] [stderr]    Compiling nom v7.1.3
[INFO] [stderr]    Compiling sqlite3-src v0.2.12
[INFO] [stderr]    Compiling aho-corasick v0.7.20
[INFO] [stderr]    Compiling miniz_oxide v0.6.2
[INFO] [stderr]    Compiling openssl-sys v0.9.87
[INFO] [stderr]    Compiling libc-stdhandle v0.1.0
[INFO] [stderr]    Compiling hashbrown v0.12.3
[INFO] [stderr]    Compiling thiserror-impl v1.0.40
[INFO] [stderr]    Compiling quanta v0.9.3
[INFO] [stderr]    Compiling socket2 v0.4.9
[INFO] [stderr]    Compiling sqlite3-sys v0.12.0
[INFO] [stderr]    Compiling sqlite3 v0.24.0
[INFO] [stderr]    Compiling sqlite v0.25.3
[INFO] [stderr]    Compiling cpp_macros v0.5.8
[INFO] [stderr]    Compiling indexmap v1.9.3
[INFO] [stderr]    Compiling clap v3.2.25
[INFO] [stderr]    Compiling priority-queue v1.3.1
[INFO] [stderr]    Compiling num-integer v0.1.45
[INFO] [stderr]    Compiling num-complex v0.4.3
[INFO] [stderr]    Compiling thiserror v1.0.40
[INFO] [stderr]    Compiling regex v1.8.1
[INFO] [stderr]    Compiling cpp v0.5.8
[INFO] [stderr]    Compiling num-bigint v0.4.3
[INFO] [stderr]    Compiling num-iter v0.1.43
[INFO] [stderr]    Compiling cexpr v0.6.0
[INFO] [stderr]    Compiling env_logger v0.7.1
[INFO] [stderr]    Compiling cpp_build v0.5.8
[INFO] [stderr]    Compiling env_logger v0.9.3
[INFO] [stderr]    Compiling serde v1.0.160
[INFO] [stderr]    Compiling num-rational v0.4.1
[INFO] [stderr]    Compiling qttypes v0.2.8
[INFO] [stderr]    Compiling qmetaobject v0.2.7
[INFO] [stderr]    Compiling num v0.4.0
[INFO] [stderr]    Compiling bindgen v0.60.1
[INFO] [stderr]    Compiling synstructure v0.12.6
[INFO] [stderr]    Compiling failure_derive v0.1.8
[INFO] [stderr]    Compiling qt_macros v0.1.1
[INFO] [stderr]    Compiling qmetaobject_impl v0.2.7
[INFO] [stderr]    Compiling phf_macros v0.10.0
[INFO] [stderr]    Compiling modular-bitfield-impl v0.11.2
[INFO] [stderr]    Compiling derivative v2.2.0
[INFO] [stderr]    Compiling try-catch v0.2.2
[INFO] [stderr]    Compiling delegate v0.7.0
[INFO] [stderr]    Compiling failure v0.1.8
[INFO] [stderr]    Compiling toml v0.4.10
[INFO] [stderr]    Compiling bincode v1.3.3
[INFO] [stderr]    Compiling serde-big-array v0.4.1
[INFO] [stderr]    Compiling tinyvec v1.6.0
[INFO] [stderr]    Compiling time v0.3.20
[INFO] [stderr]    Compiling multimap v0.8.3
[INFO] [stderr]    Compiling modular-bitfield v0.11.2
[INFO] [stderr]    Compiling phf v0.10.1
[INFO] [stderr]    Compiling ritual_common v0.4.0
[INFO] [stderr]    Compiling qt_ritual_common v0.4.0
[INFO] [stderr]    Compiling ritual_build v0.4.0
[INFO] [stderr]    Compiling libevent-sys v0.2.6
[INFO] [stderr]    Compiling qt_ritual_build v0.5.0
[INFO] [stderr]    Compiling qt_core v0.5.0
[INFO] [stderr]    Compiling qt_gui v0.5.0
[INFO] [stderr]    Compiling libevent v0.1.0
[INFO] [stderr]    Compiling bitcoin-imports v0.1.16-alpha.0
[INFO] [stdout] error[E0554]: `#![feature]` may not be used on the stable release channel
[INFO] [stdout]  --> /opt/rustwide/cargo-home/registry/src/github.com-1ecc6299db9ec823/bitcoin-imports-0.1.16-alpha.0/src/lib.rs:1:1
[INFO] [stdout]   |
[INFO] [stdout] 1 | #![feature(test)]
[INFO] [stdout]   | ^^^^^^^^^^^^^^^^^
[INFO] [stdout] 
[INFO] [stdout] 
[INFO] [stdout] error[E0554]: `#![feature]` may not be used on the stable release channel
[INFO] [stdout]  --> /opt/rustwide/cargo-home/registry/src/github.com-1ecc6299db9ec823/bitcoin-imports-0.1.16-alpha.0/src/lib.rs:2:1
[INFO] [stdout]   |
[INFO] [stdout] 2 | #![feature(generic_associated_types)]
[INFO] [stdout]   | ^^^^^^^^^^^^^^^^^^^^^^^^^^^^^^^^^^^^^ help: remove the attribute
[INFO] [stdout]   |
[INFO] [stdout]   = help: the feature `generic_associated_types` has been stable since `1.65.0` and no longer requires an attribute to enable
[INFO] [stdout] 
[INFO] [stdout] 
[INFO] [stdout] error[E0554]: `#![feature]` may not be used on the stable release channel
[INFO] [stdout]  --> /opt/rustwide/cargo-home/registry/src/github.com-1ecc6299db9ec823/bitcoin-imports-0.1.16-alpha.0/src/lib.rs:3:1
[INFO] [stdout]   |
[INFO] [stdout] 3 | #![feature(exact_size_is_empty)]
[INFO] [stdout]   | ^^^^^^^^^^^^^^^^^^^^^^^^^^^^^^^^
[INFO] [stdout] 
[INFO] [stdout] 
[INFO] [stdout] error[E0554]: `#![feature]` may not be used on the stable release channel
[INFO] [stdout]  --> /opt/rustwide/cargo-home/registry/src/github.com-1ecc6299db9ec823/bitcoin-imports-0.1.16-alpha.0/src/lib.rs:1:12
[INFO] [stdout]   |
[INFO] [stdout] 1 | #![feature(test)]
[INFO] [stdout]   |            ^^^^
[INFO] [stdout] 
[INFO] [stdout] 
[INFO] [stdout] error[E0554]: `#![feature]` may not be used on the stable release channel
[INFO] [stdout]  --> /opt/rustwide/cargo-home/registry/src/github.com-1ecc6299db9ec823/bitcoin-imports-0.1.16-alpha.0/src/lib.rs:3:12
[INFO] [stdout]   |
[INFO] [stdout] 3 | #![feature(exact_size_is_empty)]
[INFO] [stdout]   |            ^^^^^^^^^^^^^^^^^^^
[INFO] [stdout] 
[INFO] [stdout] 
[INFO] [stdout] error: aborting due to 5 previous errors
[INFO] [stdout] 
[INFO] [stdout] 
[INFO] [stdout] For more information about this error, try `rustc --explain E0554`.
[INFO] [stdout] 
[INFO] [stderr] error: could not compile `bitcoin-imports` due to 6 previous errors
[INFO] running `Command { std: "docker" "inspect" "20234f2a2ff082c6f762fdca506d1ccc6f2cb574ccc53571fb4e42123aeb60f5", kill_on_drop: false }`
[INFO] running `Command { std: "docker" "rm" "-f" "20234f2a2ff082c6f762fdca506d1ccc6f2cb574ccc53571fb4e42123aeb60f5", kill_on_drop: false }`
[INFO] [stdout] 20234f2a2ff082c6f762fdca506d1ccc6f2cb574ccc53571fb4e42123aeb60f5
