[INFO] fetching crate bitcoin-imports 0.1.16-alpha.0...
[INFO] testing bitcoin-imports-0.1.16-alpha.0 against 1.69.0 for beta-1.70-1
[INFO] extracting crate bitcoin-imports 0.1.16-alpha.0 into /workspace/builds/worker-7-tc1/source
[INFO] validating manifest of crates.io crate bitcoin-imports 0.1.16-alpha.0 on toolchain 1.69.0
[INFO] running `Command { std: CARGO_HOME="/workspace/cargo-home" RUSTUP_HOME="/workspace/rustup-home" "/workspace/cargo-home/bin/cargo" "+1.69.0" "metadata" "--manifest-path" "Cargo.toml" "--no-deps", kill_on_drop: false }`
[INFO] started tweaking crates.io crate bitcoin-imports 0.1.16-alpha.0
[INFO] finished tweaking crates.io crate bitcoin-imports 0.1.16-alpha.0
[INFO] tweaked toml for crates.io crate bitcoin-imports 0.1.16-alpha.0 written to /workspace/builds/worker-7-tc1/source/Cargo.toml
[INFO] running `Command { std: CARGO_HOME="/workspace/cargo-home" RUSTUP_HOME="/workspace/rustup-home" __CARGO_TEST_CHANNEL_OVERRIDE_DO_NOT_USE_THIS="nightly" "/workspace/cargo-home/bin/cargo" "+1.69.0" "generate-lockfile" "--manifest-path" "Cargo.toml" "-Zno-index-update", kill_on_drop: false }`
[INFO] running `Command { std: CARGO_HOME="/workspace/cargo-home" RUSTUP_HOME="/workspace/rustup-home" "/workspace/cargo-home/bin/cargo" "+1.69.0" "fetch" "--manifest-path" "Cargo.toml", kill_on_drop: false }`
[INFO] running `Command { std: "docker" "create" "-v" "/var/lib/crater-agent-workspace/builds/worker-7-tc1/target:/opt/rustwide/target:rw,Z" "-v" "/var/lib/crater-agent-workspace/builds/worker-7-tc1/source:/opt/rustwide/workdir:ro,Z" "-v" "/var/lib/crater-agent-workspace/cargo-home:/opt/rustwide/cargo-home:ro,Z" "-v" "/var/lib/crater-agent-workspace/rustup-home:/opt/rustwide/rustup-home:ro,Z" "-e" "SOURCE_DIR=/opt/rustwide/workdir" "-e" "CARGO_TARGET_DIR=/opt/rustwide/target" "-e" "CARGO_HOME=/opt/rustwide/cargo-home" "-e" "RUSTUP_HOME=/opt/rustwide/rustup-home" "-w" "/opt/rustwide/workdir" "-m" "1610612736" "--user" "0:0" "--network" "none" "ghcr.io/rust-lang/crates-build-env/linux@sha256:5ff2268d62e97bff2cde7d5815dd6ed5b47097566f13b8d0ca110b04b60e07ed" "/opt/rustwide/cargo-home/bin/cargo" "+1.69.0" "metadata" "--no-deps" "--format-version=1", kill_on_drop: false }`
[INFO] [stdout] 391f2899283400e8f1bbcc6584a94d6b30633fd625e0c5d849935fe9855614e4
[INFO] running `Command { std: "docker" "start" "-a" "391f2899283400e8f1bbcc6584a94d6b30633fd625e0c5d849935fe9855614e4", kill_on_drop: false }`
[INFO] running `Command { std: "docker" "inspect" "391f2899283400e8f1bbcc6584a94d6b30633fd625e0c5d849935fe9855614e4", kill_on_drop: false }`
[INFO] running `Command { std: "docker" "rm" "-f" "391f2899283400e8f1bbcc6584a94d6b30633fd625e0c5d849935fe9855614e4", kill_on_drop: false }`
[INFO] [stdout] 391f2899283400e8f1bbcc6584a94d6b30633fd625e0c5d849935fe9855614e4
[INFO] running `Command { std: "docker" "create" "-v" "/var/lib/crater-agent-workspace/builds/worker-7-tc1/target:/opt/rustwide/target:rw,Z" "-v" "/var/lib/crater-agent-workspace/builds/worker-7-tc1/source:/opt/rustwide/workdir:ro,Z" "-v" "/var/lib/crater-agent-workspace/cargo-home:/opt/rustwide/cargo-home:ro,Z" "-v" "/var/lib/crater-agent-workspace/rustup-home:/opt/rustwide/rustup-home:ro,Z" "-e" "SOURCE_DIR=/opt/rustwide/workdir" "-e" "CARGO_TARGET_DIR=/opt/rustwide/target" "-e" "CARGO_INCREMENTAL=0" "-e" "RUST_BACKTRACE=full" "-e" "RUSTFLAGS=--cap-lints=warn" "-e" "RUSTDOCFLAGS=--cap-lints=warn" "-e" "CARGO_HOME=/opt/rustwide/cargo-home" "-e" "RUSTUP_HOME=/opt/rustwide/rustup-home" "-w" "/opt/rustwide/workdir" "-m" "1610612736" "--user" "0:0" "--network" "none" "ghcr.io/rust-lang/crates-build-env/linux@sha256:5ff2268d62e97bff2cde7d5815dd6ed5b47097566f13b8d0ca110b04b60e07ed" "/opt/rustwide/cargo-home/bin/cargo" "+1.69.0" "build" "--frozen" "--message-format=json", kill_on_drop: false }`
[INFO] [stdout] 52f3f6e1268b464e2ceaa8b18e17028c962ebad915f4384dfed150df1432ba15
[INFO] running `Command { std: "docker" "start" "-a" "52f3f6e1268b464e2ceaa8b18e17028c962ebad915f4384dfed150df1432ba15", kill_on_drop: false }`
[INFO] [stderr]    Compiling proc-macro2 v1.0.56
[INFO] [stderr]    Compiling quote v1.0.26
[INFO] [stderr]    Compiling libc v0.2.142
[INFO] [stderr]    Compiling unicode-ident v1.0.8
[INFO] [stderr]    Compiling autocfg v1.1.0
[INFO] [stderr]    Compiling cfg-if v1.0.0
[INFO] [stderr]    Compiling cc v1.0.79
[INFO] [stderr]    Compiling memchr v2.5.0
[INFO] [stderr]    Compiling syn v1.0.109
[INFO] [stderr]    Compiling regex-syntax v0.7.1
[INFO] [stderr]    Compiling lazy_static v1.4.0
[INFO] [stderr]    Compiling log v0.4.17
[INFO] [stderr]    Compiling serde_derive v1.0.160
[INFO] [stderr]    Compiling unicode-xid v0.2.4
[INFO] [stderr]    Compiling aho-corasick v1.0.1
[INFO] [stderr]    Compiling serde v1.0.160
[INFO] [stderr]    Compiling either v1.8.1
[INFO] [stderr]    Compiling termcolor v1.2.0
[INFO] [stderr]    Compiling pkg-config v0.3.26
[INFO] [stderr]    Compiling syn v2.0.15
[INFO] [stderr]    Compiling backtrace v0.3.67
[INFO] [stderr]    Compiling failure_derive v0.1.8
[INFO] [stderr]    Compiling getrandom v0.2.9
[INFO] [stderr]    Compiling atty v0.2.14
[INFO] [stderr]    Compiling gimli v0.27.2
[INFO] [stderr]    Compiling adler v1.0.2
[INFO] [stderr]    Compiling miniz_oxide v0.6.2
[INFO] [stderr]    Compiling object v0.30.3
[INFO] [stderr]    Compiling rustc-demangle v0.1.23
[INFO] [stderr]    Compiling regex v1.8.1
[INFO] [stderr]    Compiling serde_json v1.0.96
[INFO] [stderr]    Compiling version_check v0.9.4
[INFO] [stderr]    Compiling semver-parser v0.7.0
[INFO] [stderr]    Compiling ahash v0.7.6
[INFO] [stderr]    Compiling itoa v1.0.6
[INFO] [stderr]    Compiling once_cell v1.17.1
[INFO] [stderr]    Compiling ryu v1.0.13
[INFO] [stderr]    Compiling term v0.4.6
[INFO] [stderr]    Compiling semver v0.9.0
[INFO] [stderr]    Compiling num_cpus v1.15.0
[INFO] [stderr]    Compiling term-painter v0.2.4
[INFO] [stderr]    Compiling itertools v0.8.2
[INFO] [stderr]    Compiling pathdiff v0.1.0
[INFO] [stderr]    Compiling dunce v1.0.4
[INFO] [stderr]    Compiling shell-words v0.1.0
[INFO] [stderr]    Compiling addr2line v0.19.0
[INFO] [stderr]    Compiling indexmap v1.9.3
[INFO] [stderr]    Compiling glob v0.3.1
[INFO] [stderr]    Compiling quick-error v1.2.3
[INFO] [stderr]    Compiling bitflags v1.3.2
[INFO] [stderr]    Compiling humantime v1.3.0
[INFO] [stderr]    Compiling hashbrown v0.12.3
[INFO] [stderr]    Compiling num-traits v0.2.15
[INFO] [stderr]    Compiling cpp_common v0.5.8
[INFO] [stderr]    Compiling clang-sys v1.6.1
[INFO] [stderr]    Compiling semver v1.0.17
[INFO] [stderr]    Compiling synstructure v0.12.6
[INFO] [stderr]    Compiling crossbeam-utils v0.8.15
[INFO] [stderr]    Compiling env_logger v0.7.1
[INFO] [stderr]    Compiling minimal-lexical v0.2.1
[INFO] [stderr]    Compiling os_str_bytes v6.5.0
[INFO] [stderr]    Compiling proc-macro-hack v0.5.20+deprecated
[INFO] [stderr]    Compiling nom v7.1.3
[INFO] [stderr]    Compiling clap_lex v0.2.4
[INFO] [stderr]    Compiling cpp_build v0.5.8
[INFO] [stderr]    Compiling rand_core v0.6.4
[INFO] [stderr]    Compiling num-integer v0.1.45
[INFO] [stderr]    Compiling libloading v0.7.4
[INFO] [stderr]    Compiling bindgen v0.60.1
[INFO] [stderr]    Compiling textwrap v0.16.0
[INFO] [stderr]    Compiling humantime v2.1.0
[INFO] [stderr]    Compiling ppv-lite86 v0.2.17
[INFO] [stderr]    Compiling strsim v0.10.0
[INFO] [stderr]    Compiling env_logger v0.9.3
[INFO] [stderr]    Compiling rand_chacha v0.3.1
[INFO] [stderr]    Compiling clap v3.2.25
[INFO] [stderr]    Compiling openssl-sys v0.9.87
[INFO] [stderr]    Compiling sqlite3-src v0.2.12
[INFO] [stderr]    Compiling cexpr v0.6.0
[INFO] [stderr]    Compiling which v4.4.0
[INFO] [stderr]    Compiling memoffset v0.8.0
[INFO] [stderr]    Compiling peeking_take_while v0.1.2
[INFO] [stderr]    Compiling scopeguard v1.1.0
[INFO] [stderr]    Compiling rustc-hash v1.1.0
[INFO] [stderr]    Compiling lazycell v1.3.0
[INFO] [stderr]    Compiling shlex v1.1.0
[INFO] [stderr]    Compiling qttypes v0.2.8
[INFO] [stderr]    Compiling rand v0.8.5
[INFO] [stderr]    Compiling failure v0.1.8
[INFO] [stderr]    Compiling aho-corasick v0.7.20
[INFO] [stderr]    Compiling crossbeam-epoch v0.9.14
[INFO] [stderr]    Compiling num-bigint v0.4.3
[INFO] [stderr]    Compiling byteorder v1.4.3
[INFO] [stderr]    Compiling siphasher v0.3.10
[INFO] [stderr]    Compiling phf_shared v0.10.0
[INFO] [stderr]    Compiling num-rational v0.4.1
[INFO] [stderr]    Compiling memoffset v0.6.5
[INFO] [stderr]    Compiling num-iter v0.1.43
[INFO] [stderr]    Compiling cpp_macros v0.5.8
[INFO] [stderr]    Compiling lock_api v0.4.9
[INFO] [stderr]    Compiling crossbeam-queue v0.3.8
[INFO] [stderr]    Compiling parking_lot_core v0.9.7
[INFO] [stderr]    Compiling sqlite3-sys v0.12.0
[INFO] [stderr]    Compiling phf_generator v0.10.0
[INFO] [stderr]    Compiling cpp v0.5.8
[INFO] [stderr]    Compiling qt_macros v0.1.1
[INFO] [stderr]    Compiling qmetaobject v0.2.7
[INFO] [stderr]    Compiling cpp_core v0.6.0
[INFO] [stderr]    Compiling libc-stdhandle v0.1.0
[INFO] [stderr]    Compiling atomic v0.5.1
[INFO] [stderr]    Compiling priority-queue v1.3.1
[INFO] [stderr]    Compiling thiserror v1.0.40
[INFO] [stderr]    Compiling smallvec v1.10.0
[INFO] [stderr]    Compiling phf_macros v0.10.0
[INFO] [stderr]    Compiling crossbeam-deque v0.8.3
[INFO] [stderr]    Compiling modular-bitfield-impl v0.11.2
[INFO] [stderr]    Compiling qmetaobject_impl v0.2.7
[INFO] [stderr]    Compiling thiserror-impl v1.0.40
[INFO] [stderr]    Compiling num-complex v0.4.3
[INFO] [stderr]    Compiling crossbeam-channel v0.5.8
[INFO] [stderr]    Compiling raw-cpuid v10.7.0
[INFO] [stderr]    Compiling bincode v1.3.3
[INFO] [stderr]    Compiling toml v0.4.10
[INFO] [stderr]    Compiling time-core v0.1.0
[INFO] [stderr]    Compiling tinyvec_macros v0.1.1
[INFO] [stderr]    Compiling static_assertions v1.1.0
[INFO] [stderr]    Compiling poison v0.1.0
[INFO] [stderr]    Compiling modular-bitfield v0.11.2
[INFO] [stderr]    Compiling tinyvec v1.6.0
[INFO] [stderr]    Compiling shared-mutex v0.3.1
[INFO] [stderr]    Compiling libevent-sys v0.2.6
[INFO] [stderr]    Compiling time v0.3.20
[INFO] [stderr]    Compiling quanta v0.9.3
[INFO] [stderr]    Compiling ritual_common v0.4.0
[INFO] [stderr]    Compiling crossbeam v0.8.2
[INFO] [stderr]    Compiling multimap v0.8.3
[INFO] [stderr]    Compiling serde-big-array v0.4.1
[INFO] [stderr]    Compiling num v0.4.0
[INFO] [stderr]    Compiling phf v0.10.1
[INFO] [stderr]    Compiling parking_lot v0.12.1
[INFO] [stderr]    Compiling nix v0.24.3
[INFO] [stderr]    Compiling sqlite v0.25.3
[INFO] [stderr]    Compiling sqlite3 v0.24.0
[INFO] [stderr]    Compiling ritual_build v0.4.0
[INFO] [stderr]    Compiling qt_ritual_common v0.4.0
[INFO] [stderr]    Compiling delegate v0.7.0
[INFO] [stderr]    Compiling qt_ritual_build v0.5.0
[INFO] [stderr]    Compiling try-catch v0.2.2
[INFO] [stderr]    Compiling derivative v2.2.0
[INFO] [stderr]    Compiling fs2 v0.4.3
[INFO] [stderr]    Compiling qt_core v0.5.0
[INFO] [stderr]    Compiling qt_gui v0.5.0
[INFO] [stderr]    Compiling pnet_sys v0.31.0
[INFO] [stderr]    Compiling errno v0.2.8
[INFO] [stderr]    Compiling socket2 v0.4.9
[INFO] [stderr]    Compiling indoc v1.0.9
[INFO] [stderr]    Compiling atomic-take v1.1.0
[INFO] [stderr]    Compiling bitset v0.1.2
[INFO] [stderr]    Compiling comparator v0.3.0
[INFO] [stderr]    Compiling same-file v1.0.6
[INFO] [stderr]    Compiling atomic_float v0.1.0
[INFO] [stderr]    Compiling const-default v1.0.0
[INFO] [stderr]    Compiling time-point v0.1.1
[INFO] [stderr]    Compiling multiset v0.0.5
[INFO] [stderr]    Compiling maplit v1.0.2
[INFO] [stderr]    Compiling winapi v0.2.8
[INFO] [stderr]    Compiling float-ord v0.3.2
[INFO] [stderr]    Compiling integer-encoding v3.0.4
[INFO] [stderr]    Compiling libevent v0.1.0
[INFO] [stderr]    Compiling bitcoin-imports v0.1.16-alpha.0 (/opt/rustwide/workdir)
[INFO] [stdout] error[E0554]: `#![feature]` may not be used on the stable release channel
[INFO] [stdout]  --> src/lib.rs:1:1
[INFO] [stdout]   |
[INFO] [stdout] 1 | #![feature(test)]
[INFO] [stdout]   | ^^^^^^^^^^^^^^^^^
[INFO] [stdout] 
[INFO] [stdout] 
[INFO] [stdout] error[E0554]: `#![feature]` may not be used on the stable release channel
[INFO] [stdout]  --> src/lib.rs:2:1
[INFO] [stdout]   |
[INFO] [stdout] 2 | #![feature(generic_associated_types)]
[INFO] [stdout]   | ^^^^^^^^^^^^^^^^^^^^^^^^^^^^^^^^^^^^^ help: remove the attribute
[INFO] [stdout]   |
[INFO] [stdout]   = help: the feature `generic_associated_types` has been stable since `1.65.0` and no longer requires an attribute to enable
[INFO] [stdout] 
[INFO] [stdout] 
[INFO] [stdout] error[E0554]: `#![feature]` may not be used on the stable release channel
[INFO] [stdout]  --> src/lib.rs:3:1
[INFO] [stdout]   |
[INFO] [stdout] 3 | #![feature(exact_size_is_empty)]
[INFO] [stdout]   | ^^^^^^^^^^^^^^^^^^^^^^^^^^^^^^^^
[INFO] [stdout] 
[INFO] [stdout] 
[INFO] [stdout] warning: unused doc comment
[INFO] [stdout]   --> src/util.rs:68:1
[INFO] [stdout]    |
[INFO] [stdout] 68 | / /**
[INFO] [stdout] 69 | |   | Like assert(), but when VERIFY is defined,
[INFO] [stdout] 70 | |   | and side-effect safe.
[INFO] [stdout] 71 | |   |
[INFO] [stdout] 72 | |   */
[INFO] [stdout]    | |____^ rustdoc does not generate documentation for macro invocations
[INFO] [stdout]    |
[INFO] [stdout]    = help: to document an item produced by a macro, the macro must produce the documentation as part of its expansion
[INFO] [stdout]    = note: `#[warn(unused_doc_comments)]` on by default
[INFO] [stdout] 
[INFO] [stdout] 
[INFO] [stdout] warning: unused doc comment
[INFO] [stdout]   --> src/util.rs:88:1
[INFO] [stdout]    |
[INFO] [stdout] 88 | / /**
[INFO] [stdout] 89 | |   | Define `VG_UNDEF` and `VG_CHECK` when
[INFO] [stdout] 90 | |   | VALGRIND is defined
[INFO] [stdout] 91 | |   |
[INFO] [stdout] 92 | |   */
[INFO] [stdout]    | |____^ rustdoc does not generate documentation for macro invocations
[INFO] [stdout]    |
[INFO] [stdout]    = help: to document an item produced by a macro, the macro must produce the documentation as part of its expansion
[INFO] [stdout] 
[INFO] [stdout] 
[INFO] [stdout] warning: unused doc comment
[INFO] [stdout]    --> src/util.rs:222:1
[INFO] [stdout]     |
[INFO] [stdout] 222 | / /**
[INFO] [stdout] 223 | |   | Macro for restrict, when available
[INFO] [stdout] 224 | |   | and not in a VERIFY build.
[INFO] [stdout] 225 | |   |
[INFO] [stdout] 226 | |   */
[INFO] [stdout]     | |____^ rustdoc does not generate documentation for macro invocations
[INFO] [stdout]     |
[INFO] [stdout]     = help: to document an item produced by a macro, the macro must produce the documentation as part of its expansion
[INFO] [stdout] 
[INFO] [stdout] 
[INFO] [stdout] warning: unused doc comment
[INFO] [stdout]    --> src/util.rs:259:1
[INFO] [stdout]     |
[INFO] [stdout] 259 | / /**
[INFO] [stdout] 260 | |   | If {LITTLE,BIG}_ENDIAN is not explicitly
[INFO] [stdout] 261 | |   | provided, infer from various other
[INFO] [stdout] 262 | |   | system macros.
[INFO] [stdout] 263 | |   |
[INFO] [stdout] 264 | |   */
[INFO] [stdout]     | |____^ rustdoc does not generate documentation for macro invocations
[INFO] [stdout]     |
[INFO] [stdout]     = help: to document an item produced by a macro, the macro must produce the documentation as part of its expansion
[INFO] [stdout] 
[INFO] [stdout] 
[INFO] [stdout] warning: unused doc comment
[INFO] [stdout]    --> src/util.rs:374:1
[INFO] [stdout]     |
[INFO] [stdout] 374 | / /**
[INFO] [stdout] 375 | |   | If USE_FORCE_WIDEMUL_{INT128,INT64}
[INFO] [stdout] 376 | |   | is set, use that wide multiplication
[INFO] [stdout] 377 | |   | implementation.
[INFO] [stdout] ...   |
[INFO] [stdout] 381 | |   |
[INFO] [stdout] 382 | |   */
[INFO] [stdout]     | |____^ rustdoc does not generate documentation for macro invocations
[INFO] [stdout]     |
[INFO] [stdout]     = help: to document an item produced by a macro, the macro must produce the documentation as part of its expansion
[INFO] [stdout] 
[INFO] [stdout] 
[INFO] [stdout] warning: unused macro definition: `test_failure`
[INFO] [stdout]   --> src/util.rs:31:14
[INFO] [stdout]    |
[INFO] [stdout] 31 | macro_rules! test_failure {
[INFO] [stdout]    |              ^^^^^^^^^^^^
[INFO] [stdout]    |
[INFO] [stdout]    = note: `#[warn(unused_macros)]` on by default
[INFO] [stdout] 
[INFO] [stdout] 
[INFO] [stdout] warning: unused macro definition: `check`
[INFO] [stdout]   --> src/util.rs:56:14
[INFO] [stdout]    |
[INFO] [stdout] 56 | macro_rules! check {
[INFO] [stdout]    |              ^^^^^
[INFO] [stdout] 
[INFO] [stdout] 
[INFO] [stdout] warning: unused macro definition: `vg_check_verify`
[INFO] [stdout]    --> src/util.rs:121:14
[INFO] [stdout]     |
[INFO] [stdout] 121 | macro_rules! vg_check_verify { ($x:ident, $y:ident) => { } }
[INFO] [stdout]     |              ^^^^^^^^^^^^^^^
[INFO] [stdout] 
[INFO] [stdout] 
[INFO] [stdout] warning: unused `#[macro_use]` import
[INFO] [stdout]    --> src/lib.rs:252:1
[INFO] [stdout]     |
[INFO] [stdout] 252 | #[macro_use] extern crate derivative;
[INFO] [stdout]     | ^^^^^^^^^^^^
[INFO] [stdout]     |
[INFO] [stdout]     = note: `#[warn(unused_imports)]` on by default
[INFO] [stdout] 
[INFO] [stdout] 
[INFO] [stdout] warning: unused `#[macro_use]` import
[INFO] [stdout]    --> src/lib.rs:253:1
[INFO] [stdout]     |
[INFO] [stdout] 253 | #[macro_use] extern crate static_assertions;
[INFO] [stdout]     | ^^^^^^^^^^^^
[INFO] [stdout] 
[INFO] [stdout] 
[INFO] [stdout] warning: unused `#[macro_use]` import
[INFO] [stdout]    --> src/lib.rs:254:1
[INFO] [stdout]     |
[INFO] [stdout] 254 | #[macro_use] extern crate bitflags;
[INFO] [stdout]     | ^^^^^^^^^^^^
[INFO] [stdout] 
[INFO] [stdout] 
[INFO] [stdout] warning: unused `#[macro_use]` import
[INFO] [stdout]    --> src/lib.rs:255:1
[INFO] [stdout]     |
[INFO] [stdout] 255 | #[macro_use] extern crate phf;
[INFO] [stdout]     | ^^^^^^^^^^^^
[INFO] [stdout] 
[INFO] [stdout] 
[INFO] [stdout] warning: unused `#[macro_use]` import
[INFO] [stdout]    --> src/lib.rs:256:1
[INFO] [stdout]     |
[INFO] [stdout] 256 | #[macro_use] extern crate maplit;
[INFO] [stdout]     | ^^^^^^^^^^^^
[INFO] [stdout] 
[INFO] [stdout] 
[INFO] [stdout] warning: unused `#[macro_use]` import
[INFO] [stdout]    --> src/lib.rs:257:1
[INFO] [stdout]     |
[INFO] [stdout] 257 | #[macro_use] extern crate serde_big_array;
[INFO] [stdout]     | ^^^^^^^^^^^^
[INFO] [stdout] 
[INFO] [stdout] 
[INFO] [stdout] warning: the feature `generic_associated_types` has been stable since 1.65.0 and no longer requires an attribute to enable
[INFO] [stdout]  --> src/lib.rs:2:12
[INFO] [stdout]   |
[INFO] [stdout] 2 | #![feature(generic_associated_types)]
[INFO] [stdout]   |            ^^^^^^^^^^^^^^^^^^^^^^^^
[INFO] [stdout]   |
[INFO] [stdout]   = note: `#[warn(stable_features)]` on by default
[INFO] [stdout] 
[INFO] [stdout] 
[INFO] [stdout] error[E0554]: `#![feature]` may not be used on the stable release channel
[INFO] [stdout]  --> src/lib.rs:1:12
[INFO] [stdout]   |
[INFO] [stdout] 1 | #![feature(test)]
[INFO] [stdout]   |            ^^^^
[INFO] [stdout] 
[INFO] [stdout] 
[INFO] [stdout] error[E0554]: `#![feature]` may not be used on the stable release channel
[INFO] [stdout]  --> src/lib.rs:3:12
[INFO] [stdout]   |
[INFO] [stdout] 3 | #![feature(exact_size_is_empty)]
[INFO] [stdout]   |            ^^^^^^^^^^^^^^^^^^^
[INFO] [stdout] 
[INFO] [stdout] 
[INFO] [stdout] error: aborting due to 5 previous errors; 15 warnings emitted
[INFO] [stdout] 
[INFO] [stdout] 
[INFO] [stdout] For more information about this error, try `rustc --explain E0554`.
[INFO] [stdout] 
[INFO] [stderr] error: could not compile `bitcoin-imports` due to 6 previous errors; 15 warnings emitted
[INFO] running `Command { std: "docker" "inspect" "52f3f6e1268b464e2ceaa8b18e17028c962ebad915f4384dfed150df1432ba15", kill_on_drop: false }`
[INFO] running `Command { std: "docker" "rm" "-f" "52f3f6e1268b464e2ceaa8b18e17028c962ebad915f4384dfed150df1432ba15", kill_on_drop: false }`
[INFO] [stdout] 52f3f6e1268b464e2ceaa8b18e17028c962ebad915f4384dfed150df1432ba15
