[INFO] fetching crate bitbank-api 0.5.1...
[INFO] testing bitbank-api-0.5.1 against 1.69.0 for beta-1.70-1
[INFO] extracting crate bitbank-api 0.5.1 into /workspace/builds/worker-3-tc1/source
[INFO] validating manifest of crates.io crate bitbank-api 0.5.1 on toolchain 1.69.0
[INFO] running `Command { std: CARGO_HOME="/workspace/cargo-home" RUSTUP_HOME="/workspace/rustup-home" "/workspace/cargo-home/bin/cargo" "+1.69.0" "metadata" "--manifest-path" "Cargo.toml" "--no-deps", kill_on_drop: false }`
[INFO] started tweaking crates.io crate bitbank-api 0.5.1
[INFO] finished tweaking crates.io crate bitbank-api 0.5.1
[INFO] tweaked toml for crates.io crate bitbank-api 0.5.1 written to /workspace/builds/worker-3-tc1/source/Cargo.toml
[INFO] running `Command { std: CARGO_HOME="/workspace/cargo-home" RUSTUP_HOME="/workspace/rustup-home" __CARGO_TEST_CHANNEL_OVERRIDE_DO_NOT_USE_THIS="nightly" "/workspace/cargo-home/bin/cargo" "+1.69.0" "generate-lockfile" "--manifest-path" "Cargo.toml" "-Zno-index-update", kill_on_drop: false }`
[INFO] running `Command { std: CARGO_HOME="/workspace/cargo-home" RUSTUP_HOME="/workspace/rustup-home" "/workspace/cargo-home/bin/cargo" "+1.69.0" "fetch" "--manifest-path" "Cargo.toml", kill_on_drop: false }`
[INFO] [stderr]  Downloading crates ...
[INFO] [stderr]   Downloaded typed-builder v0.14.0
[INFO] running `Command { std: "docker" "create" "-v" "/var/lib/crater-agent-workspace/builds/worker-3-tc1/target:/opt/rustwide/target:rw,Z" "-v" "/var/lib/crater-agent-workspace/builds/worker-3-tc1/source:/opt/rustwide/workdir:ro,Z" "-v" "/var/lib/crater-agent-workspace/cargo-home:/opt/rustwide/cargo-home:ro,Z" "-v" "/var/lib/crater-agent-workspace/rustup-home:/opt/rustwide/rustup-home:ro,Z" "-e" "SOURCE_DIR=/opt/rustwide/workdir" "-e" "CARGO_TARGET_DIR=/opt/rustwide/target" "-e" "CARGO_HOME=/opt/rustwide/cargo-home" "-e" "RUSTUP_HOME=/opt/rustwide/rustup-home" "-w" "/opt/rustwide/workdir" "-m" "1610612736" "--user" "0:0" "--network" "none" "ghcr.io/rust-lang/crates-build-env/linux@sha256:5ff2268d62e97bff2cde7d5815dd6ed5b47097566f13b8d0ca110b04b60e07ed" "/opt/rustwide/cargo-home/bin/cargo" "+1.69.0" "metadata" "--no-deps" "--format-version=1", kill_on_drop: false }`
[INFO] [stdout] b07f844c8aff9447e02fbc12584ce0989c53f47d03fe69fde7177e617dca5105
[INFO] running `Command { std: "docker" "start" "-a" "b07f844c8aff9447e02fbc12584ce0989c53f47d03fe69fde7177e617dca5105", kill_on_drop: false }`
[INFO] running `Command { std: "docker" "inspect" "b07f844c8aff9447e02fbc12584ce0989c53f47d03fe69fde7177e617dca5105", kill_on_drop: false }`
[INFO] running `Command { std: "docker" "rm" "-f" "b07f844c8aff9447e02fbc12584ce0989c53f47d03fe69fde7177e617dca5105", kill_on_drop: false }`
[INFO] [stdout] b07f844c8aff9447e02fbc12584ce0989c53f47d03fe69fde7177e617dca5105
[INFO] running `Command { std: "docker" "create" "-v" "/var/lib/crater-agent-workspace/builds/worker-3-tc1/target:/opt/rustwide/target:rw,Z" "-v" "/var/lib/crater-agent-workspace/builds/worker-3-tc1/source:/opt/rustwide/workdir:ro,Z" "-v" "/var/lib/crater-agent-workspace/cargo-home:/opt/rustwide/cargo-home:ro,Z" "-v" "/var/lib/crater-agent-workspace/rustup-home:/opt/rustwide/rustup-home:ro,Z" "-e" "SOURCE_DIR=/opt/rustwide/workdir" "-e" "CARGO_TARGET_DIR=/opt/rustwide/target" "-e" "CARGO_INCREMENTAL=0" "-e" "RUST_BACKTRACE=full" "-e" "RUSTFLAGS=--cap-lints=warn" "-e" "RUSTDOCFLAGS=--cap-lints=warn" "-e" "CARGO_HOME=/opt/rustwide/cargo-home" "-e" "RUSTUP_HOME=/opt/rustwide/rustup-home" "-w" "/opt/rustwide/workdir" "-m" "1610612736" "--user" "0:0" "--network" "none" "ghcr.io/rust-lang/crates-build-env/linux@sha256:5ff2268d62e97bff2cde7d5815dd6ed5b47097566f13b8d0ca110b04b60e07ed" "/opt/rustwide/cargo-home/bin/cargo" "+1.69.0" "build" "--frozen" "--message-format=json", kill_on_drop: false }`
[INFO] [stdout] 5d69a6abed05c2042b7215ec29e39cf5a75bbcc6eaa6aab471845c491402cdca
[INFO] running `Command { std: "docker" "start" "-a" "5d69a6abed05c2042b7215ec29e39cf5a75bbcc6eaa6aab471845c491402cdca", kill_on_drop: false }`
[INFO] [stderr]    Compiling proc-macro2 v1.0.56
[INFO] [stderr]    Compiling libc v0.2.142
[INFO] [stderr]    Compiling cc v1.0.79
[INFO] [stderr]    Compiling smallvec v1.10.0
[INFO] [stderr]    Compiling tokio v1.28.0
[INFO] [stderr]    Compiling pkg-config v0.3.26
[INFO] [stderr]    Compiling futures-sink v0.3.28
[INFO] [stderr]    Compiling futures-task v0.3.28
[INFO] [stderr]    Compiling typenum v1.16.0
[INFO] [stderr]    Compiling generic-array v0.14.7
[INFO] [stderr]    Compiling futures-util v0.3.28
[INFO] [stderr]    Compiling untrusted v0.7.1
[INFO] [stderr]    Compiling serde v1.0.160
[INFO] [stderr]    Compiling tinyvec_macros v0.1.1
[INFO] [stderr]    Compiling spin v0.5.2
[INFO] [stderr]    Compiling foreign-types-shared v0.1.1
[INFO] [stderr]    Compiling openssl-probe v0.1.5
[INFO] [stderr]    Compiling openssl v0.10.52
[INFO] [stderr]    Compiling tinyvec v1.6.0
[INFO] [stderr]    Compiling percent-encoding v2.2.0
[INFO] [stderr]    Compiling futures-channel v0.3.28
[INFO] [stderr]    Compiling syn v1.0.109
[INFO] [stderr]    Compiling foreign-types v0.3.2
[INFO] [stderr]    Compiling form_urlencoded v1.1.0
[INFO] [stderr]    Compiling num-traits v0.2.15
[INFO] [stderr]    Compiling bitflags v1.3.2
[INFO] [stderr]    Compiling hashbrown v0.12.3
[INFO] [stderr]    Compiling strsim v0.10.0
[INFO] [stderr]    Compiling native-tls v0.2.11
[INFO] [stderr]    Compiling ident_case v1.0.1
[INFO] [stderr]    Compiling unicode-bidi v0.3.13
[INFO] [stderr]    Compiling rustls v0.20.8
[INFO] [stderr]    Compiling num-integer v0.1.45
[INFO] [stderr]    Compiling ppv-lite86 v0.2.17
[INFO] [stderr]    Compiling base64 v0.21.0
[INFO] [stderr]    Compiling indexmap v1.9.3
[INFO] [stderr]    Compiling quote v1.0.26
[INFO] [stderr]    Compiling ryu v1.0.13
[INFO] [stderr]    Compiling serde_json v1.0.96
[INFO] [stderr]    Compiling unicode-normalization v0.1.22
[INFO] [stderr]    Compiling cpufeatures v0.2.7
[INFO] [stderr]    Compiling syn v2.0.15
[INFO] [stderr]    Compiling gcc v0.3.55
[INFO] [stderr]    Compiling rustls-pemfile v1.0.2
[INFO] [stderr]    Compiling iana-time-zone v0.1.56
[INFO] [stderr]    Compiling ring v0.16.20
[INFO] [stderr]    Compiling openssl-sys v0.9.87
[INFO] [stderr]    Compiling anyhow v1.0.71
[INFO] [stderr]    Compiling base64 v0.13.1
[INFO] [stderr]    Compiling heck v0.4.1
[INFO] [stderr]    Compiling idna v0.3.0
[INFO] [stderr]    Compiling utf-8 v0.7.6
[INFO] [stderr]    Compiling byteorder v1.4.3
[INFO] [stderr]    Compiling rustls-native-certs v0.6.2
[INFO] [stderr]    Compiling encoding_rs v0.8.32
[INFO] [stderr]    Compiling convert_case v0.4.0
[INFO] [stderr]    Compiling futures-io v0.3.28
[INFO] [stderr]    Compiling parking_lot_core v0.9.7
[INFO] [stderr]    Compiling socket2 v0.4.9
[INFO] [stderr]    Compiling num_cpus v1.15.0
[INFO] [stderr]    Compiling signal-hook-registry v1.4.1
[INFO] [stderr]    Compiling mio v0.8.6
[INFO] [stderr]    Compiling parking_lot v0.12.1
[INFO] [stderr]    Compiling getrandom v0.2.9
[INFO] [stderr]    Compiling crypto-common v0.1.6
[INFO] [stderr]    Compiling block-buffer v0.10.4
[INFO] [stderr]    Compiling url v2.3.1
[INFO] [stderr]    Compiling rand_core v0.6.4
[INFO] [stderr]    Compiling digest v0.10.6
[INFO] [stderr]    Compiling rust-crypto v0.2.36
[INFO] [stderr]    Compiling rand v0.4.6
[INFO] [stderr]    Compiling time v0.1.45
[INFO] [stderr]    Compiling rand_chacha v0.3.1
[INFO] [stderr]    Compiling sha1 v0.10.5
[INFO] [stderr]    Compiling ipnet v2.7.2
[INFO] [stderr]    Compiling rustc-serialize v0.3.24
[INFO] [stderr]    Compiling rand v0.8.5
[INFO] [stderr]    Compiling futures v0.3.28
[INFO] [stderr]    Compiling hex v0.4.3
[INFO] [stderr]    Compiling rand v0.3.23
[INFO] [stderr]    Compiling darling_core v0.20.0
[INFO] [stderr]    Compiling sct v0.7.0
[INFO] [stderr]    Compiling webpki v0.22.0
[INFO] [stderr]    Compiling tokio-macros v2.1.0
[INFO] [stderr]    Compiling serde_derive v1.0.160
[INFO] [stderr]    Compiling openssl-macros v0.1.1
[INFO] [stderr]    Compiling thiserror-impl v1.0.40
[INFO] [stderr]    Compiling strum_macros v0.24.3
[INFO] [stderr]    Compiling typed-builder v0.14.0
[INFO] [stderr]    Compiling derive_more v0.99.17
[INFO] [stderr]    Compiling thiserror v1.0.40
[INFO] [stderr]    Compiling darling_macro v0.20.0
[INFO] [stderr]    Compiling tungstenite v0.18.0
[INFO] [stderr]    Compiling strum v0.24.1
[INFO] [stderr]    Compiling darling v0.20.0
[INFO] [stderr]    Compiling serde_with_macros v2.3.3
[INFO] [stderr]    Compiling tokio-util v0.7.8
[INFO] [stderr]    Compiling tokio-native-tls v0.3.1
[INFO] [stderr]    Compiling tokio-rustls v0.23.4
[INFO] [stderr]    Compiling tokio-stream v0.1.14
[INFO] [stderr]    Compiling tokio-tungstenite v0.18.0
[INFO] [stderr]    Compiling h2 v0.3.18
[INFO] [stderr]    Compiling chrono v0.4.24
[INFO] [stderr]    Compiling serde_urlencoded v0.7.1
[INFO] [stderr]    Compiling serde_with v2.3.3
[INFO] [stderr]    Compiling hyper v0.14.26
[INFO] [stderr]    Compiling hyper-tls v0.5.0
[INFO] [stderr]    Compiling reqwest v0.11.17
[INFO] [stderr]    Compiling bitbank-api v0.5.1 (/opt/rustwide/workdir)
[INFO] [stdout] warning: structure field `sequenceId` should have a snake case name
[INFO] [stdout]   --> src/stream/depth_whole.rs:14:5
[INFO] [stdout]    |
[INFO] [stdout] 14 |     sequenceId: u64,
[INFO] [stdout]    |     ^^^^^^^^^^ help: convert the identifier to snake case: `sequence_id`
[INFO] [stdout]    |
[INFO] [stdout]    = note: `#[warn(non_snake_case)]` on by default
[INFO] [stdout] 
[INFO] [stdout] 
[INFO] [stdout] warning: 1 warning emitted
[INFO] [stdout] 
[INFO] [stdout] 
[INFO] [stderr]     Finished dev [unoptimized + debuginfo] target(s) in 31.60s
[INFO] [stderr] warning: the following packages contain code that will be rejected by a future version of Rust: rustc-serialize v0.3.24
[INFO] [stderr]     Blocking waiting for file lock on package cache
[INFO] [stderr] note: to see what the problems were, use the option `--future-incompat-report`, or run `cargo report future-incompatibilities --id 1`
[INFO] running `Command { std: "docker" "inspect" "5d69a6abed05c2042b7215ec29e39cf5a75bbcc6eaa6aab471845c491402cdca", kill_on_drop: false }`
[INFO] running `Command { std: "docker" "rm" "-f" "5d69a6abed05c2042b7215ec29e39cf5a75bbcc6eaa6aab471845c491402cdca", kill_on_drop: false }`
[INFO] [stdout] 5d69a6abed05c2042b7215ec29e39cf5a75bbcc6eaa6aab471845c491402cdca
[INFO] running `Command { std: "docker" "create" "-v" "/var/lib/crater-agent-workspace/builds/worker-3-tc1/target:/opt/rustwide/target:rw,Z" "-v" "/var/lib/crater-agent-workspace/builds/worker-3-tc1/source:/opt/rustwide/workdir:ro,Z" "-v" "/var/lib/crater-agent-workspace/cargo-home:/opt/rustwide/cargo-home:ro,Z" "-v" "/var/lib/crater-agent-workspace/rustup-home:/opt/rustwide/rustup-home:ro,Z" "-e" "SOURCE_DIR=/opt/rustwide/workdir" "-e" "CARGO_TARGET_DIR=/opt/rustwide/target" "-e" "CARGO_INCREMENTAL=0" "-e" "RUST_BACKTRACE=full" "-e" "RUSTFLAGS=--cap-lints=warn" "-e" "RUSTDOCFLAGS=--cap-lints=warn" "-e" "CARGO_HOME=/opt/rustwide/cargo-home" "-e" "RUSTUP_HOME=/opt/rustwide/rustup-home" "-w" "/opt/rustwide/workdir" "-m" "1610612736" "--user" "0:0" "--network" "none" "ghcr.io/rust-lang/crates-build-env/linux@sha256:5ff2268d62e97bff2cde7d5815dd6ed5b47097566f13b8d0ca110b04b60e07ed" "/opt/rustwide/cargo-home/bin/cargo" "+1.69.0" "test" "--frozen" "--no-run" "--message-format=json", kill_on_drop: false }`
[INFO] [stdout] a8e8dff93b28f50017ba57536a00acf0bd1b39171bc58de6305335a48d5c3695
[INFO] running `Command { std: "docker" "start" "-a" "a8e8dff93b28f50017ba57536a00acf0bd1b39171bc58de6305335a48d5c3695", kill_on_drop: false }`
[INFO] [stderr]    Compiling bitbank-api v0.5.1 (/opt/rustwide/workdir)
[INFO] [stdout] warning: structure field `sequenceId` should have a snake case name
[INFO] [stdout]   --> src/stream/depth_whole.rs:14:5
[INFO] [stdout]    |
[INFO] [stdout] 14 |     sequenceId: u64,
[INFO] [stdout]    |     ^^^^^^^^^^ help: convert the identifier to snake case: `sequence_id`
[INFO] [stdout]    |
[INFO] [stdout]    = note: `#[warn(non_snake_case)]` on by default
[INFO] [stdout] 
[INFO] [stdout] 
[INFO] [stdout] warning: 1 warning emitted
[INFO] [stdout] 
[INFO] [stdout] 
[INFO] [stdout] warning: unused variable: `x`
[INFO] [stdout]   --> src/stream/transactions.rs:37:24
[INFO] [stdout]    |
[INFO] [stdout] 37 |         while let Some(x) = st.next().await {
[INFO] [stdout]    |                        ^ help: if this is intentional, prefix it with an underscore: `_x`
[INFO] [stdout]    |
[INFO] [stdout]    = note: `#[warn(unused_variables)]` on by default
[INFO] [stdout] 
[INFO] [stdout] 
[INFO] [stdout] warning: structure field `sequenceId` should have a snake case name
[INFO] [stdout]   --> src/stream/depth_whole.rs:14:5
[INFO] [stdout]    |
[INFO] [stdout] 14 |     sequenceId: u64,
[INFO] [stdout]    |     ^^^^^^^^^^ help: convert the identifier to snake case: `sequence_id`
[INFO] [stdout]    |
[INFO] [stdout]    = note: `#[warn(non_snake_case)]` on by default
[INFO] [stdout] 
[INFO] [stdout] 
[INFO] [stdout] warning: 2 warnings emitted
[INFO] [stdout] 
[INFO] [stdout] 
[INFO] [stderr]     Finished test [unoptimized + debuginfo] target(s) in 9.86s
[INFO] [stderr] warning: the following packages contain code that will be rejected by a future version of Rust: rustc-serialize v0.3.24
[INFO] [stderr] note: to see what the problems were, use the option `--future-incompat-report`, or run `cargo report future-incompatibilities --id 1`
[INFO] running `Command { std: "docker" "inspect" "a8e8dff93b28f50017ba57536a00acf0bd1b39171bc58de6305335a48d5c3695", kill_on_drop: false }`
[INFO] running `Command { std: "docker" "rm" "-f" "a8e8dff93b28f50017ba57536a00acf0bd1b39171bc58de6305335a48d5c3695", kill_on_drop: false }`
[INFO] [stdout] a8e8dff93b28f50017ba57536a00acf0bd1b39171bc58de6305335a48d5c3695
[INFO] running `Command { std: "docker" "create" "-v" "/var/lib/crater-agent-workspace/builds/worker-3-tc1/target:/opt/rustwide/target:rw,Z" "-v" "/var/lib/crater-agent-workspace/builds/worker-3-tc1/source:/opt/rustwide/workdir:ro,Z" "-v" "/var/lib/crater-agent-workspace/cargo-home:/opt/rustwide/cargo-home:ro,Z" "-v" "/var/lib/crater-agent-workspace/rustup-home:/opt/rustwide/rustup-home:ro,Z" "-e" "SOURCE_DIR=/opt/rustwide/workdir" "-e" "CARGO_TARGET_DIR=/opt/rustwide/target" "-e" "CARGO_INCREMENTAL=0" "-e" "RUST_BACKTRACE=full" "-e" "RUSTFLAGS=--cap-lints=warn" "-e" "RUSTDOCFLAGS=--cap-lints=warn" "-e" "CARGO_HOME=/opt/rustwide/cargo-home" "-e" "RUSTUP_HOME=/opt/rustwide/rustup-home" "-w" "/opt/rustwide/workdir" "-m" "1610612736" "--user" "0:0" "--network" "none" "ghcr.io/rust-lang/crates-build-env/linux@sha256:5ff2268d62e97bff2cde7d5815dd6ed5b47097566f13b8d0ca110b04b60e07ed" "/opt/rustwide/cargo-home/bin/cargo" "+1.69.0" "test" "--frozen", kill_on_drop: false }`
[INFO] [stdout] 51d4bb95cd524812323d3511d25201713f122c93b68f91d002c4336a82006715
[INFO] running `Command { std: "docker" "start" "-a" "51d4bb95cd524812323d3511d25201713f122c93b68f91d002c4336a82006715", kill_on_drop: false }`
[INFO] [stderr] warning: structure field `sequenceId` should have a snake case name
[INFO] [stderr]   --> src/stream/depth_whole.rs:14:5
[INFO] [stderr]    |
[INFO] [stderr] 14 |     sequenceId: u64,
[INFO] [stderr]    |     ^^^^^^^^^^ help: convert the identifier to snake case: `sequence_id`
[INFO] [stderr]    |
[INFO] [stderr]    = note: `#[warn(non_snake_case)]` on by default
[INFO] [stderr] 
[INFO] [stderr] warning: unused variable: `x`
[INFO] [stderr]   --> src/stream/transactions.rs:37:24
[INFO] [stderr]    |
[INFO] [stderr] 37 |         while let Some(x) = st.next().await {
[INFO] [stderr]    |                        ^ help: if this is intentional, prefix it with an underscore: `_x`
[INFO] [stderr]    |
[INFO] [stderr]    = note: `#[warn(unused_variables)]` on by default
[INFO] [stderr] 
[INFO] [stderr] warning: `bitbank-api` (lib) generated 1 warning
[INFO] [stderr] warning: `bitbank-api` (lib test) generated 2 warnings (1 duplicate) (run `cargo fix --lib -p bitbank-api --tests` to apply 1 suggestion)
[INFO] [stderr]     Finished test [unoptimized + debuginfo] target(s) in 0.31s
[INFO] [stderr] warning: the following packages contain code that will be rejected by a future version of Rust: rustc-serialize v0.3.24
[INFO] [stderr] note: to see what the problems were, use the option `--future-incompat-report`, or run `cargo report future-incompatibilities --id 1`
[INFO] [stderr]      Running unittests src/lib.rs (/opt/rustwide/target/debug/deps/bitbank_api-82093bb48bba1e11)
[INFO] [stdout] 
[INFO] [stdout] running 22 tests
[INFO] [stdout] test private::assets::tests::test_withdrawal_deser ... ok
[INFO] [stdout] test private::deposit_history::tests::test_params ... ok
[INFO] [stdout] test private::create_order::tests::test_params ... ok
[INFO] [stdout] test private::trade_history::tests::test_params ... ok
[INFO] [stdout] test private::auth::tests::test ... ok
[INFO] [stdout] test private::fetch_active_orders::tests::test_params ... ok
[INFO] [stdout] test public::candlestick::tests::test_path ... ok
[INFO] [stdout] test private::trade_history::tests::test_serde ... ok
[INFO] [stdout] test stream::depth_diff::tests::test ... FAILED
[INFO] [stdout] test stream::ticker::tests::test ... FAILED
[INFO] [stdout] test stream::depth_whole::tests::test ... FAILED
[INFO] [stdout] test stream::transactions::tests::test ... FAILED
[INFO] [stdout] test public::depth::tests::test_depth ... FAILED
[INFO] [stdout] test public::ticker::tests::test ... FAILED
[INFO] [stdout] test public::pairs::tests::test_pairs ... FAILED
[INFO] [stdout] test public::transactions::tests::test_transactions_no_date ... FAILED
[INFO] [stdout] test public::transactions::tests::test_transactions ... FAILED
[INFO] [stdout] test private::tests::test_url_parse ... ok
[INFO] [stdout] test public::tickers::tests::test ... FAILED
[INFO] [stdout] test public::candlestick::tests::test_candlestick_yyyymmdd ... FAILED
[INFO] [stdout] test public::candlestick::tests::test_candlestick_yyyy ... FAILED
[INFO] [stdout] test public::exchange_status::tests::test_exchange_status ... FAILED
[INFO] [stdout] 
[INFO] [stdout] failures:
[INFO] [stdout] 
[INFO] [stdout] ---- stream::depth_diff::tests::test stdout ----
[INFO] [stdout] Error: IO error: failed to lookup address information: Temporary failure in name resolution
[INFO] [stdout] 
[INFO] [stdout] Caused by:
[INFO] [stdout]     failed to lookup address information: Temporary failure in name resolution
[INFO] [stdout] 
[INFO] [stdout] ---- stream::ticker::tests::test stdout ----
[INFO] [stdout] Error: IO error: failed to lookup address information: Temporary failure in name resolution
[INFO] [stdout] 
[INFO] [stdout] Caused by:
[INFO] [stdout]     failed to lookup address information: Temporary failure in name resolution
[INFO] [stdout] 
[INFO] [stdout] ---- stream::depth_whole::tests::test stdout ----
[INFO] [stdout] Error: IO error: failed to lookup address information: Temporary failure in name resolution
[INFO] [stdout] 
[INFO] [stdout] Caused by:
[INFO] [stdout]     failed to lookup address information: Temporary failure in name resolution
[INFO] [stdout] 
[INFO] [stdout] ---- stream::transactions::tests::test stdout ----
[INFO] [stdout] Error: IO error: failed to lookup address information: Temporary failure in name resolution
[INFO] [stdout] 
[INFO] [stdout] Caused by:
[INFO] [stdout]     failed to lookup address information: Temporary failure in name resolution
[INFO] [stdout] 
[INFO] [stdout] ---- public::depth::tests::test_depth stdout ----
[INFO] [stdout] Error: error sending request for url (https://public.bitbank.cc/xrp_jpy/depth): error trying to connect: dns error: failed to lookup address information: Temporary failure in name resolution
[INFO] [stdout] 
[INFO] [stdout] Caused by:
[INFO] [stdout]     0: error trying to connect: dns error: failed to lookup address information: Temporary failure in name resolution
[INFO] [stdout]     1: dns error: failed to lookup address information: Temporary failure in name resolution
[INFO] [stdout]     2: failed to lookup address information: Temporary failure in name resolution
[INFO] [stdout] 
[INFO] [stdout] ---- public::ticker::tests::test stdout ----
[INFO] [stdout] Error: error sending request for url (https://public.bitbank.cc/xrp_jpy/ticker): error trying to connect: dns error: failed to lookup address information: Temporary failure in name resolution
[INFO] [stdout] 
[INFO] [stdout] Caused by:
[INFO] [stdout]     0: error trying to connect: dns error: failed to lookup address information: Temporary failure in name resolution
[INFO] [stdout]     1: dns error: failed to lookup address information: Temporary failure in name resolution
[INFO] [stdout]     2: failed to lookup address information: Temporary failure in name resolution
[INFO] [stdout] 
[INFO] [stdout] ---- public::pairs::tests::test_pairs stdout ----
[INFO] [stdout] Error: error sending request for url (https://api.bitbank.cc/v1/spot/pairs): error trying to connect: dns error: failed to lookup address information: Temporary failure in name resolution
[INFO] [stdout] 
[INFO] [stdout] Caused by:
[INFO] [stdout]     0: error trying to connect: dns error: failed to lookup address information: Temporary failure in name resolution
[INFO] [stdout]     1: dns error: failed to lookup address information: Temporary failure in name resolution
[INFO] [stdout]     2: failed to lookup address information: Temporary failure in name resolution
[INFO] [stdout] 
[INFO] [stdout] ---- public::transactions::tests::test_transactions_no_date stdout ----
[INFO] [stdout] Error: error sending request for url (https://public.bitbank.cc/xrp_jpy/transactions): error trying to connect: dns error: failed to lookup address information: Temporary failure in name resolution
[INFO] [stdout] 
[INFO] [stdout] Caused by:
[INFO] [stdout]     0: error trying to connect: dns error: failed to lookup address information: Temporary failure in name resolution
[INFO] [stdout]     1: dns error: failed to lookup address information: Temporary failure in name resolution
[INFO] [stdout]     2: failed to lookup address information: Temporary failure in name resolution
[INFO] [stdout] 
[INFO] [stdout] ---- public::transactions::tests::test_transactions stdout ----
[INFO] [stdout] Error: error sending request for url (https://public.bitbank.cc/xrp_jpy/transactions/20221225): error trying to connect: dns error: failed to lookup address information: Temporary failure in name resolution
[INFO] [stdout] 
[INFO] [stdout] Caused by:
[INFO] [stdout]     0: error trying to connect: dns error: failed to lookup address information: Temporary failure in name resolution
[INFO] [stdout]     1: dns error: failed to lookup address information: Temporary failure in name resolution
[INFO] [stdout]     2: failed to lookup address information: Temporary failure in name resolution
[INFO] [stdout] 
[INFO] [stdout] ---- public::tickers::tests::test stdout ----
[INFO] [stdout] Error: error sending request for url (https://public.bitbank.cc/tickers): error trying to connect: dns error: failed to lookup address information: Temporary failure in name resolution
[INFO] [stdout] 
[INFO] [stdout] Caused by:
[INFO] [stdout]     0: error trying to connect: dns error: failed to lookup address information: Temporary failure in name resolution
[INFO] [stdout]     1: dns error: failed to lookup address information: Temporary failure in name resolution
[INFO] [stdout]     2: failed to lookup address information: Temporary failure in name resolution
[INFO] [stdout] 
[INFO] [stdout] ---- public::candlestick::tests::test_candlestick_yyyymmdd stdout ----
[INFO] [stdout] Error: error sending request for url (https://public.bitbank.cc/xrp_jpy/candlestick/15min/20221225): error trying to connect: dns error: failed to lookup address information: Temporary failure in name resolution
[INFO] [stdout] 
[INFO] [stdout] Caused by:
[INFO] [stdout]     0: error trying to connect: dns error: failed to lookup address information: Temporary failure in name resolution
[INFO] [stdout]     1: dns error: failed to lookup address information: Temporary failure in name resolution
[INFO] [stdout]     2: failed to lookup address information: Temporary failure in name resolution
[INFO] [stdout] 
[INFO] [stdout] ---- public::candlestick::tests::test_candlestick_yyyy stdout ----
[INFO] [stdout] Error: error sending request for url (https://public.bitbank.cc/xrp_jpy/candlestick/1month/2022): error trying to connect: dns error: failed to lookup address information: Temporary failure in name resolution
[INFO] [stdout] 
[INFO] [stdout] Caused by:
[INFO] [stdout]     0: error trying to connect: dns error: failed to lookup address information: Temporary failure in name resolution
[INFO] [stdout]     1: dns error: failed to lookup address information: Temporary failure in name resolution
[INFO] [stdout]     2: failed to lookup address information: Temporary failure in name resolution
[INFO] [stdout] 
[INFO] [stdout] ---- public::exchange_status::tests::test_exchange_status stdout ----
[INFO] [stdout] Error: error sending request for url (https://api.bitbank.cc/v1/spot/status): error trying to connect: dns error: failed to lookup address information: Temporary failure in name resolution
[INFO] [stdout] 
[INFO] [stdout] Caused by:
[INFO] [stdout]     0: error trying to connect: dns error: failed to lookup address information: Temporary failure in name resolution
[INFO] [stdout]     1: dns error: failed to lookup address information: Temporary failure in name resolution
[INFO] [stdout]     2: failed to lookup address information: Temporary failure in name resolution
[INFO] [stdout] 
[INFO] [stdout] 
[INFO] [stdout] failures:
[INFO] [stdout]     public::candlestick::tests::test_candlestick_yyyy
[INFO] [stdout]     public::candlestick::tests::test_candlestick_yyyymmdd
[INFO] [stdout]     public::depth::tests::test_depth
[INFO] [stdout]     public::exchange_status::tests::test_exchange_status
[INFO] [stdout]     public::pairs::tests::test_pairs
[INFO] [stdout]     public::ticker::tests::test
[INFO] [stdout]     public::tickers::tests::test
[INFO] [stdout]     public::transactions::tests::test_transactions
[INFO] [stdout]     public::transactions::tests::test_transactions_no_date
[INFO] [stdout]     stream::depth_diff::tests::test
[INFO] [stdout]     stream::depth_whole::tests::test
[INFO] [stdout]     stream::ticker::tests::test
[INFO] [stdout]     stream::transactions::tests::test
[INFO] [stdout] 
[INFO] [stdout] test result: FAILED. 9 passed; 13 failed; 0 ignored; 0 measured; 0 filtered out; finished in 1.27s
[INFO] [stdout] 
[INFO] [stderr] error: test failed, to rerun pass `--lib`
[INFO] running `Command { std: "docker" "inspect" "51d4bb95cd524812323d3511d25201713f122c93b68f91d002c4336a82006715", kill_on_drop: false }`
[INFO] running `Command { std: "docker" "rm" "-f" "51d4bb95cd524812323d3511d25201713f122c93b68f91d002c4336a82006715", kill_on_drop: false }`
[INFO] [stdout] 51d4bb95cd524812323d3511d25201713f122c93b68f91d002c4336a82006715
