[INFO] fetching crate bird-machine 0.0.1...
[INFO] testing bird-machine-0.0.1 against 1.69.0 for beta-1.70-1
[INFO] extracting crate bird-machine 0.0.1 into /workspace/builds/worker-7-tc1/source
[INFO] validating manifest of crates.io crate bird-machine 0.0.1 on toolchain 1.69.0
[INFO] running `Command { std: CARGO_HOME="/workspace/cargo-home" RUSTUP_HOME="/workspace/rustup-home" "/workspace/cargo-home/bin/cargo" "+1.69.0" "metadata" "--manifest-path" "Cargo.toml" "--no-deps", kill_on_drop: false }`
[INFO] started tweaking crates.io crate bird-machine 0.0.1
[INFO] finished tweaking crates.io crate bird-machine 0.0.1
[INFO] tweaked toml for crates.io crate bird-machine 0.0.1 written to /workspace/builds/worker-7-tc1/source/Cargo.toml
[INFO] running `Command { std: CARGO_HOME="/workspace/cargo-home" RUSTUP_HOME="/workspace/rustup-home" __CARGO_TEST_CHANNEL_OVERRIDE_DO_NOT_USE_THIS="nightly" "/workspace/cargo-home/bin/cargo" "+1.69.0" "generate-lockfile" "--manifest-path" "Cargo.toml" "-Zno-index-update", kill_on_drop: false }`
[INFO] running `Command { std: CARGO_HOME="/workspace/cargo-home" RUSTUP_HOME="/workspace/rustup-home" "/workspace/cargo-home/bin/cargo" "+1.69.0" "fetch" "--manifest-path" "Cargo.toml", kill_on_drop: false }`
[INFO] [stderr]  Downloading crates ...
[INFO] [stderr]   Downloaded bird-machine-macros v0.0.1
[INFO] running `Command { std: "docker" "create" "-v" "/var/lib/crater-agent-workspace/builds/worker-7-tc1/target:/opt/rustwide/target:rw,Z" "-v" "/var/lib/crater-agent-workspace/builds/worker-7-tc1/source:/opt/rustwide/workdir:ro,Z" "-v" "/var/lib/crater-agent-workspace/cargo-home:/opt/rustwide/cargo-home:ro,Z" "-v" "/var/lib/crater-agent-workspace/rustup-home:/opt/rustwide/rustup-home:ro,Z" "-e" "SOURCE_DIR=/opt/rustwide/workdir" "-e" "CARGO_TARGET_DIR=/opt/rustwide/target" "-e" "CARGO_HOME=/opt/rustwide/cargo-home" "-e" "RUSTUP_HOME=/opt/rustwide/rustup-home" "-w" "/opt/rustwide/workdir" "-m" "1610612736" "--user" "0:0" "--network" "none" "ghcr.io/rust-lang/crates-build-env/linux@sha256:5ff2268d62e97bff2cde7d5815dd6ed5b47097566f13b8d0ca110b04b60e07ed" "/opt/rustwide/cargo-home/bin/cargo" "+1.69.0" "metadata" "--no-deps" "--format-version=1", kill_on_drop: false }`
[INFO] [stdout] f8cf5636711e45ce4313ad8c3e8fe9c2a6aca8b1a70e01f284a3fc349ba4f3ed
[INFO] running `Command { std: "docker" "start" "-a" "f8cf5636711e45ce4313ad8c3e8fe9c2a6aca8b1a70e01f284a3fc349ba4f3ed", kill_on_drop: false }`
[INFO] running `Command { std: "docker" "inspect" "f8cf5636711e45ce4313ad8c3e8fe9c2a6aca8b1a70e01f284a3fc349ba4f3ed", kill_on_drop: false }`
[INFO] running `Command { std: "docker" "rm" "-f" "f8cf5636711e45ce4313ad8c3e8fe9c2a6aca8b1a70e01f284a3fc349ba4f3ed", kill_on_drop: false }`
[INFO] [stdout] f8cf5636711e45ce4313ad8c3e8fe9c2a6aca8b1a70e01f284a3fc349ba4f3ed
[INFO] running `Command { std: "docker" "create" "-v" "/var/lib/crater-agent-workspace/builds/worker-7-tc1/target:/opt/rustwide/target:rw,Z" "-v" "/var/lib/crater-agent-workspace/builds/worker-7-tc1/source:/opt/rustwide/workdir:ro,Z" "-v" "/var/lib/crater-agent-workspace/cargo-home:/opt/rustwide/cargo-home:ro,Z" "-v" "/var/lib/crater-agent-workspace/rustup-home:/opt/rustwide/rustup-home:ro,Z" "-e" "SOURCE_DIR=/opt/rustwide/workdir" "-e" "CARGO_TARGET_DIR=/opt/rustwide/target" "-e" "CARGO_INCREMENTAL=0" "-e" "RUST_BACKTRACE=full" "-e" "RUSTFLAGS=--cap-lints=warn" "-e" "RUSTDOCFLAGS=--cap-lints=warn" "-e" "CARGO_HOME=/opt/rustwide/cargo-home" "-e" "RUSTUP_HOME=/opt/rustwide/rustup-home" "-w" "/opt/rustwide/workdir" "-m" "1610612736" "--user" "0:0" "--network" "none" "ghcr.io/rust-lang/crates-build-env/linux@sha256:5ff2268d62e97bff2cde7d5815dd6ed5b47097566f13b8d0ca110b04b60e07ed" "/opt/rustwide/cargo-home/bin/cargo" "+1.69.0" "build" "--frozen" "--message-format=json", kill_on_drop: false }`
[INFO] [stdout] a721d14c34ae5e601c883e26ac5267253201506edc87e4e96782c58383607c7a
[INFO] running `Command { std: "docker" "start" "-a" "a721d14c34ae5e601c883e26ac5267253201506edc87e4e96782c58383607c7a", kill_on_drop: false }`
[INFO] [stderr]    Compiling syn v1.0.109
[INFO] [stderr]    Compiling regex-syntax v0.6.29
[INFO] [stderr]    Compiling bird-machine-macros v0.0.1
[INFO] [stderr]    Compiling bird-machine v0.0.1 (/opt/rustwide/workdir)
[INFO] [stderr]     Finished dev [unoptimized + debuginfo] target(s) in 9.94s
[INFO] running `Command { std: "docker" "inspect" "a721d14c34ae5e601c883e26ac5267253201506edc87e4e96782c58383607c7a", kill_on_drop: false }`
[INFO] running `Command { std: "docker" "rm" "-f" "a721d14c34ae5e601c883e26ac5267253201506edc87e4e96782c58383607c7a", kill_on_drop: false }`
[INFO] [stdout] a721d14c34ae5e601c883e26ac5267253201506edc87e4e96782c58383607c7a
[INFO] running `Command { std: "docker" "create" "-v" "/var/lib/crater-agent-workspace/builds/worker-7-tc1/target:/opt/rustwide/target:rw,Z" "-v" "/var/lib/crater-agent-workspace/builds/worker-7-tc1/source:/opt/rustwide/workdir:ro,Z" "-v" "/var/lib/crater-agent-workspace/cargo-home:/opt/rustwide/cargo-home:ro,Z" "-v" "/var/lib/crater-agent-workspace/rustup-home:/opt/rustwide/rustup-home:ro,Z" "-e" "SOURCE_DIR=/opt/rustwide/workdir" "-e" "CARGO_TARGET_DIR=/opt/rustwide/target" "-e" "CARGO_INCREMENTAL=0" "-e" "RUST_BACKTRACE=full" "-e" "RUSTFLAGS=--cap-lints=warn" "-e" "RUSTDOCFLAGS=--cap-lints=warn" "-e" "CARGO_HOME=/opt/rustwide/cargo-home" "-e" "RUSTUP_HOME=/opt/rustwide/rustup-home" "-w" "/opt/rustwide/workdir" "-m" "1610612736" "--user" "0:0" "--network" "none" "ghcr.io/rust-lang/crates-build-env/linux@sha256:5ff2268d62e97bff2cde7d5815dd6ed5b47097566f13b8d0ca110b04b60e07ed" "/opt/rustwide/cargo-home/bin/cargo" "+1.69.0" "test" "--frozen" "--no-run" "--message-format=json", kill_on_drop: false }`
[INFO] [stdout] 1287fbbcee676f13df1a05f017fc3c52e408a1fada45a6be51e69815ff3e7ed4
[INFO] running `Command { std: "docker" "start" "-a" "1287fbbcee676f13df1a05f017fc3c52e408a1fada45a6be51e69815ff3e7ed4", kill_on_drop: false }`
[INFO] [stderr]    Compiling bird-machine v0.0.1 (/opt/rustwide/workdir)
[INFO] [stderr]     Finished test [unoptimized + debuginfo] target(s) in 0.52s
[INFO] running `Command { std: "docker" "inspect" "1287fbbcee676f13df1a05f017fc3c52e408a1fada45a6be51e69815ff3e7ed4", kill_on_drop: false }`
[INFO] running `Command { std: "docker" "rm" "-f" "1287fbbcee676f13df1a05f017fc3c52e408a1fada45a6be51e69815ff3e7ed4", kill_on_drop: false }`
[INFO] [stdout] 1287fbbcee676f13df1a05f017fc3c52e408a1fada45a6be51e69815ff3e7ed4
[INFO] running `Command { std: "docker" "create" "-v" "/var/lib/crater-agent-workspace/builds/worker-7-tc1/target:/opt/rustwide/target:rw,Z" "-v" "/var/lib/crater-agent-workspace/builds/worker-7-tc1/source:/opt/rustwide/workdir:ro,Z" "-v" "/var/lib/crater-agent-workspace/cargo-home:/opt/rustwide/cargo-home:ro,Z" "-v" "/var/lib/crater-agent-workspace/rustup-home:/opt/rustwide/rustup-home:ro,Z" "-e" "SOURCE_DIR=/opt/rustwide/workdir" "-e" "CARGO_TARGET_DIR=/opt/rustwide/target" "-e" "CARGO_INCREMENTAL=0" "-e" "RUST_BACKTRACE=full" "-e" "RUSTFLAGS=--cap-lints=warn" "-e" "RUSTDOCFLAGS=--cap-lints=warn" "-e" "CARGO_HOME=/opt/rustwide/cargo-home" "-e" "RUSTUP_HOME=/opt/rustwide/rustup-home" "-w" "/opt/rustwide/workdir" "-m" "1610612736" "--user" "0:0" "--network" "none" "ghcr.io/rust-lang/crates-build-env/linux@sha256:5ff2268d62e97bff2cde7d5815dd6ed5b47097566f13b8d0ca110b04b60e07ed" "/opt/rustwide/cargo-home/bin/cargo" "+1.69.0" "test" "--frozen", kill_on_drop: false }`
[INFO] [stdout] 2d8987874b18d29c71e14beb7ae905fadb51ce81c520860b8b694d67b8fa80d7
[INFO] running `Command { std: "docker" "start" "-a" "2d8987874b18d29c71e14beb7ae905fadb51ce81c520860b8b694d67b8fa80d7", kill_on_drop: false }`
[INFO] [stderr]     Finished test [unoptimized + debuginfo] target(s) in 0.02s
[INFO] [stderr]      Running unittests src/lib.rs (/opt/rustwide/target/debug/deps/bird_machine-e6cb12d8a77d8450)
[INFO] [stderr]    Doc-tests bird-machine
[INFO] [stdout] 
[INFO] [stdout] running 0 tests
[INFO] [stdout] 
[INFO] [stdout] test result: ok. 0 passed; 0 failed; 0 ignored; 0 measured; 0 filtered out; finished in 0.00s
[INFO] [stdout] 
[INFO] [stdout] 
[INFO] [stdout] running 4 tests
[INFO] [stdout] test src/lib.rs - (line 56) - compile fail ... ok
[INFO] [stdout] test src/lib.rs - (line 20) ... FAILED
[INFO] [stdout] test src/lib.rs - (line 40) ... FAILED
[INFO] [stdout] test src/lib.rs - (line 9) ... ok
[INFO] [stdout] 
[INFO] [stdout] failures:
[INFO] [stdout] 
[INFO] [stdout] ---- src/lib.rs - (line 20) stdout ----
[INFO] [stdout] error: custom attribute panicked
[INFO] [stdout]  --> src/lib.rs:23:1
[INFO] [stdout]   |
[INFO] [stdout] 6 | #[bird_machine(r"(\d{4})-(\d{2})-(\d{2})")]
[INFO] [stdout]   | ^^^^^^^^^^^^^^^^^^^^^^^^^^^^^^^^^^^^^^^^^^^
[INFO] [stdout]   |
[INFO] [stdout]   = help: message: not yet implemented: Group(Group { kind: CaptureIndex(1), hir: Hir { kind: Repetition(Repetition { kind: Range(Exactly(4)), greedy: true, hir: Hir { kind: Class(Unicode(ClassUnicode { set: IntervalSet { ranges: [ClassUnicodeRange { start: "0", end: "9" }, ClassUnicodeRange { start: "٠", end: "٩" }, ClassUnicodeRange { start: "۰", end: "۹" }, ClassUnicodeRange { start: "߀", end: "߉" }, ClassUnicodeRange { start: "०", end: "९" }, ClassUnicodeRange { start: "০", end: "৯" }, ClassUnicodeRange { start: "੦", end: "੯" }, ClassUnicodeRange { start: "૦", end: "૯" }, ClassUnicodeRange { start: "୦", end: "୯" }, ClassUnicodeRange { start: "௦", end: "௯" }, ClassUnicodeRange { start: "౦", end: "౯" }, ClassUnicodeRange { start: "೦", end: "೯" }, ClassUnicodeRange { start: "൦", end: "൯" }, ClassUnicodeRange { start: "෦", end: "෯" }, ClassUnicodeRange { start: "๐", end: "๙" }, ClassUnicodeRange { start: "໐", end: "໙" }, ClassUnicodeRange { start: "༠", end: "༩" }, ClassUnicodeRange { start: "၀", end: "၉" }, ClassUnicodeRange { start: "႐", end: "႙" }, ClassUnicodeRange { start: "០", end: "៩" }, ClassUnicodeRange { start: "᠐", end: "᠙" }, ClassUnicodeRange { start: "᥆", end: "᥏" }, ClassUnicodeRange { start: "᧐", end: "᧙" }, ClassUnicodeRange { start: "᪀", end: "᪉" }, ClassUnicodeRange { start: "᪐", end: "᪙" }, ClassUnicodeRange { start: "᭐", end: "᭙" }, ClassUnicodeRange { start: "᮰", end: "᮹" }, ClassUnicodeRange { start: "᱀", end: "᱉" }, ClassUnicodeRange { start: "᱐", end: "᱙" }, ClassUnicodeRange { start: "꘠", end: "꘩" }, ClassUnicodeRange { start: "꣐", end: "꣙" }, ClassUnicodeRange { start: "꤀", end: "꤉" }, ClassUnicodeRange { start: "꧐", end: "꧙" }, ClassUnicodeRange { start: "꧰", end: "꧹" }, ClassUnicodeRange { start: "꩐", end: "꩙" }, ClassUnicodeRange { start: "꯰", end: "꯹" }, ClassUnicodeRange { start: "０", end: "９" }, ClassUnicodeRange { start: "𐒠", end: "𐒩" }, ClassUnicodeRange { start: "𐴰", end: "𐴹" }, ClassUnicodeRange { start: "𑁦", end: "𑁯" }, ClassUnicodeRange { start: "𑃰", end: "𑃹" }, ClassUnicodeRange { start: "𑄶", end: "𑄿" }, ClassUnicodeRange { start: "𑇐", end: "𑇙" }, ClassUnicodeRange { start: "𑋰", end: "𑋹" }, ClassUnicodeRange { start: "𑑐", end: "𑑙" }, ClassUnicodeRange { start: "𑓐", end: "𑓙" }, ClassUnicodeRange { start: "𑙐", end: "𑙙" }, ClassUnicodeRange { start: "𑛀", end: "𑛉" }, ClassUnicodeRange { start: "𑜰", end: "𑜹" }, ClassUnicodeRange { start: "𑣠", end: "𑣩" }, ClassUnicodeRange { start: "𑥐", end: "𑥙" }, ClassUnicodeRange { start: "𑱐", end: "𑱙" }, ClassUnicodeRange { start: "𑵐", end: "𑵙" }, ClassUnicodeRange { start: "𑶠", end: "𑶩" }, ClassUnicodeRange { start: "𑽐", end: "𑽙" }, ClassUnicodeRange { start: "𖩠", end: "𖩩" }, ClassUnicodeRange { start: "𖫀", end: "𖫉" }, ClassUnicodeRange { start: "𖭐", end: "𖭙" }, ClassUnicodeRange { start: "𝟎", end: "𝟿" }, ClassUnicodeRange { start: "𞅀", end: "𞅉" }, ClassUnicodeRange { start: "𞋰", end: "𞋹" }, ClassUnicodeRange { start: "𞓰", end: "𞓹" }, ClassUnicodeRange { start: "𞥐", end: "𞥙" }, ClassUnicodeRange { start: "🯰", end: "🯹" }] } })), info: HirInfo { bools: 1 } } }), info: HirInfo { bools: 1 } } })
[INFO] [stdout] 
[INFO] [stdout] error[E0412]: cannot find type `Date` in this scope
[INFO] [stdout]   --> src/lib.rs:27:14
[INFO] [stdout]    |
[INFO] [stdout] 10 |     .map(|x: Date| format!("Month: {} Day: {} Year: {}", x.1, x.2, x.0));
[INFO] [stdout]    |              ^^^^ not found in this scope
[INFO] [stdout] 
[INFO] [stdout] error[E0433]: failed to resolve: use of undeclared type `Date`
[INFO] [stdout]  --> src/lib.rs:26:18
[INFO] [stdout]   |
[INFO] [stdout] 9 | let match_info = Date::captures_iter(input)
[INFO] [stdout]   |                  ^^^^ use of undeclared type `Date`
[INFO] [stdout] 
[INFO] [stdout] error: aborting due to 3 previous errors
[INFO] [stdout] 
[INFO] [stdout] Some errors have detailed explanations: E0412, E0433.
[INFO] [stdout] For more information about an error, try `rustc --explain E0412`.
[INFO] [stdout] Couldn't compile the test.
[INFO] [stdout] ---- src/lib.rs - (line 40) stdout ----
[INFO] [stdout] error: custom attribute panicked
[INFO] [stdout]  --> src/lib.rs:43:1
[INFO] [stdout]   |
[INFO] [stdout] 6 | #[bird_machine(r"(?P<y>\d{4})-(?P<m>\d{2})-(?P<d>\d{2})")]
[INFO] [stdout]   | ^^^^^^^^^^^^^^^^^^^^^^^^^^^^^^^^^^^^^^^^^^^^^^^^^^^^^^^^^^
[INFO] [stdout]   |
[INFO] [stdout]   = help: message: not yet implemented: Group(Group { kind: CaptureName { name: "y", index: 1 }, hir: Hir { kind: Repetition(Repetition { kind: Range(Exactly(4)), greedy: true, hir: Hir { kind: Class(Unicode(ClassUnicode { set: IntervalSet { ranges: [ClassUnicodeRange { start: "0", end: "9" }, ClassUnicodeRange { start: "٠", end: "٩" }, ClassUnicodeRange { start: "۰", end: "۹" }, ClassUnicodeRange { start: "߀", end: "߉" }, ClassUnicodeRange { start: "०", end: "९" }, ClassUnicodeRange { start: "০", end: "৯" }, ClassUnicodeRange { start: "੦", end: "੯" }, ClassUnicodeRange { start: "૦", end: "૯" }, ClassUnicodeRange { start: "୦", end: "୯" }, ClassUnicodeRange { start: "௦", end: "௯" }, ClassUnicodeRange { start: "౦", end: "౯" }, ClassUnicodeRange { start: "೦", end: "೯" }, ClassUnicodeRange { start: "൦", end: "൯" }, ClassUnicodeRange { start: "෦", end: "෯" }, ClassUnicodeRange { start: "๐", end: "๙" }, ClassUnicodeRange { start: "໐", end: "໙" }, ClassUnicodeRange { start: "༠", end: "༩" }, ClassUnicodeRange { start: "၀", end: "၉" }, ClassUnicodeRange { start: "႐", end: "႙" }, ClassUnicodeRange { start: "០", end: "៩" }, ClassUnicodeRange { start: "᠐", end: "᠙" }, ClassUnicodeRange { start: "᥆", end: "᥏" }, ClassUnicodeRange { start: "᧐", end: "᧙" }, ClassUnicodeRange { start: "᪀", end: "᪉" }, ClassUnicodeRange { start: "᪐", end: "᪙" }, ClassUnicodeRange { start: "᭐", end: "᭙" }, ClassUnicodeRange { start: "᮰", end: "᮹" }, ClassUnicodeRange { start: "᱀", end: "᱉" }, ClassUnicodeRange { start: "᱐", end: "᱙" }, ClassUnicodeRange { start: "꘠", end: "꘩" }, ClassUnicodeRange { start: "꣐", end: "꣙" }, ClassUnicodeRange { start: "꤀", end: "꤉" }, ClassUnicodeRange { start: "꧐", end: "꧙" }, ClassUnicodeRange { start: "꧰", end: "꧹" }, ClassUnicodeRange { start: "꩐", end: "꩙" }, ClassUnicodeRange { start: "꯰", end: "꯹" }, ClassUnicodeRange { start: "０", end: "９" }, ClassUnicodeRange { start: "𐒠", end: "𐒩" }, ClassUnicodeRange { start: "𐴰", end: "𐴹" }, ClassUnicodeRange { start: "𑁦", end: "𑁯" }, ClassUnicodeRange { start: "𑃰", end: "𑃹" }, ClassUnicodeRange { start: "𑄶", end: "𑄿" }, ClassUnicodeRange { start: "𑇐", end: "𑇙" }, ClassUnicodeRange { start: "𑋰", end: "𑋹" }, ClassUnicodeRange { start: "𑑐", end: "𑑙" }, ClassUnicodeRange { start: "𑓐", end: "𑓙" }, ClassUnicodeRange { start: "𑙐", end: "𑙙" }, ClassUnicodeRange { start: "𑛀", end: "𑛉" }, ClassUnicodeRange { start: "𑜰", end: "𑜹" }, ClassUnicodeRange { start: "𑣠", end: "𑣩" }, ClassUnicodeRange { start: "𑥐", end: "𑥙" }, ClassUnicodeRange { start: "𑱐", end: "𑱙" }, ClassUnicodeRange { start: "𑵐", end: "𑵙" }, ClassUnicodeRange { start: "𑶠", end: "𑶩" }, ClassUnicodeRange { start: "𑽐", end: "𑽙" }, ClassUnicodeRange { start: "𖩠", end: "𖩩" }, ClassUnicodeRange { start: "𖫀", end: "𖫉" }, ClassUnicodeRange { start: "𖭐", end: "𖭙" }, ClassUnicodeRange { start: "𝟎", end: "𝟿" }, ClassUnicodeRange { start: "𞅀", end: "𞅉" }, ClassUnicodeRange { start: "𞋰", end: "𞋹" }, ClassUnicodeRange { start: "𞓰", end: "𞓹" }, ClassUnicodeRange { start: "𞥐", end: "𞥙" }, ClassUnicodeRange { start: "🯰", end: "🯹" }] } })), info: HirInfo { bools: 1 } } }), info: HirInfo { bools: 1 } } })
[INFO] [stdout] 
[INFO] [stdout] error[E0433]: failed to resolve: use of undeclared type `Date`
[INFO] [stdout]   --> src/lib.rs:50:13
[INFO] [stdout]    |
[INFO] [stdout] 13 | let after = Date::replace_all(before, "$m/$d/$y");
[INFO] [stdout]    |             ^^^^ use of undeclared type `Date`
[INFO] [stdout] 
[INFO] [stdout] error: aborting due to 2 previous errors
[INFO] [stdout] 
[INFO] [stdout] For more information about this error, try `rustc --explain E0433`.
[INFO] [stdout] Couldn't compile the test.
[INFO] [stdout] 
[INFO] [stdout] failures:
[INFO] [stdout]     src/lib.rs - (line 20)
[INFO] [stdout]     src/lib.rs - (line 40)
[INFO] [stdout] 
[INFO] [stdout] test result: FAILED. 2 passed; 2 failed; 0 ignored; 0 measured; 0 filtered out; finished in 0.82s
[INFO] [stdout] 
[INFO] [stderr] error: doctest failed, to rerun pass `--doc`
[INFO] running `Command { std: "docker" "inspect" "2d8987874b18d29c71e14beb7ae905fadb51ce81c520860b8b694d67b8fa80d7", kill_on_drop: false }`
[INFO] running `Command { std: "docker" "rm" "-f" "2d8987874b18d29c71e14beb7ae905fadb51ce81c520860b8b694d67b8fa80d7", kill_on_drop: false }`
[INFO] [stdout] 2d8987874b18d29c71e14beb7ae905fadb51ce81c520860b8b694d67b8fa80d7
