[INFO] fetching crate bincode-purplecoin 2.0.0-rc.2...
[INFO] testing bincode-purplecoin-2.0.0-rc.2 against 1.69.0 for beta-1.70-1
[INFO] extracting crate bincode-purplecoin 2.0.0-rc.2 into /workspace/builds/worker-4-tc1/source
[INFO] validating manifest of crates.io crate bincode-purplecoin 2.0.0-rc.2 on toolchain 1.69.0
[INFO] running `Command { std: CARGO_HOME="/workspace/cargo-home" RUSTUP_HOME="/workspace/rustup-home" "/workspace/cargo-home/bin/cargo" "+1.69.0" "metadata" "--manifest-path" "Cargo.toml" "--no-deps", kill_on_drop: false }`
[INFO] started tweaking crates.io crate bincode-purplecoin 2.0.0-rc.2
[INFO] finished tweaking crates.io crate bincode-purplecoin 2.0.0-rc.2
[INFO] tweaked toml for crates.io crate bincode-purplecoin 2.0.0-rc.2 written to /workspace/builds/worker-4-tc1/source/Cargo.toml
[INFO] running `Command { std: CARGO_HOME="/workspace/cargo-home" RUSTUP_HOME="/workspace/rustup-home" __CARGO_TEST_CHANNEL_OVERRIDE_DO_NOT_USE_THIS="nightly" "/workspace/cargo-home/bin/cargo" "+1.69.0" "generate-lockfile" "--manifest-path" "Cargo.toml" "-Zno-index-update", kill_on_drop: false }`
[INFO] running `Command { std: CARGO_HOME="/workspace/cargo-home" RUSTUP_HOME="/workspace/rustup-home" "/workspace/cargo-home/bin/cargo" "+1.69.0" "fetch" "--manifest-path" "Cargo.toml", kill_on_drop: false }`
[INFO] [stderr]  Downloading crates ...
[INFO] [stderr]   Downloaded virtue v0.0.7
[INFO] [stderr]   Downloaded bincode_derive_purplecoin v2.0.0-rc.1
[INFO] running `Command { std: "docker" "create" "-v" "/var/lib/crater-agent-workspace/builds/worker-4-tc1/target:/opt/rustwide/target:rw,Z" "-v" "/var/lib/crater-agent-workspace/builds/worker-4-tc1/source:/opt/rustwide/workdir:ro,Z" "-v" "/var/lib/crater-agent-workspace/cargo-home:/opt/rustwide/cargo-home:ro,Z" "-v" "/var/lib/crater-agent-workspace/rustup-home:/opt/rustwide/rustup-home:ro,Z" "-e" "SOURCE_DIR=/opt/rustwide/workdir" "-e" "CARGO_TARGET_DIR=/opt/rustwide/target" "-e" "CARGO_HOME=/opt/rustwide/cargo-home" "-e" "RUSTUP_HOME=/opt/rustwide/rustup-home" "-w" "/opt/rustwide/workdir" "-m" "1610612736" "--user" "0:0" "--network" "none" "ghcr.io/rust-lang/crates-build-env/linux@sha256:5ff2268d62e97bff2cde7d5815dd6ed5b47097566f13b8d0ca110b04b60e07ed" "/opt/rustwide/cargo-home/bin/cargo" "+1.69.0" "metadata" "--no-deps" "--format-version=1", kill_on_drop: false }`
[INFO] [stdout] 552940eaf7583ca33f713bc2a0bb4963a72e79cc9e3b6b2562caf1e1f72f9e3c
[INFO] running `Command { std: "docker" "start" "-a" "552940eaf7583ca33f713bc2a0bb4963a72e79cc9e3b6b2562caf1e1f72f9e3c", kill_on_drop: false }`
[INFO] running `Command { std: "docker" "inspect" "552940eaf7583ca33f713bc2a0bb4963a72e79cc9e3b6b2562caf1e1f72f9e3c", kill_on_drop: false }`
[INFO] running `Command { std: "docker" "rm" "-f" "552940eaf7583ca33f713bc2a0bb4963a72e79cc9e3b6b2562caf1e1f72f9e3c", kill_on_drop: false }`
[INFO] [stdout] 552940eaf7583ca33f713bc2a0bb4963a72e79cc9e3b6b2562caf1e1f72f9e3c
[INFO] running `Command { std: "docker" "create" "-v" "/var/lib/crater-agent-workspace/builds/worker-4-tc1/target:/opt/rustwide/target:rw,Z" "-v" "/var/lib/crater-agent-workspace/builds/worker-4-tc1/source:/opt/rustwide/workdir:ro,Z" "-v" "/var/lib/crater-agent-workspace/cargo-home:/opt/rustwide/cargo-home:ro,Z" "-v" "/var/lib/crater-agent-workspace/rustup-home:/opt/rustwide/rustup-home:ro,Z" "-e" "SOURCE_DIR=/opt/rustwide/workdir" "-e" "CARGO_TARGET_DIR=/opt/rustwide/target" "-e" "CARGO_INCREMENTAL=0" "-e" "RUST_BACKTRACE=full" "-e" "RUSTFLAGS=--cap-lints=warn" "-e" "RUSTDOCFLAGS=--cap-lints=warn" "-e" "CARGO_HOME=/opt/rustwide/cargo-home" "-e" "RUSTUP_HOME=/opt/rustwide/rustup-home" "-w" "/opt/rustwide/workdir" "-m" "1610612736" "--user" "0:0" "--network" "none" "ghcr.io/rust-lang/crates-build-env/linux@sha256:5ff2268d62e97bff2cde7d5815dd6ed5b47097566f13b8d0ca110b04b60e07ed" "/opt/rustwide/cargo-home/bin/cargo" "+1.69.0" "build" "--frozen" "--message-format=json", kill_on_drop: false }`
[INFO] [stdout] d5cedb299f05ea581d20b949db872d1a71f113011c0f72264707d002e1079ded
[INFO] running `Command { std: "docker" "start" "-a" "d5cedb299f05ea581d20b949db872d1a71f113011c0f72264707d002e1079ded", kill_on_drop: false }`
[INFO] [stderr]     Blocking waiting for file lock on package cache
[INFO] [stderr]     Blocking waiting for file lock on package cache
[INFO] [stderr]    Compiling virtue v0.0.7
[INFO] [stderr]    Compiling bincode_derive_purplecoin v2.0.0-rc.1
[INFO] [stderr]    Compiling bincode-purplecoin v2.0.0-rc.2 (/opt/rustwide/workdir)
[INFO] [stderr]     Finished dev [unoptimized + debuginfo] target(s) in 2.94s
[INFO] running `Command { std: "docker" "inspect" "d5cedb299f05ea581d20b949db872d1a71f113011c0f72264707d002e1079ded", kill_on_drop: false }`
[INFO] running `Command { std: "docker" "rm" "-f" "d5cedb299f05ea581d20b949db872d1a71f113011c0f72264707d002e1079ded", kill_on_drop: false }`
[INFO] [stdout] d5cedb299f05ea581d20b949db872d1a71f113011c0f72264707d002e1079ded
[INFO] running `Command { std: "docker" "create" "-v" "/var/lib/crater-agent-workspace/builds/worker-4-tc1/target:/opt/rustwide/target:rw,Z" "-v" "/var/lib/crater-agent-workspace/builds/worker-4-tc1/source:/opt/rustwide/workdir:ro,Z" "-v" "/var/lib/crater-agent-workspace/cargo-home:/opt/rustwide/cargo-home:ro,Z" "-v" "/var/lib/crater-agent-workspace/rustup-home:/opt/rustwide/rustup-home:ro,Z" "-e" "SOURCE_DIR=/opt/rustwide/workdir" "-e" "CARGO_TARGET_DIR=/opt/rustwide/target" "-e" "CARGO_INCREMENTAL=0" "-e" "RUST_BACKTRACE=full" "-e" "RUSTFLAGS=--cap-lints=warn" "-e" "RUSTDOCFLAGS=--cap-lints=warn" "-e" "CARGO_HOME=/opt/rustwide/cargo-home" "-e" "RUSTUP_HOME=/opt/rustwide/rustup-home" "-w" "/opt/rustwide/workdir" "-m" "1610612736" "--user" "0:0" "--network" "none" "ghcr.io/rust-lang/crates-build-env/linux@sha256:5ff2268d62e97bff2cde7d5815dd6ed5b47097566f13b8d0ca110b04b60e07ed" "/opt/rustwide/cargo-home/bin/cargo" "+1.69.0" "test" "--frozen" "--no-run" "--message-format=json", kill_on_drop: false }`
[INFO] [stdout] 20591c52544c43d6b2e56dd4be5d86cec41eaaade5e784a3ab23274e7d398706
[INFO] running `Command { std: "docker" "start" "-a" "20591c52544c43d6b2e56dd4be5d86cec41eaaade5e784a3ab23274e7d398706", kill_on_drop: false }`
[INFO] [stderr]    Compiling libc v0.2.142
[INFO] [stderr]    Compiling serde v1.0.160
[INFO] [stderr]    Compiling crossbeam-utils v0.8.15
[INFO] [stderr]    Compiling memoffset v0.8.0
[INFO] [stderr]    Compiling num-traits v0.2.15
[INFO] [stderr]    Compiling crossbeam-epoch v0.9.14
[INFO] [stderr]    Compiling proc-macro2 v1.0.56
[INFO] [stderr]    Compiling memchr v2.5.0
[INFO] [stderr]    Compiling ryu v1.0.13
[INFO] [stderr]    Compiling either v1.8.1
[INFO] [stderr]    Compiling serde_json v1.0.96
[INFO] [stderr]    Compiling itoa v1.0.6
[INFO] [stderr]    Compiling rayon-core v1.11.0
[INFO] [stderr]    Compiling io-lifetimes v1.0.10
[INFO] [stderr]    Compiling num-integer v0.1.45
[INFO] [stderr]    Compiling unicode-width v0.1.10
[INFO] [stderr]    Compiling plotters-backend v0.3.4
[INFO] [stderr]    Compiling rustix v0.37.18
[INFO] [stderr]    Compiling serde_derive v1.0.160
[INFO] [stderr]    Compiling plotters-svg v0.3.3
[INFO] [stderr]    Compiling itertools v0.10.5
[INFO] [stderr]    Compiling textwrap v0.11.0
[INFO] [stderr]    Compiling ppv-lite86 v0.2.17
[INFO] [stderr]    Compiling regex-syntax v0.7.1
[INFO] [stderr]    Compiling half v1.8.2
[INFO] [stderr]    Compiling same-file v1.0.6
[INFO] [stderr]    Compiling linux-raw-sys v0.3.6
[INFO] [stderr]    Compiling cast v0.3.0
[INFO] [stderr]    Compiling walkdir v2.3.3
[INFO] [stderr]    Compiling clap v2.34.0
[INFO] [stderr]    Compiling quote v1.0.26
[INFO] [stderr]    Compiling crossbeam-channel v0.5.8
[INFO] [stderr]    Compiling csv-core v0.1.10
[INFO] [stderr]    Compiling fastrand v1.9.0
[INFO] [stderr]    Compiling lazy_static v1.4.0
[INFO] [stderr]    Compiling oorandom v11.1.3
[INFO] [stderr]    Compiling iana-time-zone v0.1.56
[INFO] [stderr]    Compiling syn v2.0.15
[INFO] [stderr]    Compiling crossbeam-deque v0.8.3
[INFO] [stderr]    Compiling regex v1.8.1
[INFO] [stderr]    Compiling plotters v0.3.4
[INFO] [stderr]    Compiling criterion-plot v0.4.5
[INFO] [stderr]    Compiling getrandom v0.2.9
[INFO] [stderr]    Compiling num_cpus v1.15.0
[INFO] [stderr]    Compiling atty v0.2.14
[INFO] [stderr]    Compiling time v0.1.45
[INFO] [stderr]    Compiling rand_core v0.6.4
[INFO] [stderr]    Compiling rand_chacha v0.3.1
[INFO] [stderr]    Compiling rand v0.8.5
[INFO] [stderr]    Compiling rayon v1.7.0
[INFO] [stderr]    Compiling serde_cbor v0.11.2
[INFO] [stderr]    Compiling csv v1.2.1
[INFO] [stderr]    Compiling uuid v0.8.2
[INFO] [stderr]    Compiling chrono v0.4.24
[INFO] [stderr]    Compiling tempfile v3.5.0
[INFO] [stderr]    Compiling tinytemplate v1.2.1
[INFO] [stderr]    Compiling criterion v0.3.6
[INFO] [stderr]    Compiling bincode-purplecoin v2.0.0-rc.2 (/opt/rustwide/workdir)
[INFO] [stdout] error[E0433]: failed to resolve: use of undeclared crate or module `bincode`
[INFO] [stdout]  --> tests/utils.rs:6:8
[INFO] [stdout]   |
[INFO] [stdout] 6 |     C: bincode::config::Config,
[INFO] [stdout]   |        ^^^^^^^ use of undeclared crate or module `bincode`
[INFO] [stdout] 
[INFO] [stdout] 
[INFO] [stdout] error[E0433]: failed to resolve: use of undeclared crate or module `bincode`
[INFO] [stdout]  --> tests/utils.rs:6:8
[INFO] [stdout]   |
[INFO] [stdout] 6 |     C: bincode::config::Config,
[INFO] [stdout]   |        ^^^^^^^ use of undeclared crate or module `bincode`
[INFO] [stdout] 
[INFO] [stdout] 
[INFO] [stdout] error[E0433]: failed to resolve: use of undeclared crate or module `bincode`
[INFO] [stdout]  --> tests/utils.rs:6:8
[INFO] [stdout]   |
[INFO] [stdout] 6 |     C: bincode::config::Config,
[INFO] [stdout]   |        ^^^^^^^ use of undeclared crate or module `bincode`
[INFO] [stdout] 
[INFO] [stdout] 
[INFO] [stdout] error[E0433]: failed to resolve: use of undeclared crate or module `bincode`
[INFO] [stdout]  --> tests/utils.rs:6:8
[INFO] [stdout]   |
[INFO] [stdout] 6 |     C: bincode::config::Config,
[INFO] [stdout]   |        ^^^^^^^ use of undeclared crate or module `bincode`
[INFO] [stdout] 
[INFO] [stdout] 
[INFO] [stdout] error[E0433]: failed to resolve: use of undeclared crate or module `bincode`
[INFO] [stdout]  --> tests/derive.rs:3:10
[INFO] [stdout]   |
[INFO] [stdout] 3 | #[derive(bincode::Encode, PartialEq, Debug)]
[INFO] [stdout]   |          ^^^^^^^ use of undeclared crate or module `bincode`
[INFO] [stdout] 
[INFO] [stdout] 
[INFO] [stdout] error[E0433]: failed to resolve: use of undeclared crate or module `bincode`
[INFO] [stdout]   --> tests/derive.rs:23:10
[INFO] [stdout]    |
[INFO] [stdout] 23 | #[derive(bincode::Decode, PartialEq, Debug, Eq)]
[INFO] [stdout]    |          ^^^^^^^ use of undeclared crate or module `bincode`
[INFO] [stdout] 
[INFO] [stdout] 
[INFO] [stdout] error[E0433]: failed to resolve: use of undeclared crate or module `bincode`
[INFO] [stdout]   --> tests/derive.rs:44:10
[INFO] [stdout]    |
[INFO] [stdout] 44 | #[derive(bincode::BorrowDecode, bincode::Encode, PartialEq, Debug, Eq)]
[INFO] [stdout]    |          ^^^^^^^ use of undeclared crate or module `bincode`
[INFO] [stdout] 
[INFO] [stdout] 
[INFO] [stdout] error[E0433]: failed to resolve: use of undeclared crate or module `bincode`
[INFO] [stdout]   --> tests/derive.rs:44:33
[INFO] [stdout]    |
[INFO] [stdout] 44 | #[derive(bincode::BorrowDecode, bincode::Encode, PartialEq, Debug, Eq)]
[INFO] [stdout]    |                                 ^^^^^^^ use of undeclared crate or module `bincode`
[INFO] [stdout] 
[INFO] [stdout] 
[INFO] [stdout] error[E0433]: failed to resolve: use of undeclared crate or module `bincode`
[INFO] [stdout]   --> tests/derive.rs:70:10
[INFO] [stdout]    |
[INFO] [stdout] 70 | #[derive(bincode::Encode, bincode::Decode, PartialEq, Debug, Eq)]
[INFO] [stdout]    |          ^^^^^^^ use of undeclared crate or module `bincode`
[INFO] [stdout] 
[INFO] [stdout] 
[INFO] [stdout] error[E0433]: failed to resolve: use of undeclared crate or module `bincode`
[INFO] [stdout]   --> tests/derive.rs:70:27
[INFO] [stdout]    |
[INFO] [stdout] 70 | #[derive(bincode::Encode, bincode::Decode, PartialEq, Debug, Eq)]
[INFO] [stdout]    |                           ^^^^^^^ use of undeclared crate or module `bincode`
[INFO] [stdout] 
[INFO] [stdout] 
[INFO] [stdout] error[E0433]: failed to resolve: use of undeclared crate or module `bincode`
[INFO] [stdout]   --> tests/derive.rs:93:10
[INFO] [stdout]    |
[INFO] [stdout] 93 | #[derive(bincode::Encode, bincode::Decode, PartialEq, Debug, Eq)]
[INFO] [stdout]    |          ^^^^^^^ use of undeclared crate or module `bincode`
[INFO] [stdout] 
[INFO] [stdout] 
[INFO] [stdout] error[E0433]: failed to resolve: use of undeclared crate or module `bincode`
[INFO] [stdout]   --> tests/derive.rs:93:27
[INFO] [stdout]    |
[INFO] [stdout] 93 | #[derive(bincode::Encode, bincode::Decode, PartialEq, Debug, Eq)]
[INFO] [stdout]    |                           ^^^^^^^ use of undeclared crate or module `bincode`
[INFO] [stdout] 
[INFO] [stdout] 
[INFO] [stdout] error[E0433]: failed to resolve: use of undeclared crate or module `bincode`
[INFO] [stdout]    --> tests/derive.rs:159:10
[INFO] [stdout]     |
[INFO] [stdout] 159 | #[derive(bincode::Encode, bincode::BorrowDecode, PartialEq, Debug, Eq)]
[INFO] [stdout]     |          ^^^^^^^ use of undeclared crate or module `bincode`
[INFO] [stdout] 
[INFO] [stdout] 
[INFO] [stdout] error[E0433]: failed to resolve: use of undeclared crate or module `bincode`
[INFO] [stdout]    --> tests/derive.rs:159:27
[INFO] [stdout]     |
[INFO] [stdout] 159 | #[derive(bincode::Encode, bincode::BorrowDecode, PartialEq, Debug, Eq)]
[INFO] [stdout]     |                           ^^^^^^^ use of undeclared crate or module `bincode`
[INFO] [stdout] 
[INFO] [stdout] 
[INFO] [stdout] error[E0433]: failed to resolve: use of undeclared crate or module `bincode`
[INFO] [stdout]    --> tests/derive.rs:226:10
[INFO] [stdout]     |
[INFO] [stdout] 226 | #[derive(bincode::Decode, bincode::Encode, PartialEq, Eq, Debug)]
[INFO] [stdout]     |          ^^^^^^^ use of undeclared crate or module `bincode`
[INFO] [stdout] 
[INFO] [stdout] 
[INFO] [stdout] error[E0433]: failed to resolve: use of undeclared crate or module `bincode`
[INFO] [stdout]    --> tests/derive.rs:226:27
[INFO] [stdout]     |
[INFO] [stdout] 226 | #[derive(bincode::Decode, bincode::Encode, PartialEq, Eq, Debug)]
[INFO] [stdout]     |                           ^^^^^^^ use of undeclared crate or module `bincode`
[INFO] [stdout] 
[INFO] [stdout] 
[INFO] [stdout] error[E0433]: failed to resolve: use of undeclared crate or module `bincode`
[INFO] [stdout]    --> tests/derive.rs:277:18
[INFO] [stdout]     |
[INFO] [stdout] 277 |         #[derive(bincode::Encode, bincode::Decode, PartialEq, Eq, Debug)]
[INFO] [stdout]     |                  ^^^^^^^ use of undeclared crate or module `bincode`
[INFO] [stdout] ...
[INFO] [stdout] 281 | macro_newtype!(MacroNewType);
[INFO] [stdout]     | ---------------------------- in this macro invocation
[INFO] [stdout]     |
[INFO] [stdout]     = note: this error originates in the macro `macro_newtype` (in Nightly builds, run with -Z macro-backtrace for more info)
[INFO] [stdout] 
[INFO] [stdout] 
[INFO] [stdout] error[E0433]: failed to resolve: use of undeclared crate or module `bincode`
[INFO] [stdout]    --> tests/derive.rs:277:35
[INFO] [stdout]     |
[INFO] [stdout] 277 |         #[derive(bincode::Encode, bincode::Decode, PartialEq, Eq, Debug)]
[INFO] [stdout]     |                                   ^^^^^^^ use of undeclared crate or module `bincode`
[INFO] [stdout] ...
[INFO] [stdout] 281 | macro_newtype!(MacroNewType);
[INFO] [stdout]     | ---------------------------- in this macro invocation
[INFO] [stdout]     |
[INFO] [stdout]     = note: this error originates in the macro `macro_newtype` (in Nightly builds, run with -Z macro-backtrace for more info)
[INFO] [stdout] 
[INFO] [stdout] 
[INFO] [stdout] error[E0433]: failed to resolve: use of undeclared crate or module `bincode`
[INFO] [stdout]    --> tests/derive.rs:311:10
[INFO] [stdout]     |
[INFO] [stdout] 311 | #[derive(bincode::Encode, bincode::Decode, Debug)]
[INFO] [stdout]     |          ^^^^^^^ use of undeclared crate or module `bincode`
[INFO] [stdout] 
[INFO] [stdout] 
[INFO] [stdout] error[E0433]: failed to resolve: use of undeclared crate or module `bincode`
[INFO] [stdout]    --> tests/alloc.rs:100:9
[INFO] [stdout]     |
[INFO] [stdout] 100 |     use bincode::{error::DecodeError, Decode};
[INFO] [stdout]     |         ^^^^^^^ use of undeclared crate or module `bincode`
[INFO] [stdout] 
[INFO] [stdout] 
[INFO] [stdout] error[E0433]: failed to resolve: use of undeclared crate or module `bincode`
[INFO] [stdout]    --> tests/derive.rs:311:27
[INFO] [stdout]     |
[INFO] [stdout] 311 | #[derive(bincode::Encode, bincode::Decode, Debug)]
[INFO] [stdout]     |                           ^^^^^^^ use of undeclared crate or module `bincode`
[INFO] [stdout] 
[INFO] [stdout] 
[INFO] [stdout] error[E0433]: failed to resolve: use of undeclared crate or module `bincode`
[INFO] [stdout]    --> tests/derive.rs:314:10
[INFO] [stdout]     |
[INFO] [stdout] 314 | #[derive(bincode::Encode, bincode::BorrowDecode, Debug)]
[INFO] [stdout]     |          ^^^^^^^ use of undeclared crate or module `bincode`
[INFO] [stdout] 
[INFO] [stdout] 
[INFO] [stdout] error[E0433]: failed to resolve: use of undeclared crate or module `bincode`
[INFO] [stdout]    --> tests/derive.rs:314:27
[INFO] [stdout]     |
[INFO] [stdout] 314 | #[derive(bincode::Encode, bincode::BorrowDecode, Debug)]
[INFO] [stdout]     |                           ^^^^^^^ use of undeclared crate or module `bincode`
[INFO] [stdout] 
[INFO] [stdout] 
[INFO] [stdout] error[E0433]: failed to resolve: use of undeclared crate or module `bincode`
[INFO] [stdout]    --> tests/derive.rs:329:10
[INFO] [stdout]     |
[INFO] [stdout] 329 | #[derive(bincode::Encode, bincode::Decode, PartialEq, Debug, Eq)]
[INFO] [stdout]     |          ^^^^^^^ use of undeclared crate or module `bincode`
[INFO] [stdout] 
[INFO] [stdout] 
[INFO] [stdout] error[E0433]: failed to resolve: use of undeclared crate or module `bincode`
[INFO] [stdout]    --> tests/derive.rs:329:27
[INFO] [stdout]     |
[INFO] [stdout] 329 | #[derive(bincode::Encode, bincode::Decode, PartialEq, Debug, Eq)]
[INFO] [stdout]     |                           ^^^^^^^ use of undeclared crate or module `bincode`
[INFO] [stdout] 
[INFO] [stdout] 
[INFO] [stdout] error[E0463]: can't find crate for `bincode`
[INFO] [stdout]  --> tests/derive_rename.rs:3:1
[INFO] [stdout]   |
[INFO] [stdout] 3 | extern crate bincode as bincode_new;
[INFO] [stdout]   | ^^^^^^^^^^^^^^^^^^^^^^^^^^^^^^^^^^^^ can't find crate
[INFO] [stdout] 
[INFO] [stdout] 
[INFO] [stdout] error[E0432]: unresolved import `bincode`
[INFO] [stdout]    --> tests/alloc.rs:100:9
[INFO] [stdout]     |
[INFO] [stdout] 100 |     use bincode::{error::DecodeError, Decode};
[INFO] [stdout]     |         ^^^^^^^ use of undeclared crate or module `bincode`
[INFO] [stdout] 
[INFO] [stdout] 
[INFO] [stdout] error[E0432]: unresolved import `bincode`
[INFO] [stdout]  --> tests/issues/issue_431.rs:5:5
[INFO] [stdout]   |
[INFO] [stdout] 5 | use bincode::{Decode, Encode};
[INFO] [stdout]   |     ^^^^^^^ use of undeclared crate or module `bincode`
[INFO] [stdout] 
[INFO] [stdout] 
[INFO] [stdout] error[E0433]: failed to resolve: use of undeclared crate or module `bincode`
[INFO] [stdout]  --> tests/issues/issue_427.rs:8:35
[INFO] [stdout]   |
[INFO] [stdout] 8 | #[derive(PartialEq, Clone, Debug, bincode::Encode)]
[INFO] [stdout]   |                                   ^^^^^^^ use of undeclared crate or module `bincode`
[INFO] [stdout] 
[INFO] [stdout] 
[INFO] [stdout] error[E0433]: failed to resolve: use of undeclared crate or module `bincode`
[INFO] [stdout]   --> tests/issues/issue_427.rs:23:41
[INFO] [stdout]    |
[INFO] [stdout] 23 | #[derive(PartialEq, Clone, Copy, Debug, bincode::Encode)]
[INFO] [stdout]    |                                         ^^^^^^^ use of undeclared crate or module `bincode`
[INFO] [stdout] 
[INFO] [stdout] 
[INFO] [stdout] error[E0433]: failed to resolve: use of undeclared crate or module `bincode`
[INFO] [stdout]  --> tests/issues/issue_467.rs:7:10
[INFO] [stdout]   |
[INFO] [stdout] 7 | #[derive(bincode::Decode, bincode::Encode)]
[INFO] [stdout]   |          ^^^^^^^ use of undeclared crate or module `bincode`
[INFO] [stdout] 
[INFO] [stdout] 
[INFO] [stdout] error[E0433]: failed to resolve: use of undeclared crate or module `bincode`
[INFO] [stdout]  --> tests/issues/issue_467.rs:7:27
[INFO] [stdout]   |
[INFO] [stdout] 7 | #[derive(bincode::Decode, bincode::Encode)]
[INFO] [stdout]   |                           ^^^^^^^ use of undeclared crate or module `bincode`
[INFO] [stdout] 
[INFO] [stdout] 
[INFO] [stdout] error[E0433]: failed to resolve: use of undeclared crate or module `bincode`
[INFO] [stdout]  --> tests/utils.rs:6:8
[INFO] [stdout]   |
[INFO] [stdout] 6 |     C: bincode::config::Config,
[INFO] [stdout]   |        ^^^^^^^ use of undeclared crate or module `bincode`
[INFO] [stdout] 
[INFO] [stdout] 
[INFO] [stdout] error[E0433]: failed to resolve: use of undeclared crate or module `bincode`
[INFO] [stdout]  --> tests/issues/issue_459.rs:7:10
[INFO] [stdout]   |
[INFO] [stdout] 7 | #[derive(bincode::Encode)]
[INFO] [stdout]   |          ^^^^^^^ use of undeclared crate or module `bincode`
[INFO] [stdout] 
[INFO] [stdout] 
[INFO] [stdout] error: cannot determine resolution for the derive macro `Encode`
[INFO] [stdout]  --> tests/issues/issue_431.rs:9:10
[INFO] [stdout]   |
[INFO] [stdout] 9 | #[derive(Encode, Decode, PartialEq, Debug)]
[INFO] [stdout]   |          ^^^^^^
[INFO] [stdout]   |
[INFO] [stdout]   = note: import resolution is stuck, try simplifying macro imports
[INFO] [stdout] 
[INFO] [stdout] 
[INFO] [stdout] error: cannot determine resolution for the derive macro `Decode`
[INFO] [stdout]  --> tests/issues/issue_431.rs:9:18
[INFO] [stdout]   |
[INFO] [stdout] 9 | #[derive(Encode, Decode, PartialEq, Debug)]
[INFO] [stdout]   |                  ^^^^^^
[INFO] [stdout]   |
[INFO] [stdout]   = note: import resolution is stuck, try simplifying macro imports
[INFO] [stdout] 
[INFO] [stdout] 
[INFO] [stdout] error: cannot determine resolution for the derive macro `Encode`
[INFO] [stdout]   --> tests/issues/issue_431.rs:14:17
[INFO] [stdout]    |
[INFO] [stdout] 14 | #[derive(Clone, Encode, Decode, PartialEq, Debug)]
[INFO] [stdout]    |                 ^^^^^^
[INFO] [stdout]    |
[INFO] [stdout]    = note: import resolution is stuck, try simplifying macro imports
[INFO] [stdout] 
[INFO] [stdout] 
[INFO] [stdout] error: cannot determine resolution for the derive macro `Decode`
[INFO] [stdout]   --> tests/issues/issue_431.rs:14:25
[INFO] [stdout]    |
[INFO] [stdout] 14 | #[derive(Clone, Encode, Decode, PartialEq, Debug)]
[INFO] [stdout]    |                         ^^^^^^
[INFO] [stdout]    |
[INFO] [stdout]    = note: import resolution is stuck, try simplifying macro imports
[INFO] [stdout] 
[INFO] [stdout] 
[INFO] [stdout] error[E0433]: failed to resolve: use of undeclared crate or module `bincode`
[INFO] [stdout]   --> tests/utils.rs:55:9
[INFO] [stdout]    |
[INFO] [stdout] 55 |         bincode::config::standard()
[INFO] [stdout]    |         ^^^^^^^ use of undeclared crate or module `bincode`
[INFO] [stdout] 
[INFO] [stdout] 
[INFO] [stdout] error[E0433]: failed to resolve: use of undeclared crate or module `bincode`
[INFO] [stdout]   --> tests/utils.rs:63:9
[INFO] [stdout]    |
[INFO] [stdout] 63 |         bincode::config::standard()
[INFO] [stdout]    |         ^^^^^^^ use of undeclared crate or module `bincode`
[INFO] [stdout] 
[INFO] [stdout] 
[INFO] [stdout] error[E0433]: failed to resolve: use of undeclared crate or module `bincode`
[INFO] [stdout]   --> tests/utils.rs:55:9
[INFO] [stdout]    |
[INFO] [stdout] 55 |         bincode::config::standard()
[INFO] [stdout]    |         ^^^^^^^ use of undeclared crate or module `bincode`
[INFO] [stdout] 
[INFO] [stdout] 
[INFO] [stdout] error: cannot find attribute `bincode` in this scope
[INFO] [stdout]  --> tests/derive_rename.rs:9:3
[INFO] [stdout]   |
[INFO] [stdout] 9 | #[bincode(crate = "bincode_new")]
[INFO] [stdout]   |   ^^^^^^^
[INFO] [stdout]   |
[INFO] [stdout] note: `bincode` is imported here, but it is a crate, not an attribute
[INFO] [stdout]  --> tests/derive_rename.rs:6:1
[INFO] [stdout]   |
[INFO] [stdout] 6 | extern crate core as bincode;
[INFO] [stdout]   | ^^^^^^^^^^^^^^^^^^^^^^^^^^^^^
[INFO] [stdout] 
[INFO] [stdout] 
[INFO] [stdout] error[E0433]: failed to resolve: use of undeclared crate or module `bincode`
[INFO] [stdout]   --> tests/utils.rs:63:9
[INFO] [stdout]    |
[INFO] [stdout] 63 |         bincode::config::standard()
[INFO] [stdout]    |         ^^^^^^^ use of undeclared crate or module `bincode`
[INFO] [stdout] 
[INFO] [stdout] 
[INFO] [stdout] error[E0433]: failed to resolve: use of undeclared crate or module `bincode`
[INFO] [stdout]   --> tests/utils.rs:55:9
[INFO] [stdout]    |
[INFO] [stdout] 55 |         bincode::config::standard()
[INFO] [stdout]    |         ^^^^^^^ use of undeclared crate or module `bincode`
[INFO] [stdout] 
[INFO] [stdout] 
[INFO] [stdout] error[E0433]: failed to resolve: use of undeclared crate or module `bincode`
[INFO] [stdout]   --> tests/utils.rs:71:9
[INFO] [stdout]    |
[INFO] [stdout] 71 |         bincode::config::standard()
[INFO] [stdout]    |         ^^^^^^^ use of undeclared crate or module `bincode`
[INFO] [stdout] 
[INFO] [stdout] 
[INFO] [stdout] error[E0433]: failed to resolve: use of undeclared crate or module `bincode`
[INFO] [stdout]   --> tests/utils.rs:63:9
[INFO] [stdout]    |
[INFO] [stdout] 63 |         bincode::config::standard()
[INFO] [stdout]    |         ^^^^^^^ use of undeclared crate or module `bincode`
[INFO] [stdout] 
[INFO] [stdout] 
[INFO] [stdout] error[E0433]: failed to resolve: use of undeclared crate or module `bincode`
[INFO] [stdout]   --> tests/utils.rs:79:9
[INFO] [stdout]    |
[INFO] [stdout] 79 |         bincode::config::standard()
[INFO] [stdout]    |         ^^^^^^^ use of undeclared crate or module `bincode`
[INFO] [stdout] 
[INFO] [stdout] 
[INFO] [stdout] error[E0433]: failed to resolve: use of undeclared crate or module `bincode`
[INFO] [stdout]   --> tests/utils.rs:71:9
[INFO] [stdout]    |
[INFO] [stdout] 71 |         bincode::config::standard()
[INFO] [stdout]    |         ^^^^^^^ use of undeclared crate or module `bincode`
[INFO] [stdout] 
[INFO] [stdout] 
[INFO] [stdout] error[E0433]: failed to resolve: use of undeclared crate or module `bincode`
[INFO] [stdout]   --> tests/utils.rs:71:9
[INFO] [stdout]    |
[INFO] [stdout] 71 |         bincode::config::standard()
[INFO] [stdout]    |         ^^^^^^^ use of undeclared crate or module `bincode`
[INFO] [stdout] 
[INFO] [stdout] 
[INFO] [stdout] error[E0433]: failed to resolve: use of undeclared crate or module `bincode`
[INFO] [stdout]   --> tests/utils.rs:79:9
[INFO] [stdout]    |
[INFO] [stdout] 79 |         bincode::config::standard()
[INFO] [stdout]    |         ^^^^^^^ use of undeclared crate or module `bincode`
[INFO] [stdout] 
[INFO] [stdout] 
[INFO] [stdout] error[E0433]: failed to resolve: use of undeclared crate or module `bincode`
[INFO] [stdout]   --> tests/issues/issue_431.rs:27:42
[INFO] [stdout]    |
[INFO] [stdout] 27 |     let vec = bincode::encode_to_vec(&t, bincode::config::standard()).unwrap();
[INFO] [stdout]    |                                          ^^^^^^^ use of undeclared crate or module `bincode`
[INFO] [stdout] 
[INFO] [stdout] 
[INFO] [stdout] error[E0433]: failed to resolve: use of undeclared crate or module `bincode`
[INFO] [stdout]   --> tests/utils.rs:55:9
[INFO] [stdout]    |
[INFO] [stdout] 55 |         bincode::config::standard()
[INFO] [stdout]    |         ^^^^^^^ use of undeclared crate or module `bincode`
[INFO] [stdout] 
[INFO] [stdout] 
[INFO] [stdout] error[E0433]: failed to resolve: use of undeclared crate or module `bincode`
[INFO] [stdout]   --> tests/utils.rs:87:9
[INFO] [stdout]    |
[INFO] [stdout] 87 |         bincode::config::standard()
[INFO] [stdout]    |         ^^^^^^^ use of undeclared crate or module `bincode`
[INFO] [stdout] 
[INFO] [stdout] 
[INFO] [stdout] error[E0433]: failed to resolve: use of undeclared crate or module `bincode`
[INFO] [stdout]   --> tests/utils.rs:87:9
[INFO] [stdout]    |
[INFO] [stdout] 87 |         bincode::config::standard()
[INFO] [stdout]    |         ^^^^^^^ use of undeclared crate or module `bincode`
[INFO] [stdout] 
[INFO] [stdout] 
[INFO] [stdout] error[E0433]: failed to resolve: use of undeclared crate or module `bincode`
[INFO] [stdout]   --> tests/utils.rs:79:9
[INFO] [stdout]    |
[INFO] [stdout] 79 |         bincode::config::standard()
[INFO] [stdout]    |         ^^^^^^^ use of undeclared crate or module `bincode`
[INFO] [stdout] 
[INFO] [stdout] 
[INFO] [stdout] error[E0433]: failed to resolve: use of undeclared crate or module `bincode`
[INFO] [stdout]   --> tests/utils.rs:94:9
[INFO] [stdout]    |
[INFO] [stdout] 94 |         bincode::config::standard()
[INFO] [stdout]    |         ^^^^^^^ use of undeclared crate or module `bincode`
[INFO] [stdout] 
[INFO] [stdout] 
[INFO] [stdout] error[E0433]: failed to resolve: use of undeclared crate or module `bincode`
[INFO] [stdout]   --> tests/utils.rs:94:9
[INFO] [stdout]    |
[INFO] [stdout] 94 |         bincode::config::standard()
[INFO] [stdout]    |         ^^^^^^^ use of undeclared crate or module `bincode`
[INFO] [stdout] 
[INFO] [stdout] 
[INFO] [stdout] error[E0433]: failed to resolve: use of undeclared crate or module `bincode`
[INFO] [stdout]   --> tests/utils.rs:55:9
[INFO] [stdout]    |
[INFO] [stdout] 55 |         bincode::config::standard()
[INFO] [stdout]    |         ^^^^^^^ use of undeclared crate or module `bincode`
[INFO] [stdout] 
[INFO] [stdout] 
[INFO] [stdout] error[E0433]: failed to resolve: use of undeclared crate or module `bincode`
[INFO] [stdout]   --> tests/utils.rs:63:9
[INFO] [stdout]    |
[INFO] [stdout] 63 |         bincode::config::standard()
[INFO] [stdout]    |         ^^^^^^^ use of undeclared crate or module `bincode`
[INFO] [stdout] 
[INFO] [stdout] 
[INFO] [stdout] error[E0433]: failed to resolve: use of undeclared crate or module `bincode`
[INFO] [stdout]    --> tests/utils.rs:101:9
[INFO] [stdout]     |
[INFO] [stdout] 101 |         bincode::config::standard()
[INFO] [stdout]     |         ^^^^^^^ use of undeclared crate or module `bincode`
[INFO] [stdout] 
[INFO] [stdout] 
[INFO] [stdout] error[E0433]: failed to resolve: use of undeclared crate or module `bincode`
[INFO] [stdout]   --> tests/utils.rs:63:9
[INFO] [stdout]    |
[INFO] [stdout] 63 |         bincode::config::standard()
[INFO] [stdout]    |         ^^^^^^^ use of undeclared crate or module `bincode`
[INFO] [stdout] 
[INFO] [stdout] 
[INFO] [stdout] error[E0433]: failed to resolve: use of undeclared crate or module `bincode`
[INFO] [stdout]   --> tests/issues/issue_431.rs:30:42
[INFO] [stdout]    |
[INFO] [stdout] 30 |         bincode::decode_from_slice(&vec, bincode::config::standard()).unwrap();
[INFO] [stdout]    |                                          ^^^^^^^ use of undeclared crate or module `bincode`
[INFO] [stdout] 
[INFO] [stdout] 
[INFO] [stdout] error[E0433]: failed to resolve: use of undeclared crate or module `bincode`
[INFO] [stdout]   --> tests/utils.rs:71:9
[INFO] [stdout]    |
[INFO] [stdout] 71 |         bincode::config::standard()
[INFO] [stdout]    |         ^^^^^^^ use of undeclared crate or module `bincode`
[INFO] [stdout] 
[INFO] [stdout] 
[INFO] [stdout] error[E0433]: failed to resolve: use of undeclared crate or module `bincode`
[INFO] [stdout]    --> tests/utils.rs:108:9
[INFO] [stdout]     |
[INFO] [stdout] 108 |         bincode::config::standard()
[INFO] [stdout]     |         ^^^^^^^ use of undeclared crate or module `bincode`
[INFO] [stdout] 
[INFO] [stdout] 
[INFO] [stdout] error[E0433]: failed to resolve: use of undeclared crate or module `bincode`
[INFO] [stdout]    --> tests/utils.rs:137:25
[INFO] [stdout]     |
[INFO] [stdout] 137 | pub trait TheSameTrait: bincode::Encode + bincode::Decode + Debug + 'static {}
[INFO] [stdout]     |                         ^^^^^^^ use of undeclared crate or module `bincode`
[INFO] [stdout] 
[INFO] [stdout] 
[INFO] [stdout] error[E0433]: failed to resolve: use of undeclared crate or module `bincode`
[INFO] [stdout]    --> tests/utils.rs:137:43
[INFO] [stdout]     |
[INFO] [stdout] 137 | pub trait TheSameTrait: bincode::Encode + bincode::Decode + Debug + 'static {}
[INFO] [stdout]     |                                           ^^^^^^^ use of undeclared crate or module `bincode`
[INFO] [stdout] 
[INFO] [stdout] 
[INFO] [stdout] error[E0433]: failed to resolve: use of undeclared crate or module `bincode`
[INFO] [stdout]    --> tests/utils.rs:139:37
[INFO] [stdout]     |
[INFO] [stdout] 139 | impl<T> TheSameTrait for T where T: bincode::Encode + bincode::Decode + Debug + 'static {}
[INFO] [stdout]     |                                     ^^^^^^^ use of undeclared crate or module `bincode`
[INFO] [stdout] 
[INFO] [stdout] 
[INFO] [stdout] error[E0433]: failed to resolve: use of undeclared crate or module `bincode`
[INFO] [stdout]    --> tests/utils.rs:139:55
[INFO] [stdout]     |
[INFO] [stdout] 139 | impl<T> TheSameTrait for T where T: bincode::Encode + bincode::Decode + Debug + 'static {}
[INFO] [stdout]     |                                                       ^^^^^^^ use of undeclared crate or module `bincode`
[INFO] [stdout] 
[INFO] [stdout] 
[INFO] [stdout] error[E0433]: failed to resolve: use of undeclared crate or module `bincode`
[INFO] [stdout]   --> tests/utils.rs:79:9
[INFO] [stdout]    |
[INFO] [stdout] 79 |         bincode::config::standard()
[INFO] [stdout]    |         ^^^^^^^ use of undeclared crate or module `bincode`
[INFO] [stdout] 
[INFO] [stdout] 
[INFO] [stdout] error[E0433]: failed to resolve: use of undeclared crate or module `bincode`
[INFO] [stdout]    --> tests/utils.rs:101:9
[INFO] [stdout]     |
[INFO] [stdout] 101 |         bincode::config::standard()
[INFO] [stdout]     |         ^^^^^^^ use of undeclared crate or module `bincode`
[INFO] [stdout] 
[INFO] [stdout] 
[INFO] [stdout] error[E0433]: failed to resolve: use of undeclared crate or module `bincode`
[INFO] [stdout]   --> tests/std.rs:21:6
[INFO] [stdout]    |
[INFO] [stdout] 21 | impl bincode::Encode for Foo {
[INFO] [stdout]    |      ^^^^^^^ use of undeclared crate or module `bincode`
[INFO] [stdout] 
[INFO] [stdout] 
[INFO] [stdout] error[E0433]: failed to resolve: use of undeclared crate or module `bincode`
[INFO] [stdout]   --> tests/std.rs:22:18
[INFO] [stdout]    |
[INFO] [stdout] 22 |     fn encode<E: bincode::enc::Encoder>(
[INFO] [stdout]    |                  ^^^^^^^ use of undeclared crate or module `bincode`
[INFO] [stdout] 
[INFO] [stdout] 
[INFO] [stdout] error: aborting due to 2 previous errors
[INFO] [stdout] 
[INFO] [stdout] 
[INFO] [stdout] For more information about this error, try `rustc --explain E0463`.
[INFO] [stdout] 
[INFO] [stdout] error[E0433]: failed to resolve: use of undeclared crate or module `bincode`
[INFO] [stdout]   --> tests/std.rs:25:21
[INFO] [stdout]    |
[INFO] [stdout] 25 |     ) -> Result<(), bincode::error::EncodeError> {
[INFO] [stdout]    |                     ^^^^^^^ use of undeclared crate or module `bincode`
[INFO] [stdout] 
[INFO] [stdout] 
[INFO] [stdout] error[E0433]: failed to resolve: use of undeclared crate or module `bincode`
[INFO] [stdout]   --> tests/std.rs:32:6
[INFO] [stdout]    |
[INFO] [stdout] 32 | impl bincode::Decode for Foo {
[INFO] [stdout]    |      ^^^^^^^ use of undeclared crate or module `bincode`
[INFO] [stdout] 
[INFO] [stdout] 
[INFO] [stdout] error[E0433]: failed to resolve: use of undeclared crate or module `bincode`
[INFO] [stdout]   --> tests/std.rs:33:18
[INFO] [stdout]    |
[INFO] [stdout] 33 |     fn decode<D: bincode::de::Decoder>(
[INFO] [stdout]    |                  ^^^^^^^ use of undeclared crate or module `bincode`
[INFO] [stdout] 
[INFO] [stdout] 
[INFO] [stdout] error[E0433]: failed to resolve: use of undeclared crate or module `bincode`
[INFO] [stdout]   --> tests/utils.rs:87:9
[INFO] [stdout]    |
[INFO] [stdout] 87 |         bincode::config::standard()
[INFO] [stdout]    |         ^^^^^^^ use of undeclared crate or module `bincode`
[INFO] [stdout] 
[INFO] [stdout] 
[INFO] [stdout] error[E0433]: failed to resolve: use of undeclared crate or module `bincode`
[INFO] [stdout]   --> tests/std.rs:35:23
[INFO] [stdout]    |
[INFO] [stdout] 35 |     ) -> Result<Self, bincode::error::DecodeError> {
[INFO] [stdout]    |                       ^^^^^^^ use of undeclared crate or module `bincode`
[INFO] [stdout] 
[INFO] [stdout] 
[INFO] [stdout] error[E0433]: failed to resolve: use of undeclared crate or module `bincode`
[INFO] [stdout]    --> tests/utils.rs:108:9
[INFO] [stdout]     |
[INFO] [stdout] 108 |         bincode::config::standard()
[INFO] [stdout]     |         ^^^^^^^ use of undeclared crate or module `bincode`
[INFO] [stdout] 
[INFO] [stdout] 
[INFO] [stdout] error[E0433]: failed to resolve: use of undeclared crate or module `bincode`
[INFO] [stdout]   --> tests/utils.rs:94:9
[INFO] [stdout]    |
[INFO] [stdout] 94 |         bincode::config::standard()
[INFO] [stdout]    |         ^^^^^^^ use of undeclared crate or module `bincode`
[INFO] [stdout] 
[INFO] [stdout] 
[INFO] [stdout] error[E0433]: failed to resolve: use of undeclared crate or module `bincode`
[INFO] [stdout]   --> tests/issues/issue_467.rs:13:41
[INFO] [stdout]    |
[INFO] [stdout] 13 |         bincode::decode_from_slice(&[], bincode::config::standard().with_limit::<1024>());
[INFO] [stdout]    |                                         ^^^^^^^ use of undeclared crate or module `bincode`
[INFO] [stdout] 
[INFO] [stdout] 
[INFO] [stdout] error[E0433]: failed to resolve: use of undeclared crate or module `bincode`
[INFO] [stdout]   --> tests/utils.rs:87:9
[INFO] [stdout]    |
[INFO] [stdout] 87 |         bincode::config::standard()
[INFO] [stdout]    |         ^^^^^^^ use of undeclared crate or module `bincode`
[INFO] [stdout] 
[INFO] [stdout] 
[INFO] [stdout] error[E0433]: failed to resolve: use of undeclared crate or module `bincode`
[INFO] [stdout]    --> tests/utils.rs:137:25
[INFO] [stdout]     |
[INFO] [stdout] 137 | pub trait TheSameTrait: bincode::Encode + bincode::Decode + Debug + 'static {}
[INFO] [stdout]     |                         ^^^^^^^ use of undeclared crate or module `bincode`
[INFO] [stdout] 
[INFO] [stdout] 
[INFO] [stdout] error[E0433]: failed to resolve: use of undeclared crate or module `bincode`
[INFO] [stdout]    --> tests/utils.rs:137:43
[INFO] [stdout]     |
[INFO] [stdout] 137 | pub trait TheSameTrait: bincode::Encode + bincode::Decode + Debug + 'static {}
[INFO] [stdout]     |                                           ^^^^^^^ use of undeclared crate or module `bincode`
[INFO] [stdout] 
[INFO] [stdout] 
[INFO] [stdout] error[E0433]: failed to resolve: use of undeclared crate or module `bincode`
[INFO] [stdout]    --> tests/utils.rs:139:37
[INFO] [stdout]     |
[INFO] [stdout] 139 | impl<T> TheSameTrait for T where T: bincode::Encode + bincode::Decode + Debug + 'static {}
[INFO] [stdout]     |                                     ^^^^^^^ use of undeclared crate or module `bincode`
[INFO] [stdout] 
[INFO] [stdout] 
[INFO] [stdout] error[E0433]: failed to resolve: use of undeclared crate or module `bincode`
[INFO] [stdout]    --> tests/utils.rs:139:55
[INFO] [stdout]     |
[INFO] [stdout] 139 | impl<T> TheSameTrait for T where T: bincode::Encode + bincode::Decode + Debug + 'static {}
[INFO] [stdout]     |                                                       ^^^^^^^ use of undeclared crate or module `bincode`
[INFO] [stdout] 
[INFO] [stdout] 
[INFO] [stdout] error[E0433]: failed to resolve: use of undeclared crate or module `bincode`
[INFO] [stdout]   --> tests/issues/issue_459.rs:12:69
[INFO] [stdout]    |
[INFO] [stdout] 12 |     let _result = bincode::encode_to_vec(AllTypes(BTreeMap::new()), bincode::config::standard());
[INFO] [stdout]    |                                                                     ^^^^^^^ use of undeclared crate or module `bincode`
[INFO] [stdout] 
[INFO] [stdout] 
[INFO] [stdout] error[E0433]: failed to resolve: use of undeclared crate or module `bincode`
[INFO] [stdout]   --> tests/std.rs:46:63
[INFO] [stdout]    |
[INFO] [stdout] 46 |     let foo: Foo = bincode::decode_from_std_read(&mut cursor, bincode::config::standard()).unwrap();
[INFO] [stdout]    |                                                               ^^^^^^^ use of undeclared crate or module `bincode`
[INFO] [stdout] 
[INFO] [stdout] 
[INFO] [stdout] error[E0433]: failed to resolve: use of undeclared crate or module `bincode`
[INFO] [stdout]   --> tests/utils.rs:71:9
[INFO] [stdout]    |
[INFO] [stdout] 71 |         bincode::config::standard()
[INFO] [stdout]    |         ^^^^^^^ use of undeclared crate or module `bincode`
[INFO] [stdout] 
[INFO] [stdout] 
[INFO] [stdout] error[E0433]: failed to resolve: use of undeclared crate or module `bincode`
[INFO] [stdout]   --> tests/issues/issue_498.rs:11:44
[INFO] [stdout]    |
[INFO] [stdout] 11 |         bincode::decode_from_slice(&bytes, bincode::config::legacy().with_limit::<1024>());
[INFO] [stdout]    |                                            ^^^^^^^ use of undeclared crate or module `bincode`
[INFO] [stdout] 
[INFO] [stdout] 
[INFO] [stdout] error[E0433]: failed to resolve: use of undeclared crate or module `bincode`
[INFO] [stdout]    --> tests/utils.rs:101:9
[INFO] [stdout]     |
[INFO] [stdout] 101 |         bincode::config::standard()
[INFO] [stdout]     |         ^^^^^^^ use of undeclared crate or module `bincode`
[INFO] [stdout] 
[INFO] [stdout] 
[INFO] [stdout] error[E0433]: failed to resolve: use of undeclared crate or module `bincode`
[INFO] [stdout]   --> tests/issues/issue_498.rs:14:9
[INFO] [stdout]    |
[INFO] [stdout] 14 |         bincode::error::DecodeError::CStringNulError { inner: _ } => {}
[INFO] [stdout]    |         ^^^^^^^ use of undeclared crate or module `bincode`
[INFO] [stdout] 
[INFO] [stdout] 
[INFO] [stdout] error[E0433]: failed to resolve: use of undeclared crate or module `bincode`
[INFO] [stdout]   --> tests/utils.rs:79:9
[INFO] [stdout]    |
[INFO] [stdout] 79 |         bincode::config::standard()
[INFO] [stdout]    |         ^^^^^^^ use of undeclared crate or module `bincode`
[INFO] [stdout] 
[INFO] [stdout] 
[INFO] [stdout] error[E0433]: failed to resolve: use of undeclared crate or module `bincode`
[INFO] [stdout]   --> tests/std.rs:59:9
[INFO] [stdout]    |
[INFO] [stdout] 59 |         bincode::config::standard(),
[INFO] [stdout]    |         ^^^^^^^ use of undeclared crate or module `bincode`
[INFO] [stdout] 
[INFO] [stdout] 
[INFO] [stdout] error[E0433]: failed to resolve: use of undeclared crate or module `bincode`
[INFO] [stdout]    --> tests/utils.rs:108:9
[INFO] [stdout]     |
[INFO] [stdout] 108 |         bincode::config::standard()
[INFO] [stdout]     |         ^^^^^^^ use of undeclared crate or module `bincode`
[INFO] [stdout] 
[INFO] [stdout] 
[INFO] [stdout] error[E0433]: failed to resolve: use of undeclared crate or module `bincode`
[INFO] [stdout]    --> tests/utils.rs:137:25
[INFO] [stdout]     |
[INFO] [stdout] 137 | pub trait TheSameTrait: bincode::Encode + bincode::Decode + Debug + 'static {}
[INFO] [stdout]     |                         ^^^^^^^ use of undeclared crate or module `bincode`
[INFO] [stdout] 
[INFO] [stdout] 
[INFO] [stdout] error[E0433]: failed to resolve: use of undeclared crate or module `bincode`
[INFO] [stdout]    --> tests/utils.rs:137:43
[INFO] [stdout]     |
[INFO] [stdout] 137 | pub trait TheSameTrait: bincode::Encode + bincode::Decode + Debug + 'static {}
[INFO] [stdout]     |                                           ^^^^^^^ use of undeclared crate or module `bincode`
[INFO] [stdout] 
[INFO] [stdout] 
[INFO] [stdout] error[E0433]: failed to resolve: use of undeclared crate or module `bincode`
[INFO] [stdout]    --> tests/utils.rs:139:37
[INFO] [stdout]     |
[INFO] [stdout] 139 | impl<T> TheSameTrait for T where T: bincode::Encode + bincode::Decode + Debug + 'static {}
[INFO] [stdout]     |                                     ^^^^^^^ use of undeclared crate or module `bincode`
[INFO] [stdout] 
[INFO] [stdout] 
[INFO] [stdout] error[E0433]: failed to resolve: use of undeclared crate or module `bincode`
[INFO] [stdout]    --> tests/utils.rs:139:55
[INFO] [stdout]     |
[INFO] [stdout] 139 | impl<T> TheSameTrait for T where T: bincode::Encode + bincode::Decode + Debug + 'static {}
[INFO] [stdout]     |                                                       ^^^^^^^ use of undeclared crate or module `bincode`
[INFO] [stdout] 
[INFO] [stdout] 
[INFO] [stdout] error[E0433]: failed to resolve: use of undeclared crate or module `bincode`
[INFO] [stdout]   --> tests/utils.rs:87:9
[INFO] [stdout]    |
[INFO] [stdout] 87 |         bincode::config::standard()
[INFO] [stdout]    |         ^^^^^^^ use of undeclared crate or module `bincode`
[INFO] [stdout] 
[INFO] [stdout] 
[INFO] [stdout] error[E0433]: failed to resolve: use of undeclared crate or module `bincode`
[INFO] [stdout]    --> tests/basic_types.rs:123:64
[INFO] [stdout]     |
[INFO] [stdout] 123 |     let result = bincode::encode_into_slice(&cell, &mut slice, bincode::config::standard())
[INFO] [stdout]     |                                                                ^^^^^^^ use of undeclared crate or module `bincode`
[INFO] [stdout] 
[INFO] [stdout] 
[INFO] [stdout] error[E0433]: failed to resolve: use of undeclared crate or module `bincode`
[INFO] [stdout]   --> tests/utils.rs:94:9
[INFO] [stdout]    |
[INFO] [stdout] 94 |         bincode::config::standard()
[INFO] [stdout]    |         ^^^^^^^ use of undeclared crate or module `bincode`
[INFO] [stdout] 
[INFO] [stdout] 
[INFO] [stdout] error[E0433]: failed to resolve: use of undeclared crate or module `bincode`
[INFO] [stdout]   --> tests/utils.rs:94:9
[INFO] [stdout]    |
[INFO] [stdout] 94 |         bincode::config::standard()
[INFO] [stdout]    |         ^^^^^^^ use of undeclared crate or module `bincode`
[INFO] [stdout] 
[INFO] [stdout] 
[INFO] [stdout] error[E0433]: failed to resolve: use of undeclared crate or module `bincode`
[INFO] [stdout]   --> tests/derive.rs:19:55
[INFO] [stdout]    |
[INFO] [stdout] 19 |         bincode::encode_into_slice(start, &mut slice, bincode::config::standard()).unwrap();
[INFO] [stdout]    |                                                       ^^^^^^^ use of undeclared crate or module `bincode`
[INFO] [stdout] 
[INFO] [stdout] 
[INFO] [stdout] error[E0433]: failed to resolve: use of undeclared crate or module `bincode`
[INFO] [stdout]    --> tests/basic_types.rs:127:9
[INFO] [stdout]     |
[INFO] [stdout] 127 |         bincode::error::EncodeError::RefCellAlreadyBorrowed { .. } => {} // ok
[INFO] [stdout]     |         ^^^^^^^ use of undeclared crate or module `bincode`
[INFO] [stdout] 
[INFO] [stdout] 
[INFO] [stdout] error[E0433]: failed to resolve: use of undeclared crate or module `bincode`
[INFO] [stdout]    --> tests/utils.rs:101:9
[INFO] [stdout]     |
[INFO] [stdout] 101 |         bincode::config::standard()
[INFO] [stdout]     |         ^^^^^^^ use of undeclared crate or module `bincode`
[INFO] [stdout] 
[INFO] [stdout] 
[INFO] [stdout] error[E0433]: failed to resolve: use of undeclared crate or module `bincode`
[INFO] [stdout]    --> tests/utils.rs:101:9
[INFO] [stdout]     |
[INFO] [stdout] 101 |         bincode::config::standard()
[INFO] [stdout]     |         ^^^^^^^ use of undeclared crate or module `bincode`
[INFO] [stdout] 
[INFO] [stdout] 
[INFO] [stdout] error[E0433]: failed to resolve: use of undeclared crate or module `bincode`
[INFO] [stdout]    --> tests/utils.rs:108:9
[INFO] [stdout]     |
[INFO] [stdout] 108 |         bincode::config::standard()
[INFO] [stdout]     |         ^^^^^^^ use of undeclared crate or module `bincode`
[INFO] [stdout] 
[INFO] [stdout] 
[INFO] [stdout] error[E0433]: failed to resolve: use of undeclared crate or module `bincode`
[INFO] [stdout]    --> tests/utils.rs:137:25
[INFO] [stdout]     |
[INFO] [stdout] 137 | pub trait TheSameTrait: bincode::Encode + bincode::Decode + Debug + 'static {}
[INFO] [stdout]     |                         ^^^^^^^ use of undeclared crate or module `bincode`
[INFO] [stdout] 
[INFO] [stdout] 
[INFO] [stdout] error[E0433]: failed to resolve: use of undeclared crate or module `bincode`
[INFO] [stdout]    --> tests/utils.rs:137:43
[INFO] [stdout]     |
[INFO] [stdout] 137 | pub trait TheSameTrait: bincode::Encode + bincode::Decode + Debug + 'static {}
[INFO] [stdout]     |                                           ^^^^^^^ use of undeclared crate or module `bincode`
[INFO] [stdout] 
[INFO] [stdout] 
[INFO] [stdout] error[E0433]: failed to resolve: use of undeclared crate or module `bincode`
[INFO] [stdout]    --> tests/utils.rs:139:37
[INFO] [stdout]     |
[INFO] [stdout] 139 | impl<T> TheSameTrait for T where T: bincode::Encode + bincode::Decode + Debug + 'static {}
[INFO] [stdout]     |                                     ^^^^^^^ use of undeclared crate or module `bincode`
[INFO] [stdout] 
[INFO] [stdout] 
[INFO] [stdout] error[E0433]: failed to resolve: use of undeclared crate or module `bincode`
[INFO] [stdout]    --> tests/utils.rs:139:55
[INFO] [stdout]     |
[INFO] [stdout] 139 | impl<T> TheSameTrait for T where T: bincode::Encode + bincode::Decode + Debug + 'static {}
[INFO] [stdout]     |                                                       ^^^^^^^ use of undeclared crate or module `bincode`
[INFO] [stdout] 
[INFO] [stdout] 
[INFO] [stdout] error[E0433]: failed to resolve: use of undeclared crate or module `bincode`
[INFO] [stdout]   --> tests/alloc.rs:20:6
[INFO] [stdout]    |
[INFO] [stdout] 20 | impl bincode::Encode for Foo {
[INFO] [stdout]    |      ^^^^^^^ use of undeclared crate or module `bincode`
[INFO] [stdout] 
[INFO] [stdout] 
[INFO] [stdout] error[E0433]: failed to resolve: use of undeclared crate or module `bincode`
[INFO] [stdout]   --> tests/alloc.rs:21:18
[INFO] [stdout]    |
[INFO] [stdout] 21 |     fn encode<E: bincode::enc::Encoder>(
[INFO] [stdout]    |                  ^^^^^^^ use of undeclared crate or module `bincode`
[INFO] [stdout] 
[INFO] [stdout] 
[INFO] [stdout] error[E0433]: failed to resolve: use of undeclared crate or module `bincode`
[INFO] [stdout]   --> tests/alloc.rs:24:21
[INFO] [stdout]    |
[INFO] [stdout] 24 |     ) -> Result<(), bincode::error::EncodeError> {
[INFO] [stdout]    |                     ^^^^^^^ use of undeclared crate or module `bincode`
[INFO] [stdout] 
[INFO] [stdout] 
[INFO] [stdout] error[E0433]: failed to resolve: use of undeclared crate or module `bincode`
[INFO] [stdout]   --> tests/alloc.rs:31:6
[INFO] [stdout]    |
[INFO] [stdout] 31 | impl bincode::Decode for Foo {
[INFO] [stdout]    |      ^^^^^^^ use of undeclared crate or module `bincode`
[INFO] [stdout] 
[INFO] [stdout] 
[INFO] [stdout] error[E0433]: failed to resolve: use of undeclared crate or module `bincode`
[INFO] [stdout]   --> tests/alloc.rs:32:18
[INFO] [stdout]    |
[INFO] [stdout] 32 |     fn decode<D: bincode::de::Decoder>(
[INFO] [stdout]    |                  ^^^^^^^ use of undeclared crate or module `bincode`
[INFO] [stdout] 
[INFO] [stdout] 
[INFO] [stdout] error[E0433]: failed to resolve: use of undeclared crate or module `bincode`
[INFO] [stdout]   --> tests/alloc.rs:34:23
[INFO] [stdout]    |
[INFO] [stdout] 34 |     ) -> Result<Self, bincode::error::DecodeError> {
[INFO] [stdout]    |                       ^^^^^^^ use of undeclared crate or module `bincode`
[INFO] [stdout] 
[INFO] [stdout] 
[INFO] [stdout] error[E0433]: failed to resolve: use of undeclared crate or module `bincode`
[INFO] [stdout]    --> tests/utils.rs:108:9
[INFO] [stdout]     |
[INFO] [stdout] 108 |         bincode::config::standard()
[INFO] [stdout]     |         ^^^^^^^ use of undeclared crate or module `bincode`
[INFO] [stdout] 
[INFO] [stdout] 
[INFO] [stdout] error[E0433]: failed to resolve: use of undeclared crate or module `bincode`
[INFO] [stdout]    --> tests/utils.rs:137:25
[INFO] [stdout]     |
[INFO] [stdout] 137 | pub trait TheSameTrait: bincode::Encode + bincode::Decode + Debug + 'static {}
[INFO] [stdout]     |                         ^^^^^^^ use of undeclared crate or module `bincode`
[INFO] [stdout] 
[INFO] [stdout] 
[INFO] [stderr] error: could not compile `bincode-purplecoin` due to 3 previous errors
[INFO] [stderr] warning: build failed, waiting for other jobs to finish...
[INFO] [stdout] error[E0433]: failed to resolve: use of undeclared crate or module `bincode`
[INFO] [stdout]    --> tests/utils.rs:137:43
[INFO] [stdout]     |
[INFO] [stdout] 137 | pub trait TheSameTrait: bincode::Encode + bincode::Decode + Debug + 'static {}
[INFO] [stdout]     |                                           ^^^^^^^ use of undeclared crate or module `bincode`
[INFO] [stdout] 
[INFO] [stdout] 
[INFO] [stdout] error[E0433]: failed to resolve: use of undeclared crate or module `bincode`
[INFO] [stdout]   --> tests/derive.rs:39:44
[INFO] [stdout]    |
[INFO] [stdout] 39 |         bincode::decode_from_slice(&slice, bincode::config::standard()).unwrap();
[INFO] [stdout]    |                                            ^^^^^^^ use of undeclared crate or module `bincode`
[INFO] [stdout] 
[INFO] [stdout] 
[INFO] [stdout] error[E0433]: failed to resolve: use of undeclared crate or module `bincode`
[INFO] [stdout]    --> tests/utils.rs:139:37
[INFO] [stdout]     |
[INFO] [stdout] 139 | impl<T> TheSameTrait for T where T: bincode::Encode + bincode::Decode + Debug + 'static {}
[INFO] [stdout]     |                                     ^^^^^^^ use of undeclared crate or module `bincode`
[INFO] [stdout] 
[INFO] [stdout] 
[INFO] [stdout] error[E0433]: failed to resolve: use of undeclared crate or module `bincode`
[INFO] [stdout]   --> tests/alloc.rs:44:59
[INFO] [stdout]    |
[INFO] [stdout] 44 |     let vec = bincode::encode_to_vec(Foo { a: 5, b: 10 }, bincode::config::standard()).unwrap();
[INFO] [stdout]    |                                                           ^^^^^^^ use of undeclared crate or module `bincode`
[INFO] [stdout] 
[INFO] [stdout] 
[INFO] [stdout] error[E0433]: failed to resolve: use of undeclared crate or module `bincode`
[INFO] [stdout]    --> tests/basic_types.rs:136:52
[INFO] [stdout]     |
[INFO] [stdout] 136 |     bincode::encode_into_slice(input, &mut buffer, bincode::config::standard()).unwrap();
[INFO] [stdout]     |                                                    ^^^^^^^ use of undeclared crate or module `bincode`
[INFO] [stdout] 
[INFO] [stdout] 
[INFO] [stdout] error[E0433]: failed to resolve: use of undeclared crate or module `bincode`
[INFO] [stdout]    --> tests/utils.rs:139:55
[INFO] [stdout]     |
[INFO] [stdout] 139 | impl<T> TheSameTrait for T where T: bincode::Encode + bincode::Decode + Debug + 'static {}
[INFO] [stdout]     |                                                       ^^^^^^^ use of undeclared crate or module `bincode`
[INFO] [stdout] 
[INFO] [stdout] 
[INFO] [stdout] error[E0433]: failed to resolve: use of undeclared crate or module `bincode`
[INFO] [stdout]   --> tests/alloc.rs:48:42
[INFO] [stdout]    |
[INFO] [stdout] 48 |         bincode::decode_from_slice(&vec, bincode::config::standard()).unwrap();
[INFO] [stdout]    |                                          ^^^^^^^ use of undeclared crate or module `bincode`
[INFO] [stdout] 
[INFO] [stdout] 
[INFO] [stdout] error[E0433]: failed to resolve: use of undeclared crate or module `bincode`
[INFO] [stdout]   --> tests/std.rs:65:61
[INFO] [stdout]    |
[INFO] [stdout] 65 |     let foo: Foo = bincode::decode_from_std_read(&mut file, bincode::config::standard()).unwrap();
[INFO] [stdout]    |                                                             ^^^^^^^ use of undeclared crate or module `bincode`
[INFO] [stdout] 
[INFO] [stdout] 
[INFO] [stdout] error[E0433]: failed to resolve: use of undeclared crate or module `bincode`
[INFO] [stdout]    --> tests/basic_types.rs:140:54
[INFO] [stdout]     |
[INFO] [stdout] 140 |         bincode::decode_from_slice(&mut buffer[..8], bincode::config::standard()).unwrap();
[INFO] [stdout]     |                                                      ^^^^^^^ use of undeclared crate or module `bincode`
[INFO] [stdout] 
[INFO] [stdout] 
[INFO] [stdout] error[E0433]: failed to resolve: use of undeclared crate or module `bincode`
[INFO] [stdout]    --> tests/std.rs:110:18
[INFO] [stdout]     |
[INFO] [stdout] 110 |     let config = bincode::config::standard();
[INFO] [stdout]     |                  ^^^^^^^ use of undeclared crate or module `bincode`
[INFO] [stdout] 
[INFO] [stdout] 
[INFO] [stdout] error[E0433]: failed to resolve: use of undeclared crate or module `bincode`
[INFO] [stdout]   --> tests/derive.rs:62:62
[INFO] [stdout]    |
[INFO] [stdout] 62 |     let len = bincode::encode_into_slice(&start, &mut slice, bincode::config::standard()).unwrap();
[INFO] [stdout]    |                                                              ^^^^^^^ use of undeclared crate or module `bincode`
[INFO] [stdout] 
[INFO] [stdout] 
[INFO] [stdout] error[E0433]: failed to resolve: use of undeclared crate or module `bincode`
[INFO] [stdout]   --> tests/derive.rs:65:51
[INFO] [stdout]    |
[INFO] [stdout] 65 |         bincode::decode_from_slice(&slice[..len], bincode::config::standard()).unwrap();
[INFO] [stdout]    |                                                   ^^^^^^^ use of undeclared crate or module `bincode`
[INFO] [stdout] 
[INFO] [stdout] 
[INFO] [stdout] error[E0433]: failed to resolve: use of undeclared crate or module `bincode`
[INFO] [stdout]    --> tests/basic_types.rs:149:60
[INFO] [stdout]     |
[INFO] [stdout] 149 |     let n = bincode::encode_into_slice(input, &mut buffer, bincode::config::standard()).unwrap();
[INFO] [stdout]     |                                                            ^^^^^^^ use of undeclared crate or module `bincode`
[INFO] [stdout] 
[INFO] [stdout] 
[INFO] [stdout] error[E0433]: failed to resolve: use of undeclared crate or module `bincode`
[INFO] [stdout]    --> tests/alloc.rs:107:50
[INFO] [stdout]     |
[INFO] [stdout] 107 |         bincode::encode_to_vec(u64::max_value(), bincode::config::standard()).unwrap(),
[INFO] [stdout]     |                                                  ^^^^^^^ use of undeclared crate or module `bincode`
[INFO] [stdout] 
[INFO] [stdout] 
[INFO] [stdout] error[E0433]: failed to resolve: use of undeclared crate or module `bincode`
[INFO] [stdout]    --> tests/std.rs:135:48
[INFO] [stdout]     |
[INFO] [stdout] 135 |         bincode::decode_from_slice(&mut input, bincode::config::standard());
[INFO] [stdout]     |                                                ^^^^^^^ use of undeclared crate or module `bincode`
[INFO] [stdout] 
[INFO] [stdout] 
[INFO] [stdout] error[E0433]: failed to resolve: use of undeclared crate or module `bincode`
[INFO] [stdout]    --> tests/basic_types.rs:153:50
[INFO] [stdout]     |
[INFO] [stdout] 153 |         bincode::decode_from_slice(&buffer[..n], bincode::config::standard()).unwrap();
[INFO] [stdout]     |                                                  ^^^^^^^ use of undeclared crate or module `bincode`
[INFO] [stdout] 
[INFO] [stdout] 
[INFO] [stdout] error[E0433]: failed to resolve: use of undeclared crate or module `bincode`
[INFO] [stdout]    --> tests/std.rs:139:9
[INFO] [stdout]     |
[INFO] [stdout] 139 |         bincode::error::DecodeError::InvalidSystemTime {
[INFO] [stdout]     |         ^^^^^^^ use of undeclared crate or module `bincode`
[INFO] [stdout] 
[INFO] [stdout] 
[INFO] [stdout] error[E0433]: failed to resolve: use of undeclared crate or module `bincode`
[INFO] [stdout]   --> tests/std.rs:37:16
[INFO] [stdout]    |
[INFO] [stdout] 37 |             a: bincode::Decode::decode(decoder)?,
[INFO] [stdout]    |                ^^^^^^^ use of undeclared crate or module `bincode`
[INFO] [stdout]    |
[INFO] [stdout] help: consider importing this trait
[INFO] [stdout]    |
[INFO] [stdout] 5  | use bincode_purplecoin::Decode;
[INFO] [stdout]    |
[INFO] [stdout] help: if you import `Decode`, refer to it directly
[INFO] [stdout]    |
[INFO] [stdout] 37 -             a: bincode::Decode::decode(decoder)?,
[INFO] [stdout] 37 +             a: Decode::decode(decoder)?,
[INFO] [stdout]    |
[INFO] [stdout] 
[INFO] [stdout] 
[INFO] [stdout] error[E0433]: failed to resolve: use of undeclared crate or module `bincode`
[INFO] [stdout]   --> tests/std.rs:38:16
[INFO] [stdout]    |
[INFO] [stdout] 38 |             b: bincode::Decode::decode(decoder)?,
[INFO] [stdout]    |                ^^^^^^^ use of undeclared crate or module `bincode`
[INFO] [stdout]    |
[INFO] [stdout] help: consider importing this trait
[INFO] [stdout]    |
[INFO] [stdout] 5  | use bincode_purplecoin::Decode;
[INFO] [stdout]    |
[INFO] [stdout] help: if you import `Decode`, refer to it directly
[INFO] [stdout]    |
[INFO] [stdout] 38 -             b: bincode::Decode::decode(decoder)?,
[INFO] [stdout] 38 +             b: Decode::decode(decoder)?,
[INFO] [stdout]    |
[INFO] [stdout] 
[INFO] [stdout] 
[INFO] [stdout] error[E0433]: failed to resolve: use of undeclared crate or module `bincode`
[INFO] [stdout]    --> tests/basic_types.rs:159:60
[INFO] [stdout]     |
[INFO] [stdout] 159 |     let n = bincode::encode_into_slice(input, &mut buffer, bincode::config::standard()).unwrap();
[INFO] [stdout]     |                                                            ^^^^^^^ use of undeclared crate or module `bincode`
[INFO] [stdout] 
[INFO] [stdout] 
[INFO] [stdout] error[E0433]: failed to resolve: use of undeclared crate or module `bincode`
[INFO] [stdout]    --> tests/alloc.rs:109:53
[INFO] [stdout]     |
[INFO] [stdout] 109 |         bincode::encode_to_vec(DECODE_LIMIT as u64, bincode::config::standard()).unwrap(),
[INFO] [stdout]     |                                                     ^^^^^^^ use of undeclared crate or module `bincode`
[INFO] [stdout] 
[INFO] [stdout] 
[INFO] [stdout] error[E0433]: failed to resolve: use of undeclared crate or module `bincode`
[INFO] [stdout]   --> tests/derive.rs:78:55
[INFO] [stdout]    |
[INFO] [stdout] 78 |         bincode::encode_into_slice(start, &mut slice, bincode::config::standard()).unwrap();
[INFO] [stdout]    |                                                       ^^^^^^^ use of undeclared crate or module `bincode`
[INFO] [stdout] 
[INFO] [stdout] 
[INFO] [stdout] error[E0433]: failed to resolve: use of undeclared crate or module `bincode`
[INFO] [stdout]   --> tests/derive.rs:88:48
[INFO] [stdout]    |
[INFO] [stdout] 88 |         bincode::decode_from_slice(&mut slice, bincode::config::standard()).unwrap();
[INFO] [stdout]    |                                                ^^^^^^^ use of undeclared crate or module `bincode`
[INFO] [stdout] 
[INFO] [stdout] 
[INFO] [stdout] error[E0433]: failed to resolve: use of undeclared crate or module `bincode`
[INFO] [stdout]    --> tests/alloc.rs:115:13
[INFO] [stdout]     |
[INFO] [stdout] 115 |             bincode::config::standard().with_limit::<DECODE_LIMIT>(),
[INFO] [stdout]     |             ^^^^^^^ use of undeclared crate or module `bincode`
[INFO] [stdout] 
[INFO] [stdout] 
[INFO] [stdout] error[E0433]: failed to resolve: use of undeclared crate or module `bincode`
[INFO] [stdout]   --> tests/alloc.rs:36:16
[INFO] [stdout]    |
[INFO] [stdout] 36 |             a: bincode::Decode::decode(decoder)?,
[INFO] [stdout]    |                ^^^^^^^ use of undeclared crate or module `bincode`
[INFO] [stdout]    |
[INFO] [stdout] help: consider importing this trait
[INFO] [stdout]    |
[INFO] [stdout] 7  | use bincode_purplecoin::Decode;
[INFO] [stdout]    |
[INFO] [stdout] help: if you import `Decode`, refer to it directly
[INFO] [stdout]    |
[INFO] [stdout] 36 -             a: bincode::Decode::decode(decoder)?,
[INFO] [stdout] 36 +             a: Decode::decode(decoder)?,
[INFO] [stdout]    |
[INFO] [stdout] 
[INFO] [stdout] 
[INFO] [stdout] error[E0433]: failed to resolve: use of undeclared crate or module `bincode`
[INFO] [stdout]   --> tests/alloc.rs:37:16
[INFO] [stdout]    |
[INFO] [stdout] 37 |             b: bincode::Decode::decode(decoder)?,
[INFO] [stdout]    |                ^^^^^^^ use of undeclared crate or module `bincode`
[INFO] [stdout]    |
[INFO] [stdout] help: consider importing this trait
[INFO] [stdout]    |
[INFO] [stdout] 7  | use bincode_purplecoin::Decode;
[INFO] [stdout]    |
[INFO] [stdout] help: if you import `Decode`, refer to it directly
[INFO] [stdout]    |
[INFO] [stdout] 37 -             b: bincode::Decode::decode(decoder)?,
[INFO] [stdout] 37 +             b: Decode::decode(decoder)?,
[INFO] [stdout]    |
[INFO] [stdout] 
[INFO] [stdout] 
[INFO] [stdout] error[E0433]: failed to resolve: use of undeclared crate or module `bincode`
[INFO] [stdout]    --> tests/basic_types.rs:163:50
[INFO] [stdout]     |
[INFO] [stdout] 163 |         bincode::decode_from_slice(&buffer[..n], bincode::config::standard()).unwrap();
[INFO] [stdout]     |                                                  ^^^^^^^ use of undeclared crate or module `bincode`
[INFO] [stdout] 
[INFO] [stdout] 
[INFO] [stdout] error[E0433]: failed to resolve: use of undeclared crate or module `bincode`
[INFO] [stdout]    --> tests/derive.rs:104:55
[INFO] [stdout]     |
[INFO] [stdout] 104 |         bincode::encode_into_slice(start, &mut slice, bincode::config::standard()).unwrap();
[INFO] [stdout]     |                                                       ^^^^^^^ use of undeclared crate or module `bincode`
[INFO] [stdout] 
[INFO] [stdout] 
[INFO] [stdout] error[E0433]: failed to resolve: use of undeclared crate or module `bincode`
[INFO] [stdout]    --> tests/derive.rs:114:48
[INFO] [stdout]     |
[INFO] [stdout] 114 |         bincode::decode_from_slice(&mut slice, bincode::config::standard()).unwrap();
[INFO] [stdout]     |                                                ^^^^^^^ use of undeclared crate or module `bincode`
[INFO] [stdout] 
[INFO] [stdout] 
[INFO] [stdout] error[E0433]: failed to resolve: use of undeclared crate or module `bincode`
[INFO] [stdout]    --> tests/basic_types.rs:172:52
[INFO] [stdout]     |
[INFO] [stdout] 172 |     bincode::encode_into_slice(input, &mut buffer, bincode::config::standard()).unwrap();
[INFO] [stdout]     |                                                    ^^^^^^^ use of undeclared crate or module `bincode`
[INFO] [stdout] 
[INFO] [stdout] 
[INFO] [stdout] error[E0433]: failed to resolve: use of undeclared crate or module `bincode`
[INFO] [stdout]    --> tests/basic_types.rs:179:55
[INFO] [stdout]     |
[INFO] [stdout] 179 |         bincode::decode_from_slice(&mut buffer[..12], bincode::config::standard()).unwrap();
[INFO] [stdout]     |                                                       ^^^^^^^ use of undeclared crate or module `bincode`
[INFO] [stdout] 
[INFO] [stdout] 
[INFO] [stdout] error[E0433]: failed to resolve: use of undeclared crate or module `bincode`
[INFO] [stdout]    --> tests/derive.rs:124:48
[INFO] [stdout]     |
[INFO] [stdout] 124 |         bincode::decode_from_slice(&mut slice, bincode::config::standard()).unwrap();
[INFO] [stdout]     |                                                ^^^^^^^ use of undeclared crate or module `bincode`
[INFO] [stdout] 
[INFO] [stdout] 
[INFO] [stdout] error[E0433]: failed to resolve: use of undeclared crate or module `bincode`
[INFO] [stdout]    --> tests/basic_types.rs:188:60
[INFO] [stdout]     |
[INFO] [stdout] 188 |     let n = bincode::encode_into_slice(input, &mut buffer, bincode::config::standard()).unwrap();
[INFO] [stdout]     |                                                            ^^^^^^^ use of undeclared crate or module `bincode`
[INFO] [stdout] 
[INFO] [stdout] 
[INFO] [stdout] error[E0433]: failed to resolve: use of undeclared crate or module `bincode`
[INFO] [stdout]    --> tests/derive.rs:134:55
[INFO] [stdout]     |
[INFO] [stdout] 134 |         bincode::encode_into_slice(start, &mut slice, bincode::config::standard()).unwrap();
[INFO] [stdout]     |                                                       ^^^^^^^ use of undeclared crate or module `bincode`
[INFO] [stdout] 
[INFO] [stdout] 
[INFO] [stdout] error[E0433]: failed to resolve: use of undeclared crate or module `bincode`
[INFO] [stdout]    --> tests/derive.rs:144:55
[INFO] [stdout]     |
[INFO] [stdout] 144 |         bincode::encode_into_slice(start, &mut slice, bincode::config::standard()).unwrap();
[INFO] [stdout]     |                                                       ^^^^^^^ use of undeclared crate or module `bincode`
[INFO] [stdout] 
[INFO] [stdout] 
[INFO] [stdout] error[E0433]: failed to resolve: use of undeclared crate or module `bincode`
[INFO] [stdout]    --> tests/basic_types.rs:195:50
[INFO] [stdout]     |
[INFO] [stdout] 195 |         bincode::decode_from_slice(&buffer[..n], bincode::config::standard()).unwrap();
[INFO] [stdout]     |                                                  ^^^^^^^ use of undeclared crate or module `bincode`
[INFO] [stdout] 
[INFO] [stdout] 
[INFO] [stdout] error[E0433]: failed to resolve: use of undeclared crate or module `bincode`
[INFO] [stdout]   --> tests/utils.rs:10:15
[INFO] [stdout]    |
[INFO] [stdout] 10 |     let len = bincode::encode_into_slice(&element, &mut buffer, config).unwrap();
[INFO] [stdout]    |               ^^^^^^^ use of undeclared crate or module `bincode`
[INFO] [stdout] 
[INFO] [stdout] 
[INFO] [stdout] error[E0433]: failed to resolve: use of undeclared crate or module `bincode`
[INFO] [stdout]   --> tests/utils.rs:10:15
[INFO] [stdout]    |
[INFO] [stdout] 10 |     let len = bincode::encode_into_slice(&element, &mut buffer, config).unwrap();
[INFO] [stdout]    |               ^^^^^^^ use of undeclared crate or module `bincode`
[INFO] [stdout] 
[INFO] [stdout] 
[INFO] [stdout] error[E0433]: failed to resolve: use of undeclared crate or module `bincode`
[INFO] [stdout]   --> tests/utils.rs:19:9
[INFO] [stdout]    |
[INFO] [stdout] 19 |         bincode::decode_from_slice(&mut buffer, config).unwrap();
[INFO] [stdout]    |         ^^^^^^^ use of undeclared crate or module `bincode`
[INFO] [stdout] 
[INFO] [stdout] 
[INFO] [stdout] error: aborting due to 15 previous errors
[INFO] [stdout] 
[INFO] [stdout] 
[INFO] [stdout] For more information about this error, try `rustc --explain E0433`.
[INFO] [stdout] 
[INFO] [stdout] error[E0433]: failed to resolve: use of undeclared crate or module `bincode`
[INFO] [stdout]   --> tests/utils.rs:10:15
[INFO] [stdout]    |
[INFO] [stdout] 10 |     let len = bincode::encode_into_slice(&element, &mut buffer, config).unwrap();
[INFO] [stdout]    |               ^^^^^^^ use of undeclared crate or module `bincode`
[INFO] [stdout] 
[INFO] [stdout] 
[INFO] [stdout] error[E0433]: failed to resolve: use of undeclared crate or module `bincode`
[INFO] [stdout]   --> tests/utils.rs:19:9
[INFO] [stdout]    |
[INFO] [stdout] 19 |         bincode::decode_from_slice(&mut buffer, config).unwrap();
[INFO] [stdout]    |         ^^^^^^^ use of undeclared crate or module `bincode`
[INFO] [stdout] 
[INFO] [stdout] 
[INFO] [stdout] error[E0433]: failed to resolve: use of undeclared crate or module `bincode`
[INFO] [stdout]   --> tests/std.rs:46:20
[INFO] [stdout]    |
[INFO] [stdout] 46 |     let foo: Foo = bincode::decode_from_std_read(&mut cursor, bincode::config::standard()).unwrap();
[INFO] [stdout]    |                    ^^^^^^^ use of undeclared crate or module `bincode`
[INFO] [stdout] 
[INFO] [stdout] 
[INFO] [stdout] error[E0433]: failed to resolve: use of undeclared crate or module `bincode`
[INFO] [stdout]   --> tests/std.rs:56:25
[INFO] [stdout]    |
[INFO] [stdout] 56 |     let bytes_written = bincode::encode_into_std_write(
[INFO] [stdout]    |                         ^^^^^^^ use of undeclared crate or module `bincode`
[INFO] [stdout] 
[INFO] [stdout] 
[INFO] [stdout] error[E0433]: failed to resolve: use of undeclared crate or module `bincode`
[INFO] [stdout]   --> tests/std.rs:65:20
[INFO] [stdout]    |
[INFO] [stdout] 65 |     let foo: Foo = bincode::decode_from_std_read(&mut file, bincode::config::standard()).unwrap();
[INFO] [stdout]    |                    ^^^^^^^ use of undeclared crate or module `bincode`
[INFO] [stdout] 
[INFO] [stdout] 
[INFO] [stdout] error[E0433]: failed to resolve: use of undeclared crate or module `bincode`
[INFO] [stdout]    --> tests/std.rs:115:15
[INFO] [stdout]     |
[INFO] [stdout] 115 |     let len = bincode::encode_into_slice(cstr, &mut buffer, config).unwrap();
[INFO] [stdout]     |               ^^^^^^^ use of undeclared crate or module `bincode`
[INFO] [stdout] 
[INFO] [stdout] 
[INFO] [stdout] error[E0433]: failed to resolve: use of undeclared crate or module `bincode`
[INFO] [stdout]    --> tests/std.rs:117:9
[INFO] [stdout]     |
[INFO] [stdout] 117 |         bincode::decode_from_slice(&mut buffer[..len], config).unwrap();
[INFO] [stdout]     |         ^^^^^^^ use of undeclared crate or module `bincode`
[INFO] [stdout] 
[INFO] [stdout] 
[INFO] [stdout] error[E0433]: failed to resolve: use of undeclared crate or module `bincode`
[INFO] [stdout]    --> tests/std.rs:123:15
[INFO] [stdout]     |
[INFO] [stdout] 123 |     let len = bincode::encode_into_slice(path, &mut buffer, config).unwrap();
[INFO] [stdout]     |               ^^^^^^^ use of undeclared crate or module `bincode`
[INFO] [stdout] 
[INFO] [stdout] 
[INFO] [stdout] error[E0433]: failed to resolve: use of undeclared crate or module `bincode`
[INFO] [stdout]    --> tests/std.rs:125:9
[INFO] [stdout]     |
[INFO] [stdout] 125 |         bincode::decode_from_slice(&mut buffer[..len], config).unwrap();
[INFO] [stdout]     |         ^^^^^^^ use of undeclared crate or module `bincode`
[INFO] [stdout] 
[INFO] [stdout] 
[INFO] [stdout] error[E0433]: failed to resolve: use of undeclared crate or module `bincode`
[INFO] [stdout]    --> tests/std.rs:135:9
[INFO] [stdout]     |
[INFO] [stdout] 135 |         bincode::decode_from_slice(&mut input, bincode::config::standard());
[INFO] [stdout]     |         ^^^^^^^ use of undeclared crate or module `bincode`
[INFO] [stdout] 
[INFO] [stdout] 
[INFO] [stdout] error: aborting due to 37 previous errors
[INFO] [stdout] 
[INFO] [stdout] 
[INFO] [stdout] For more information about this error, try `rustc --explain E0433`.
[INFO] [stdout] 
[INFO] [stdout] error[E0433]: failed to resolve: use of undeclared crate or module `bincode`
[INFO] [stdout]   --> tests/issues/issue_431.rs:27:15
[INFO] [stdout]    |
[INFO] [stdout] 27 |     let vec = bincode::encode_to_vec(&t, bincode::config::standard()).unwrap();
[INFO] [stdout]    |               ^^^^^^^ use of undeclared crate or module `bincode`
[INFO] [stdout] 
[INFO] [stdout] 
[INFO] [stderr] error: could not compile `bincode-purplecoin` due to 16 previous errors
[INFO] [stdout] error[E0433]: failed to resolve: use of undeclared crate or module `bincode`
[INFO] [stdout]   --> tests/issues/issue_431.rs:30:9
[INFO] [stdout]    |
[INFO] [stdout] 30 |         bincode::decode_from_slice(&vec, bincode::config::standard()).unwrap();
[INFO] [stdout]    |         ^^^^^^^ use of undeclared crate or module `bincode`
[INFO] [stdout] 
[INFO] [stdout] 
[INFO] [stdout] error[E0433]: failed to resolve: use of undeclared crate or module `bincode`
[INFO] [stdout]   --> tests/issues/issue_467.rs:13:9
[INFO] [stdout]    |
[INFO] [stdout] 13 |         bincode::decode_from_slice(&[], bincode::config::standard().with_limit::<1024>());
[INFO] [stdout]    |         ^^^^^^^ use of undeclared crate or module `bincode`
[INFO] [stdout] 
[INFO] [stdout] 
[INFO] [stderr] error: could not compile `bincode-purplecoin` due to 38 previous errors
[INFO] [stdout] error[E0433]: failed to resolve: use of undeclared crate or module `bincode`
[INFO] [stdout]   --> tests/issues/issue_459.rs:12:19
[INFO] [stdout]    |
[INFO] [stdout] 12 |     let _result = bincode::encode_to_vec(AllTypes(BTreeMap::new()), bincode::config::standard());
[INFO] [stdout]    |                   ^^^^^^^ use of undeclared crate or module `bincode`
[INFO] [stdout] 
[INFO] [stdout] 
[INFO] [stdout] error[E0433]: failed to resolve: use of undeclared crate or module `bincode`
[INFO] [stdout]    --> tests/basic_types.rs:201:60
[INFO] [stdout]     |
[INFO] [stdout] 201 |     let n = bincode::encode_into_slice(input, &mut buffer, bincode::config::standard()).unwrap();
[INFO] [stdout]     |                                                            ^^^^^^^ use of undeclared crate or module `bincode`
[INFO] [stdout] 
[INFO] [stdout] 
[INFO] [stdout] error[E0433]: failed to resolve: use of undeclared crate or module `bincode`
[INFO] [stdout]    --> tests/derive.rs:154:48
[INFO] [stdout]     |
[INFO] [stdout] 154 |         bincode::decode_from_slice(&mut slice, bincode::config::standard()).unwrap();
[INFO] [stdout]     |                                                ^^^^^^^ use of undeclared crate or module `bincode`
[INFO] [stdout] 
[INFO] [stdout] 
[INFO] [stdout] error[E0433]: failed to resolve: use of undeclared crate or module `bincode`
[INFO] [stdout]   --> tests/issues/issue_498.rs:11:9
[INFO] [stdout]    |
[INFO] [stdout] 11 |         bincode::decode_from_slice(&bytes, bincode::config::legacy().with_limit::<1024>());
[INFO] [stdout]    |         ^^^^^^^ use of undeclared crate or module `bincode`
[INFO] [stdout] 
[INFO] [stdout] 
[INFO] [stdout] error: aborting due to 21 previous errors
[INFO] [stdout] 
[INFO] [stdout] 
[INFO] [stdout] Some errors have detailed explanations: E0432, E0433.
[INFO] [stdout] 
[INFO] [stdout] For more information about an error, try `rustc --explain E0432`.
[INFO] [stdout] 
[INFO] [stdout] error[E0433]: failed to resolve: use of undeclared crate or module `bincode`
[INFO] [stdout]   --> tests/utils.rs:10:15
[INFO] [stdout]    |
[INFO] [stdout] 10 |     let len = bincode::encode_into_slice(&element, &mut buffer, config).unwrap();
[INFO] [stdout]    |               ^^^^^^^ use of undeclared crate or module `bincode`
[INFO] [stdout] 
[INFO] [stdout] 
[INFO] [stdout] error[E0433]: failed to resolve: use of undeclared crate or module `bincode`
[INFO] [stdout]   --> tests/utils.rs:19:9
[INFO] [stdout]    |
[INFO] [stdout] 19 |         bincode::decode_from_slice(&mut buffer, config).unwrap();
[INFO] [stdout]    |         ^^^^^^^ use of undeclared crate or module `bincode`
[INFO] [stdout] 
[INFO] [stdout] 
[INFO] [stdout] error[E0433]: failed to resolve: use of undeclared crate or module `bincode`
[INFO] [stdout]   --> tests/utils.rs:19:9
[INFO] [stdout]    |
[INFO] [stdout] 19 |         bincode::decode_from_slice(&mut buffer, config).unwrap();
[INFO] [stdout]    |         ^^^^^^^ use of undeclared crate or module `bincode`
[INFO] [stdout] 
[INFO] [stdout] 
[INFO] [stdout] error: aborting due to 15 previous errors
[INFO] [stdout] 
[INFO] [stdout] 
[INFO] [stdout] error[E0433]: failed to resolve: use of undeclared crate or module `bincode`
[INFO] [stdout]    --> tests/basic_types.rs:205:50
[INFO] [stdout]     |
[INFO] [stdout] 205 |         bincode::decode_from_slice(&buffer[..n], bincode::config::standard()).unwrap();
[INFO] [stdout]     |                                                  ^^^^^^^ use of undeclared crate or module `bincode`
[INFO] [stdout] 
[INFO] [stdout] 
[INFO] [stdout] error[E0433]: failed to resolve: use of undeclared crate or module `bincode`
[INFO] [stdout]   --> tests/alloc.rs:44:15
[INFO] [stdout]    |
[INFO] [stdout] 44 |     let vec = bincode::encode_to_vec(Foo { a: 5, b: 10 }, bincode::config::standard()).unwrap();
[INFO] [stdout]    |               ^^^^^^^ use of undeclared crate or module `bincode`
[INFO] [stdout] 
[INFO] [stdout] 
[INFO] [stdout] For more information about this error, try `rustc --explain E0433`.
[INFO] [stdout] 
[INFO] [stdout] error[E0433]: failed to resolve: use of undeclared crate or module `bincode`
[INFO] [stdout]   --> tests/alloc.rs:48:9
[INFO] [stdout]    |
[INFO] [stdout] 48 |         bincode::decode_from_slice(&vec, bincode::config::standard()).unwrap();
[INFO] [stdout]    |         ^^^^^^^ use of undeclared crate or module `bincode`
[INFO] [stdout] 
[INFO] [stdout] 
[INFO] [stdout] error[E0433]: failed to resolve: use of undeclared crate or module `bincode`
[INFO] [stdout]    --> tests/alloc.rs:107:9
[INFO] [stdout]     |
[INFO] [stdout] 107 |         bincode::encode_to_vec(u64::max_value(), bincode::config::standard()).unwrap(),
[INFO] [stdout]     |         ^^^^^^^ use of undeclared crate or module `bincode`
[INFO] [stdout] 
[INFO] [stdout] 
[INFO] [stdout] error[E0433]: failed to resolve: use of undeclared crate or module `bincode`
[INFO] [stdout]    --> tests/alloc.rs:109:9
[INFO] [stdout]     |
[INFO] [stdout] 109 |         bincode::encode_to_vec(DECODE_LIMIT as u64, bincode::config::standard()).unwrap(),
[INFO] [stdout]     |         ^^^^^^^ use of undeclared crate or module `bincode`
[INFO] [stdout] 
[INFO] [stdout] 
[INFO] [stdout] error[E0433]: failed to resolve: use of undeclared crate or module `bincode`
[INFO] [stdout]    --> tests/alloc.rs:113:22
[INFO] [stdout]     |
[INFO] [stdout] 113 |         let result = bincode::decode_from_slice::<T, _>(
[INFO] [stdout]     |                      ^^^^^^^ use of undeclared crate or module `bincode`
[INFO] [stdout] 
[INFO] [stdout] 
[INFO] [stdout] error: aborting due to 35 previous errors
[INFO] [stdout] 
[INFO] [stdout] 
[INFO] [stdout] Some errors have detailed explanations: E0432, E0433.
[INFO] [stdout] 
[INFO] [stdout] For more information about an error, try `rustc --explain E0432`.
[INFO] [stdout] 
[INFO] [stdout] error[E0433]: failed to resolve: use of undeclared crate or module `bincode`
[INFO] [stdout]    --> tests/basic_types.rs:214:52
[INFO] [stdout]     |
[INFO] [stdout] 214 |     bincode::encode_into_slice(input, &mut buffer, bincode::config::standard()).unwrap();
[INFO] [stdout]     |                                                    ^^^^^^^ use of undeclared crate or module `bincode`
[INFO] [stdout] 
[INFO] [stdout] 
[INFO] [stdout] error[E0433]: failed to resolve: use of undeclared crate or module `bincode`
[INFO] [stdout]    --> tests/basic_types.rs:221:55
[INFO] [stdout]     |
[INFO] [stdout] 221 |         bincode::decode_from_slice(&mut buffer[..11], bincode::config::standard()).unwrap();
[INFO] [stdout]     |                                                       ^^^^^^^ use of undeclared crate or module `bincode`
[INFO] [stdout] 
[INFO] [stdout] 
[INFO] [stderr] error: could not compile `bincode-purplecoin` due to 16 previous errors
[INFO] [stdout] error[E0433]: failed to resolve: use of undeclared crate or module `bincode`
[INFO] [stdout]    --> tests/basic_types.rs:227:18
[INFO] [stdout]     |
[INFO] [stdout] 227 |     let config = bincode::config::standard()
[INFO] [stdout]     |                  ^^^^^^^ use of undeclared crate or module `bincode`
[INFO] [stdout] 
[INFO] [stdout] 
[INFO] [stdout] error[E0433]: failed to resolve: use of undeclared crate or module `bincode`
[INFO] [stdout]    --> tests/derive.rs:171:55
[INFO] [stdout]     |
[INFO] [stdout] 171 |         bincode::encode_into_slice(start, &mut slice, bincode::config::standard()).unwrap();
[INFO] [stdout]     |                                                       ^^^^^^^ use of undeclared crate or module `bincode`
[INFO] [stdout] 
[INFO] [stdout] 
[INFO] [stderr] error: could not compile `bincode-purplecoin` due to 22 previous errors
[INFO] [stdout] error[E0433]: failed to resolve: use of undeclared crate or module `bincode`
[INFO] [stdout]    --> tests/basic_types.rs:248:9
[INFO] [stdout]     |
[INFO] [stdout] 248 |         bincode::config::standard(),
[INFO] [stdout]     |         ^^^^^^^ use of undeclared crate or module `bincode`
[INFO] [stdout] 
[INFO] [stdout] 
[INFO] [stdout] error[E0433]: failed to resolve: use of undeclared crate or module `bincode`
[INFO] [stdout]    --> tests/basic_types.rs:253:48
[INFO] [stdout]     |
[INFO] [stdout] 253 |         bincode::decode_from_slice(&mut input, bincode::config::standard());
[INFO] [stdout]     |                                                ^^^^^^^ use of undeclared crate or module `bincode`
[INFO] [stdout] 
[INFO] [stdout] 
[INFO] [stderr] error: could not compile `bincode-purplecoin` due to 36 previous errors
[INFO] [stdout] error[E0433]: failed to resolve: use of undeclared crate or module `bincode`
[INFO] [stdout]    --> tests/basic_types.rs:257:9
[INFO] [stdout]     |
[INFO] [stdout] 257 |         bincode::error::DecodeError::InvalidDuration {
[INFO] [stdout]     |         ^^^^^^^ use of undeclared crate or module `bincode`
[INFO] [stdout] 
[INFO] [stdout] 
[INFO] [stdout] error[E0433]: failed to resolve: use of undeclared crate or module `bincode`
[INFO] [stdout]    --> tests/basic_types.rs:271:9
[INFO] [stdout]     |
[INFO] [stdout] 271 |         bincode::config::standard(),
[INFO] [stdout]     |         ^^^^^^^ use of undeclared crate or module `bincode`
[INFO] [stdout] 
[INFO] [stdout] 
[INFO] [stdout] error[E0433]: failed to resolve: use of undeclared crate or module `bincode`
[INFO] [stdout]    --> tests/derive.rs:181:48
[INFO] [stdout]     |
[INFO] [stdout] 181 |         bincode::decode_from_slice(&mut slice, bincode::config::standard()).unwrap();
[INFO] [stdout]     |                                                ^^^^^^^ use of undeclared crate or module `bincode`
[INFO] [stdout] 
[INFO] [stdout] 
[INFO] [stdout] error[E0433]: failed to resolve: use of undeclared crate or module `bincode`
[INFO] [stdout]    --> tests/derive.rs:191:48
[INFO] [stdout]     |
[INFO] [stdout] 191 |         bincode::decode_from_slice(&mut slice, bincode::config::standard()).unwrap();
[INFO] [stdout]     |                                                ^^^^^^^ use of undeclared crate or module `bincode`
[INFO] [stdout] 
[INFO] [stdout] 
[INFO] [stdout] error[E0433]: failed to resolve: use of undeclared crate or module `bincode`
[INFO] [stdout]    --> tests/basic_types.rs:276:48
[INFO] [stdout]     |
[INFO] [stdout] 276 |         bincode::decode_from_slice(&mut input, bincode::config::standard()).unwrap();
[INFO] [stdout]     |                                                ^^^^^^^ use of undeclared crate or module `bincode`
[INFO] [stdout] 
[INFO] [stdout] 
[INFO] [stdout] error[E0433]: failed to resolve: use of undeclared crate or module `bincode`
[INFO] [stdout]    --> tests/derive.rs:201:55
[INFO] [stdout]     |
[INFO] [stdout] 201 |         bincode::encode_into_slice(start, &mut slice, bincode::config::standard()).unwrap();
[INFO] [stdout]     |                                                       ^^^^^^^ use of undeclared crate or module `bincode`
[INFO] [stdout] 
[INFO] [stdout] 
[INFO] [stdout] error[E0433]: failed to resolve: use of undeclared crate or module `bincode`
[INFO] [stdout]   --> tests/utils.rs:10:15
[INFO] [stdout]    |
[INFO] [stdout] 10 |     let len = bincode::encode_into_slice(&element, &mut buffer, config).unwrap();
[INFO] [stdout]    |               ^^^^^^^ use of undeclared crate or module `bincode`
[INFO] [stdout] 
[INFO] [stdout] 
[INFO] [stdout] error[E0433]: failed to resolve: use of undeclared crate or module `bincode`
[INFO] [stdout]   --> tests/utils.rs:19:9
[INFO] [stdout]    |
[INFO] [stdout] 19 |         bincode::decode_from_slice(&mut buffer, config).unwrap();
[INFO] [stdout]    |         ^^^^^^^ use of undeclared crate or module `bincode`
[INFO] [stdout] 
[INFO] [stdout] 
[INFO] [stdout] error[E0433]: failed to resolve: use of undeclared crate or module `bincode`
[INFO] [stdout]    --> tests/basic_types.rs:123:18
[INFO] [stdout]     |
[INFO] [stdout] 123 |     let result = bincode::encode_into_slice(&cell, &mut slice, bincode::config::standard())
[INFO] [stdout]     |                  ^^^^^^^ use of undeclared crate or module `bincode`
[INFO] [stdout] 
[INFO] [stdout] 
[INFO] [stdout] error[E0433]: failed to resolve: use of undeclared crate or module `bincode`
[INFO] [stdout]    --> tests/basic_types.rs:136:5
[INFO] [stdout]     |
[INFO] [stdout] 136 |     bincode::encode_into_slice(input, &mut buffer, bincode::config::standard()).unwrap();
[INFO] [stdout]     |     ^^^^^^^ use of undeclared crate or module `bincode`
[INFO] [stdout] 
[INFO] [stdout] 
[INFO] [stdout] error[E0433]: failed to resolve: use of undeclared crate or module `bincode`
[INFO] [stdout]    --> tests/basic_types.rs:140:9
[INFO] [stdout]     |
[INFO] [stdout] 140 |         bincode::decode_from_slice(&mut buffer[..8], bincode::config::standard()).unwrap();
[INFO] [stdout]     |         ^^^^^^^ use of undeclared crate or module `bincode`
[INFO] [stdout] 
[INFO] [stdout] 
[INFO] [stdout] error[E0433]: failed to resolve: use of undeclared crate or module `bincode`
[INFO] [stdout]    --> tests/basic_types.rs:149:13
[INFO] [stdout]     |
[INFO] [stdout] 149 |     let n = bincode::encode_into_slice(input, &mut buffer, bincode::config::standard()).unwrap();
[INFO] [stdout]     |             ^^^^^^^ use of undeclared crate or module `bincode`
[INFO] [stdout] 
[INFO] [stdout] 
[INFO] [stdout] error[E0433]: failed to resolve: use of undeclared crate or module `bincode`
[INFO] [stdout]    --> tests/basic_types.rs:153:9
[INFO] [stdout]     |
[INFO] [stdout] 153 |         bincode::decode_from_slice(&buffer[..n], bincode::config::standard()).unwrap();
[INFO] [stdout]     |         ^^^^^^^ use of undeclared crate or module `bincode`
[INFO] [stdout] 
[INFO] [stdout] 
[INFO] [stdout] error[E0433]: failed to resolve: use of undeclared crate or module `bincode`
[INFO] [stdout]    --> tests/basic_types.rs:159:13
[INFO] [stdout]     |
[INFO] [stdout] 159 |     let n = bincode::encode_into_slice(input, &mut buffer, bincode::config::standard()).unwrap();
[INFO] [stdout]     |             ^^^^^^^ use of undeclared crate or module `bincode`
[INFO] [stdout] 
[INFO] [stdout] 
[INFO] [stdout] error[E0433]: failed to resolve: use of undeclared crate or module `bincode`
[INFO] [stdout]    --> tests/basic_types.rs:163:9
[INFO] [stdout]     |
[INFO] [stdout] 163 |         bincode::decode_from_slice(&buffer[..n], bincode::config::standard()).unwrap();
[INFO] [stdout]     |         ^^^^^^^ use of undeclared crate or module `bincode`
[INFO] [stdout] 
[INFO] [stdout] 
[INFO] [stdout] error[E0433]: failed to resolve: use of undeclared crate or module `bincode`
[INFO] [stdout]    --> tests/basic_types.rs:172:5
[INFO] [stdout]     |
[INFO] [stdout] 172 |     bincode::encode_into_slice(input, &mut buffer, bincode::config::standard()).unwrap();
[INFO] [stdout]     |     ^^^^^^^ use of undeclared crate or module `bincode`
[INFO] [stdout] 
[INFO] [stdout] 
[INFO] [stdout] error[E0433]: failed to resolve: use of undeclared crate or module `bincode`
[INFO] [stdout]    --> tests/basic_types.rs:179:9
[INFO] [stdout]     |
[INFO] [stdout] 179 |         bincode::decode_from_slice(&mut buffer[..12], bincode::config::standard()).unwrap();
[INFO] [stdout]     |         ^^^^^^^ use of undeclared crate or module `bincode`
[INFO] [stdout] 
[INFO] [stdout] 
[INFO] [stdout] error[E0433]: failed to resolve: use of undeclared crate or module `bincode`
[INFO] [stdout]    --> tests/basic_types.rs:188:13
[INFO] [stdout]     |
[INFO] [stdout] 188 |     let n = bincode::encode_into_slice(input, &mut buffer, bincode::config::standard()).unwrap();
[INFO] [stdout]     |             ^^^^^^^ use of undeclared crate or module `bincode`
[INFO] [stdout] 
[INFO] [stdout] 
[INFO] [stdout] error[E0433]: failed to resolve: use of undeclared crate or module `bincode`
[INFO] [stdout]    --> tests/basic_types.rs:195:9
[INFO] [stdout]     |
[INFO] [stdout] 195 |         bincode::decode_from_slice(&buffer[..n], bincode::config::standard()).unwrap();
[INFO] [stdout]     |         ^^^^^^^ use of undeclared crate or module `bincode`
[INFO] [stdout] 
[INFO] [stdout] 
[INFO] [stdout] error[E0433]: failed to resolve: use of undeclared crate or module `bincode`
[INFO] [stdout]    --> tests/basic_types.rs:201:13
[INFO] [stdout]     |
[INFO] [stdout] 201 |     let n = bincode::encode_into_slice(input, &mut buffer, bincode::config::standard()).unwrap();
[INFO] [stdout]     |             ^^^^^^^ use of undeclared crate or module `bincode`
[INFO] [stdout] 
[INFO] [stdout] 
[INFO] [stdout] error[E0433]: failed to resolve: use of undeclared crate or module `bincode`
[INFO] [stdout]    --> tests/basic_types.rs:205:9
[INFO] [stdout]     |
[INFO] [stdout] 205 |         bincode::decode_from_slice(&buffer[..n], bincode::config::standard()).unwrap();
[INFO] [stdout]     |         ^^^^^^^ use of undeclared crate or module `bincode`
[INFO] [stdout] 
[INFO] [stdout] 
[INFO] [stdout] error[E0433]: failed to resolve: use of undeclared crate or module `bincode`
[INFO] [stdout]    --> tests/basic_types.rs:214:5
[INFO] [stdout]     |
[INFO] [stdout] 214 |     bincode::encode_into_slice(input, &mut buffer, bincode::config::standard()).unwrap();
[INFO] [stdout]     |     ^^^^^^^ use of undeclared crate or module `bincode`
[INFO] [stdout] 
[INFO] [stdout] 
[INFO] [stdout] error[E0433]: failed to resolve: use of undeclared crate or module `bincode`
[INFO] [stdout]    --> tests/derive.rs:211:55
[INFO] [stdout]     |
[INFO] [stdout] 211 |         bincode::encode_into_slice(start, &mut slice, bincode::config::standard()).unwrap();
[INFO] [stdout]     |                                                       ^^^^^^^ use of undeclared crate or module `bincode`
[INFO] [stdout] 
[INFO] [stdout] 
[INFO] [stdout] error[E0433]: failed to resolve: use of undeclared crate or module `bincode`
[INFO] [stdout]    --> tests/basic_types.rs:221:9
[INFO] [stdout]     |
[INFO] [stdout] 221 |         bincode::decode_from_slice(&mut buffer[..11], bincode::config::standard()).unwrap();
[INFO] [stdout]     |         ^^^^^^^ use of undeclared crate or module `bincode`
[INFO] [stdout] 
[INFO] [stdout] 
[INFO] [stdout] error[E0433]: failed to resolve: use of undeclared crate or module `bincode`
[INFO] [stdout]    --> tests/basic_types.rs:231:15
[INFO] [stdout]     |
[INFO] [stdout] 231 |     let len = bincode::encode_into_slice(input, &mut buffer, config).unwrap();
[INFO] [stdout]     |               ^^^^^^^ use of undeclared crate or module `bincode`
[INFO] [stdout] 
[INFO] [stdout] 
[INFO] [stdout] error[E0433]: failed to resolve: use of undeclared crate or module `bincode`
[INFO] [stdout]    --> tests/basic_types.rs:236:9
[INFO] [stdout]     |
[INFO] [stdout] 236 |         bincode::decode_from_slice(&mut buffer[..9], config).unwrap();
[INFO] [stdout]     |         ^^^^^^^ use of undeclared crate or module `bincode`
[INFO] [stdout] 
[INFO] [stdout] 
[INFO] [stdout] error[E0433]: failed to resolve: use of undeclared crate or module `bincode`
[INFO] [stdout]    --> tests/basic_types.rs:245:5
[INFO] [stdout]     |
[INFO] [stdout] 245 |     bincode::encode_into_slice(
[INFO] [stdout]     |     ^^^^^^^ use of undeclared crate or module `bincode`
[INFO] [stdout] 
[INFO] [stdout] 
[INFO] [stdout] error[E0433]: failed to resolve: use of undeclared crate or module `bincode`
[INFO] [stdout]    --> tests/basic_types.rs:253:9
[INFO] [stdout]     |
[INFO] [stdout] 253 |         bincode::decode_from_slice(&mut input, bincode::config::standard());
[INFO] [stdout]     |         ^^^^^^^ use of undeclared crate or module `bincode`
[INFO] [stdout] 
[INFO] [stdout] 
[INFO] [stdout] error[E0433]: failed to resolve: use of undeclared crate or module `bincode`
[INFO] [stdout]    --> tests/basic_types.rs:268:5
[INFO] [stdout]     |
[INFO] [stdout] 268 |     bincode::encode_into_slice(
[INFO] [stdout]     |     ^^^^^^^ use of undeclared crate or module `bincode`
[INFO] [stdout] 
[INFO] [stdout] 
[INFO] [stdout] error[E0433]: failed to resolve: use of undeclared crate or module `bincode`
[INFO] [stdout]    --> tests/basic_types.rs:276:9
[INFO] [stdout]     |
[INFO] [stdout] 276 |         bincode::decode_from_slice(&mut input, bincode::config::standard()).unwrap();
[INFO] [stdout]     |         ^^^^^^^ use of undeclared crate or module `bincode`
[INFO] [stdout] 
[INFO] [stdout] 
[INFO] [stdout] error: aborting due to 58 previous errors
[INFO] [stdout] 
[INFO] [stdout] 
[INFO] [stdout] For more information about this error, try `rustc --explain E0433`.
[INFO] [stdout] 
[INFO] [stdout] error[E0433]: failed to resolve: use of undeclared crate or module `bincode`
[INFO] [stdout]    --> tests/derive.rs:221:48
[INFO] [stdout]     |
[INFO] [stdout] 221 |         bincode::decode_from_slice(&mut slice, bincode::config::standard()).unwrap();
[INFO] [stdout]     |                                                ^^^^^^^ use of undeclared crate or module `bincode`
[INFO] [stdout] 
[INFO] [stdout] 
[INFO] [stderr] error: could not compile `bincode-purplecoin` due to 59 previous errors
[INFO] [stdout] error[E0433]: failed to resolve: use of undeclared crate or module `bincode`
[INFO] [stdout]    --> tests/derive.rs:240:55
[INFO] [stdout]     |
[INFO] [stdout] 240 |             bincode::encode_into_slice(e, &mut slice, bincode::config::standard()).unwrap();
[INFO] [stdout]     |                                                       ^^^^^^^ use of undeclared crate or module `bincode`
[INFO] [stdout] 
[INFO] [stdout] 
[INFO] [stdout] error[E0433]: failed to resolve: use of undeclared crate or module `bincode`
[INFO] [stdout]    --> tests/derive.rs:251:42
[INFO] [stdout]     |
[INFO] [stdout] 251 |     fn de(num: u8) -> Result<CStyleEnum, bincode::error::DecodeError> {
[INFO] [stdout]     |                                          ^^^^^^^ use of undeclared crate or module `bincode`
[INFO] [stdout] 
[INFO] [stdout] 
[INFO] [stdout] error[E0433]: failed to resolve: use of undeclared crate or module `bincode`
[INFO] [stdout]    --> tests/derive.rs:252:64
[INFO] [stdout]     |
[INFO] [stdout] 252 |         let (result, len) = bincode::decode_from_slice(&[num], bincode::config::standard())?;
[INFO] [stdout]     |                                                                ^^^^^^^ use of undeclared crate or module `bincode`
[INFO] [stdout] 
[INFO] [stdout] 
[INFO] [stdout] error[E0433]: failed to resolve: use of undeclared crate or module `bincode`
[INFO] [stdout]    --> tests/derive.rs:257:53
[INFO] [stdout]     |
[INFO] [stdout] 257 |     fn expected_err(idx: u32) -> Result<CStyleEnum, bincode::error::DecodeError> {
[INFO] [stdout]     |                                                     ^^^^^^^ use of undeclared crate or module `bincode`
[INFO] [stdout] 
[INFO] [stdout] 
[INFO] [stdout] error[E0433]: failed to resolve: use of undeclared crate or module `bincode`
[INFO] [stdout]    --> tests/derive.rs:258:13
[INFO] [stdout]     |
[INFO] [stdout] 258 |         Err(bincode::error::DecodeError::UnexpectedVariant {
[INFO] [stdout]     |             ^^^^^^^ use of undeclared crate or module `bincode`
[INFO] [stdout] 
[INFO] [stdout] 
[INFO] [stdout] error[E0433]: failed to resolve: use of undeclared crate or module `bincode`
[INFO] [stdout]    --> tests/derive.rs:288:63
[INFO] [stdout]     |
[INFO] [stdout] 288 |             bincode::encode_into_slice(val, &mut usize_slice, bincode::config::standard()).unwrap();
[INFO] [stdout]     |                                                               ^^^^^^^ use of undeclared crate or module `bincode`
[INFO] [stdout] 
[INFO] [stdout] 
[INFO] [stdout] error[E0433]: failed to resolve: use of undeclared crate or module `bincode`
[INFO] [stdout]    --> tests/derive.rs:294:13
[INFO] [stdout]     |
[INFO] [stdout] 294 |             bincode::config::standard(),
[INFO] [stdout]     |             ^^^^^^^ use of undeclared crate or module `bincode`
[INFO] [stdout] 
[INFO] [stdout] 
[INFO] [stdout] error[E0433]: failed to resolve: use of undeclared crate or module `bincode`
[INFO] [stdout]    --> tests/derive.rs:303:13
[INFO] [stdout]     |
[INFO] [stdout] 303 |             bincode::config::standard(),
[INFO] [stdout]     |             ^^^^^^^ use of undeclared crate or module `bincode`
[INFO] [stdout] 
[INFO] [stdout] 
[INFO] [stdout] error[E0433]: failed to resolve: use of undeclared crate or module `bincode`
[INFO] [stdout]    --> tests/derive.rs:320:57
[INFO] [stdout]     |
[INFO] [stdout] 320 |         bincode::decode_from_slice::<EmptyEnum, _>(&[], bincode::config::standard()).unwrap_err();
[INFO] [stdout]     |                                                         ^^^^^^^ use of undeclared crate or module `bincode`
[INFO] [stdout] 
[INFO] [stdout] 
[INFO] [stdout] error[E0433]: failed to resolve: use of undeclared crate or module `bincode`
[INFO] [stdout]    --> tests/derive.rs:323:9
[INFO] [stdout]     |
[INFO] [stdout] 323 |         bincode::error::DecodeError::EmptyEnum {
[INFO] [stdout]     |         ^^^^^^^ use of undeclared crate or module `bincode`
[INFO] [stdout] 
[INFO] [stdout] 
[INFO] [stdout] error[E0433]: failed to resolve: use of undeclared crate or module `bincode`
[INFO] [stdout]    --> tests/derive.rs:340:56
[INFO] [stdout]     |
[INFO] [stdout] 340 |         bincode::encode_into_slice(&start, &mut slice, bincode::config::standard()).unwrap();
[INFO] [stdout]     |                                                        ^^^^^^^ use of undeclared crate or module `bincode`
[INFO] [stdout] 
[INFO] [stdout] 
[INFO] [stdout] error[E0433]: failed to resolve: use of undeclared crate or module `bincode`
[INFO] [stdout]    --> tests/derive.rs:351:61
[INFO] [stdout]     |
[INFO] [stdout] 351 |         bincode::decode_from_slice(&slice[..bytes_written], bincode::config::standard())
[INFO] [stdout]     |                                                             ^^^^^^^ use of undeclared crate or module `bincode`
[INFO] [stdout] 
[INFO] [stdout] 
[INFO] [stdout] error[E0433]: failed to resolve: use of undeclared crate or module `bincode`
[INFO] [stdout]    --> tests/derive.rs:359:56
[INFO] [stdout]     |
[INFO] [stdout] 359 |         bincode::encode_into_slice(&start, &mut slice, bincode::config::standard()).unwrap();
[INFO] [stdout]     |                                                        ^^^^^^^ use of undeclared crate or module `bincode`
[INFO] [stdout] 
[INFO] [stdout] 
[INFO] [stdout] error[E0433]: failed to resolve: use of undeclared crate or module `bincode`
[INFO] [stdout]    --> tests/derive.rs:363:61
[INFO] [stdout]     |
[INFO] [stdout] 363 |         bincode::decode_from_slice(&slice[..bytes_written], bincode::config::standard())
[INFO] [stdout]     |                                                             ^^^^^^^ use of undeclared crate or module `bincode`
[INFO] [stdout] 
[INFO] [stdout] 
[INFO] [stdout] error[E0433]: failed to resolve: use of undeclared crate or module `bincode`
[INFO] [stdout]    --> tests/derive.rs:260:22
[INFO] [stdout]     |
[INFO] [stdout] 260 |             allowed: bincode::error::AllowedEnumVariants::Allowed(&[1, 2, 3, 5, 6]),
[INFO] [stdout]     |                      ^^^^^^^ use of undeclared crate or module `bincode`
[INFO] [stdout]     |
[INFO] [stdout] help: consider importing this enum
[INFO] [stdout]     |
[INFO] [stdout] 3   | use bincode_purplecoin::error::AllowedEnumVariants;
[INFO] [stdout]     |
[INFO] [stdout] help: if you import `AllowedEnumVariants`, refer to it directly
[INFO] [stdout]     |
[INFO] [stdout] 260 -             allowed: bincode::error::AllowedEnumVariants::Allowed(&[1, 2, 3, 5, 6]),
[INFO] [stdout] 260 +             allowed: AllowedEnumVariants::Allowed(&[1, 2, 3, 5, 6]),
[INFO] [stdout]     |
[INFO] [stdout] 
[INFO] [stdout] 
[INFO] [stdout] error[E0433]: failed to resolve: use of undeclared crate or module `bincode`
[INFO] [stdout]   --> tests/derive.rs:19:9
[INFO] [stdout]    |
[INFO] [stdout] 19 |         bincode::encode_into_slice(start, &mut slice, bincode::config::standard()).unwrap();
[INFO] [stdout]    |         ^^^^^^^ use of undeclared crate or module `bincode`
[INFO] [stdout] 
[INFO] [stdout] 
[INFO] [stdout] error[E0433]: failed to resolve: use of undeclared crate or module `bincode`
[INFO] [stdout]   --> tests/derive.rs:39:9
[INFO] [stdout]    |
[INFO] [stdout] 39 |         bincode::decode_from_slice(&slice, bincode::config::standard()).unwrap();
[INFO] [stdout]    |         ^^^^^^^ use of undeclared crate or module `bincode`
[INFO] [stdout] 
[INFO] [stdout] 
[INFO] [stdout] error[E0433]: failed to resolve: use of undeclared crate or module `bincode`
[INFO] [stdout]   --> tests/derive.rs:62:15
[INFO] [stdout]    |
[INFO] [stdout] 62 |     let len = bincode::encode_into_slice(&start, &mut slice, bincode::config::standard()).unwrap();
[INFO] [stdout]    |               ^^^^^^^ use of undeclared crate or module `bincode`
[INFO] [stdout] 
[INFO] [stdout] 
[INFO] [stdout] error[E0433]: failed to resolve: use of undeclared crate or module `bincode`
[INFO] [stdout]   --> tests/derive.rs:65:9
[INFO] [stdout]    |
[INFO] [stdout] 65 |         bincode::decode_from_slice(&slice[..len], bincode::config::standard()).unwrap();
[INFO] [stdout]    |         ^^^^^^^ use of undeclared crate or module `bincode`
[INFO] [stdout] 
[INFO] [stdout] 
[INFO] [stdout] error[E0433]: failed to resolve: use of undeclared crate or module `bincode`
[INFO] [stdout]   --> tests/derive.rs:78:9
[INFO] [stdout]    |
[INFO] [stdout] 78 |         bincode::encode_into_slice(start, &mut slice, bincode::config::standard()).unwrap();
[INFO] [stdout]    |         ^^^^^^^ use of undeclared crate or module `bincode`
[INFO] [stdout] 
[INFO] [stdout] 
[INFO] [stdout] error[E0433]: failed to resolve: use of undeclared crate or module `bincode`
[INFO] [stdout]   --> tests/derive.rs:88:9
[INFO] [stdout]    |
[INFO] [stdout] 88 |         bincode::decode_from_slice(&mut slice, bincode::config::standard()).unwrap();
[INFO] [stdout]    |         ^^^^^^^ use of undeclared crate or module `bincode`
[INFO] [stdout] 
[INFO] [stdout] 
[INFO] [stdout] error[E0433]: failed to resolve: use of undeclared crate or module `bincode`
[INFO] [stdout]    --> tests/derive.rs:104:9
[INFO] [stdout]     |
[INFO] [stdout] 104 |         bincode::encode_into_slice(start, &mut slice, bincode::config::standard()).unwrap();
[INFO] [stdout]     |         ^^^^^^^ use of undeclared crate or module `bincode`
[INFO] [stdout] 
[INFO] [stdout] 
[INFO] [stdout] error[E0433]: failed to resolve: use of undeclared crate or module `bincode`
[INFO] [stdout]    --> tests/derive.rs:114:9
[INFO] [stdout]     |
[INFO] [stdout] 114 |         bincode::decode_from_slice(&mut slice, bincode::config::standard()).unwrap();
[INFO] [stdout]     |         ^^^^^^^ use of undeclared crate or module `bincode`
[INFO] [stdout] 
[INFO] [stdout] 
[INFO] [stdout] error[E0433]: failed to resolve: use of undeclared crate or module `bincode`
[INFO] [stdout]    --> tests/derive.rs:124:9
[INFO] [stdout]     |
[INFO] [stdout] 124 |         bincode::decode_from_slice(&mut slice, bincode::config::standard()).unwrap();
[INFO] [stdout]     |         ^^^^^^^ use of undeclared crate or module `bincode`
[INFO] [stdout] 
[INFO] [stdout] 
[INFO] [stdout] error[E0433]: failed to resolve: use of undeclared crate or module `bincode`
[INFO] [stdout]    --> tests/derive.rs:134:9
[INFO] [stdout]     |
[INFO] [stdout] 134 |         bincode::encode_into_slice(start, &mut slice, bincode::config::standard()).unwrap();
[INFO] [stdout]     |         ^^^^^^^ use of undeclared crate or module `bincode`
[INFO] [stdout] 
[INFO] [stdout] 
[INFO] [stdout] error[E0433]: failed to resolve: use of undeclared crate or module `bincode`
[INFO] [stdout]    --> tests/derive.rs:144:9
[INFO] [stdout]     |
[INFO] [stdout] 144 |         bincode::encode_into_slice(start, &mut slice, bincode::config::standard()).unwrap();
[INFO] [stdout]     |         ^^^^^^^ use of undeclared crate or module `bincode`
[INFO] [stdout] 
[INFO] [stdout] 
[INFO] [stdout] error[E0433]: failed to resolve: use of undeclared crate or module `bincode`
[INFO] [stdout]    --> tests/derive.rs:154:9
[INFO] [stdout]     |
[INFO] [stdout] 154 |         bincode::decode_from_slice(&mut slice, bincode::config::standard()).unwrap();
[INFO] [stdout]     |         ^^^^^^^ use of undeclared crate or module `bincode`
[INFO] [stdout] 
[INFO] [stdout] 
[INFO] [stdout] error[E0433]: failed to resolve: use of undeclared crate or module `bincode`
[INFO] [stdout]    --> tests/derive.rs:171:9
[INFO] [stdout]     |
[INFO] [stdout] 171 |         bincode::encode_into_slice(start, &mut slice, bincode::config::standard()).unwrap();
[INFO] [stdout]     |         ^^^^^^^ use of undeclared crate or module `bincode`
[INFO] [stdout] 
[INFO] [stdout] 
[INFO] [stdout] error[E0433]: failed to resolve: use of undeclared crate or module `bincode`
[INFO] [stdout]    --> tests/derive.rs:181:9
[INFO] [stdout]     |
[INFO] [stdout] 181 |         bincode::decode_from_slice(&mut slice, bincode::config::standard()).unwrap();
[INFO] [stdout]     |         ^^^^^^^ use of undeclared crate or module `bincode`
[INFO] [stdout] 
[INFO] [stdout] 
[INFO] [stdout] error[E0433]: failed to resolve: use of undeclared crate or module `bincode`
[INFO] [stdout]    --> tests/derive.rs:191:9
[INFO] [stdout]     |
[INFO] [stdout] 191 |         bincode::decode_from_slice(&mut slice, bincode::config::standard()).unwrap();
[INFO] [stdout]     |         ^^^^^^^ use of undeclared crate or module `bincode`
[INFO] [stdout] 
[INFO] [stdout] 
[INFO] [stdout] error[E0433]: failed to resolve: use of undeclared crate or module `bincode`
[INFO] [stdout]    --> tests/derive.rs:201:9
[INFO] [stdout]     |
[INFO] [stdout] 201 |         bincode::encode_into_slice(start, &mut slice, bincode::config::standard()).unwrap();
[INFO] [stdout]     |         ^^^^^^^ use of undeclared crate or module `bincode`
[INFO] [stdout] 
[INFO] [stdout] 
[INFO] [stdout] error[E0433]: failed to resolve: use of undeclared crate or module `bincode`
[INFO] [stdout]    --> tests/derive.rs:211:9
[INFO] [stdout]     |
[INFO] [stdout] 211 |         bincode::encode_into_slice(start, &mut slice, bincode::config::standard()).unwrap();
[INFO] [stdout]     |         ^^^^^^^ use of undeclared crate or module `bincode`
[INFO] [stdout] 
[INFO] [stdout] 
[INFO] [stdout] error[E0433]: failed to resolve: use of undeclared crate or module `bincode`
[INFO] [stdout]    --> tests/derive.rs:221:9
[INFO] [stdout]     |
[INFO] [stdout] 221 |         bincode::decode_from_slice(&mut slice, bincode::config::standard()).unwrap();
[INFO] [stdout]     |         ^^^^^^^ use of undeclared crate or module `bincode`
[INFO] [stdout] 
[INFO] [stdout] 
[INFO] [stdout] error[E0433]: failed to resolve: use of undeclared crate or module `bincode`
[INFO] [stdout]    --> tests/derive.rs:240:13
[INFO] [stdout]     |
[INFO] [stdout] 240 |             bincode::encode_into_slice(e, &mut slice, bincode::config::standard()).unwrap();
[INFO] [stdout]     |             ^^^^^^^ use of undeclared crate or module `bincode`
[INFO] [stdout] 
[INFO] [stdout] 
[INFO] [stderr] error: could not compile `bincode-purplecoin` due to 82 previous errors
[INFO] [stdout] error[E0433]: failed to resolve: use of undeclared crate or module `bincode`
[INFO] [stdout]    --> tests/derive.rs:252:29
[INFO] [stdout]     |
[INFO] [stdout] 252 |         let (result, len) = bincode::decode_from_slice(&[num], bincode::config::standard())?;
[INFO] [stdout]     |                             ^^^^^^^ use of undeclared crate or module `bincode`
[INFO] [stdout] 
[INFO] [stdout] 
[INFO] [stdout] error[E0433]: failed to resolve: use of undeclared crate or module `bincode`
[INFO] [stdout]    --> tests/derive.rs:288:13
[INFO] [stdout]     |
[INFO] [stdout] 288 |             bincode::encode_into_slice(val, &mut usize_slice, bincode::config::standard()).unwrap();
[INFO] [stdout]     |             ^^^^^^^ use of undeclared crate or module `bincode`
[INFO] [stdout] 
[INFO] [stdout] 
[INFO] [stdout] error[E0433]: failed to resolve: use of undeclared crate or module `bincode`
[INFO] [stdout]    --> tests/derive.rs:291:27
[INFO] [stdout]     |
[INFO] [stdout] 291 |         let newtype_len = bincode::encode_into_slice(
[INFO] [stdout]     |                           ^^^^^^^ use of undeclared crate or module `bincode`
[INFO] [stdout] 
[INFO] [stdout] 
[INFO] [stdout] error[E0433]: failed to resolve: use of undeclared crate or module `bincode`
[INFO] [stdout]    --> tests/derive.rs:301:30
[INFO] [stdout]     |
[INFO] [stdout] 301 |         let (newtype, len) = bincode::decode_from_slice::<MacroNewType, _>(
[INFO] [stdout]     |                              ^^^^^^^ use of undeclared crate or module `bincode`
[INFO] [stdout] 
[INFO] [stdout] 
[INFO] [stdout] error[E0433]: failed to resolve: use of undeclared crate or module `bincode`
[INFO] [stdout]    --> tests/derive.rs:320:9
[INFO] [stdout]     |
[INFO] [stdout] 320 |         bincode::decode_from_slice::<EmptyEnum, _>(&[], bincode::config::standard()).unwrap_err();
[INFO] [stdout]     |         ^^^^^^^ use of undeclared crate or module `bincode`
[INFO] [stdout] 
[INFO] [stdout] 
[INFO] [stdout] error[E0433]: failed to resolve: use of undeclared crate or module `bincode`
[INFO] [stdout]    --> tests/derive.rs:340:9
[INFO] [stdout]     |
[INFO] [stdout] 340 |         bincode::encode_into_slice(&start, &mut slice, bincode::config::standard()).unwrap();
[INFO] [stdout]     |         ^^^^^^^ use of undeclared crate or module `bincode`
[INFO] [stdout] 
[INFO] [stdout] 
[INFO] [stdout] error[E0433]: failed to resolve: use of undeclared crate or module `bincode`
[INFO] [stdout]    --> tests/derive.rs:351:9
[INFO] [stdout]     |
[INFO] [stdout] 351 |         bincode::decode_from_slice(&slice[..bytes_written], bincode::config::standard())
[INFO] [stdout]     |         ^^^^^^^ use of undeclared crate or module `bincode`
[INFO] [stdout] 
[INFO] [stdout] 
[INFO] [stdout] error[E0433]: failed to resolve: use of undeclared crate or module `bincode`
[INFO] [stdout]    --> tests/derive.rs:359:9
[INFO] [stdout]     |
[INFO] [stdout] 359 |         bincode::encode_into_slice(&start, &mut slice, bincode::config::standard()).unwrap();
[INFO] [stdout]     |         ^^^^^^^ use of undeclared crate or module `bincode`
[INFO] [stdout] 
[INFO] [stdout] 
[INFO] [stdout] error[E0433]: failed to resolve: use of undeclared crate or module `bincode`
[INFO] [stdout]    --> tests/derive.rs:363:9
[INFO] [stdout]     |
[INFO] [stdout] 363 |         bincode::decode_from_slice(&slice[..bytes_written], bincode::config::standard())
[INFO] [stdout]     |         ^^^^^^^ use of undeclared crate or module `bincode`
[INFO] [stdout] 
[INFO] [stdout] 
[INFO] [stdout] error: aborting due to 81 previous errors
[INFO] [stdout] 
[INFO] [stdout] 
[INFO] [stdout] For more information about this error, try `rustc --explain E0433`.
[INFO] [stdout] 
[INFO] running `Command { std: "docker" "inspect" "20591c52544c43d6b2e56dd4be5d86cec41eaaade5e784a3ab23274e7d398706", kill_on_drop: false }`
[INFO] running `Command { std: "docker" "rm" "-f" "20591c52544c43d6b2e56dd4be5d86cec41eaaade5e784a3ab23274e7d398706", kill_on_drop: false }`
[INFO] [stdout] 20591c52544c43d6b2e56dd4be5d86cec41eaaade5e784a3ab23274e7d398706
