[INFO] fetching crate big-o-test 0.2.6...
[INFO] testing big-o-test-0.2.6 against 1.69.0 for beta-1.70-1
[INFO] extracting crate big-o-test 0.2.6 into /workspace/builds/worker-3-tc1/source
[INFO] validating manifest of crates.io crate big-o-test 0.2.6 on toolchain 1.69.0
[INFO] running `Command { std: CARGO_HOME="/workspace/cargo-home" RUSTUP_HOME="/workspace/rustup-home" "/workspace/cargo-home/bin/cargo" "+1.69.0" "metadata" "--manifest-path" "Cargo.toml" "--no-deps", kill_on_drop: false }`
[INFO] started tweaking crates.io crate big-o-test 0.2.6
[INFO] finished tweaking crates.io crate big-o-test 0.2.6
[INFO] tweaked toml for crates.io crate big-o-test 0.2.6 written to /workspace/builds/worker-3-tc1/source/Cargo.toml
[INFO] running `Command { std: CARGO_HOME="/workspace/cargo-home" RUSTUP_HOME="/workspace/rustup-home" __CARGO_TEST_CHANNEL_OVERRIDE_DO_NOT_USE_THIS="nightly" "/workspace/cargo-home/bin/cargo" "+1.69.0" "generate-lockfile" "--manifest-path" "Cargo.toml" "-Zno-index-update", kill_on_drop: false }`
[INFO] running `Command { std: CARGO_HOME="/workspace/cargo-home" RUSTUP_HOME="/workspace/rustup-home" "/workspace/cargo-home/bin/cargo" "+1.69.0" "fetch" "--manifest-path" "Cargo.toml", kill_on_drop: false }`
[INFO] [stderr]  Downloading crates ...
[INFO] [stderr]   Downloaded spin_sleep v1.1.1
[INFO] [stderr]   Downloaded serial_test_derive v0.8.0
[INFO] [stderr]   Downloaded serial_test v0.8.0
[INFO] running `Command { std: "docker" "create" "-v" "/var/lib/crater-agent-workspace/builds/worker-3-tc1/target:/opt/rustwide/target:rw,Z" "-v" "/var/lib/crater-agent-workspace/builds/worker-3-tc1/source:/opt/rustwide/workdir:ro,Z" "-v" "/var/lib/crater-agent-workspace/cargo-home:/opt/rustwide/cargo-home:ro,Z" "-v" "/var/lib/crater-agent-workspace/rustup-home:/opt/rustwide/rustup-home:ro,Z" "-e" "SOURCE_DIR=/opt/rustwide/workdir" "-e" "CARGO_TARGET_DIR=/opt/rustwide/target" "-e" "CARGO_HOME=/opt/rustwide/cargo-home" "-e" "RUSTUP_HOME=/opt/rustwide/rustup-home" "-w" "/opt/rustwide/workdir" "-m" "1610612736" "--user" "0:0" "--network" "none" "ghcr.io/rust-lang/crates-build-env/linux@sha256:5ff2268d62e97bff2cde7d5815dd6ed5b47097566f13b8d0ca110b04b60e07ed" "/opt/rustwide/cargo-home/bin/cargo" "+1.69.0" "metadata" "--no-deps" "--format-version=1", kill_on_drop: false }`
[INFO] [stdout] ce601d29e727411109c5ec0b855fcfb1752469d4eaf871974e3afec942bad3a5
[INFO] running `Command { std: "docker" "start" "-a" "ce601d29e727411109c5ec0b855fcfb1752469d4eaf871974e3afec942bad3a5", kill_on_drop: false }`
[INFO] running `Command { std: "docker" "inspect" "ce601d29e727411109c5ec0b855fcfb1752469d4eaf871974e3afec942bad3a5", kill_on_drop: false }`
[INFO] running `Command { std: "docker" "rm" "-f" "ce601d29e727411109c5ec0b855fcfb1752469d4eaf871974e3afec942bad3a5", kill_on_drop: false }`
[INFO] [stdout] ce601d29e727411109c5ec0b855fcfb1752469d4eaf871974e3afec942bad3a5
[INFO] running `Command { std: "docker" "create" "-v" "/var/lib/crater-agent-workspace/builds/worker-3-tc1/target:/opt/rustwide/target:rw,Z" "-v" "/var/lib/crater-agent-workspace/builds/worker-3-tc1/source:/opt/rustwide/workdir:ro,Z" "-v" "/var/lib/crater-agent-workspace/cargo-home:/opt/rustwide/cargo-home:ro,Z" "-v" "/var/lib/crater-agent-workspace/rustup-home:/opt/rustwide/rustup-home:ro,Z" "-e" "SOURCE_DIR=/opt/rustwide/workdir" "-e" "CARGO_TARGET_DIR=/opt/rustwide/target" "-e" "CARGO_INCREMENTAL=0" "-e" "RUST_BACKTRACE=full" "-e" "RUSTFLAGS=--cap-lints=warn" "-e" "RUSTDOCFLAGS=--cap-lints=warn" "-e" "CARGO_HOME=/opt/rustwide/cargo-home" "-e" "RUSTUP_HOME=/opt/rustwide/rustup-home" "-w" "/opt/rustwide/workdir" "-m" "1610612736" "--user" "0:0" "--network" "none" "ghcr.io/rust-lang/crates-build-env/linux@sha256:5ff2268d62e97bff2cde7d5815dd6ed5b47097566f13b8d0ca110b04b60e07ed" "/opt/rustwide/cargo-home/bin/cargo" "+1.69.0" "build" "--frozen" "--message-format=json", kill_on_drop: false }`
[INFO] [stdout] cd54f38c983118fd6a8b9d92b6659378458cbd58f470a73c440deda22f505914
[INFO] running `Command { std: "docker" "start" "-a" "cd54f38c983118fd6a8b9d92b6659378458cbd58f470a73c440deda22f505914", kill_on_drop: false }`
[INFO] [stderr]    Compiling crossbeam-utils v0.8.15
[INFO] [stderr]    Compiling crossbeam-queue v0.3.8
[INFO] [stderr]    Compiling crossbeam-epoch v0.9.14
[INFO] [stderr]    Compiling crossbeam-channel v0.5.8
[INFO] [stderr]    Compiling crossbeam-deque v0.8.3
[INFO] [stderr]    Compiling crossbeam v0.8.2
[INFO] [stderr]    Compiling big-o-test v0.2.6 (/opt/rustwide/workdir)
[INFO] [stdout] warning: unused variable: `max_retry_attempts`
[INFO] [stdout]   --> src/runners/standard.rs:32:74
[INFO] [stdout]    |
[INFO] [stdout] 32 |                      (test_name:                &str,                    max_retry_attempts:        u32,
[INFO] [stdout]    |                                                                          ^^^^^^^^^^^^^^^^^^ help: if this is intentional, prefix it with an underscore: `_max_retry_attempts`
[INFO] [stdout]    |
[INFO] [stdout]    = note: `#[warn(unused_variables)]` on by default
[INFO] [stdout] 
[INFO] [stdout] 
[INFO] [stdout] warning: 1 warning emitted
[INFO] [stdout] 
[INFO] [stdout] 
[INFO] [stderr]     Finished dev [unoptimized + debuginfo] target(s) in 4.39s
[INFO] running `Command { std: "docker" "inspect" "cd54f38c983118fd6a8b9d92b6659378458cbd58f470a73c440deda22f505914", kill_on_drop: false }`
[INFO] running `Command { std: "docker" "rm" "-f" "cd54f38c983118fd6a8b9d92b6659378458cbd58f470a73c440deda22f505914", kill_on_drop: false }`
[INFO] [stdout] cd54f38c983118fd6a8b9d92b6659378458cbd58f470a73c440deda22f505914
[INFO] running `Command { std: "docker" "create" "-v" "/var/lib/crater-agent-workspace/builds/worker-3-tc1/target:/opt/rustwide/target:rw,Z" "-v" "/var/lib/crater-agent-workspace/builds/worker-3-tc1/source:/opt/rustwide/workdir:ro,Z" "-v" "/var/lib/crater-agent-workspace/cargo-home:/opt/rustwide/cargo-home:ro,Z" "-v" "/var/lib/crater-agent-workspace/rustup-home:/opt/rustwide/rustup-home:ro,Z" "-e" "SOURCE_DIR=/opt/rustwide/workdir" "-e" "CARGO_TARGET_DIR=/opt/rustwide/target" "-e" "CARGO_INCREMENTAL=0" "-e" "RUST_BACKTRACE=full" "-e" "RUSTFLAGS=--cap-lints=warn" "-e" "RUSTDOCFLAGS=--cap-lints=warn" "-e" "CARGO_HOME=/opt/rustwide/cargo-home" "-e" "RUSTUP_HOME=/opt/rustwide/rustup-home" "-w" "/opt/rustwide/workdir" "-m" "1610612736" "--user" "0:0" "--network" "none" "ghcr.io/rust-lang/crates-build-env/linux@sha256:5ff2268d62e97bff2cde7d5815dd6ed5b47097566f13b8d0ca110b04b60e07ed" "/opt/rustwide/cargo-home/bin/cargo" "+1.69.0" "test" "--frozen" "--no-run" "--message-format=json", kill_on_drop: false }`
[INFO] [stdout] 4164123d61c29c4318d5232deca33d28a756106ca1e897a30a5af3e74ab6161c
[INFO] running `Command { std: "docker" "start" "-a" "4164123d61c29c4318d5232deca33d28a756106ca1e897a30a5af3e74ab6161c", kill_on_drop: false }`
[INFO] [stderr]    Compiling futures-core v0.3.28
[INFO] [stderr]    Compiling futures-channel v0.3.28
[INFO] [stderr]    Compiling syn v1.0.109
[INFO] [stderr]    Compiling proc-macro-error-attr v1.0.4
[INFO] [stderr]    Compiling lock_api v0.4.9
[INFO] [stderr]    Compiling futures-sink v0.3.28
[INFO] [stderr]    Compiling futures-util v0.3.28
[INFO] [stderr]    Compiling proc-macro-error v1.0.4
[INFO] [stderr]    Compiling futures-io v0.3.28
[INFO] [stderr]    Compiling parking_lot_core v0.9.7
[INFO] [stderr]    Compiling getrandom v0.2.9
[INFO] [stderr]    Compiling parking_lot_core v0.8.6
[INFO] [stderr]    Compiling rand_core v0.6.4
[INFO] [stderr]    Compiling instant v0.1.12
[INFO] [stderr]    Compiling spin_sleep v1.1.1
[INFO] [stdout] warning: unused variable: `max_retry_attempts`
[INFO] [stdout]   --> src/runners/standard.rs:32:74
[INFO] [stdout]    |
[INFO] [stdout] 32 |                      (test_name:                &str,                    max_retry_attempts:        u32,
[INFO] [stdout]    |                                                                          ^^^^^^^^^^^^^^^^^^ help: if this is intentional, prefix it with an underscore: `_max_retry_attempts`
[INFO] [stdout]    |
[INFO] [stdout]    = note: `#[warn(unused_variables)]` on by default
[INFO] [stdout] 
[INFO] [stdout] 
[INFO] [stdout] warning: 1 warning emitted
[INFO] [stdout] 
[INFO] [stdout] 
[INFO] [stderr]    Compiling rand_chacha v0.3.1
[INFO] [stderr]    Compiling parking_lot v0.12.1
[INFO] [stderr]    Compiling rand v0.8.5
[INFO] [stderr]    Compiling parking_lot v0.11.2
[INFO] [stderr]    Compiling futures-executor v0.3.28
[INFO] [stderr]    Compiling futures v0.3.28
[INFO] [stderr]    Compiling serial_test_derive v0.8.0
[INFO] [stderr]    Compiling ctor v0.1.26
[INFO] [stderr]    Compiling serial_test v0.8.0
[INFO] [stderr]    Compiling big-o-test v0.2.6 (/opt/rustwide/workdir)
[INFO] [stdout] warning: unused variable: `max_retry_attempts`
[INFO] [stdout]   --> src/runners/standard.rs:32:74
[INFO] [stdout]    |
[INFO] [stdout] 32 |                      (test_name:                &str,                    max_retry_attempts:        u32,
[INFO] [stdout]    |                                                                          ^^^^^^^^^^^^^^^^^^ help: if this is intentional, prefix it with an underscore: `_max_retry_attempts`
[INFO] [stdout]    |
[INFO] [stdout]    = note: `#[warn(unused_variables)]` on by default
[INFO] [stdout] 
[INFO] [stdout] 
[INFO] [stdout] warning: 1 warning emitted
[INFO] [stdout] 
[INFO] [stdout] 
[INFO] [stderr]     Finished test [unoptimized + debuginfo] target(s) in 27.27s
[INFO] running `Command { std: "docker" "inspect" "4164123d61c29c4318d5232deca33d28a756106ca1e897a30a5af3e74ab6161c", kill_on_drop: false }`
[INFO] running `Command { std: "docker" "rm" "-f" "4164123d61c29c4318d5232deca33d28a756106ca1e897a30a5af3e74ab6161c", kill_on_drop: false }`
[INFO] [stdout] 4164123d61c29c4318d5232deca33d28a756106ca1e897a30a5af3e74ab6161c
[INFO] running `Command { std: "docker" "create" "-v" "/var/lib/crater-agent-workspace/builds/worker-3-tc1/target:/opt/rustwide/target:rw,Z" "-v" "/var/lib/crater-agent-workspace/builds/worker-3-tc1/source:/opt/rustwide/workdir:ro,Z" "-v" "/var/lib/crater-agent-workspace/cargo-home:/opt/rustwide/cargo-home:ro,Z" "-v" "/var/lib/crater-agent-workspace/rustup-home:/opt/rustwide/rustup-home:ro,Z" "-e" "SOURCE_DIR=/opt/rustwide/workdir" "-e" "CARGO_TARGET_DIR=/opt/rustwide/target" "-e" "CARGO_INCREMENTAL=0" "-e" "RUST_BACKTRACE=full" "-e" "RUSTFLAGS=--cap-lints=warn" "-e" "RUSTDOCFLAGS=--cap-lints=warn" "-e" "CARGO_HOME=/opt/rustwide/cargo-home" "-e" "RUSTUP_HOME=/opt/rustwide/rustup-home" "-w" "/opt/rustwide/workdir" "-m" "1610612736" "--user" "0:0" "--network" "none" "ghcr.io/rust-lang/crates-build-env/linux@sha256:5ff2268d62e97bff2cde7d5815dd6ed5b47097566f13b8d0ca110b04b60e07ed" "/opt/rustwide/cargo-home/bin/cargo" "+1.69.0" "test" "--frozen", kill_on_drop: false }`
[INFO] [stdout] 83c36ad3d68ca1cac76c2e16af3ff880c8925256c22030de03f201243aeb8387
[INFO] running `Command { std: "docker" "start" "-a" "83c36ad3d68ca1cac76c2e16af3ff880c8925256c22030de03f201243aeb8387", kill_on_drop: false }`
[INFO] [stderr] warning: unused variable: `max_retry_attempts`
[INFO] [stderr]   --> src/runners/standard.rs:32:74
[INFO] [stderr]    |
[INFO] [stderr] 32 |                      (test_name:                &str,                    max_retry_attempts:        u32,
[INFO] [stderr]    |                                                                          ^^^^^^^^^^^^^^^^^^ help: if this is intentional, prefix it with an underscore: `_max_retry_attempts`
[INFO] [stderr]    |
[INFO] [stderr]    = note: `#[warn(unused_variables)]` on by default
[INFO] [stderr] 
[INFO] [stderr] warning: `big-o-test` (lib) generated 1 warning (run `cargo fix --lib -p big-o-test` to apply 1 suggestion)
[INFO] [stderr] warning: `big-o-test` (lib test) generated 1 warning (1 duplicate)
[INFO] [stderr]     Finished test [unoptimized + debuginfo] target(s) in 0.10s
[INFO] [stderr]      Running unittests src/lib.rs (/opt/rustwide/target/debug/deps/big_o_test-0c184dbf558aa656)
[INFO] [stdout] 
[INFO] [stdout] running 18 tests
[INFO] [stdout] test low_level_analysis::low_level_analysis::tests::analyse_set_resizing_algorithm_real_test ... FAILED
[INFO] [stdout] test low_level_analysis::time_analysis::tests::analyse_set_resizing_iterator_algorithm_theoretical_test ... ok
[INFO] [stdout] test low_level_analysis::space_analysis::tests::analyse_constant_set_algorithm_theoretical_test ... ok
[INFO] [stdout] test low_level_analysis::space_analysis::tests::analyse_set_resizing_algorithm_theoretical_test ... ok
[INFO] [stdout] test metrics_allocator::metrics_allocator::tests::test_save_point_min_and_max_memory_usage ... ok
[INFO] [stdout] test metrics_allocator::metrics_allocator::tests::usage_example ... ok
[INFO] [stdout] test low_level_analysis::low_level_analysis::tests::analyse_constant_set_algorithm_real_test ... FAILED
[INFO] [stdout] test low_level_analysis::low_level_analysis::tests::smooth_transitions_for_set_resizing_iterator_algorithm_ ... ok
[INFO] [stdout] test low_level_analysis::time_analysis::tests::analyse_algorithm_theoretical_test ... ok
[INFO] [stdout] test metrics_allocator::ring_buffer::tests::simple_enqueue_dequeue_use_cases ... ok
[INFO] [stdout] test metrics_allocator::ring_buffer::tests::peek ... ok
[INFO] [stdout] test runners::crud::tests::thread_chunk_division ... ok
[INFO] [stdout] test low_level_analysis::low_level_analysis::tests::smooth_transitions ... ok
[INFO] [stdout] test metrics_allocator::ring_buffer::tests::buffer_overflowing ... ok
[INFO] [stdout] test metrics_allocator::ring_buffer::tests::concurrency ... ok
[INFO] [stdout] test low_level_analysis::time_analysis::tests::analyse_constant_set_iterator_algorithm_theoretical_test ... ok
[INFO] [stderr] error: test failed, to rerun pass `--lib`
[INFO] [stdout] test runners::crud::tests::analyse_crud_algorithm_output_check ... ok
[INFO] [stdout] test low_level_analysis::types::types_impl::tests::serialization ... ok
[INFO] [stdout] 
[INFO] [stdout] failures:
[INFO] [stdout] 
[INFO] [stdout] ---- low_level_analysis::low_level_analysis::tests::analyse_set_resizing_algorithm_real_test stdout ----
[INFO] [stdout] Real 'O1_insert() function' with 1024 elements on each pass (warmup: 878µs/+5.76KiB; pass1: 868µs/+6.69KiB; pass2: 1006µs/+5.08KiB): 
[INFO] [stdout] 'O1_insert() function' set resizing iterator-algorithm measurements:
[INFO] [stdout] pass          Δt              Δs            Σn            t⁻
[INFO] [stdout] 1)         868µs        +6.69KiB          1024         0.848µs
[INFO] [stdout] 2)        1006µs        +5.08KiB          2048         0.982µs
[INFO] [stdout] --> Algorithm  Time Analysis: O(log(n))
[INFO] [stdout] --> Algorithm Space Analysis: Better than O(1) -- are initialization allocations involved? Consider using a warm up pass (allocated: 2.61KiB; auxiliary used space: 9.16KiB)
[INFO] [stdout]  (r=1368641441)
[INFO] [stdout] thread 'low_level_analysis::low_level_analysis::tests::analyse_set_resizing_algorithm_real_test' panicked at 'assertion failed: `(left == right)`
[INFO] [stdout]   left: `BetterThanO1`,
[INFO] [stdout]  right: `O1`: Algorithm SPACE Analysis on SET RESIZING algorithm for 'O1_insert() function' check failed!', src/low_level_analysis/low_level_analysis.rs:330:17
[INFO] [stdout] stack backtrace:
[INFO] [stdout]    0:     0x55a2e54bb38a - std::backtrace_rs::backtrace::libunwind::trace::ha9053a9a07ca49cb
[INFO] [stdout]                                at /rustc/84c898d65adf2f39a5a98507f1fe0ce10a2b8dbc/library/std/src/../../backtrace/src/backtrace/libunwind.rs:93:5
[INFO] [stdout]    1:     0x55a2e54bb38a - std::backtrace_rs::backtrace::trace_unsynchronized::h9c2852a457ad564e
[INFO] [stdout]                                at /rustc/84c898d65adf2f39a5a98507f1fe0ce10a2b8dbc/library/std/src/../../backtrace/src/backtrace/mod.rs:66:5
[INFO] [stdout]    2:     0x55a2e54bb38a - std::sys_common::backtrace::_print_fmt::h457936fbfaa0070f
[INFO] [stdout]                                at /rustc/84c898d65adf2f39a5a98507f1fe0ce10a2b8dbc/library/std/src/sys_common/backtrace.rs:65:5
[INFO] [stdout]    3:     0x55a2e54bb38a - <std::sys_common::backtrace::_print::DisplayBacktrace as core::fmt::Display>::fmt::h5779d7bf7f70cb0c
[INFO] [stdout]                                at /rustc/84c898d65adf2f39a5a98507f1fe0ce10a2b8dbc/library/std/src/sys_common/backtrace.rs:44:22
[INFO] [stdout]    4:     0x55a2e54df14e - core::fmt::write::h5a4baaff1bcd3eb5
[INFO] [stdout]                                at /rustc/84c898d65adf2f39a5a98507f1fe0ce10a2b8dbc/library/core/src/fmt/mod.rs:1232:17
[INFO] [stdout]    5:     0x55a2e54b8745 - std::io::Write::write_fmt::h478f79c628ef31d1
[INFO] [stdout]                                at /rustc/84c898d65adf2f39a5a98507f1fe0ce10a2b8dbc/library/std/src/io/mod.rs:1684:15
[INFO] [stdout]    6:     0x55a2e54bb155 - std::sys_common::backtrace::_print::h5fcdc36060f177e8
[INFO] [stdout]                                at /rustc/84c898d65adf2f39a5a98507f1fe0ce10a2b8dbc/library/std/src/sys_common/backtrace.rs:47:5
[INFO] [stdout]    7:     0x55a2e54bb155 - std::sys_common::backtrace::print::h54ca9458b876c8bf
[INFO] [stdout]                                at /rustc/84c898d65adf2f39a5a98507f1fe0ce10a2b8dbc/library/std/src/sys_common/backtrace.rs:34:9
[INFO] [stdout]    8:     0x55a2e54bcd9f - std::panicking::default_hook::{{closure}}::hbe471161c7664ed6
[INFO] [stdout]                                at /rustc/84c898d65adf2f39a5a98507f1fe0ce10a2b8dbc/library/std/src/panicking.rs:271:22
[INFO] [stdout]    9:     0x55a2e54bca5f - std::panicking::default_hook::ha3500da57aa4ac4f
[INFO] [stdout]                                at /rustc/84c898d65adf2f39a5a98507f1fe0ce10a2b8dbc/library/std/src/panicking.rs:287:9
[INFO] [stdout]   10:     0x55a2e545eae7 - <alloc::boxed::Box<F,A> as core::ops::function::Fn<Args>>::call::hdf1b89dd137ece34
[INFO] [stdout]                                at /rustc/84c898d65adf2f39a5a98507f1fe0ce10a2b8dbc/library/alloc/src/boxed.rs:2001:9
[INFO] [stdout]   11:     0x55a2e545eae7 - test::test_main::{{closure}}::h9081a79f20e75698
[INFO] [stdout]                                at /rustc/84c898d65adf2f39a5a98507f1fe0ce10a2b8dbc/library/test/src/lib.rs:135:21
[INFO] [stdout]   12:     0x55a2e54bd4cd - <alloc::boxed::Box<F,A> as core::ops::function::Fn<Args>>::call::h6507bddc3eebb4a5
[INFO] [stdout]                                at /rustc/84c898d65adf2f39a5a98507f1fe0ce10a2b8dbc/library/alloc/src/boxed.rs:2001:9
[INFO] [stdout]   13:     0x55a2e54bd4cd - std::panicking::rust_panic_with_hook::h50c09d000dc561d2
[INFO] [stdout]                                at /rustc/84c898d65adf2f39a5a98507f1fe0ce10a2b8dbc/library/std/src/panicking.rs:696:13
[INFO] [stdout]   14:     0x55a2e54bd249 - std::panicking::begin_panic_handler::{{closure}}::h9e2b2176e00e0d9c
[INFO] [stdout]                                at /rustc/84c898d65adf2f39a5a98507f1fe0ce10a2b8dbc/library/std/src/panicking.rs:583:13
[INFO] [stdout]   15:     0x55a2e54bb7f6 - std::sys_common::backtrace::__rust_end_short_backtrace::h5739b8e512c09d02
[INFO] [stdout]                                at /rustc/84c898d65adf2f39a5a98507f1fe0ce10a2b8dbc/library/std/src/sys_common/backtrace.rs:150:18
[INFO] [stdout]   16:     0x55a2e54bcf52 - rust_begin_unwind
[INFO] [stdout]                                at /rustc/84c898d65adf2f39a5a98507f1fe0ce10a2b8dbc/library/std/src/panicking.rs:579:5
[INFO] [stdout]   17:     0x55a2e5337fc3 - core::panicking::panic_fmt::hf33a1475b4dc5c3e
[INFO] [stdout]                                at /rustc/84c898d65adf2f39a5a98507f1fe0ce10a2b8dbc/library/core/src/panicking.rs:64:14
[INFO] [stdout]   18:     0x55a2e5338389 - core::panicking::assert_failed_inner::haf9816227b20b6f2
[INFO] [stdout]   19:     0x55a2e5374c4a - core::panicking::assert_failed::h4244e5ff2b8918ba
[INFO] [stdout]                                at /rustc/84c898d65adf2f39a5a98507f1fe0ce10a2b8dbc/library/core/src/panicking.rs:211:5
[INFO] [stdout]   20:     0x55a2e53cfb28 - big_o_test::low_level_analysis::low_level_analysis::tests::analyse_set_resizing_algorithm_real_test::{{closure}}::{{closure}}::hec1e872508f78c73
[INFO] [stdout]                                at /opt/rustwide/workdir/src/low_level_analysis/low_level_analysis.rs:330:17
[INFO] [stdout]   21:     0x55a2e53ceb92 - big_o_test::low_level_analysis::low_level_analysis::tests::analyse_set_resizing_algorithm_real_test::{{closure}}::h74f9842e8b285192
[INFO] [stdout]                                at /opt/rustwide/workdir/src/low_level_analysis/low_level_analysis.rs:340:9
[INFO] [stdout]   22:     0x55a2e53d1d0e - core::ops::function::FnOnce::call_once::h9b1cc7b9d7a410ea
[INFO] [stdout]                                at /rustc/84c898d65adf2f39a5a98507f1fe0ce10a2b8dbc/library/core/src/ops/function.rs:250:5
[INFO] [stdout]   23:     0x55a2e546eb19 - serial_test::serial_code_lock::local_serial_core::h2257a3c4f54fffb8
[INFO] [stdout]                                at /opt/rustwide/cargo-home/registry/src/github.com-1ecc6299db9ec823/serial_test-0.8.0/src/serial_code_lock.rs:26:5
[INFO] [stdout]   24:     0x55a2e53ceb29 - big_o_test::low_level_analysis::low_level_analysis::tests::analyse_set_resizing_algorithm_real_test::h6538d0e164a4b198
[INFO] [stdout]                                at /opt/rustwide/workdir/src/low_level_analysis/low_level_analysis.rs:252:5
[INFO] [stdout]   25:     0x55a2e53ceaf7 - big_o_test::low_level_analysis::low_level_analysis::tests::analyse_set_resizing_algorithm_real_test::{{closure}}::ha7933d90049d9b25
[INFO] [stdout]                                at /opt/rustwide/workdir/src/low_level_analysis/low_level_analysis.rs:253:51
[INFO] [stdout]   26:     0x55a2e53d18b5 - core::ops::function::FnOnce::call_once::h3576b9993a438dfd
[INFO] [stdout]                                at /rustc/84c898d65adf2f39a5a98507f1fe0ce10a2b8dbc/library/core/src/ops/function.rs:250:5
[INFO] [stdout]   27:     0x55a2e5463ecf - core::ops::function::FnOnce::call_once::h7d969581be7d0075
[INFO] [stdout]                                at /rustc/84c898d65adf2f39a5a98507f1fe0ce10a2b8dbc/library/core/src/ops/function.rs:250:5
[INFO] [stdout]   28:     0x55a2e5463ecf - test::__rust_begin_short_backtrace::hca25a52684e56655
[INFO] [stdout]                                at /rustc/84c898d65adf2f39a5a98507f1fe0ce10a2b8dbc/library/test/src/lib.rs:656:18
[INFO] [stdout]   29:     0x55a2e54354ec - test::run_test::{{closure}}::ha8ac744c4af1a4bb
[INFO] [stdout]                                at /rustc/84c898d65adf2f39a5a98507f1fe0ce10a2b8dbc/library/test/src/lib.rs:647:30
[INFO] [stdout]   30:     0x55a2e54354ec - core::ops::function::FnOnce::call_once{{vtable.shim}}::h7b411a9ed45bdecf
[INFO] [stdout]                                at /rustc/84c898d65adf2f39a5a98507f1fe0ce10a2b8dbc/library/core/src/ops/function.rs:250:5
[INFO] [stdout]   31:     0x55a2e5462e96 - <alloc::boxed::Box<F,A> as core::ops::function::FnOnce<Args>>::call_once::hd05328869a8ed200
[INFO] [stdout]                                at /rustc/84c898d65adf2f39a5a98507f1fe0ce10a2b8dbc/library/alloc/src/boxed.rs:1987:9
[INFO] [stdout]   32:     0x55a2e5462e96 - <core::panic::unwind_safe::AssertUnwindSafe<F> as core::ops::function::FnOnce<()>>::call_once::h0c601ce20bd5b2be
[INFO] [stdout]                                at /rustc/84c898d65adf2f39a5a98507f1fe0ce10a2b8dbc/library/core/src/panic/unwind_safe.rs:271:9
[INFO] [stdout]   33:     0x55a2e5462e96 - std::panicking::try::do_call::ha4be5c164fe30854
[INFO] [stdout]                                at /rustc/84c898d65adf2f39a5a98507f1fe0ce10a2b8dbc/library/std/src/panicking.rs:487:40
[INFO] [stdout]   34:     0x55a2e5462e96 - std::panicking::try::h604546f3609af05f
[INFO] [stdout]                                at /rustc/84c898d65adf2f39a5a98507f1fe0ce10a2b8dbc/library/std/src/panicking.rs:451:19
[INFO] [stdout]   35:     0x55a2e5462e96 - std::panic::catch_unwind::h5bfa8afe44c9c2f9
[INFO] [stdout]                                at /rustc/84c898d65adf2f39a5a98507f1fe0ce10a2b8dbc/library/std/src/panic.rs:140:14
[INFO] [stdout]   36:     0x55a2e5462e96 - test::run_test_in_process::hd50dee55dd63e6aa
[INFO] [stdout]                                at /rustc/84c898d65adf2f39a5a98507f1fe0ce10a2b8dbc/library/test/src/lib.rs:679:27
[INFO] [stdout]   37:     0x55a2e5462e96 - test::run_test::run_test_inner::{{closure}}::h4aa0f433aa85cea8
[INFO] [stdout]                                at /rustc/84c898d65adf2f39a5a98507f1fe0ce10a2b8dbc/library/test/src/lib.rs:573:39
[INFO] [stdout]   38:     0x55a2e542fb61 - test::run_test::run_test_inner::{{closure}}::had56431adf24b4d6
[INFO] [stdout]                                at /rustc/84c898d65adf2f39a5a98507f1fe0ce10a2b8dbc/library/test/src/lib.rs:600:37
[INFO] [stdout]   39:     0x55a2e542fb61 - std::sys_common::backtrace::__rust_begin_short_backtrace::ha8d9890e0c73bf13
[INFO] [stdout]                                at /rustc/84c898d65adf2f39a5a98507f1fe0ce10a2b8dbc/library/std/src/sys_common/backtrace.rs:134:18
[INFO] [stdout]   40:     0x55a2e543557b - std::thread::Builder::spawn_unchecked_::{{closure}}::{{closure}}::h251832bcb4a95327
[INFO] [stdout]                                at /rustc/84c898d65adf2f39a5a98507f1fe0ce10a2b8dbc/library/std/src/thread/mod.rs:560:17
[INFO] [stdout]   41:     0x55a2e543557b - <core::panic::unwind_safe::AssertUnwindSafe<F> as core::ops::function::FnOnce<()>>::call_once::h8fdff598fa414831
[INFO] [stdout]                                at /rustc/84c898d65adf2f39a5a98507f1fe0ce10a2b8dbc/library/core/src/panic/unwind_safe.rs:271:9
[INFO] [stdout]   42:     0x55a2e543557b - std::panicking::try::do_call::h455dd2f7764a950f
[INFO] [stdout]                                at /rustc/84c898d65adf2f39a5a98507f1fe0ce10a2b8dbc/library/std/src/panicking.rs:487:40
[INFO] [stdout]   43:     0x55a2e543557b - std::panicking::try::had6f23b7b73ae72a
[INFO] [stdout]                                at /rustc/84c898d65adf2f39a5a98507f1fe0ce10a2b8dbc/library/std/src/panicking.rs:451:19
[INFO] [stdout]   44:     0x55a2e543557b - std::panic::catch_unwind::ha6a5ca3915b4dad0
[INFO] [stdout]                                at /rustc/84c898d65adf2f39a5a98507f1fe0ce10a2b8dbc/library/std/src/panic.rs:140:14
[INFO] [stdout]   45:     0x55a2e543557b - std::thread::Builder::spawn_unchecked_::{{closure}}::h883b72ef75da6231
[INFO] [stdout]                                at /rustc/84c898d65adf2f39a5a98507f1fe0ce10a2b8dbc/library/std/src/thread/mod.rs:559:30
[INFO] [stdout]   46:     0x55a2e543557b - core::ops::function::FnOnce::call_once{{vtable.shim}}::hb7dff73dc8bd2ccb
[INFO] [stdout]                                at /rustc/84c898d65adf2f39a5a98507f1fe0ce10a2b8dbc/library/core/src/ops/function.rs:250:5
[INFO] [stdout]   47:     0x55a2e54c18c3 - <alloc::boxed::Box<F,A> as core::ops::function::FnOnce<Args>>::call_once::h39990b24eedef2ab
[INFO] [stdout]                                at /rustc/84c898d65adf2f39a5a98507f1fe0ce10a2b8dbc/library/alloc/src/boxed.rs:1987:9
[INFO] [stdout]   48:     0x55a2e54c18c3 - <alloc::boxed::Box<F,A> as core::ops::function::FnOnce<Args>>::call_once::h01a027258444143b
[INFO] [stdout]                                at /rustc/84c898d65adf2f39a5a98507f1fe0ce10a2b8dbc/library/alloc/src/boxed.rs:1987:9
[INFO] [stdout]   49:     0x55a2e54c18c3 - std::sys::unix::thread::Thread::new::thread_start::ha4f1cdd9c25884ba
[INFO] [stdout]                                at /rustc/84c898d65adf2f39a5a98507f1fe0ce10a2b8dbc/library/std/src/sys/unix/thread.rs:108:17
[INFO] [stdout]   50:     0x7fb98f3a5b43 - <unknown>
[INFO] [stdout]   51:     0x7fb98f436bb4 - __clone
[INFO] [stdout]   52:                0x0 - <unknown>
[INFO] [stdout] 
[INFO] [stdout] ---- low_level_analysis::low_level_analysis::tests::analyse_constant_set_algorithm_real_test stdout ----
[INFO] [stdout] Real 'O1_select() function', fetching 1024 elements on each pass (warmup: 895µs/+4.68KiB; pass1: 993µs/+8.03KiB; pass2: 846µs/+4.73KiB): 
[INFO] [stdout] 'O1_select() function' constant set iterator-algorithm measurements:
[INFO] [stdout] pass          Δt              Δs            Σn            ⊆r            t⁻
[INFO] [stdout] 1)         993µs        +8.03KiB          1024          1024         0.970µs
[INFO] [stdout] 2)         846µs        +4.73KiB          4096          1024         0.826µs
[INFO] [stdout] --> Algorithm  Time Analysis: Better than O(1) -- aren't the machines idle? too many threads? too little RAM?
[INFO] [stdout] --> Algorithm Space Analysis: Better than O(1) -- are initialization allocations involved? Consider using a warm up pass (allocated: 3.37KiB; auxiliary used space: 9.38KiB)
[INFO] [stdout]  (r=725612339)
[INFO] [stdout] thread 'low_level_analysis::low_level_analysis::tests::analyse_constant_set_algorithm_real_test' panicked at 'assertion failed: `(left == right)`
[INFO] [stdout]   left: `BetterThanO1`,
[INFO] [stdout]  right: `O1`: Algorithm SPACE Analysis on CONSTANT SET algorithm for 'O1_select() function' check failed!', src/low_level_analysis/low_level_analysis.rs:234:17
[INFO] [stdout] stack backtrace:
[INFO] [stdout]    0:     0x55a2e54bb38a - std::backtrace_rs::backtrace::libunwind::trace::ha9053a9a07ca49cb
[INFO] [stdout]                                at /rustc/84c898d65adf2f39a5a98507f1fe0ce10a2b8dbc/library/std/src/../../backtrace/src/backtrace/libunwind.rs:93:5
[INFO] [stdout]    1:     0x55a2e54bb38a - std::backtrace_rs::backtrace::trace_unsynchronized::h9c2852a457ad564e
[INFO] [stdout]                                at /rustc/84c898d65adf2f39a5a98507f1fe0ce10a2b8dbc/library/std/src/../../backtrace/src/backtrace/mod.rs:66:5
[INFO] [stdout]    2:     0x55a2e54bb38a - std::sys_common::backtrace::_print_fmt::h457936fbfaa0070f
[INFO] [stdout]                                at /rustc/84c898d65adf2f39a5a98507f1fe0ce10a2b8dbc/library/std/src/sys_common/backtrace.rs:65:5
[INFO] [stdout]    3:     0x55a2e54bb38a - <std::sys_common::backtrace::_print::DisplayBacktrace as core::fmt::Display>::fmt::h5779d7bf7f70cb0c
[INFO] [stdout]                                at /rustc/84c898d65adf2f39a5a98507f1fe0ce10a2b8dbc/library/std/src/sys_common/backtrace.rs:44:22
[INFO] [stdout]    4:     0x55a2e54df14e - core::fmt::write::h5a4baaff1bcd3eb5
[INFO] [stdout]                                at /rustc/84c898d65adf2f39a5a98507f1fe0ce10a2b8dbc/library/core/src/fmt/mod.rs:1232:17
[INFO] [stdout]    5:     0x55a2e54b8745 - std::io::Write::write_fmt::h478f79c628ef31d1
[INFO] [stdout]                                at /rustc/84c898d65adf2f39a5a98507f1fe0ce10a2b8dbc/library/std/src/io/mod.rs:1684:15
[INFO] [stdout]    6:     0x55a2e54bb155 - std::sys_common::backtrace::_print::h5fcdc36060f177e8
[INFO] [stdout]                                at /rustc/84c898d65adf2f39a5a98507f1fe0ce10a2b8dbc/library/std/src/sys_common/backtrace.rs:47:5
[INFO] [stdout]    7:     0x55a2e54bb155 - std::sys_common::backtrace::print::h54ca9458b876c8bf
[INFO] [stdout]                                at /rustc/84c898d65adf2f39a5a98507f1fe0ce10a2b8dbc/library/std/src/sys_common/backtrace.rs:34:9
[INFO] [stdout]    8:     0x55a2e54bcd9f - std::panicking::default_hook::{{closure}}::hbe471161c7664ed6
[INFO] [stdout]                                at /rustc/84c898d65adf2f39a5a98507f1fe0ce10a2b8dbc/library/std/src/panicking.rs:271:22
[INFO] [stdout]    9:     0x55a2e54bca5f - std::panicking::default_hook::ha3500da57aa4ac4f
[INFO] [stdout]                                at /rustc/84c898d65adf2f39a5a98507f1fe0ce10a2b8dbc/library/std/src/panicking.rs:287:9
[INFO] [stdout]   10:     0x55a2e545eae7 - <alloc::boxed::Box<F,A> as core::ops::function::Fn<Args>>::call::hdf1b89dd137ece34
[INFO] [stdout]                                at /rustc/84c898d65adf2f39a5a98507f1fe0ce10a2b8dbc/library/alloc/src/boxed.rs:2001:9
[INFO] [stdout]   11:     0x55a2e545eae7 - test::test_main::{{closure}}::h9081a79f20e75698
[INFO] [stdout]                                at /rustc/84c898d65adf2f39a5a98507f1fe0ce10a2b8dbc/library/test/src/lib.rs:135:21
[INFO] [stdout]   12:     0x55a2e54bd4cd - <alloc::boxed::Box<F,A> as core::ops::function::Fn<Args>>::call::h6507bddc3eebb4a5
[INFO] [stdout]                                at /rustc/84c898d65adf2f39a5a98507f1fe0ce10a2b8dbc/library/alloc/src/boxed.rs:2001:9
[INFO] [stdout]   13:     0x55a2e54bd4cd - std::panicking::rust_panic_with_hook::h50c09d000dc561d2
[INFO] [stdout]                                at /rustc/84c898d65adf2f39a5a98507f1fe0ce10a2b8dbc/library/std/src/panicking.rs:696:13
[INFO] [stdout]   14:     0x55a2e54bd249 - std::panicking::begin_panic_handler::{{closure}}::h9e2b2176e00e0d9c
[INFO] [stdout]                                at /rustc/84c898d65adf2f39a5a98507f1fe0ce10a2b8dbc/library/std/src/panicking.rs:583:13
[INFO] [stdout]   15:     0x55a2e54bb7f6 - std::sys_common::backtrace::__rust_end_short_backtrace::h5739b8e512c09d02
[INFO] [stdout]                                at /rustc/84c898d65adf2f39a5a98507f1fe0ce10a2b8dbc/library/std/src/sys_common/backtrace.rs:150:18
[INFO] [stdout]   16:     0x55a2e54bcf52 - rust_begin_unwind
[INFO] [stdout]                                at /rustc/84c898d65adf2f39a5a98507f1fe0ce10a2b8dbc/library/std/src/panicking.rs:579:5
[INFO] [stdout]   17:     0x55a2e5337fc3 - core::panicking::panic_fmt::hf33a1475b4dc5c3e
[INFO] [stdout]                                at /rustc/84c898d65adf2f39a5a98507f1fe0ce10a2b8dbc/library/core/src/panicking.rs:64:14
[INFO] [stdout]   18:     0x55a2e5338389 - core::panicking::assert_failed_inner::haf9816227b20b6f2
[INFO] [stdout]   19:     0x55a2e5374c4a - core::panicking::assert_failed::h4244e5ff2b8918ba
[INFO] [stdout]                                at /rustc/84c898d65adf2f39a5a98507f1fe0ce10a2b8dbc/library/core/src/panicking.rs:211:5
[INFO] [stdout]   20:     0x55a2e53ce996 - big_o_test::low_level_analysis::low_level_analysis::tests::analyse_constant_set_algorithm_real_test::{{closure}}::{{closure}}::h6b616ca50b2c7635
[INFO] [stdout]                                at /opt/rustwide/workdir/src/low_level_analysis/low_level_analysis.rs:234:17
[INFO] [stdout]   21:     0x55a2e53cda62 - big_o_test::low_level_analysis::low_level_analysis::tests::analyse_constant_set_algorithm_real_test::{{closure}}::hc63e707fed142e64
[INFO] [stdout]                                at /opt/rustwide/workdir/src/low_level_analysis/low_level_analysis.rs:244:9
[INFO] [stdout]   22:     0x55a2e53d19ae - core::ops::function::FnOnce::call_once::h5ac35558f460d3f7
[INFO] [stdout]                                at /rustc/84c898d65adf2f39a5a98507f1fe0ce10a2b8dbc/library/core/src/ops/function.rs:250:5
[INFO] [stdout]   23:     0x55a2e546eb19 - serial_test::serial_code_lock::local_serial_core::h2257a3c4f54fffb8
[INFO] [stdout]                                at /opt/rustwide/cargo-home/registry/src/github.com-1ecc6299db9ec823/serial_test-0.8.0/src/serial_code_lock.rs:26:5
[INFO] [stdout]   24:     0x55a2e53cd9f9 - big_o_test::low_level_analysis::low_level_analysis::tests::analyse_constant_set_algorithm_real_test::h6e52c86d88514186
[INFO] [stdout]                                at /opt/rustwide/workdir/src/low_level_analysis/low_level_analysis.rs:141:5
[INFO] [stdout]   25:     0x55a2e53cd9c7 - big_o_test::low_level_analysis::low_level_analysis::tests::analyse_constant_set_algorithm_real_test::{{closure}}::h0d1ff4f1b44bb26a
[INFO] [stdout]                                at /opt/rustwide/workdir/src/low_level_analysis/low_level_analysis.rs:142:51
[INFO] [stdout]   26:     0x55a2e53d1e15 - core::ops::function::FnOnce::call_once::hc720eba53644e487
[INFO] [stdout]                                at /rustc/84c898d65adf2f39a5a98507f1fe0ce10a2b8dbc/library/core/src/ops/function.rs:250:5
[INFO] [stdout]   27:     0x55a2e5463ecf - core::ops::function::FnOnce::call_once::h7d969581be7d0075
[INFO] [stdout]                                at /rustc/84c898d65adf2f39a5a98507f1fe0ce10a2b8dbc/library/core/src/ops/function.rs:250:5
[INFO] [stdout]   28:     0x55a2e5463ecf - test::__rust_begin_short_backtrace::hca25a52684e56655
[INFO] [stdout]                                at /rustc/84c898d65adf2f39a5a98507f1fe0ce10a2b8dbc/library/test/src/lib.rs:656:18
[INFO] [stdout]   29:     0x55a2e54354ec - test::run_test::{{closure}}::ha8ac744c4af1a4bb
[INFO] [stdout]                                at /rustc/84c898d65adf2f39a5a98507f1fe0ce10a2b8dbc/library/test/src/lib.rs:647:30
[INFO] [stdout]   30:     0x55a2e54354ec - core::ops::function::FnOnce::call_once{{vtable.shim}}::h7b411a9ed45bdecf
[INFO] [stdout]                                at /rustc/84c898d65adf2f39a5a98507f1fe0ce10a2b8dbc/library/core/src/ops/function.rs:250:5
[INFO] [stdout]   31:     0x55a2e5462e96 - <alloc::boxed::Box<F,A> as core::ops::function::FnOnce<Args>>::call_once::hd05328869a8ed200
[INFO] [stdout]                                at /rustc/84c898d65adf2f39a5a98507f1fe0ce10a2b8dbc/library/alloc/src/boxed.rs:1987:9
[INFO] [stdout]   32:     0x55a2e5462e96 - <core::panic::unwind_safe::AssertUnwindSafe<F> as core::ops::function::FnOnce<()>>::call_once::h0c601ce20bd5b2be
[INFO] [stdout]                                at /rustc/84c898d65adf2f39a5a98507f1fe0ce10a2b8dbc/library/core/src/panic/unwind_safe.rs:271:9
[INFO] [stdout]   33:     0x55a2e5462e96 - std::panicking::try::do_call::ha4be5c164fe30854
[INFO] [stdout]                                at /rustc/84c898d65adf2f39a5a98507f1fe0ce10a2b8dbc/library/std/src/panicking.rs:487:40
[INFO] [stdout]   34:     0x55a2e5462e96 - std::panicking::try::h604546f3609af05f
[INFO] [stdout]                                at /rustc/84c898d65adf2f39a5a98507f1fe0ce10a2b8dbc/library/std/src/panicking.rs:451:19
[INFO] [stdout]   35:     0x55a2e5462e96 - std::panic::catch_unwind::h5bfa8afe44c9c2f9
[INFO] [stdout]                                at /rustc/84c898d65adf2f39a5a98507f1fe0ce10a2b8dbc/library/std/src/panic.rs:140:14
[INFO] [stdout]   36:     0x55a2e5462e96 - test::run_test_in_process::hd50dee55dd63e6aa
[INFO] [stdout]                                at /rustc/84c898d65adf2f39a5a98507f1fe0ce10a2b8dbc/library/test/src/lib.rs:679:27
[INFO] [stdout]   37:     0x55a2e5462e96 - test::run_test::run_test_inner::{{closure}}::h4aa0f433aa85cea8
[INFO] [stdout]                                at /rustc/84c898d65adf2f39a5a98507f1fe0ce10a2b8dbc/library/test/src/lib.rs:573:39
[INFO] [stdout]   38:     0x55a2e542fb61 - test::run_test::run_test_inner::{{closure}}::had56431adf24b4d6
[INFO] [stdout]                                at /rustc/84c898d65adf2f39a5a98507f1fe0ce10a2b8dbc/library/test/src/lib.rs:600:37
[INFO] [stdout]   39:     0x55a2e542fb61 - std::sys_common::backtrace::__rust_begin_short_backtrace::ha8d9890e0c73bf13
[INFO] [stdout]                                at /rustc/84c898d65adf2f39a5a98507f1fe0ce10a2b8dbc/library/std/src/sys_common/backtrace.rs:134:18
[INFO] [stdout]   40:     0x55a2e543557b - std::thread::Builder::spawn_unchecked_::{{closure}}::{{closure}}::h251832bcb4a95327
[INFO] [stdout]                                at /rustc/84c898d65adf2f39a5a98507f1fe0ce10a2b8dbc/library/std/src/thread/mod.rs:560:17
[INFO] [stdout]   41:     0x55a2e543557b - <core::panic::unwind_safe::AssertUnwindSafe<F> as core::ops::function::FnOnce<()>>::call_once::h8fdff598fa414831
[INFO] [stdout]                                at /rustc/84c898d65adf2f39a5a98507f1fe0ce10a2b8dbc/library/core/src/panic/unwind_safe.rs:271:9
[INFO] [stdout]   42:     0x55a2e543557b - std::panicking::try::do_call::h455dd2f7764a950f
[INFO] [stdout]                                at /rustc/84c898d65adf2f39a5a98507f1fe0ce10a2b8dbc/library/std/src/panicking.rs:487:40
[INFO] [stdout]   43:     0x55a2e543557b - std::panicking::try::had6f23b7b73ae72a
[INFO] [stdout]                                at /rustc/84c898d65adf2f39a5a98507f1fe0ce10a2b8dbc/library/std/src/panicking.rs:451:19
[INFO] [stdout]   44:     0x55a2e543557b - std::panic::catch_unwind::ha6a5ca3915b4dad0
[INFO] [stdout]                                at /rustc/84c898d65adf2f39a5a98507f1fe0ce10a2b8dbc/library/std/src/panic.rs:140:14
[INFO] [stdout]   45:     0x55a2e543557b - std::thread::Builder::spawn_unchecked_::{{closure}}::h883b72ef75da6231
[INFO] [stdout]                                at /rustc/84c898d65adf2f39a5a98507f1fe0ce10a2b8dbc/library/std/src/thread/mod.rs:559:30
[INFO] [stdout]   46:     0x55a2e543557b - core::ops::function::FnOnce::call_once{{vtable.shim}}::hb7dff73dc8bd2ccb
[INFO] [stdout]                                at /rustc/84c898d65adf2f39a5a98507f1fe0ce10a2b8dbc/library/core/src/ops/function.rs:250:5
[INFO] [stdout]   47:     0x55a2e54c18c3 - <alloc::boxed::Box<F,A> as core::ops::function::FnOnce<Args>>::call_once::h39990b24eedef2ab
[INFO] [stdout]                                at /rustc/84c898d65adf2f39a5a98507f1fe0ce10a2b8dbc/library/alloc/src/boxed.rs:1987:9
[INFO] [stdout]   48:     0x55a2e54c18c3 - <alloc::boxed::Box<F,A> as core::ops::function::FnOnce<Args>>::call_once::h01a027258444143b
[INFO] [stdout]                                at /rustc/84c898d65adf2f39a5a98507f1fe0ce10a2b8dbc/library/alloc/src/boxed.rs:1987:9
[INFO] [stdout]   49:     0x55a2e54c18c3 - std::sys::unix::thread::Thread::new::thread_start::ha4f1cdd9c25884ba
[INFO] [stdout]                                at /rustc/84c898d65adf2f39a5a98507f1fe0ce10a2b8dbc/library/std/src/sys/unix/thread.rs:108:17
[INFO] [stdout]   50:     0x7fb98f3a5b43 - <unknown>
[INFO] [stdout]   51:     0x7fb98f436bb4 - __clone
[INFO] [stdout]   52:                0x0 - <unknown>
[INFO] [stdout] 
[INFO] [stdout] 
[INFO] [stdout] failures:
[INFO] [stdout]     low_level_analysis::low_level_analysis::tests::analyse_constant_set_algorithm_real_test
[INFO] [stdout]     low_level_analysis::low_level_analysis::tests::analyse_set_resizing_algorithm_real_test
[INFO] [stdout] 
[INFO] [stdout] test result: FAILED. 16 passed; 2 failed; 0 ignored; 0 measured; 0 filtered out; finished in 5.66s
[INFO] [stdout] 
[INFO] running `Command { std: "docker" "inspect" "83c36ad3d68ca1cac76c2e16af3ff880c8925256c22030de03f201243aeb8387", kill_on_drop: false }`
[INFO] running `Command { std: "docker" "rm" "-f" "83c36ad3d68ca1cac76c2e16af3ff880c8925256c22030de03f201243aeb8387", kill_on_drop: false }`
[INFO] [stdout] 83c36ad3d68ca1cac76c2e16af3ff880c8925256c22030de03f201243aeb8387
