[INFO] fetching crate bevy_matchbox 0.6.0...
[INFO] testing bevy_matchbox-0.6.0 against 1.69.0 for beta-1.70-1
[INFO] extracting crate bevy_matchbox 0.6.0 into /workspace/builds/worker-0-tc1/source
[INFO] validating manifest of crates.io crate bevy_matchbox 0.6.0 on toolchain 1.69.0
[INFO] running `Command { std: CARGO_HOME="/workspace/cargo-home" RUSTUP_HOME="/workspace/rustup-home" "/workspace/cargo-home/bin/cargo" "+1.69.0" "metadata" "--manifest-path" "Cargo.toml" "--no-deps", kill_on_drop: false }`
[INFO] started tweaking crates.io crate bevy_matchbox 0.6.0
[INFO] finished tweaking crates.io crate bevy_matchbox 0.6.0
[INFO] tweaked toml for crates.io crate bevy_matchbox 0.6.0 written to /workspace/builds/worker-0-tc1/source/Cargo.toml
[INFO] running `Command { std: CARGO_HOME="/workspace/cargo-home" RUSTUP_HOME="/workspace/rustup-home" __CARGO_TEST_CHANNEL_OVERRIDE_DO_NOT_USE_THIS="nightly" "/workspace/cargo-home/bin/cargo" "+1.69.0" "generate-lockfile" "--manifest-path" "Cargo.toml" "-Zno-index-update", kill_on_drop: false }`
[INFO] running `Command { std: CARGO_HOME="/workspace/cargo-home" RUSTUP_HOME="/workspace/rustup-home" "/workspace/cargo-home/bin/cargo" "+1.69.0" "fetch" "--manifest-path" "Cargo.toml", kill_on_drop: false }`
[INFO] [stderr]  Downloading crates ...
[INFO] [stderr]   Downloaded pharos v0.5.3
[INFO] [stderr]   Downloaded rtp v0.6.8
[INFO] [stderr]   Downloaded webrtc-srtp v0.9.1
[INFO] [stderr]   Downloaded crypto-mac v0.11.1
[INFO] [stderr]   Downloaded aes-gcm v0.9.4
[INFO] [stderr]   Downloaded ctor v0.1.26
[INFO] [stderr]   Downloaded ws_stream_wasm v0.7.4
[INFO] [stderr]   Downloaded rtcp v0.7.2
[INFO] [stderr]   Downloaded matchbox_socket v0.6.1
[INFO] [stderr]   Downloaded platforms v3.0.2
[INFO] [stderr]   Downloaded bevy_pbr v0.10.1
[INFO] [stderr]   Downloaded async_io_stream v0.3.3
[INFO] [stderr]   Downloaded sha-1 v0.9.8
[INFO] [stderr]   Downloaded bevy_encase_derive v0.10.1
[INFO] [stderr]   Downloaded value-bag v1.0.0-alpha.9
[INFO] [stderr]   Downloaded asn1-rs-derive v0.1.0
[INFO] [stderr]   Downloaded accesskit_macos v0.6.2
[INFO] [stderr]   Downloaded ghash v0.4.4
[INFO] [stderr]   Downloaded bevy_a11y v0.10.1
[INFO] [stderr]   Downloaded send_wrapper v0.6.0
[INFO] [stderr]   Downloaded waitgroup v0.1.2
[INFO] [stderr]   Downloaded oid-registry v0.4.0
[INFO] [stderr]   Downloaded bevy_diagnostic v0.10.1
[INFO] [stderr]   Downloaded accesskit_winit v0.12.4
[INFO] [stderr]   Downloaded bevy_render_macros v0.10.1
[INFO] [stderr]   Downloaded spki v0.6.0
[INFO] [stderr]   Downloaded ghash v0.5.0
[INFO] [stderr]   Downloaded arc-swap v1.6.0
[INFO] [stderr]   Downloaded hmac v0.11.0
[INFO] [stderr]   Downloaded bevy_winit v0.10.1
[INFO] [stderr]   Downloaded cipher v0.2.5
[INFO] [stderr]   Downloaded group v0.12.1
[INFO] [stderr]   Downloaded sec1 v0.3.0
[INFO] [stderr]   Downloaded ecdsa v0.14.8
[INFO] [stderr]   Downloaded bevy_asset v0.10.1
[INFO] [stderr]   Downloaded const-oid v0.9.2
[INFO] [stderr]   Downloaded interceptor v0.8.2
[INFO] [stderr]   Downloaded webrtc-media v0.5.1
[INFO] [stderr]   Downloaded webrtc-util v0.7.0
[INFO] [stderr]   Downloaded der v0.6.1
[INFO] [stderr]   Downloaded x25519-dalek v2.0.0-rc.2
[INFO] [stderr]   Downloaded ntapi v0.4.1
[INFO] [stderr]   Downloaded bevy_reflect v0.10.1
[INFO] [stderr]   Downloaded packed_simd_2 v0.3.8
[INFO] [stderr]   Downloaded pkcs8 v0.9.0
[INFO] [stderr]   Downloaded sysinfo v0.28.4
[INFO] [stderr]   Downloaded asn1-rs v0.3.1
[INFO] [stderr]   Downloaded objc2 v0.3.0-beta.3.patch-leaks.3
[INFO] [stderr]   Downloaded webrtc-ice v0.9.1
[INFO] [stderr]   Downloaded libm v0.1.4
[INFO] [stderr]   Downloaded webrtc-sctp v0.8.0
[INFO] [stderr]   Downloaded universal-hash v0.5.0
[INFO] [stderr]   Downloaded rfc6979 v0.3.1
[INFO] [stderr]   Downloaded bevy_hierarchy v0.10.1
[INFO] [stderr]   Downloaded bevy_transform v0.10.1
[INFO] [stderr]   Downloaded bevy_ptr v0.10.1
[INFO] [stderr]   Downloaded base16ct v0.1.1
[INFO] [stderr]   Downloaded async-compat v0.2.1
[INFO] [stderr]   Downloaded matchbox_protocol v0.6.0
[INFO] [stderr]   Downloaded block-modes v0.7.0
[INFO] [stderr]   Downloaded winit v0.28.3
[INFO] [stderr]   Downloaded bevy_ecs_macros v0.10.1
[INFO] [stderr]   Downloaded polyval v0.6.0
[INFO] [stderr]   Downloaded ff v0.12.1
[INFO] [stderr]   Downloaded bevy_math v0.10.1
[INFO] [stderr]   Downloaded ctr v0.9.2
[INFO] [stderr]   Downloaded pem-rfc7468 v0.6.0
[INFO] [stderr]   Downloaded derive_builder_macro v0.11.2
[INFO] [stderr]   Downloaded bevy_utils_proc_macros v0.10.1
[INFO] [stderr]   Downloaded bevy_core_pipeline v0.10.1
[INFO] [stderr]   Downloaded orbclient v0.3.45
[INFO] [stderr]   Downloaded webrtc v0.7.2
[INFO] [stderr]   Downloaded substring v1.4.5
[INFO] [stderr]   Downloaded bevy_macro_utils v0.10.1
[INFO] [stderr]   Downloaded bevy_utils v0.10.1
[INFO] [stderr]   Downloaded bevy_internal v0.10.1
[INFO] [stderr]   Downloaded bevy_mikktspace v0.10.1
[INFO] [stderr]   Downloaded bevy_time v0.10.1
[INFO] [stderr]   Downloaded bevy_core v0.10.1
[INFO] [stderr]   Downloaded gloo-timers v0.2.6
[INFO] [stderr]   Downloaded aead v0.5.2
[INFO] [stderr]   Downloaded aead v0.3.2
[INFO] [stderr]   Downloaded bevy_window v0.10.1
[INFO] [stderr]   Downloaded bevy_derive v0.10.1
[INFO] [stderr]   Downloaded crypto-bigint v0.4.9
[INFO] [stderr]   Downloaded der-parser v7.0.0
[INFO] [stderr]   Downloaded send_wrapper v0.4.0
[INFO] [stderr]   Downloaded bevy_input v0.10.1
[INFO] [stderr]   Downloaded bevy_log v0.10.1
[INFO] [stderr]   Downloaded serde-wasm-bindgen v0.5.0
[INFO] [stderr]   Downloaded bevy_tasks v0.10.1
[INFO] [stderr]   Downloaded kv-log-macro v1.0.7
[INFO] [stderr]   Downloaded async-tungstenite v0.20.0
[INFO] [stderr]   Downloaded async-tls v0.12.0
[INFO] [stderr]   Downloaded elliptic-curve v0.12.3
[INFO] [stderr]   Downloaded p256 v0.11.1
[INFO] [stderr]   Downloaded bevy_reflect_derive v0.10.1
[INFO] [stderr]   Downloaded derive_builder_core v0.11.2
[INFO] [stderr]   Downloaded aes v0.6.0
[INFO] [stderr]   Downloaded bevy_app v0.10.1
[INFO] [stderr]   Downloaded sdp v0.5.3
[INFO] [stderr]   Downloaded webrtc-mdns v0.5.2
[INFO] [stderr]   Downloaded derive_builder v0.11.2
[INFO] [stderr]   Downloaded turn v0.6.1
[INFO] [stderr]   Downloaded wgpu-types v0.15.2
[INFO] [stderr]   Downloaded webrtc-data v0.7.0
[INFO] [stderr]   Downloaded x509-parser v0.13.2
[INFO] [stderr]   Downloaded stun v0.4.4
[INFO] [stderr]   Downloaded ccm v0.3.0
[INFO] [stderr]   Downloaded aes-soft v0.6.4
[INFO] [stderr]   Downloaded aes-gcm v0.10.1
[INFO] [stderr]   Downloaded curve25519-dalek v4.0.0-rc.2
[INFO] [stderr]   Downloaded webrtc-dtls v0.7.2
[INFO] [stderr]   Downloaded aes v0.8.2
[INFO] [stderr]   Downloaded aesni v0.10.0
[INFO] [stderr]   Downloaded rustls v0.19.1
[INFO] [stderr]   Downloaded bevy_render v0.10.1
[INFO] [stderr]   Downloaded ggrs v0.9.4
[INFO] [stderr]   Downloaded bevy_ecs v0.10.1
[INFO] [stderr]   Downloaded async-std v1.12.0
[INFO] [stderr]   Downloaded wgpu-hal v0.15.4
[INFO] [stderr]   Downloaded p384 v0.11.2
[INFO] [stderr]   Downloaded bevy v0.10.1
[INFO] [stderr]   Downloaded varinteger v1.0.6
[INFO] [stderr]   Downloaded bitfield-rle v0.2.0
[INFO] [stderr]   Downloaded curve25519-dalek v3.2.0
[INFO] [stderr]   Downloaded fiat-crypto v0.1.20
[INFO] running `Command { std: "docker" "create" "-v" "/var/lib/crater-agent-workspace/builds/worker-0-tc1/target:/opt/rustwide/target:rw,Z" "-v" "/var/lib/crater-agent-workspace/builds/worker-0-tc1/source:/opt/rustwide/workdir:ro,Z" "-v" "/var/lib/crater-agent-workspace/cargo-home:/opt/rustwide/cargo-home:ro,Z" "-v" "/var/lib/crater-agent-workspace/rustup-home:/opt/rustwide/rustup-home:ro,Z" "-e" "SOURCE_DIR=/opt/rustwide/workdir" "-e" "CARGO_TARGET_DIR=/opt/rustwide/target" "-e" "CARGO_HOME=/opt/rustwide/cargo-home" "-e" "RUSTUP_HOME=/opt/rustwide/rustup-home" "-w" "/opt/rustwide/workdir" "-m" "1610612736" "--user" "0:0" "--network" "none" "ghcr.io/rust-lang/crates-build-env/linux@sha256:5ff2268d62e97bff2cde7d5815dd6ed5b47097566f13b8d0ca110b04b60e07ed" "/opt/rustwide/cargo-home/bin/cargo" "+1.69.0" "metadata" "--no-deps" "--format-version=1", kill_on_drop: false }`
[INFO] [stdout] 365d440e153f7ff96e536172d450a7f594b848ed9252bec060cafc511477b690
[INFO] running `Command { std: "docker" "start" "-a" "365d440e153f7ff96e536172d450a7f594b848ed9252bec060cafc511477b690", kill_on_drop: false }`
[INFO] running `Command { std: "docker" "inspect" "365d440e153f7ff96e536172d450a7f594b848ed9252bec060cafc511477b690", kill_on_drop: false }`
[INFO] running `Command { std: "docker" "rm" "-f" "365d440e153f7ff96e536172d450a7f594b848ed9252bec060cafc511477b690", kill_on_drop: false }`
[INFO] [stdout] 365d440e153f7ff96e536172d450a7f594b848ed9252bec060cafc511477b690
[INFO] running `Command { std: "docker" "create" "-v" "/var/lib/crater-agent-workspace/builds/worker-0-tc1/target:/opt/rustwide/target:rw,Z" "-v" "/var/lib/crater-agent-workspace/builds/worker-0-tc1/source:/opt/rustwide/workdir:ro,Z" "-v" "/var/lib/crater-agent-workspace/cargo-home:/opt/rustwide/cargo-home:ro,Z" "-v" "/var/lib/crater-agent-workspace/rustup-home:/opt/rustwide/rustup-home:ro,Z" "-e" "SOURCE_DIR=/opt/rustwide/workdir" "-e" "CARGO_TARGET_DIR=/opt/rustwide/target" "-e" "CARGO_INCREMENTAL=0" "-e" "RUST_BACKTRACE=full" "-e" "RUSTFLAGS=--cap-lints=warn" "-e" "RUSTDOCFLAGS=--cap-lints=warn" "-e" "CARGO_HOME=/opt/rustwide/cargo-home" "-e" "RUSTUP_HOME=/opt/rustwide/rustup-home" "-w" "/opt/rustwide/workdir" "-m" "1610612736" "--user" "0:0" "--network" "none" "ghcr.io/rust-lang/crates-build-env/linux@sha256:5ff2268d62e97bff2cde7d5815dd6ed5b47097566f13b8d0ca110b04b60e07ed" "/opt/rustwide/cargo-home/bin/cargo" "+1.69.0" "build" "--frozen" "--message-format=json", kill_on_drop: false }`
[INFO] [stdout] 468566d065dad7072796428a5ef5716ed724d5368f04337e74e691c7f153231a
[INFO] running `Command { std: "docker" "start" "-a" "468566d065dad7072796428a5ef5716ed724d5368f04337e74e691c7f153231a", kill_on_drop: false }`
[INFO] [stderr]    Compiling syn v2.0.15
[INFO] [stderr]    Compiling value-bag v1.0.0-alpha.9
[INFO] [stderr]    Compiling subtle v2.4.1
[INFO] [stderr]    Compiling ctor v0.1.26
[INFO] [stderr]    Compiling log v0.4.17
[INFO] [stderr]    Compiling crypto-common v0.1.6
[INFO] [stderr]    Compiling concurrent-queue v2.2.0
[INFO] [stderr]    Compiling async-lock v2.7.0
[INFO] [stderr]    Compiling async-task v4.4.0
[INFO] [stderr]    Compiling digest v0.10.6
[INFO] [stderr]    Compiling async-channel v1.8.0
[INFO] [stderr]    Compiling indexmap v1.9.3
[INFO] [stderr]    Compiling toml_datetime v0.6.1
[INFO] [stderr]    Compiling libc v0.2.142
[INFO] [stderr]    Compiling winnow v0.4.4
[INFO] [stderr]    Compiling async-executor v1.5.1
[INFO] [stderr]    Compiling ahash v0.7.6
[INFO] [stderr]    Compiling tracing-core v0.1.30
[INFO] [stderr]    Compiling memoffset v0.6.5
[INFO] [stderr]    Compiling tokio v1.28.0
[INFO] [stderr]    Compiling ring v0.16.20
[INFO] [stderr]    Compiling signal-hook-registry v1.4.1
[INFO] [stderr]    Compiling tracing v0.1.37
[INFO] [stderr]    Compiling mio v0.8.6
[INFO] [stderr]    Compiling webrtc-util v0.7.0
[INFO] [stderr]    Compiling num-traits v0.2.15
[INFO] [stderr]    Compiling fixedbitset v0.4.2
[INFO] [stderr]    Compiling getrandom v0.2.9
[INFO] [stderr]    Compiling bit-vec v0.6.3
[INFO] [stderr]    Compiling uuid v1.3.2
[INFO] [stderr]    Compiling nix v0.24.3
[INFO] [stderr]    Compiling bit-set v0.5.3
[INFO] [stderr]    Compiling bevy_utils_proc_macros v0.10.1
[INFO] [stderr]    Compiling toml_edit v0.19.8
[INFO] [stderr]    Compiling instant v0.1.12
[INFO] [stderr]    Compiling opaque-debug v0.3.0
[INFO] [stderr]    Compiling unicode-xid v0.2.4
[INFO] [stderr]    Compiling time-macros v0.2.8
[INFO] [stderr]    Compiling synstructure v0.12.6
[INFO] [stderr]    Compiling downcast-rs v1.2.0
[INFO] [stderr]    Compiling minimal-lexical v0.2.1
[INFO] [stderr]    Compiling bevy_ptr v0.10.1
[INFO] [stderr]    Compiling nom v7.1.3
[INFO] [stderr]    Compiling bevy_tasks v0.10.1
[INFO] [stderr]    Compiling rustc-hash v1.1.0
[INFO] [stderr]    Compiling displaydoc v0.2.3
[INFO] [stderr]    Compiling asn1-rs-impl v0.1.0
[INFO] [stderr]    Compiling bevy_macro_utils v0.10.1
[INFO] [stderr]    Compiling time v0.3.20
[INFO] [stderr]    Compiling base64ct v1.6.0
[INFO] [stderr]    Compiling num-integer v0.1.45
[INFO] [stderr]    Compiling pem-rfc7468 v0.6.0
[INFO] [stderr]    Compiling const-oid v0.9.2
[INFO] [stderr]    Compiling num-bigint v0.4.3
[INFO] [stderr]    Compiling hmac v0.12.1
[INFO] [stderr]    Compiling byteorder v1.4.3
[INFO] [stderr]    Compiling rusticata-macros v4.1.0
[INFO] [stderr]    Compiling atomic-waker v1.1.1
[INFO] [stderr]    Compiling futures-util v0.3.28
[INFO] [stderr]    Compiling regex-syntax v0.6.29
[INFO] [stderr]    Compiling platforms v3.0.2
[INFO] [stderr]    Compiling strsim v0.10.0
[INFO] [stderr]    Compiling darling_core v0.14.4
[INFO] [stderr]    Compiling bevy_reflect_derive v0.10.1
[INFO] [stderr]    Compiling bevy_ecs_macros v0.10.1
[INFO] [stderr]    Compiling bevy_derive v0.10.1
[INFO] [stderr]    Compiling futures-channel v0.3.28
[INFO] [stderr]    Compiling serde_derive v1.0.160
[INFO] [stderr]    Compiling thiserror-impl v1.0.40
[INFO] [stderr]    Compiling zeroize_derive v1.4.2
[INFO] [stderr]    Compiling tokio-macros v2.1.0
[INFO] [stderr]    Compiling async-trait v0.1.68
[INFO] [stderr]    Compiling regex-automata v0.1.10
[INFO] [stderr]    Compiling zeroize v1.6.0
[INFO] [stderr]    Compiling der v0.6.1
[INFO] [stderr]    Compiling thiserror v1.0.40
[INFO] [stderr]    Compiling crypto-bigint v0.4.9
[INFO] [stderr]    Compiling futures-macro v0.3.28
[INFO] [stderr]    Compiling url v2.3.1
[INFO] [stderr]    Compiling asn1-rs-derive v0.4.0
[INFO] [stderr]    Compiling ff v0.12.1
[INFO] [stderr]    Compiling digest v0.9.0
[INFO] [stderr]    Compiling base16ct v0.1.1
[INFO] [stderr]    Compiling spki v0.6.0
[INFO] [stderr]    Compiling crc-catalog v2.2.0
[INFO] [stderr]    Compiling crc v3.0.1
[INFO] [stderr]    Compiling pkcs8 v0.9.0
[INFO] [stderr]    Compiling asn1-rs v0.5.2
[INFO] [stderr]    Compiling group v0.12.1
[INFO] [stderr]    Compiling matchers v0.1.0
[INFO] [stderr]    Compiling darling_macro v0.14.4
[INFO] [stderr]    Compiling sec1 v0.3.0
[INFO] [stderr]    Compiling hkdf v0.12.3
[INFO] [stderr]    Compiling asn1-rs-derive v0.1.0
[INFO] [stderr]    Compiling tracing-log v0.1.3
[INFO] [stderr]    Compiling universal-hash v0.4.1
[INFO] [stderr]    Compiling cipher v0.3.0
[INFO] [stderr]    Compiling inout v0.1.3
[INFO] [stderr]    Compiling cipher v0.2.5
[INFO] [stderr]    Compiling polling v2.8.0
[INFO] [stderr]    Compiling oid-registry v0.6.1
[INFO] [stderr]    Compiling rustix v0.37.18
[INFO] [stderr]    Compiling darling v0.14.4
[INFO] [stderr]    Compiling cipher v0.4.4
[INFO] [stderr]    Compiling polyval v0.5.3
[INFO] [stderr]    Compiling asn1-rs v0.3.1
[INFO] [stderr]    Compiling elliptic-curve v0.12.3
[INFO] [stderr]    Compiling curve25519-dalek v4.0.0-rc.2
[INFO] [stderr]    Compiling rfc6979 v0.3.1
[INFO] [stderr]    Compiling signature v1.6.4
[INFO] [stderr]    Compiling universal-hash v0.5.0
[INFO] [stderr]    Compiling async-io v1.13.0
[INFO] [stderr]    Compiling data-encoding v2.3.3
[INFO] [stderr]    Compiling oid-registry v0.4.0
[INFO] [stderr]    Compiling polyval v0.6.0
[INFO] [stderr]    Compiling serde v1.0.160
[INFO] [stderr]    Compiling ecdsa v0.14.8
[INFO] [stderr]    Compiling der-parser v8.2.0
[INFO] [stderr]    Compiling ghash v0.4.4
[INFO] [stderr]    Compiling derive_builder_core v0.11.2
[INFO] [stderr]    Compiling ctr v0.8.0
[INFO] [stderr]    Compiling aes v0.7.5
[INFO] [stderr]    Compiling webpki v0.22.0
[INFO] [stderr]    Compiling md-5 v0.10.5
[INFO] [stderr]    Compiling sha1 v0.10.5
[INFO] [stderr]    Compiling sha2 v0.10.6
[INFO] [stderr]    Compiling crypto-mac v0.11.1
[INFO] [stderr]    Compiling futures-executor v0.3.28
[INFO] [stderr]    Compiling block-buffer v0.9.0
[INFO] [stderr]    Compiling aead v0.4.3
[INFO] [stderr]    Compiling substring v1.4.5
[INFO] [stderr]    Compiling arc-swap v1.6.0
[INFO] [stderr]    Compiling serde_json v1.0.96
[INFO] [stderr]    Compiling aes-gcm v0.9.4
[INFO] [stderr]    Compiling derive_builder_macro v0.11.2
[INFO] [stderr]    Compiling futures v0.3.28
[INFO] [stderr]    Compiling sha-1 v0.9.8
[INFO] [stderr]    Compiling hmac v0.11.0
[INFO] [stderr]    Compiling x509-parser v0.14.0
[INFO] [stderr]    Compiling der-parser v7.0.0
[INFO] [stderr]    Compiling ghash v0.5.0
[INFO] [stderr]    Compiling ctr v0.9.2
[INFO] [stderr]    Compiling aes v0.8.2
[INFO] [stderr]    Compiling aes-soft v0.6.4
[INFO] [stderr]    Compiling yasna v0.5.2
[INFO] [stderr]    Compiling blocking v1.3.1
[INFO] [stderr]    Compiling waitgroup v0.1.2
[INFO] [stderr]    Compiling pem v1.1.1
[INFO] [stderr]    Compiling sct v0.7.0
[INFO] [stderr]    Compiling webpki v0.21.4
[INFO] [stderr]    Compiling sct v0.6.1
[INFO] [stderr]    Compiling aead v0.5.2
[INFO] [stderr]    Compiling aead v0.3.2
[INFO] [stderr]    Compiling block-padding v0.2.1
[INFO] [stderr]    Compiling rustls v0.19.1
[INFO] [stderr]    Compiling smallvec v1.10.0
[INFO] [stderr]    Compiling hashbrown v0.12.3
[INFO] [stderr]    Compiling glam v0.23.0
[INFO] [stderr]    Compiling erased-serde v0.3.25
[INFO] [stderr]    Compiling block-modes v0.7.0
[INFO] [stderr]    Compiling parking_lot_core v0.9.7
[INFO] [stderr]    Compiling tracing-subscriber v0.3.17
[INFO] [stderr]    Compiling bincode v1.3.3
[INFO] [stderr]    Compiling parking_lot v0.12.1
[INFO] [stderr]    Compiling ccm v0.3.0
[INFO] [stderr]    Compiling aes-gcm v0.10.1
[INFO] [stderr]    Compiling petgraph v0.6.3
[INFO] [stderr]    Compiling rustls v0.20.8
[INFO] [stderr]    Compiling rcgen v0.10.0
[INFO] [stderr]    Compiling async-global-executor v2.3.1
[INFO] [stderr]    Compiling x25519-dalek v2.0.0-rc.2
[INFO] [stderr]    Compiling aes v0.6.0
[INFO] [stderr]    Compiling bevy_utils v0.10.1
[INFO] [stderr]    Compiling bevy_math v0.10.1
[INFO] [stderr]    Compiling x509-parser v0.13.2
[INFO] [stderr]    Compiling derive_builder v0.11.2
[INFO] [stderr]    Compiling bevy_reflect v0.10.1
[INFO] [stderr]    Compiling curve25519-dalek v3.2.0
[INFO] [stderr]    Compiling p256 v0.11.1
[INFO] [stderr]    Compiling p384 v0.11.2
[INFO] [stderr]    Compiling webpki-roots v0.22.6
[INFO] [stderr]    Compiling kv-log-macro v1.0.7
[INFO] [stderr]    Compiling sysinfo v0.28.4
[INFO] [stderr]    Compiling accesskit v0.10.1
[INFO] [stderr]    Compiling utf-8 v0.7.6
[INFO] [stderr]    Compiling convert_case v0.4.0
[INFO] [stderr]    Compiling raw-window-handle v0.5.2
[INFO] [stderr]    Compiling derive_more v0.99.17
[INFO] [stderr]    Compiling tungstenite v0.18.0
[INFO] [stderr]    Compiling async-std v1.12.0
[INFO] [stderr]    Compiling async-tls v0.12.0
[INFO] [stderr]    Compiling sdp v0.5.3
[INFO] [stderr]    Compiling async-compat v0.2.1
[INFO] [stderr]    Compiling futures-timer v3.0.2
[INFO] [stderr]    Compiling bevy_ecs v0.10.1
[INFO] [stderr]    Compiling async-tungstenite v0.20.0
[INFO] [stderr]    Compiling rtp v0.6.8
[INFO] [stderr]    Compiling stun v0.4.4
[INFO] [stderr]    Compiling rtcp v0.7.2
[INFO] [stderr]    Compiling turn v0.6.1
[INFO] [stderr]    Compiling webrtc-mdns v0.5.2
[INFO] [stderr]    Compiling webrtc-srtp v0.9.1
[INFO] [stderr]    Compiling webrtc-sctp v0.8.0
[INFO] [stderr]    Compiling interceptor v0.8.2
[INFO] [stderr]    Compiling webrtc-media v0.5.1
[INFO] [stderr]    Compiling webrtc-dtls v0.7.2
[INFO] [stderr]    Compiling webrtc-ice v0.9.1
[INFO] [stderr]    Compiling matchbox_protocol v0.6.0
[INFO] [stderr]    Compiling webrtc-data v0.7.0
[INFO] [stderr]    Compiling bevy_app v0.10.1
[INFO] [stderr]    Compiling webrtc v0.7.2
[INFO] [stderr]    Compiling bevy_log v0.10.1
[INFO] [stderr]    Compiling bevy_core v0.10.1
[INFO] [stderr]    Compiling bevy_input v0.10.1
[INFO] [stderr]    Compiling bevy_time v0.10.1
[INFO] [stderr]    Compiling bevy_hierarchy v0.10.1
[INFO] [stderr]    Compiling bevy_diagnostic v0.10.1
[INFO] [stderr]    Compiling bevy_a11y v0.10.1
[INFO] [stderr]    Compiling bevy_transform v0.10.1
[INFO] [stderr]    Compiling bevy_window v0.10.1
[INFO] [stderr]    Compiling bevy_internal v0.10.1
[INFO] [stderr]    Compiling bevy v0.10.1
[INFO] [stderr]    Compiling matchbox_socket v0.6.1
[INFO] [stderr]    Compiling bevy_matchbox v0.6.0 (/opt/rustwide/workdir)
[INFO] [stderr]     Finished dev [unoptimized + debuginfo] target(s) in 3m 35s
[INFO] running `Command { std: "docker" "inspect" "468566d065dad7072796428a5ef5716ed724d5368f04337e74e691c7f153231a", kill_on_drop: false }`
[INFO] running `Command { std: "docker" "rm" "-f" "468566d065dad7072796428a5ef5716ed724d5368f04337e74e691c7f153231a", kill_on_drop: false }`
[INFO] [stdout] 468566d065dad7072796428a5ef5716ed724d5368f04337e74e691c7f153231a
[INFO] running `Command { std: "docker" "create" "-v" "/var/lib/crater-agent-workspace/builds/worker-0-tc1/target:/opt/rustwide/target:rw,Z" "-v" "/var/lib/crater-agent-workspace/builds/worker-0-tc1/source:/opt/rustwide/workdir:ro,Z" "-v" "/var/lib/crater-agent-workspace/cargo-home:/opt/rustwide/cargo-home:ro,Z" "-v" "/var/lib/crater-agent-workspace/rustup-home:/opt/rustwide/rustup-home:ro,Z" "-e" "SOURCE_DIR=/opt/rustwide/workdir" "-e" "CARGO_TARGET_DIR=/opt/rustwide/target" "-e" "CARGO_INCREMENTAL=0" "-e" "RUST_BACKTRACE=full" "-e" "RUSTFLAGS=--cap-lints=warn" "-e" "RUSTDOCFLAGS=--cap-lints=warn" "-e" "CARGO_HOME=/opt/rustwide/cargo-home" "-e" "RUSTUP_HOME=/opt/rustwide/rustup-home" "-w" "/opt/rustwide/workdir" "-m" "1610612736" "--user" "0:0" "--network" "none" "ghcr.io/rust-lang/crates-build-env/linux@sha256:5ff2268d62e97bff2cde7d5815dd6ed5b47097566f13b8d0ca110b04b60e07ed" "/opt/rustwide/cargo-home/bin/cargo" "+1.69.0" "test" "--frozen" "--no-run" "--message-format=json", kill_on_drop: false }`
[INFO] [stdout] 459fcaa84a9e7c7d3521467e3e1621c4171a6df5a0edbeb34dc9a189ccce57b8
[INFO] running `Command { std: "docker" "start" "-a" "459fcaa84a9e7c7d3521467e3e1621c4171a6df5a0edbeb34dc9a189ccce57b8", kill_on_drop: false }`
[INFO] [stderr]    Compiling bevy_matchbox v0.6.0 (/opt/rustwide/workdir)
[INFO] [stderr]     Finished test [unoptimized + debuginfo] target(s) in 1.68s
[INFO] running `Command { std: "docker" "inspect" "459fcaa84a9e7c7d3521467e3e1621c4171a6df5a0edbeb34dc9a189ccce57b8", kill_on_drop: false }`
[INFO] running `Command { std: "docker" "rm" "-f" "459fcaa84a9e7c7d3521467e3e1621c4171a6df5a0edbeb34dc9a189ccce57b8", kill_on_drop: false }`
[INFO] [stdout] 459fcaa84a9e7c7d3521467e3e1621c4171a6df5a0edbeb34dc9a189ccce57b8
[INFO] running `Command { std: "docker" "create" "-v" "/var/lib/crater-agent-workspace/builds/worker-0-tc1/target:/opt/rustwide/target:rw,Z" "-v" "/var/lib/crater-agent-workspace/builds/worker-0-tc1/source:/opt/rustwide/workdir:ro,Z" "-v" "/var/lib/crater-agent-workspace/cargo-home:/opt/rustwide/cargo-home:ro,Z" "-v" "/var/lib/crater-agent-workspace/rustup-home:/opt/rustwide/rustup-home:ro,Z" "-e" "SOURCE_DIR=/opt/rustwide/workdir" "-e" "CARGO_TARGET_DIR=/opt/rustwide/target" "-e" "CARGO_INCREMENTAL=0" "-e" "RUST_BACKTRACE=full" "-e" "RUSTFLAGS=--cap-lints=warn" "-e" "RUSTDOCFLAGS=--cap-lints=warn" "-e" "CARGO_HOME=/opt/rustwide/cargo-home" "-e" "RUSTUP_HOME=/opt/rustwide/rustup-home" "-w" "/opt/rustwide/workdir" "-m" "1610612736" "--user" "0:0" "--network" "none" "ghcr.io/rust-lang/crates-build-env/linux@sha256:5ff2268d62e97bff2cde7d5815dd6ed5b47097566f13b8d0ca110b04b60e07ed" "/opt/rustwide/cargo-home/bin/cargo" "+1.69.0" "test" "--frozen", kill_on_drop: false }`
[INFO] [stdout] 4dcf54defa6fd3b509d3f8706414a950325828c1edc455a761733878201408f8
[INFO] running `Command { std: "docker" "start" "-a" "4dcf54defa6fd3b509d3f8706414a950325828c1edc455a761733878201408f8", kill_on_drop: false }`
[INFO] [stderr]     Finished test [unoptimized + debuginfo] target(s) in 0.45s
[INFO] [stderr]      Running unittests src/lib.rs (/opt/rustwide/target/debug/deps/bevy_matchbox-b3487135648bb3e5)
[INFO] [stdout] 
[INFO] [stdout] running 0 tests
[INFO] [stdout] 
[INFO] [stdout] test result: ok. 0 passed; 0 failed; 0 ignored; 0 measured; 0 filtered out; finished in 0.00s
[INFO] [stdout] 
[INFO] [stderr]    Doc-tests bevy_matchbox
[INFO] [stdout] 
[INFO] [stdout] running 5 tests
[INFO] [stdout] test src/lib.rs - MatchboxSocket (line 55) ... FAILED
[INFO] [stdout] test src/lib.rs - MatchboxSocket (line 40) ... ok
[INFO] [stdout] test src/lib.rs - MatchboxSocket<SingleChannel>::new_reliable (line 158) ... ok
[INFO] [stdout] test src/lib.rs - MatchboxSocket<SingleChannel>::new_unreliable (line 143) ... ok
[INFO] [stdout] test src/lib.rs - MatchboxSocket (line 19) ... ok
[INFO] [stdout] 
[INFO] [stdout] failures:
[INFO] [stdout] 
[INFO] [stdout] ---- src/lib.rs - MatchboxSocket (line 55) stdout ----
[INFO] [stdout] error[E0433]: failed to resolve: use of undeclared type `WebRtcSocket`
[INFO] [stdout]  --> src/lib.rs:61:49
[INFO] [stdout]   |
[INFO] [stdout] 9 |     let socket: MatchboxSocket<SingleChannel> = WebRtcSocket::builder(room_url)
[INFO] [stdout]   |                                                 ^^^^^^^^^^^^ use of undeclared type `WebRtcSocket`
[INFO] [stdout]   |
[INFO] [stdout] help: consider importing this struct
[INFO] [stdout]   |
[INFO] [stdout] 2 | use matchbox_socket::WebRtcSocket;
[INFO] [stdout]   |
[INFO] [stdout] 
[INFO] [stdout] error: aborting due to previous error
[INFO] [stdout] 
[INFO] [stdout] For more information about this error, try `rustc --explain E0433`.
[INFO] [stdout] Couldn't compile the test.
[INFO] [stdout] 
[INFO] [stdout] failures:
[INFO] [stdout]     src/lib.rs - MatchboxSocket (line 55)
[INFO] [stdout] 
[INFO] [stdout] test result: FAILED. 4 passed; 1 failed; 0 ignored; 0 measured; 0 filtered out; finished in 1.70s
[INFO] [stdout] 
[INFO] [stderr] error: doctest failed, to rerun pass `--doc`
[INFO] running `Command { std: "docker" "inspect" "4dcf54defa6fd3b509d3f8706414a950325828c1edc455a761733878201408f8", kill_on_drop: false }`
[INFO] running `Command { std: "docker" "rm" "-f" "4dcf54defa6fd3b509d3f8706414a950325828c1edc455a761733878201408f8", kill_on_drop: false }`
[INFO] [stdout] 4dcf54defa6fd3b509d3f8706414a950325828c1edc455a761733878201408f8
