[INFO] fetching crate beam-proto-rs 2.41.0...
[INFO] testing beam-proto-rs-2.41.0 against 1.69.0 for beta-1.70-1
[INFO] extracting crate beam-proto-rs 2.41.0 into /workspace/builds/worker-1-tc1/source
[INFO] validating manifest of crates.io crate beam-proto-rs 2.41.0 on toolchain 1.69.0
[INFO] running `Command { std: CARGO_HOME="/workspace/cargo-home" RUSTUP_HOME="/workspace/rustup-home" "/workspace/cargo-home/bin/cargo" "+1.69.0" "metadata" "--manifest-path" "Cargo.toml" "--no-deps", kill_on_drop: false }`
[INFO] started tweaking crates.io crate beam-proto-rs 2.41.0
[INFO] finished tweaking crates.io crate beam-proto-rs 2.41.0
[INFO] tweaked toml for crates.io crate beam-proto-rs 2.41.0 written to /workspace/builds/worker-1-tc1/source/Cargo.toml
[INFO] running `Command { std: CARGO_HOME="/workspace/cargo-home" RUSTUP_HOME="/workspace/rustup-home" __CARGO_TEST_CHANNEL_OVERRIDE_DO_NOT_USE_THIS="nightly" "/workspace/cargo-home/bin/cargo" "+1.69.0" "generate-lockfile" "--manifest-path" "Cargo.toml" "-Zno-index-update", kill_on_drop: false }`
[INFO] running `Command { std: CARGO_HOME="/workspace/cargo-home" RUSTUP_HOME="/workspace/rustup-home" "/workspace/cargo-home/bin/cargo" "+1.69.0" "fetch" "--manifest-path" "Cargo.toml", kill_on_drop: false }`
[INFO] [stderr]  Downloading crates ...
[INFO] [stderr]   Downloaded protobuf-support v3.2.0
[INFO] [stderr]   Downloaded protobuf-codegen v3.2.0
[INFO] [stderr]   Downloaded protobuf-parse v3.2.0
[INFO] [stderr]   Downloaded protobuf v3.2.0
[INFO] running `Command { std: "docker" "create" "-v" "/var/lib/crater-agent-workspace/builds/worker-1-tc1/target:/opt/rustwide/target:rw,Z" "-v" "/var/lib/crater-agent-workspace/builds/worker-1-tc1/source:/opt/rustwide/workdir:ro,Z" "-v" "/var/lib/crater-agent-workspace/cargo-home:/opt/rustwide/cargo-home:ro,Z" "-v" "/var/lib/crater-agent-workspace/rustup-home:/opt/rustwide/rustup-home:ro,Z" "-e" "SOURCE_DIR=/opt/rustwide/workdir" "-e" "CARGO_TARGET_DIR=/opt/rustwide/target" "-e" "CARGO_HOME=/opt/rustwide/cargo-home" "-e" "RUSTUP_HOME=/opt/rustwide/rustup-home" "-w" "/opt/rustwide/workdir" "-m" "1610612736" "--user" "0:0" "--network" "none" "ghcr.io/rust-lang/crates-build-env/linux@sha256:5ff2268d62e97bff2cde7d5815dd6ed5b47097566f13b8d0ca110b04b60e07ed" "/opt/rustwide/cargo-home/bin/cargo" "+1.69.0" "metadata" "--no-deps" "--format-version=1", kill_on_drop: false }`
[INFO] [stdout] e03378adc21534e1aae787b28d77f0d54448d996ee80041d4e7e6acd89f0e6a7
[INFO] running `Command { std: "docker" "start" "-a" "e03378adc21534e1aae787b28d77f0d54448d996ee80041d4e7e6acd89f0e6a7", kill_on_drop: false }`
[INFO] running `Command { std: "docker" "inspect" "e03378adc21534e1aae787b28d77f0d54448d996ee80041d4e7e6acd89f0e6a7", kill_on_drop: false }`
[INFO] running `Command { std: "docker" "rm" "-f" "e03378adc21534e1aae787b28d77f0d54448d996ee80041d4e7e6acd89f0e6a7", kill_on_drop: false }`
[INFO] [stdout] e03378adc21534e1aae787b28d77f0d54448d996ee80041d4e7e6acd89f0e6a7
[INFO] running `Command { std: "docker" "create" "-v" "/var/lib/crater-agent-workspace/builds/worker-1-tc1/target:/opt/rustwide/target:rw,Z" "-v" "/var/lib/crater-agent-workspace/builds/worker-1-tc1/source:/opt/rustwide/workdir:ro,Z" "-v" "/var/lib/crater-agent-workspace/cargo-home:/opt/rustwide/cargo-home:ro,Z" "-v" "/var/lib/crater-agent-workspace/rustup-home:/opt/rustwide/rustup-home:ro,Z" "-e" "SOURCE_DIR=/opt/rustwide/workdir" "-e" "CARGO_TARGET_DIR=/opt/rustwide/target" "-e" "CARGO_INCREMENTAL=0" "-e" "RUST_BACKTRACE=full" "-e" "RUSTFLAGS=--cap-lints=warn" "-e" "RUSTDOCFLAGS=--cap-lints=warn" "-e" "CARGO_HOME=/opt/rustwide/cargo-home" "-e" "RUSTUP_HOME=/opt/rustwide/rustup-home" "-w" "/opt/rustwide/workdir" "-m" "1610612736" "--user" "0:0" "--network" "none" "ghcr.io/rust-lang/crates-build-env/linux@sha256:5ff2268d62e97bff2cde7d5815dd6ed5b47097566f13b8d0ca110b04b60e07ed" "/opt/rustwide/cargo-home/bin/cargo" "+1.69.0" "build" "--frozen" "--message-format=json", kill_on_drop: false }`
[INFO] [stdout] f62c6edc3e368c1da7d0c81e71158c73446227d5078f2718eb865c66126380f7
[INFO] running `Command { std: "docker" "start" "-a" "f62c6edc3e368c1da7d0c81e71158c73446227d5078f2718eb865c66126380f7", kill_on_drop: false }`
[INFO] [stderr]    Compiling protobuf v3.2.0
[INFO] [stderr]    Compiling beam-proto-rs v2.41.0 (/opt/rustwide/workdir)
[INFO] [stderr]    Compiling protobuf-support v3.2.0
[INFO] [stdout] error[E0425]: cannot find value `VERSION_3_1_0` in crate `protobuf`
[INFO] [stdout]   --> src/v1/beam_artifact_api.rs:26:49
[INFO] [stdout]    |
[INFO] [stdout] 26 | const _PROTOBUF_VERSION_CHECK: () = ::protobuf::VERSION_3_1_0;
[INFO] [stdout]    |                                                 ^^^^^^^^^^^^^ help: a constant with a similar name exists: `VERSION_3_2_0`
[INFO] [stdout]    |
[INFO] [stdout]   ::: /opt/rustwide/target/debug/build/protobuf-26d620afd6f7bbf4/out/version.rs:7:1
[INFO] [stdout]    |
[INFO] [stdout] 7  | pub const VERSION_3_2_0: () = ();
[INFO] [stdout]    | --------------------------- similarly named constant `VERSION_3_2_0` defined here
[INFO] [stdout] 
[INFO] [stdout] 
[INFO] [stdout] error[E0425]: cannot find value `VERSION_3_1_0` in crate `protobuf`
[INFO] [stdout]   --> src/v1/beam_expansion_api.rs:26:49
[INFO] [stdout]    |
[INFO] [stdout] 26 | const _PROTOBUF_VERSION_CHECK: () = ::protobuf::VERSION_3_1_0;
[INFO] [stdout]    |                                                 ^^^^^^^^^^^^^ help: a constant with a similar name exists: `VERSION_3_2_0`
[INFO] [stdout]    |
[INFO] [stdout]   ::: /opt/rustwide/target/debug/build/protobuf-26d620afd6f7bbf4/out/version.rs:7:1
[INFO] [stdout]    |
[INFO] [stdout] 7  | pub const VERSION_3_2_0: () = ();
[INFO] [stdout]    | --------------------------- similarly named constant `VERSION_3_2_0` defined here
[INFO] [stdout] 
[INFO] [stdout] 
[INFO] [stdout] error[E0425]: cannot find value `VERSION_3_1_0` in crate `protobuf`
[INFO] [stdout]   --> src/v1/beam_fn_api.rs:26:49
[INFO] [stdout]    |
[INFO] [stdout] 26 | const _PROTOBUF_VERSION_CHECK: () = ::protobuf::VERSION_3_1_0;
[INFO] [stdout]    |                                                 ^^^^^^^^^^^^^ help: a constant with a similar name exists: `VERSION_3_2_0`
[INFO] [stdout]    |
[INFO] [stdout]   ::: /opt/rustwide/target/debug/build/protobuf-26d620afd6f7bbf4/out/version.rs:7:1
[INFO] [stdout]    |
[INFO] [stdout] 7  | pub const VERSION_3_2_0: () = ();
[INFO] [stdout]    | --------------------------- similarly named constant `VERSION_3_2_0` defined here
[INFO] [stdout] 
[INFO] [stdout] 
[INFO] [stdout] error[E0425]: cannot find value `VERSION_3_1_0` in crate `protobuf`
[INFO] [stdout]   --> src/v1/beam_interactive_api.rs:26:49
[INFO] [stdout]    |
[INFO] [stdout] 26 | const _PROTOBUF_VERSION_CHECK: () = ::protobuf::VERSION_3_1_0;
[INFO] [stdout]    |                                                 ^^^^^^^^^^^^^ help: a constant with a similar name exists: `VERSION_3_2_0`
[INFO] [stdout]    |
[INFO] [stdout]   ::: /opt/rustwide/target/debug/build/protobuf-26d620afd6f7bbf4/out/version.rs:7:1
[INFO] [stdout]    |
[INFO] [stdout] 7  | pub const VERSION_3_2_0: () = ();
[INFO] [stdout]    | --------------------------- similarly named constant `VERSION_3_2_0` defined here
[INFO] [stdout] 
[INFO] [stdout] 
[INFO] [stdout] error[E0425]: cannot find value `VERSION_3_1_0` in crate `protobuf`
[INFO] [stdout]   --> src/v1/beam_job_api.rs:26:49
[INFO] [stdout]    |
[INFO] [stdout] 26 | const _PROTOBUF_VERSION_CHECK: () = ::protobuf::VERSION_3_1_0;
[INFO] [stdout]    |                                                 ^^^^^^^^^^^^^ help: a constant with a similar name exists: `VERSION_3_2_0`
[INFO] [stdout]    |
[INFO] [stdout]   ::: /opt/rustwide/target/debug/build/protobuf-26d620afd6f7bbf4/out/version.rs:7:1
[INFO] [stdout]    |
[INFO] [stdout] 7  | pub const VERSION_3_2_0: () = ();
[INFO] [stdout]    | --------------------------- similarly named constant `VERSION_3_2_0` defined here
[INFO] [stdout] 
[INFO] [stdout] 
[INFO] [stdout] error[E0425]: cannot find value `VERSION_3_1_0` in crate `protobuf`
[INFO] [stdout]   --> src/v1/beam_provision_api.rs:26:49
[INFO] [stdout]    |
[INFO] [stdout] 26 | const _PROTOBUF_VERSION_CHECK: () = ::protobuf::VERSION_3_1_0;
[INFO] [stdout]    |                                                 ^^^^^^^^^^^^^ help: a constant with a similar name exists: `VERSION_3_2_0`
[INFO] [stdout]    |
[INFO] [stdout]   ::: /opt/rustwide/target/debug/build/protobuf-26d620afd6f7bbf4/out/version.rs:7:1
[INFO] [stdout]    |
[INFO] [stdout] 7  | pub const VERSION_3_2_0: () = ();
[INFO] [stdout]    | --------------------------- similarly named constant `VERSION_3_2_0` defined here
[INFO] [stdout] 
[INFO] [stdout] 
[INFO] [stdout] error[E0425]: cannot find value `VERSION_3_1_0` in crate `protobuf`
[INFO] [stdout]   --> src/v1/beam_runner_api.rs:26:49
[INFO] [stdout]    |
[INFO] [stdout] 26 | const _PROTOBUF_VERSION_CHECK: () = ::protobuf::VERSION_3_1_0;
[INFO] [stdout]    |                                                 ^^^^^^^^^^^^^ help: a constant with a similar name exists: `VERSION_3_2_0`
[INFO] [stdout]    |
[INFO] [stdout]   ::: /opt/rustwide/target/debug/build/protobuf-26d620afd6f7bbf4/out/version.rs:7:1
[INFO] [stdout]    |
[INFO] [stdout] 7  | pub const VERSION_3_2_0: () = ();
[INFO] [stdout]    | --------------------------- similarly named constant `VERSION_3_2_0` defined here
[INFO] [stdout] 
[INFO] [stdout] 
[INFO] [stdout] error[E0425]: cannot find value `VERSION_3_1_0` in crate `protobuf`
[INFO] [stdout]   --> src/v1/endpoints.rs:26:49
[INFO] [stdout]    |
[INFO] [stdout] 26 | const _PROTOBUF_VERSION_CHECK: () = ::protobuf::VERSION_3_1_0;
[INFO] [stdout]    |                                                 ^^^^^^^^^^^^^ help: a constant with a similar name exists: `VERSION_3_2_0`
[INFO] [stdout]    |
[INFO] [stdout]   ::: /opt/rustwide/target/debug/build/protobuf-26d620afd6f7bbf4/out/version.rs:7:1
[INFO] [stdout]    |
[INFO] [stdout] 7  | pub const VERSION_3_2_0: () = ();
[INFO] [stdout]    | --------------------------- similarly named constant `VERSION_3_2_0` defined here
[INFO] [stdout] 
[INFO] [stdout] 
[INFO] [stdout] error[E0425]: cannot find value `VERSION_3_1_0` in crate `protobuf`
[INFO] [stdout]   --> src/v1/external_transforms.rs:26:49
[INFO] [stdout]    |
[INFO] [stdout] 26 | const _PROTOBUF_VERSION_CHECK: () = ::protobuf::VERSION_3_1_0;
[INFO] [stdout]    |                                                 ^^^^^^^^^^^^^ help: a constant with a similar name exists: `VERSION_3_2_0`
[INFO] [stdout]    |
[INFO] [stdout]   ::: /opt/rustwide/target/debug/build/protobuf-26d620afd6f7bbf4/out/version.rs:7:1
[INFO] [stdout]    |
[INFO] [stdout] 7  | pub const VERSION_3_2_0: () = ();
[INFO] [stdout]    | --------------------------- similarly named constant `VERSION_3_2_0` defined here
[INFO] [stdout] 
[INFO] [stdout] 
[INFO] [stdout] error[E0425]: cannot find value `VERSION_3_1_0` in crate `protobuf`
[INFO] [stdout]   --> src/v1/metrics.rs:26:49
[INFO] [stdout]    |
[INFO] [stdout] 26 | const _PROTOBUF_VERSION_CHECK: () = ::protobuf::VERSION_3_1_0;
[INFO] [stdout]    |                                                 ^^^^^^^^^^^^^ help: a constant with a similar name exists: `VERSION_3_2_0`
[INFO] [stdout]    |
[INFO] [stdout]   ::: /opt/rustwide/target/debug/build/protobuf-26d620afd6f7bbf4/out/version.rs:7:1
[INFO] [stdout]    |
[INFO] [stdout] 7  | pub const VERSION_3_2_0: () = ();
[INFO] [stdout]    | --------------------------- similarly named constant `VERSION_3_2_0` defined here
[INFO] [stdout] 
[INFO] [stdout] 
[INFO] [stdout] error[E0425]: cannot find value `VERSION_3_1_0` in crate `protobuf`
[INFO] [stdout]   --> src/v1/schema.rs:26:49
[INFO] [stdout]    |
[INFO] [stdout] 26 | const _PROTOBUF_VERSION_CHECK: () = ::protobuf::VERSION_3_1_0;
[INFO] [stdout]    |                                                 ^^^^^^^^^^^^^ help: a constant with a similar name exists: `VERSION_3_2_0`
[INFO] [stdout]    |
[INFO] [stdout]   ::: /opt/rustwide/target/debug/build/protobuf-26d620afd6f7bbf4/out/version.rs:7:1
[INFO] [stdout]    |
[INFO] [stdout] 7  | pub const VERSION_3_2_0: () = ();
[INFO] [stdout]    | --------------------------- similarly named constant `VERSION_3_2_0` defined here
[INFO] [stdout] 
[INFO] [stdout] 
[INFO] [stdout] error[E0425]: cannot find value `VERSION_3_1_0` in crate `protobuf`
[INFO] [stdout]   --> src/v1/standard_window_fns.rs:26:49
[INFO] [stdout]    |
[INFO] [stdout] 26 | const _PROTOBUF_VERSION_CHECK: () = ::protobuf::VERSION_3_1_0;
[INFO] [stdout]    |                                                 ^^^^^^^^^^^^^ help: a constant with a similar name exists: `VERSION_3_2_0`
[INFO] [stdout]    |
[INFO] [stdout]   ::: /opt/rustwide/target/debug/build/protobuf-26d620afd6f7bbf4/out/version.rs:7:1
[INFO] [stdout]    |
[INFO] [stdout] 7  | pub const VERSION_3_2_0: () = ();
[INFO] [stdout]    | --------------------------- similarly named constant `VERSION_3_2_0` defined here
[INFO] [stdout] 
[INFO] [stdout] 
[INFO] [stdout] error: aborting due to 12 previous errors
[INFO] [stdout] 
[INFO] [stdout] 
[INFO] [stdout] For more information about this error, try `rustc --explain E0425`.
[INFO] [stdout] 
[INFO] [stderr] error: could not compile `beam-proto-rs` due to 13 previous errors
[INFO] [stderr] warning: build failed, waiting for other jobs to finish...
[INFO] running `Command { std: "docker" "inspect" "f62c6edc3e368c1da7d0c81e71158c73446227d5078f2718eb865c66126380f7", kill_on_drop: false }`
[INFO] running `Command { std: "docker" "rm" "-f" "f62c6edc3e368c1da7d0c81e71158c73446227d5078f2718eb865c66126380f7", kill_on_drop: false }`
[INFO] [stdout] f62c6edc3e368c1da7d0c81e71158c73446227d5078f2718eb865c66126380f7
