[INFO] fetching crate bbqueue-sync 0.5.1...
[INFO] testing bbqueue-sync-0.5.1 against 1.69.0 for beta-1.70-1
[INFO] extracting crate bbqueue-sync 0.5.1 into /workspace/builds/worker-4-tc1/source
[INFO] validating manifest of crates.io crate bbqueue-sync 0.5.1 on toolchain 1.69.0
[INFO] running `Command { std: CARGO_HOME="/workspace/cargo-home" RUSTUP_HOME="/workspace/rustup-home" "/workspace/cargo-home/bin/cargo" "+1.69.0" "metadata" "--manifest-path" "Cargo.toml" "--no-deps", kill_on_drop: false }`
[INFO] started tweaking crates.io crate bbqueue-sync 0.5.1
[INFO] finished tweaking crates.io crate bbqueue-sync 0.5.1
[INFO] tweaked toml for crates.io crate bbqueue-sync 0.5.1 written to /workspace/builds/worker-4-tc1/source/Cargo.toml
[INFO] running `Command { std: CARGO_HOME="/workspace/cargo-home" RUSTUP_HOME="/workspace/rustup-home" __CARGO_TEST_CHANNEL_OVERRIDE_DO_NOT_USE_THIS="nightly" "/workspace/cargo-home/bin/cargo" "+1.69.0" "generate-lockfile" "--manifest-path" "Cargo.toml" "-Zno-index-update", kill_on_drop: false }`
[INFO] running `Command { std: CARGO_HOME="/workspace/cargo-home" RUSTUP_HOME="/workspace/rustup-home" "/workspace/cargo-home/bin/cargo" "+1.69.0" "fetch" "--manifest-path" "Cargo.toml", kill_on_drop: false }`
[INFO] [stderr]  Downloading crates ...
[INFO] [stderr]   Downloaded defmt-parser v0.3.2
[INFO] [stderr]   Downloaded defmt-macros v0.3.4
[INFO] [stderr]   Downloaded defmt v0.3.4
[INFO] running `Command { std: "docker" "create" "-v" "/var/lib/crater-agent-workspace/builds/worker-4-tc1/target:/opt/rustwide/target:rw,Z" "-v" "/var/lib/crater-agent-workspace/builds/worker-4-tc1/source:/opt/rustwide/workdir:ro,Z" "-v" "/var/lib/crater-agent-workspace/cargo-home:/opt/rustwide/cargo-home:ro,Z" "-v" "/var/lib/crater-agent-workspace/rustup-home:/opt/rustwide/rustup-home:ro,Z" "-e" "SOURCE_DIR=/opt/rustwide/workdir" "-e" "CARGO_TARGET_DIR=/opt/rustwide/target" "-e" "CARGO_HOME=/opt/rustwide/cargo-home" "-e" "RUSTUP_HOME=/opt/rustwide/rustup-home" "-w" "/opt/rustwide/workdir" "-m" "1610612736" "--user" "0:0" "--network" "none" "ghcr.io/rust-lang/crates-build-env/linux@sha256:5ff2268d62e97bff2cde7d5815dd6ed5b47097566f13b8d0ca110b04b60e07ed" "/opt/rustwide/cargo-home/bin/cargo" "+1.69.0" "metadata" "--no-deps" "--format-version=1", kill_on_drop: false }`
[INFO] [stdout] fe71877f1adc041c1f1a580f3310f62204c7ef418b5d1885b7ba6b0797a48e1c
[INFO] running `Command { std: "docker" "start" "-a" "fe71877f1adc041c1f1a580f3310f62204c7ef418b5d1885b7ba6b0797a48e1c", kill_on_drop: false }`
[INFO] running `Command { std: "docker" "inspect" "fe71877f1adc041c1f1a580f3310f62204c7ef418b5d1885b7ba6b0797a48e1c", kill_on_drop: false }`
[INFO] running `Command { std: "docker" "rm" "-f" "fe71877f1adc041c1f1a580f3310f62204c7ef418b5d1885b7ba6b0797a48e1c", kill_on_drop: false }`
[INFO] [stdout] fe71877f1adc041c1f1a580f3310f62204c7ef418b5d1885b7ba6b0797a48e1c
[INFO] running `Command { std: "docker" "create" "-v" "/var/lib/crater-agent-workspace/builds/worker-4-tc1/target:/opt/rustwide/target:rw,Z" "-v" "/var/lib/crater-agent-workspace/builds/worker-4-tc1/source:/opt/rustwide/workdir:ro,Z" "-v" "/var/lib/crater-agent-workspace/cargo-home:/opt/rustwide/cargo-home:ro,Z" "-v" "/var/lib/crater-agent-workspace/rustup-home:/opt/rustwide/rustup-home:ro,Z" "-e" "SOURCE_DIR=/opt/rustwide/workdir" "-e" "CARGO_TARGET_DIR=/opt/rustwide/target" "-e" "CARGO_INCREMENTAL=0" "-e" "RUST_BACKTRACE=full" "-e" "RUSTFLAGS=--cap-lints=warn" "-e" "RUSTDOCFLAGS=--cap-lints=warn" "-e" "CARGO_HOME=/opt/rustwide/cargo-home" "-e" "RUSTUP_HOME=/opt/rustwide/rustup-home" "-w" "/opt/rustwide/workdir" "-m" "1610612736" "--user" "0:0" "--network" "none" "ghcr.io/rust-lang/crates-build-env/linux@sha256:5ff2268d62e97bff2cde7d5815dd6ed5b47097566f13b8d0ca110b04b60e07ed" "/opt/rustwide/cargo-home/bin/cargo" "+1.69.0" "build" "--frozen" "--message-format=json", kill_on_drop: false }`
[INFO] [stdout] 9edaa18fd27c25c5b6972ef9cc4aee0b069f7f2060b247ce2787f5b0787f7301
[INFO] running `Command { std: "docker" "start" "-a" "9edaa18fd27c25c5b6972ef9cc4aee0b069f7f2060b247ce2787f5b0787f7301", kill_on_drop: false }`
[INFO] [stderr]    Compiling bbqueue-sync v0.5.1 (/opt/rustwide/workdir)
[INFO] [stderr]     Finished dev [unoptimized + debuginfo] target(s) in 0.23s
[INFO] running `Command { std: "docker" "inspect" "9edaa18fd27c25c5b6972ef9cc4aee0b069f7f2060b247ce2787f5b0787f7301", kill_on_drop: false }`
[INFO] running `Command { std: "docker" "rm" "-f" "9edaa18fd27c25c5b6972ef9cc4aee0b069f7f2060b247ce2787f5b0787f7301", kill_on_drop: false }`
[INFO] [stdout] 9edaa18fd27c25c5b6972ef9cc4aee0b069f7f2060b247ce2787f5b0787f7301
[INFO] running `Command { std: "docker" "create" "-v" "/var/lib/crater-agent-workspace/builds/worker-4-tc1/target:/opt/rustwide/target:rw,Z" "-v" "/var/lib/crater-agent-workspace/builds/worker-4-tc1/source:/opt/rustwide/workdir:ro,Z" "-v" "/var/lib/crater-agent-workspace/cargo-home:/opt/rustwide/cargo-home:ro,Z" "-v" "/var/lib/crater-agent-workspace/rustup-home:/opt/rustwide/rustup-home:ro,Z" "-e" "SOURCE_DIR=/opt/rustwide/workdir" "-e" "CARGO_TARGET_DIR=/opt/rustwide/target" "-e" "CARGO_INCREMENTAL=0" "-e" "RUST_BACKTRACE=full" "-e" "RUSTFLAGS=--cap-lints=warn" "-e" "RUSTDOCFLAGS=--cap-lints=warn" "-e" "CARGO_HOME=/opt/rustwide/cargo-home" "-e" "RUSTUP_HOME=/opt/rustwide/rustup-home" "-w" "/opt/rustwide/workdir" "-m" "1610612736" "--user" "0:0" "--network" "none" "ghcr.io/rust-lang/crates-build-env/linux@sha256:5ff2268d62e97bff2cde7d5815dd6ed5b47097566f13b8d0ca110b04b60e07ed" "/opt/rustwide/cargo-home/bin/cargo" "+1.69.0" "test" "--frozen" "--no-run" "--message-format=json", kill_on_drop: false }`
[INFO] [stdout] 116075fa0c95c82f805b04dd4385b95756727e24545fc09ef9612ab97ea8316f
[INFO] running `Command { std: "docker" "start" "-a" "116075fa0c95c82f805b04dd4385b95756727e24545fc09ef9612ab97ea8316f", kill_on_drop: false }`
[INFO] [stderr]    Compiling bbqueue-sync v0.5.1 (/opt/rustwide/workdir)
[INFO] [stderr]     Finished test [unoptimized + debuginfo] target(s) in 0.29s
[INFO] running `Command { std: "docker" "inspect" "116075fa0c95c82f805b04dd4385b95756727e24545fc09ef9612ab97ea8316f", kill_on_drop: false }`
[INFO] running `Command { std: "docker" "rm" "-f" "116075fa0c95c82f805b04dd4385b95756727e24545fc09ef9612ab97ea8316f", kill_on_drop: false }`
[INFO] [stdout] 116075fa0c95c82f805b04dd4385b95756727e24545fc09ef9612ab97ea8316f
[INFO] running `Command { std: "docker" "create" "-v" "/var/lib/crater-agent-workspace/builds/worker-4-tc1/target:/opt/rustwide/target:rw,Z" "-v" "/var/lib/crater-agent-workspace/builds/worker-4-tc1/source:/opt/rustwide/workdir:ro,Z" "-v" "/var/lib/crater-agent-workspace/cargo-home:/opt/rustwide/cargo-home:ro,Z" "-v" "/var/lib/crater-agent-workspace/rustup-home:/opt/rustwide/rustup-home:ro,Z" "-e" "SOURCE_DIR=/opt/rustwide/workdir" "-e" "CARGO_TARGET_DIR=/opt/rustwide/target" "-e" "CARGO_INCREMENTAL=0" "-e" "RUST_BACKTRACE=full" "-e" "RUSTFLAGS=--cap-lints=warn" "-e" "RUSTDOCFLAGS=--cap-lints=warn" "-e" "CARGO_HOME=/opt/rustwide/cargo-home" "-e" "RUSTUP_HOME=/opt/rustwide/rustup-home" "-w" "/opt/rustwide/workdir" "-m" "1610612736" "--user" "0:0" "--network" "none" "ghcr.io/rust-lang/crates-build-env/linux@sha256:5ff2268d62e97bff2cde7d5815dd6ed5b47097566f13b8d0ca110b04b60e07ed" "/opt/rustwide/cargo-home/bin/cargo" "+1.69.0" "test" "--frozen", kill_on_drop: false }`
[INFO] [stdout] eb9a34a65aea8142d8762bfd0c4ac494228fbe08dbd77854338bf35224c1d177
[INFO] running `Command { std: "docker" "start" "-a" "eb9a34a65aea8142d8762bfd0c4ac494228fbe08dbd77854338bf35224c1d177", kill_on_drop: false }`
[INFO] [stderr]     Finished test [unoptimized + debuginfo] target(s) in 0.01s
[INFO] [stderr]      Running unittests src/lib.rs (/opt/rustwide/target/debug/deps/bbqueue_sync-4c5eb88efe881489)
[INFO] [stdout] 
[INFO] [stdout] running 0 tests
[INFO] [stdout] 
[INFO] [stdout] test result: ok. 0 passed; 0 failed; 0 ignored; 0 measured; 0 filtered out; finished in 0.00s
[INFO] [stdout] 
[INFO] [stderr]    Doc-tests bbqueue-sync
[INFO] [stdout] 
[INFO] [stdout] running 13 tests
[INFO] [stdout] test src/framed.rs - framed (line 11) ... FAILED
[INFO] [stdout] test src/bbbuffer.rs - bbbuffer::Producer<'a,N>::grant_max_remaining (line 416) ... FAILED
[INFO] [stdout] test src/lib.rs - (line 51) - compile ... FAILED
[INFO] [stdout] test src/bbbuffer.rs - bbbuffer::BBBuffer<A>::new (line 236) - compile ... FAILED
[INFO] [stdout] test src/bbbuffer.rs - bbbuffer::GrantR<'a,N>::buf (line 880) ... FAILED
[INFO] [stdout] test src/bbbuffer.rs - bbbuffer::BBBuffer<N>::try_split (line 69) ... FAILED
[INFO] [stdout] test src/bbbuffer.rs - bbbuffer::Producer<'a,N>::grant_exact (line 325) ... FAILED
[INFO] [stdout] test src/bbbuffer.rs - bbbuffer::BBBuffer<N>::try_release (line 141) ... FAILED
[INFO] [stdout] test src/bbbuffer.rs - bbbuffer::GrantW<'a,N>::buf (line 755) ... FAILED
[INFO] [stdout] test src/lib.rs - (line 22) - compile ... FAILED
[INFO] [stdout] test src/bbbuffer.rs - bbbuffer::Consumer<'a,N>::read (line 528) ... FAILED
[INFO] [stdout] test src/bbbuffer.rs - bbbuffer::BBBuffer<N>::capacity (line 664) ... FAILED
[INFO] [stdout] test src/bbbuffer.rs - bbbuffer::SplitGrantR<'a,N>::bufs (line 979) ... FAILED
[INFO] [stdout] 
[INFO] [stdout] failures:
[INFO] [stdout] 
[INFO] [stdout] ---- src/framed.rs - framed (line 11) stdout ----
[INFO] [stdout] error[E0432]: unresolved import `bbqueue`
[INFO] [stdout]  --> src/framed.rs:14:5
[INFO] [stdout]   |
[INFO] [stdout] 4 | use bbqueue::BBBuffer;
[INFO] [stdout]   |     ^^^^^^^ use of undeclared crate or module `bbqueue`
[INFO] [stdout] 
[INFO] [stdout] error: aborting due to previous error
[INFO] [stdout] 
[INFO] [stdout] For more information about this error, try `rustc --explain E0432`.
[INFO] [stdout] Couldn't compile the test.
[INFO] [stdout] ---- src/bbbuffer.rs - bbbuffer::Producer<'a,N>::grant_max_remaining (line 416) stdout ----
[INFO] [stdout] error[E0432]: unresolved import `bbqueue`
[INFO] [stdout]  --> src/bbbuffer.rs:419:5
[INFO] [stdout]   |
[INFO] [stdout] 4 | use bbqueue::BBBuffer;
[INFO] [stdout]   |     ^^^^^^^ use of undeclared crate or module `bbqueue`
[INFO] [stdout] 
[INFO] [stdout] error: aborting due to previous error
[INFO] [stdout] 
[INFO] [stdout] For more information about this error, try `rustc --explain E0432`.
[INFO] [stdout] Couldn't compile the test.
[INFO] [stdout] ---- src/lib.rs - (line 51) stdout ----
[INFO] [stdout] error[E0432]: unresolved import `bbqueue`
[INFO] [stdout]  --> src/lib.rs:52:5
[INFO] [stdout]   |
[INFO] [stdout] 2 | use bbqueue::BBBuffer;
[INFO] [stdout]   |     ^^^^^^^ use of undeclared crate or module `bbqueue`
[INFO] [stdout] 
[INFO] [stdout] error: aborting due to previous error
[INFO] [stdout] 
[INFO] [stdout] For more information about this error, try `rustc --explain E0432`.
[INFO] [stdout] Couldn't compile the test.
[INFO] [stdout] ---- src/bbbuffer.rs - bbbuffer::BBBuffer<A>::new (line 236) stdout ----
[INFO] [stdout] error[E0432]: unresolved import `bbqueue`
[INFO] [stdout]  --> src/bbbuffer.rs:237:5
[INFO] [stdout]   |
[INFO] [stdout] 2 | use bbqueue::BBBuffer;
[INFO] [stdout]   |     ^^^^^^^ use of undeclared crate or module `bbqueue`
[INFO] [stdout] 
[INFO] [stdout] error: aborting due to previous error
[INFO] [stdout] 
[INFO] [stdout] For more information about this error, try `rustc --explain E0432`.
[INFO] [stdout] Couldn't compile the test.
[INFO] [stdout] ---- src/bbbuffer.rs - bbbuffer::GrantR<'a,N>::buf (line 880) stdout ----
[INFO] [stdout] error[E0432]: unresolved import `bbqueue`
[INFO] [stdout]  --> src/bbbuffer.rs:883:5
[INFO] [stdout]   |
[INFO] [stdout] 4 | use bbqueue::BBBuffer;
[INFO] [stdout]   |     ^^^^^^^ use of undeclared crate or module `bbqueue`
[INFO] [stdout] 
[INFO] [stdout] error: aborting due to previous error
[INFO] [stdout] 
[INFO] [stdout] For more information about this error, try `rustc --explain E0432`.
[INFO] [stdout] Couldn't compile the test.
[INFO] [stdout] ---- src/bbbuffer.rs - bbbuffer::BBBuffer<N>::try_split (line 69) stdout ----
[INFO] [stdout] error[E0432]: unresolved import `bbqueue`
[INFO] [stdout]  --> src/bbbuffer.rs:72:5
[INFO] [stdout]   |
[INFO] [stdout] 4 | use bbqueue::BBBuffer;
[INFO] [stdout]   |     ^^^^^^^ use of undeclared crate or module `bbqueue`
[INFO] [stdout] 
[INFO] [stdout] error: aborting due to previous error
[INFO] [stdout] 
[INFO] [stdout] For more information about this error, try `rustc --explain E0432`.
[INFO] [stdout] Couldn't compile the test.
[INFO] [stdout] ---- src/bbbuffer.rs - bbbuffer::Producer<'a,N>::grant_exact (line 325) stdout ----
[INFO] [stdout] error[E0432]: unresolved import `bbqueue`
[INFO] [stdout]  --> src/bbbuffer.rs:328:5
[INFO] [stdout]   |
[INFO] [stdout] 4 | use bbqueue::BBBuffer;
[INFO] [stdout]   |     ^^^^^^^ use of undeclared crate or module `bbqueue`
[INFO] [stdout] 
[INFO] [stdout] error: aborting due to previous error
[INFO] [stdout] 
[INFO] [stdout] For more information about this error, try `rustc --explain E0432`.
[INFO] [stdout] Couldn't compile the test.
[INFO] [stdout] ---- src/bbbuffer.rs - bbbuffer::BBBuffer<N>::try_release (line 141) stdout ----
[INFO] [stdout] error[E0432]: unresolved import `bbqueue`
[INFO] [stdout]  --> src/bbbuffer.rs:144:5
[INFO] [stdout]   |
[INFO] [stdout] 4 | use bbqueue::BBBuffer;
[INFO] [stdout]   |     ^^^^^^^ use of undeclared crate or module `bbqueue`
[INFO] [stdout] 
[INFO] [stdout] error: aborting due to previous error
[INFO] [stdout] 
[INFO] [stdout] For more information about this error, try `rustc --explain E0432`.
[INFO] [stdout] Couldn't compile the test.
[INFO] [stdout] ---- src/bbbuffer.rs - bbbuffer::GrantW<'a,N>::buf (line 755) stdout ----
[INFO] [stdout] error[E0432]: unresolved import `bbqueue`
[INFO] [stdout]  --> src/bbbuffer.rs:758:5
[INFO] [stdout]   |
[INFO] [stdout] 4 | use bbqueue::BBBuffer;
[INFO] [stdout]   |     ^^^^^^^ use of undeclared crate or module `bbqueue`
[INFO] [stdout] 
[INFO] [stdout] error: aborting due to previous error
[INFO] [stdout] 
[INFO] [stdout] For more information about this error, try `rustc --explain E0432`.
[INFO] [stdout] Couldn't compile the test.
[INFO] [stdout] ---- src/lib.rs - (line 22) stdout ----
[INFO] [stdout] error[E0432]: unresolved import `bbqueue`
[INFO] [stdout]  --> src/lib.rs:23:5
[INFO] [stdout]   |
[INFO] [stdout] 3 | use bbqueue::BBBuffer;
[INFO] [stdout]   |     ^^^^^^^ use of undeclared crate or module `bbqueue`
[INFO] [stdout] 
[INFO] [stdout] error: aborting due to previous error
[INFO] [stdout] 
[INFO] [stdout] For more information about this error, try `rustc --explain E0432`.
[INFO] [stdout] Couldn't compile the test.
[INFO] [stdout] ---- src/bbbuffer.rs - bbbuffer::Consumer<'a,N>::read (line 528) stdout ----
[INFO] [stdout] error[E0432]: unresolved import `bbqueue`
[INFO] [stdout]  --> src/bbbuffer.rs:531:5
[INFO] [stdout]   |
[INFO] [stdout] 4 | use bbqueue::BBBuffer;
[INFO] [stdout]   |     ^^^^^^^ use of undeclared crate or module `bbqueue`
[INFO] [stdout] 
[INFO] [stdout] error: aborting due to previous error
[INFO] [stdout] 
[INFO] [stdout] For more information about this error, try `rustc --explain E0432`.
[INFO] [stdout] Couldn't compile the test.
[INFO] [stdout] ---- src/bbbuffer.rs - bbbuffer::BBBuffer<N>::capacity (line 664) stdout ----
[INFO] [stdout] error[E0432]: unresolved import `bbqueue`
[INFO] [stdout]  --> src/bbbuffer.rs:667:5
[INFO] [stdout]   |
[INFO] [stdout] 4 | use bbqueue::BBBuffer;
[INFO] [stdout]   |     ^^^^^^^ use of undeclared crate or module `bbqueue`
[INFO] [stdout] 
[INFO] [stdout] error: aborting due to previous error
[INFO] [stdout] 
[INFO] [stdout] For more information about this error, try `rustc --explain E0432`.
[INFO] [stdout] Couldn't compile the test.
[INFO] [stdout] ---- src/bbbuffer.rs - bbbuffer::SplitGrantR<'a,N>::bufs (line 979) stdout ----
[INFO] [stdout] error[E0432]: unresolved import `bbqueue`
[INFO] [stdout]  --> src/bbbuffer.rs:982:5
[INFO] [stdout]   |
[INFO] [stdout] 4 | use bbqueue::BBBuffer;
[INFO] [stdout]   |     ^^^^^^^ use of undeclared crate or module `bbqueue`
[INFO] [stdout] 
[INFO] [stdout] error: aborting due to previous error
[INFO] [stdout] 
[INFO] [stdout] For more information about this error, try `rustc --explain E0432`.
[INFO] [stdout] Couldn't compile the test.
[INFO] [stdout] 
[INFO] [stdout] failures:
[INFO] [stdout]     src/bbbuffer.rs - bbbuffer::BBBuffer<A>::new (line 236)
[INFO] [stdout]     src/bbbuffer.rs - bbbuffer::BBBuffer<N>::capacity (line 664)
[INFO] [stdout]     src/bbbuffer.rs - bbbuffer::BBBuffer<N>::try_release (line 141)
[INFO] [stdout]     src/bbbuffer.rs - bbbuffer::BBBuffer<N>::try_split (line 69)
[INFO] [stdout]     src/bbbuffer.rs - bbbuffer::Consumer<'a,N>::read (line 528)
[INFO] [stdout]     src/bbbuffer.rs - bbbuffer::GrantR<'a,N>::buf (line 880)
[INFO] [stdout]     src/bbbuffer.rs - bbbuffer::GrantW<'a,N>::buf (line 755)
[INFO] [stdout]     src/bbbuffer.rs - bbbuffer::Producer<'a,N>::grant_exact (line 325)
[INFO] [stdout]     src/bbbuffer.rs - bbbuffer::Producer<'a,N>::grant_max_remaining (line 416)
[INFO] [stdout]     src/bbbuffer.rs - bbbuffer::SplitGrantR<'a,N>::bufs (line 979)
[INFO] [stdout]     src/framed.rs - framed (line 11)
[INFO] [stdout]     src/lib.rs - (line 22)
[INFO] [stdout]     src/lib.rs - (line 51)
[INFO] [stdout] 
[INFO] [stdout] test result: FAILED. 0 passed; 13 failed; 0 ignored; 0 measured; 0 filtered out; finished in 0.05s
[INFO] [stdout] 
[INFO] [stderr] error: doctest failed, to rerun pass `--doc`
[INFO] running `Command { std: "docker" "inspect" "eb9a34a65aea8142d8762bfd0c4ac494228fbe08dbd77854338bf35224c1d177", kill_on_drop: false }`
[INFO] running `Command { std: "docker" "rm" "-f" "eb9a34a65aea8142d8762bfd0c4ac494228fbe08dbd77854338bf35224c1d177", kill_on_drop: false }`
[INFO] [stdout] eb9a34a65aea8142d8762bfd0c4ac494228fbe08dbd77854338bf35224c1d177
