[INFO] fetching crate batbox 0.14.0...
[INFO] testing batbox-0.14.0 against 1.69.0 for beta-1.70-1
[INFO] extracting crate batbox 0.14.0 into /workspace/builds/worker-2-tc1/source
[INFO] validating manifest of crates.io crate batbox 0.14.0 on toolchain 1.69.0
[INFO] running `Command { std: CARGO_HOME="/workspace/cargo-home" RUSTUP_HOME="/workspace/rustup-home" "/workspace/cargo-home/bin/cargo" "+1.69.0" "metadata" "--manifest-path" "Cargo.toml" "--no-deps", kill_on_drop: false }`
[INFO] started tweaking crates.io crate batbox 0.14.0
[INFO] finished tweaking crates.io crate batbox 0.14.0
[INFO] tweaked toml for crates.io crate batbox 0.14.0 written to /workspace/builds/worker-2-tc1/source/Cargo.toml
[INFO] running `Command { std: CARGO_HOME="/workspace/cargo-home" RUSTUP_HOME="/workspace/rustup-home" __CARGO_TEST_CHANNEL_OVERRIDE_DO_NOT_USE_THIS="nightly" "/workspace/cargo-home/bin/cargo" "+1.69.0" "generate-lockfile" "--manifest-path" "Cargo.toml" "-Zno-index-update", kill_on_drop: false }`
[INFO] running `Command { std: CARGO_HOME="/workspace/cargo-home" RUSTUP_HOME="/workspace/rustup-home" "/workspace/cargo-home/bin/cargo" "+1.69.0" "fetch" "--manifest-path" "Cargo.toml", kill_on_drop: false }`
[INFO] [stderr]  Downloading crates ...
[INFO] [stderr]   Downloaded clap_derive v3.2.25
[INFO] [stderr]   Downloaded tinyfiledialogs v3.9.1
[INFO] [stderr]   Downloaded batbox-macros v0.11.0
[INFO] [stderr]   Downloaded batbox-derive v0.13.0
[INFO] running `Command { std: "docker" "create" "-v" "/var/lib/crater-agent-workspace/builds/worker-2-tc1/target:/opt/rustwide/target:rw,Z" "-v" "/var/lib/crater-agent-workspace/builds/worker-2-tc1/source:/opt/rustwide/workdir:ro,Z" "-v" "/var/lib/crater-agent-workspace/cargo-home:/opt/rustwide/cargo-home:ro,Z" "-v" "/var/lib/crater-agent-workspace/rustup-home:/opt/rustwide/rustup-home:ro,Z" "-e" "SOURCE_DIR=/opt/rustwide/workdir" "-e" "CARGO_TARGET_DIR=/opt/rustwide/target" "-e" "CARGO_HOME=/opt/rustwide/cargo-home" "-e" "RUSTUP_HOME=/opt/rustwide/rustup-home" "-w" "/opt/rustwide/workdir" "-m" "1610612736" "--user" "0:0" "--network" "none" "ghcr.io/rust-lang/crates-build-env/linux@sha256:5ff2268d62e97bff2cde7d5815dd6ed5b47097566f13b8d0ca110b04b60e07ed" "/opt/rustwide/cargo-home/bin/cargo" "+1.69.0" "metadata" "--no-deps" "--format-version=1", kill_on_drop: false }`
[INFO] [stdout] 8c011f5cbda3f32a36c9d6e043f32918d8b91243ef3dd4c79b195ef123bea57b
[INFO] running `Command { std: "docker" "start" "-a" "8c011f5cbda3f32a36c9d6e043f32918d8b91243ef3dd4c79b195ef123bea57b", kill_on_drop: false }`
[INFO] running `Command { std: "docker" "inspect" "8c011f5cbda3f32a36c9d6e043f32918d8b91243ef3dd4c79b195ef123bea57b", kill_on_drop: false }`
[INFO] running `Command { std: "docker" "rm" "-f" "8c011f5cbda3f32a36c9d6e043f32918d8b91243ef3dd4c79b195ef123bea57b", kill_on_drop: false }`
[INFO] [stdout] 8c011f5cbda3f32a36c9d6e043f32918d8b91243ef3dd4c79b195ef123bea57b
[INFO] running `Command { std: "docker" "create" "-v" "/var/lib/crater-agent-workspace/builds/worker-2-tc1/target:/opt/rustwide/target:rw,Z" "-v" "/var/lib/crater-agent-workspace/builds/worker-2-tc1/source:/opt/rustwide/workdir:ro,Z" "-v" "/var/lib/crater-agent-workspace/cargo-home:/opt/rustwide/cargo-home:ro,Z" "-v" "/var/lib/crater-agent-workspace/rustup-home:/opt/rustwide/rustup-home:ro,Z" "-e" "SOURCE_DIR=/opt/rustwide/workdir" "-e" "CARGO_TARGET_DIR=/opt/rustwide/target" "-e" "CARGO_INCREMENTAL=0" "-e" "RUST_BACKTRACE=full" "-e" "RUSTFLAGS=--cap-lints=warn" "-e" "RUSTDOCFLAGS=--cap-lints=warn" "-e" "CARGO_HOME=/opt/rustwide/cargo-home" "-e" "RUSTUP_HOME=/opt/rustwide/rustup-home" "-w" "/opt/rustwide/workdir" "-m" "1610612736" "--user" "0:0" "--network" "none" "ghcr.io/rust-lang/crates-build-env/linux@sha256:5ff2268d62e97bff2cde7d5815dd6ed5b47097566f13b8d0ca110b04b60e07ed" "/opt/rustwide/cargo-home/bin/cargo" "+1.69.0" "build" "--frozen" "--message-format=json", kill_on_drop: false }`
[INFO] [stdout] 7051f4be02b85ec64e26f3da3a470f300952021cff10f9d771106a8fd202e04b
[INFO] running `Command { std: "docker" "start" "-a" "7051f4be02b85ec64e26f3da3a470f300952021cff10f9d771106a8fd202e04b", kill_on_drop: false }`
[INFO] [stderr]     Blocking waiting for file lock on package cache
[INFO] [stderr]    Compiling libc v0.2.142
[INFO] [stderr]    Compiling syn v1.0.109
[INFO] [stderr]    Compiling version_check v0.9.4
[INFO] [stderr]    Compiling futures-core v0.3.28
[INFO] [stderr]    Compiling serde_derive v1.0.160
[INFO] [stderr]    Compiling cc v1.0.79
[INFO] [stderr]    Compiling futures-channel v0.3.28
[INFO] [stderr]    Compiling serde v1.0.160
[INFO] [stderr]    Compiling strsim v0.10.0
[INFO] [stderr]    Compiling futures-task v0.3.28
[INFO] [stderr]    Compiling slab v0.4.8
[INFO] [stderr]    Compiling futures-sink v0.3.28
[INFO] [stderr]    Compiling ident_case v1.0.1
[INFO] [stderr]    Compiling fnv v1.0.7
[INFO] [stderr]    Compiling syn v2.0.15
[INFO] [stderr]    Compiling tinyvec_macros v0.1.1
[INFO] [stderr]    Compiling futures-util v0.3.28
[INFO] [stderr]    Compiling indexmap v1.9.3
[INFO] [stderr]    Compiling pin-utils v0.1.0
[INFO] [stderr]    Compiling tinyvec v1.6.0
[INFO] [stderr]    Compiling pin-project-lite v0.2.9
[INFO] [stderr]    Compiling futures-io v0.3.28
[INFO] [stderr]    Compiling bitflags v1.3.2
[INFO] [stderr]    Compiling gimli v0.27.2
[INFO] [stderr]    Compiling async-trait v0.1.68
[INFO] [stderr]    Compiling thiserror v1.0.40
[INFO] [stderr]    Compiling heck v0.4.1
[INFO] [stderr]    Compiling proc-macro-error-attr v1.0.4
[INFO] [stderr]    Compiling proc-macro-error v1.0.4
[INFO] [stderr]    Compiling adler v1.0.2
[INFO] [stderr]    Compiling termcolor v1.2.0
[INFO] [stderr]    Compiling serde_json v1.0.96
[INFO] [stderr]    Compiling hashbrown v0.12.3
[INFO] [stderr]    Compiling unicode-bidi v0.3.13
[INFO] [stderr]    Compiling os_str_bytes v6.5.0
[INFO] [stderr]    Compiling percent-encoding v2.2.0
[INFO] [stderr]    Compiling ppv-lite86 v0.2.17
[INFO] [stderr]    Compiling clap_lex v0.2.4
[INFO] [stderr]    Compiling form_urlencoded v1.1.0
[INFO] [stderr]    Compiling unicode-normalization v0.1.22
[INFO] [stderr]    Compiling miniz_oxide v0.6.2
[INFO] [stderr]    Compiling object v0.30.3
[INFO] [stderr]    Compiling getrandom v0.2.9
[INFO] [stderr]    Compiling atty v0.2.14
[INFO] [stderr]    Compiling dirs-sys v0.3.7
[INFO] [stderr]    Compiling num_cpus v1.15.0
[INFO] [stderr]    Compiling once_cell v1.17.1
[INFO] [stderr]    Compiling humantime v2.1.0
[INFO] [stderr]    Compiling itoa v1.0.6
[INFO] [stderr]    Compiling rand_core v0.6.4
[INFO] [stderr]    Compiling backtrace v0.3.67
[INFO] [stderr]    Compiling tinyfiledialogs v3.9.1
[INFO] [stderr]    Compiling textwrap v0.16.0
[INFO] [stderr]    Compiling idna v0.3.0
[INFO] [stderr]    Compiling rand_chacha v0.3.1
[INFO] [stderr]    Compiling rustc-demangle v0.1.23
[INFO] [stderr]    Compiling either v1.8.1
[INFO] [stderr]    Compiling convert_case v0.4.0
[INFO] [stderr]    Compiling ryu v1.0.13
[INFO] [stderr]    Compiling env_logger v0.9.3
[INFO] [stderr]    Compiling rand v0.8.5
[INFO] [stderr]    Compiling threadpool v1.8.1
[INFO] [stderr]    Compiling directories v4.0.1
[INFO] [stderr]    Compiling itertools v0.10.5
[INFO] [stderr]    Compiling dyn-clone v1.0.11
[INFO] [stderr]    Compiling maplit v1.0.2
[INFO] [stderr]    Compiling url v2.3.1
[INFO] [stderr]    Compiling batbox-macros v0.11.0
[INFO] [stderr]    Compiling addr2line v0.19.0
[INFO] [stderr]    Compiling futures-macro v0.3.28
[INFO] [stderr]    Compiling thiserror-impl v1.0.40
[INFO] [stderr]    Compiling darling_core v0.14.4
[INFO] [stderr]    Compiling clap_derive v3.2.25
[INFO] [stderr]    Compiling derivative v2.2.0
[INFO] [stderr]    Compiling derive_more v0.99.17
[INFO] [stderr]    Compiling darling_macro v0.14.4
[INFO] [stderr]    Compiling darling v0.14.4
[INFO] [stderr]    Compiling batbox-derive v0.13.0
[INFO] [stderr]    Compiling clap v3.2.25
[INFO] [stderr]    Compiling futures-executor v0.3.28
[INFO] [stderr]    Compiling futures v0.3.28
[INFO] [stderr]    Compiling bincode v1.3.3
[INFO] [stderr]    Compiling ron v0.7.1
[INFO] [stderr]    Compiling batbox v0.14.0 (/opt/rustwide/workdir)
[INFO] [stderr]     Finished dev [unoptimized + debuginfo] target(s) in 17.05s
[INFO] running `Command { std: "docker" "inspect" "7051f4be02b85ec64e26f3da3a470f300952021cff10f9d771106a8fd202e04b", kill_on_drop: false }`
[INFO] running `Command { std: "docker" "rm" "-f" "7051f4be02b85ec64e26f3da3a470f300952021cff10f9d771106a8fd202e04b", kill_on_drop: false }`
[INFO] [stdout] 7051f4be02b85ec64e26f3da3a470f300952021cff10f9d771106a8fd202e04b
[INFO] running `Command { std: "docker" "create" "-v" "/var/lib/crater-agent-workspace/builds/worker-2-tc1/target:/opt/rustwide/target:rw,Z" "-v" "/var/lib/crater-agent-workspace/builds/worker-2-tc1/source:/opt/rustwide/workdir:ro,Z" "-v" "/var/lib/crater-agent-workspace/cargo-home:/opt/rustwide/cargo-home:ro,Z" "-v" "/var/lib/crater-agent-workspace/rustup-home:/opt/rustwide/rustup-home:ro,Z" "-e" "SOURCE_DIR=/opt/rustwide/workdir" "-e" "CARGO_TARGET_DIR=/opt/rustwide/target" "-e" "CARGO_INCREMENTAL=0" "-e" "RUST_BACKTRACE=full" "-e" "RUSTFLAGS=--cap-lints=warn" "-e" "RUSTDOCFLAGS=--cap-lints=warn" "-e" "CARGO_HOME=/opt/rustwide/cargo-home" "-e" "RUSTUP_HOME=/opt/rustwide/rustup-home" "-w" "/opt/rustwide/workdir" "-m" "1610612736" "--user" "0:0" "--network" "none" "ghcr.io/rust-lang/crates-build-env/linux@sha256:5ff2268d62e97bff2cde7d5815dd6ed5b47097566f13b8d0ca110b04b60e07ed" "/opt/rustwide/cargo-home/bin/cargo" "+1.69.0" "test" "--frozen" "--no-run" "--message-format=json", kill_on_drop: false }`
[INFO] [stdout] 3197c8da76f3b2684f04f0e59bd43ef5a9a4fcba4675f2180f655ee72476c7a3
[INFO] running `Command { std: "docker" "start" "-a" "3197c8da76f3b2684f04f0e59bd43ef5a9a4fcba4675f2180f655ee72476c7a3", kill_on_drop: false }`
[INFO] [stderr]    Compiling batbox v0.14.0 (/opt/rustwide/workdir)
[INFO] [stderr]     Finished test [unoptimized + debuginfo] target(s) in 1.89s
[INFO] running `Command { std: "docker" "inspect" "3197c8da76f3b2684f04f0e59bd43ef5a9a4fcba4675f2180f655ee72476c7a3", kill_on_drop: false }`
[INFO] running `Command { std: "docker" "rm" "-f" "3197c8da76f3b2684f04f0e59bd43ef5a9a4fcba4675f2180f655ee72476c7a3", kill_on_drop: false }`
[INFO] [stdout] 3197c8da76f3b2684f04f0e59bd43ef5a9a4fcba4675f2180f655ee72476c7a3
[INFO] running `Command { std: "docker" "create" "-v" "/var/lib/crater-agent-workspace/builds/worker-2-tc1/target:/opt/rustwide/target:rw,Z" "-v" "/var/lib/crater-agent-workspace/builds/worker-2-tc1/source:/opt/rustwide/workdir:ro,Z" "-v" "/var/lib/crater-agent-workspace/cargo-home:/opt/rustwide/cargo-home:ro,Z" "-v" "/var/lib/crater-agent-workspace/rustup-home:/opt/rustwide/rustup-home:ro,Z" "-e" "SOURCE_DIR=/opt/rustwide/workdir" "-e" "CARGO_TARGET_DIR=/opt/rustwide/target" "-e" "CARGO_INCREMENTAL=0" "-e" "RUST_BACKTRACE=full" "-e" "RUSTFLAGS=--cap-lints=warn" "-e" "RUSTDOCFLAGS=--cap-lints=warn" "-e" "CARGO_HOME=/opt/rustwide/cargo-home" "-e" "RUSTUP_HOME=/opt/rustwide/rustup-home" "-w" "/opt/rustwide/workdir" "-m" "1610612736" "--user" "0:0" "--network" "none" "ghcr.io/rust-lang/crates-build-env/linux@sha256:5ff2268d62e97bff2cde7d5815dd6ed5b47097566f13b8d0ca110b04b60e07ed" "/opt/rustwide/cargo-home/bin/cargo" "+1.69.0" "test" "--frozen", kill_on_drop: false }`
[INFO] [stdout] 500965e2b083ff818ef32da1113620f107d93bea3d4d84b9a4c29798f414cb6a
[INFO] running `Command { std: "docker" "start" "-a" "500965e2b083ff818ef32da1113620f107d93bea3d4d84b9a4c29798f414cb6a", kill_on_drop: false }`
[INFO] [stderr]     Finished test [unoptimized + debuginfo] target(s) in 0.07s
[INFO] [stderr]      Running unittests src/lib.rs (/opt/rustwide/target/debug/deps/batbox-d974c063eda9d299)
[INFO] [stdout] 
[INFO] [stdout] running 16 tests
[INFO] [stdout] test approx::test_approx_eq_f32 ... ok
[INFO] [stdout] test approx::test_approx_eq_f64 ... ok
[INFO] [stdout] test color::component::test_convert ... ok
[INFO] [stdout] test color::consts::test_consts_stable ... ok
[INFO] [stdout] test color::rgba::test_convert ... ok
[INFO] [stdout] test color::rgba::test_deref ... ok
[INFO] [stdout] test color::rgba::test_deref_mut ... ok
[INFO] [stdout] test color::rgba::test_display ... ok
[INFO] [stdout] test geom::mat::mat3::extra::test_mat_inverse_random ... ok
[INFO] [stdout] test geom::vec::vec2::test_clamp_zero_len ... ok
[INFO] [stdout] test geom::mat::mat4::extra::test_mat_inverse_random ... ok
[INFO] [stdout] test timer::test ... ok
[INFO] [stdout] test rng::test_random ... ok
[INFO] [stdout] test num::real::test_reals ... ok
[INFO] [stdout] test geom::quat::test_quat ... ok
[INFO] [stdout] test num::real::test_reals_fail - should panic ... ok
[INFO] [stdout] 
[INFO] [stdout] test result: ok. 16 passed; 0 failed; 0 ignored; 0 measured; 0 filtered out; finished in 0.02s
[INFO] [stdout] 
[INFO] [stderr]    Doc-tests batbox
[INFO] [stdout] 
[INFO] [stdout] running 53 tests
[INFO] [stdout] test src/color/rgba.rs - color::rgba::Rgba<T>::map (line 148) ... ok
[INFO] [stdout] test src/color/rgba.rs - color::rgba::Rgba<T>::zip_map (line 165) ... ok
[INFO] [stdout] test src/geom/aabb.rs - geom::aabb::AABB<T>::extend_positive (line 90) ... ok
[INFO] [stdout] test src/geom/aabb.rs - geom::aabb::AABB<T>::point (line 42) ... ok
[INFO] [stdout] test src/color/rgba.rs - color::rgba::Rgba<T>::map_rgb (line 131) ... FAILED
[INFO] [stdout] test src/geom/mat/mat3/extra.rs - geom::mat::mat3::extra::Mat3<T>::inverse (line 52) ... FAILED
[INFO] [stdout] test src/geom/chain.rs - geom::chain::Chain<T>::take_range_length (line 47) ... FAILED
[INFO] [stdout] test src/geom/mat/mat3/mod.rs - geom::mat::mat3::Mat3<T>::new (line 23) ... ok
[INFO] [stdout] test src/geom/aabb.rs - geom::aabb::AABB<T>::from_corners (line 23) ... ok
[INFO] [stdout] test src/geom/mat/mat3/transform.rs - geom::mat::mat3::transform::Mat3<T>::scale_uniform (line 7) ... ok
[INFO] [stdout] test src/geom/mat/mat3/transform.rs - geom::mat::mat3::transform::Mat3<T>::scale (line 19) ... ok
[INFO] [stdout] test src/color/rgba.rs - color::rgba::Rgba<T>::convert (line 187) ... FAILED
[INFO] [stdout] test src/geom/aabb.rs - geom::aabb::AABB<T>::extend_uniform (line 57) ... ok
[INFO] [stdout] test src/geom/mat/mat3/extra.rs - geom::mat::mat3::extra::Mat3<T>::transpose (line 7) ... ok
[INFO] [stdout] test src/geom/aabb.rs - geom::aabb::AABB<T>::extend_symmetric (line 73) ... ok
[INFO] [stdout] test src/geom/mat/mat3/transform.rs - geom::mat::mat3::transform::Mat3<T>::translate (line 35) ... ok
[INFO] [stdout] test src/geom/aabb.rs - geom::aabb::AABB<T>::normalized (line 138) ... ok
[INFO] [stdout] test src/geom/mat/mat4/mod.rs - geom::mat::mat4::Mat4<T>::new (line 23) ... ok
[INFO] [stdout] test src/geom/mat/mat4/extra.rs - geom::mat::mat4::extra::Mat4<T>::transpose (line 7) ... ok
[INFO] [stdout] test src/geom/aabb.rs - geom::aabb::AABB<T>::contains (line 214) ... ok
[INFO] [stdout] test src/geom/mat/mat3/mod.rs - geom::mat::mat3::Mat3<T>::identity (line 86) ... ok
[INFO] [stdout] test src/geom/mat/mat4/transform.rs - geom::mat::mat4::transform::Mat4<T>::scale_uniform (line 7) ... ok
[INFO] [stdout] test src/geom/mat/mat3/mod.rs - geom::mat::mat3::Mat3<T>::zero (line 70) ... ok
[INFO] [stdout] test src/geom/mat/mat4/transform.rs - geom::mat::mat4::transform::Mat4<T>::scale (line 19) ... ok
[INFO] [stdout] test src/geom/mat/mat4/mod.rs - geom::mat::mat4::Mat4<T>::identity (line 97) ... ok
[INFO] [stdout] test src/geom/mat/mat4/transform.rs - geom::mat::mat4::transform::Mat4<T>::translate (line 36) ... ok
[INFO] [stdout] test src/geom/mat/mat4/mod.rs - geom::mat::mat4::Mat4<T>::zero (line 81) ... ok
[INFO] [stdout] test src/geom/vec/vec2.rs - geom::vec::vec2::Vec2<T>::extend (line 54) ... ok
[INFO] [stdout] test src/geom/chain.rs - geom::chain::Chain<T>::take_range_ratio (line 30) ... FAILED
[INFO] [stdout] test src/color/rgba.rs - color::rgba::Rgba<T>::lerp (line 197) ... FAILED
[INFO] [stdout] test src/geom/mat/mat4/extra.rs - geom::mat::mat4::extra::Mat4<T>::inverse (line 43) ... FAILED
[INFO] [stdout] test src/geom/vec/vec2.rs - geom::vec::vec2::Vec2<T>::rotate_90 (line 99) ... ok
[INFO] [stdout] test src/geom/vec/vec2.rs - geom::vec::vec2::Vec2<T>::normalize (line 113) ... FAILED
[INFO] [stdout] test src/geom/vec/vec2.rs - geom::vec::vec2::Vec2<T>::dot (line 76) ... ok
[INFO] [stdout] test src/geom/vec/vec2.rs - geom::vec::vec2::vec2 (line 22) ... ok
[INFO] [stdout] test src/geom/vec/vec2.rs - geom::vec::vec2::Vec2<T>::normalize_or_zero (line 126) ... FAILED
[INFO] [stdout] test src/geom/vec/vec2.rs - geom::vec::vec2::Vec2<T>::clamp_coordinates (line 191) ... ok
[INFO] [stdout] test src/geom/vec/vec2.rs - geom::vec::vec2::Vec2<T>::arg (line 222) ... FAILED
[INFO] [stdout] test src/geom/vec/vec2.rs - geom::vec::vec2::Vec2<T>::clamp_aabb (line 206) ... ok
[INFO] [stdout] test src/geom/vec/vec2.rs - geom::vec::vec2::Vec2<T>::skew (line 87) ... ok
[INFO] [stdout] test src/geom/vec/vec3.rs - geom::vec::vec3::Vec3<T>::cross (line 85) ... ok
[INFO] [stdout] test src/geom/vec/vec3.rs - geom::vec::vec3::vec3 (line 24) ... ok
[INFO] [stdout] test src/geom/vec/vec4.rs - geom::vec::vec4::vec4 (line 26) ... ok
[INFO] [stdout] test src/geom/vec/vec3.rs - geom::vec::vec3::Vec3<T>::dot (line 74) ... ok
[INFO] [stdout] test src/geom/vec/vec3.rs - geom::vec::vec3::Vec3<T>::clamp_coordinates (line 163) ... ok
[INFO] [stdout] test src/geom/vec/vec4.rs - geom::vec::vec4::Vec4<T>::dot (line 76) ... ok
[INFO] [stdout] test src/util.rs - util::PartialOrdExt::clamp_range (line 59) ... ok
[INFO] [stdout] test src/geom/vec/vec2.rs - geom::vec::vec2::Vec2<T>::clamp_len (line 174) ... ok
[INFO] [stdout] test src/geom/vec/vec2.rs - geom::vec::vec2::Vec2<T>::rotate (line 159) ... ok
[INFO] [stdout] test src/geom/vec/vec2.rs - geom::vec::vec2::Vec2<T>::len (line 144) ... ok
[INFO] [stdout] test src/geom/vec/vec3.rs - geom::vec::vec3::Vec3<T>::normalize (line 102) ... ok
[INFO] [stdout] test src/geom/vec/vec3.rs - geom::vec::vec3::Vec3<T>::normalize_or_zero (line 115) ... ok
[INFO] [stdout] test src/geom/vec/vec3.rs - geom::vec::vec3::Vec3<T>::clamp_len (line 146) ... ok
[INFO] [stdout] 
[INFO] [stdout] failures:
[INFO] [stdout] 
[INFO] [stdout] ---- src/color/rgba.rs - color::rgba::Rgba<T>::map_rgb (line 131) stdout ----
[INFO] [stdout] error: linking with `cc` failed: exit status: 1
[INFO] [stdout]   |
[INFO] [stdout]   = note: LC_ALL="C" PATH="/opt/rustwide/rustup-home/toolchains/1.69.0-x86_64-unknown-linux-gnu/lib/rustlib/x86_64-unknown-linux-gnu/bin:/opt/rustwide/cargo-home/bin:/usr/local/sbin:/usr/local/bin:/usr/sbin:/usr/bin:/sbin:/bin" VSLANG="1033" "cc" "-m64" "/tmp/rustcl7IvhT/symbols.o" "/tmp/rustdoctestZN1820/rust_out.rust_out.5bfee551-cgu.0.rcgu.o" "/tmp/rustdoctestZN1820/rust_out.j00p4ncf7xg64kg.rcgu.o" "-Wl,--as-needed" "-L" "/opt/rustwide/target/debug/deps" "-L" "/opt/rustwide/target/debug/deps" "-L" "/opt/rustwide/target/debug/build/tinyfiledialogs-0914aa582564b1b7/out" "-L" "/opt/rustwide/rustup-home/toolchains/1.69.0-x86_64-unknown-linux-gnu/lib/rustlib/x86_64-unknown-linux-gnu/lib" "-Wl,-Bstatic" "/opt/rustwide/target/debug/deps/libbatbox-32f45a0d5f0cc3b6.rlib" "/opt/rustwide/target/debug/deps/libdirectories-b016f14ba8f18475.rlib" "/opt/rustwide/target/debug/deps/libdirs_sys-59c106a570146284.rlib" "/opt/rustwide/target/debug/deps/libbacktrace-fd85fe3409e12f3d.rlib" "/opt/rustwide/target/debug/deps/libminiz_oxide-e57d79458c1d1dc6.rlib" "/opt/rustwide/target/debug/deps/libadler-478247d24f5486f3.rlib" "/opt/rustwide/target/debug/deps/libobject-0e7df3d15adeb749.rlib" "/opt/rustwide/target/debug/deps/libaddr2line-b1bf6599b5592b4e.rlib" "/opt/rustwide/target/debug/deps/libgimli-05ab19e0b18c0f47.rlib" "/opt/rustwide/target/debug/deps/librustc_demangle-b9a7c4eabd61023e.rlib" "/opt/rustwide/target/debug/deps/libenv_logger-da88f8f9027ca6df.rlib" "/opt/rustwide/target/debug/deps/libhumantime-cdc03476f0a21f32.rlib" "/opt/rustwide/target/debug/deps/libregex-30b6c0f7a120891e.rlib" "/opt/rustwide/target/debug/deps/libaho_corasick-6fc38c3e1c0e1b2d.rlib" "/opt/rustwide/target/debug/deps/libregex_syntax-04a1184ce9f52da7.rlib" "/opt/rustwide/target/debug/deps/libtinyfiledialogs-d7e11b0b86aa7df8.rlib" "/opt/rustwide/target/debug/deps/librand-f2f6ad3266a7edfa.rlib" "/opt/rustwide/target/debug/deps/librand_chacha-d7791ce037c8b882.rlib" "/opt/rustwide/target/debug/deps/libppv_lite86-c3ad053967cc551c.rlib" "/opt/rustwide/target/debug/deps/librand_core-669068a6cdc99602.rlib" "/opt/rustwide/target/debug/deps/libgetrandom-60565f3a8b14a017.rlib" "/opt/rustwide/target/debug/deps/libbatbox_macros-2a999d300118d5c5.rlib" "/opt/rustwide/target/debug/deps/libthreadpool-7dc6f7054c22f0b8.rlib" "/opt/rustwide/target/debug/deps/libnum_cpus-955db27608b22469.rlib" "/opt/rustwide/target/debug/deps/libthiserror-d64fa0d8b985f28e.rlib" "/opt/rustwide/target/debug/deps/libserde_json-85f0afd3c9821d91.rlib" "/opt/rustwide/target/debug/deps/libryu-87a43729435ac998.rlib" "/opt/rustwide/target/debug/deps/libitoa-12e0c769e046c1b6.rlib" "/opt/rustwide/target/debug/deps/libmaplit-abdbce8b4ce371d0.rlib" "/opt/rustwide/target/debug/deps/liblog-e4acea3c8ca43b70.rlib" "/opt/rustwide/target/debug/deps/libcfg_if-e5e118dd7d121aaa.rlib" "/opt/rustwide/target/debug/deps/libitertools-ea912201e9c13d48.rlib" "/opt/rustwide/target/debug/deps/libeither-cac85af8160ee6c4.rlib" "/opt/rustwide/target/debug/deps/libfutures-94385a038544c886.rlib" "/opt/rustwide/target/debug/deps/libfutures_executor-12a08d8b654100ac.rlib" "/opt/rustwide/target/debug/deps/libfutures_util-2307770df9d8cc8f.rlib" "/opt/rustwide/target/debug/deps/libmemchr-b18e4aa3c7a38625.rlib" "/opt/rustwide/target/debug/deps/libfutures_io-4614e9b19a26d89f.rlib" "/opt/rustwide/target/debug/deps/libslab-8bb798f134a0a9e7.rlib" "/opt/rustwide/target/debug/deps/libfutures_channel-ea2e64aea1dbff6c.rlib" "/opt/rustwide/target/debug/deps/libpin_project_lite-e66e1bab7310d569.rlib" "/opt/rustwide/target/debug/deps/libfutures_sink-393d57b22d6920a4.rlib" "/opt/rustwide/target/debug/deps/libfutures_task-b59556b3c537ad98.rlib" "/opt/rustwide/target/debug/deps/libpin_utils-0d8eaf4ac0fcb221.rlib" "/opt/rustwide/target/debug/deps/libfutures_core-782cbf5ce9142ff9.rlib" "/opt/rustwide/target/debug/deps/libdyn_clone-e9cc5ecb301fed49.rlib" "/opt/rustwide/target/debug/deps/libclap-92c0285952c0a035.rlib" "/opt/rustwide/target/debug/deps/libatty-e2dc022f31009521.rlib" "/opt/rustwide/target/debug/deps/liblibc-b7b14a0fe316ec96.rlib" "/opt/rustwide/target/debug/deps/libstrsim-6c4a301b03dc606f.rlib" "/opt/rustwide/target/debug/deps/libtermcolor-b72ffe4cbd1728e7.rlib" "/opt/rustwide/target/debug/deps/libtextwrap-91cb267721c1cb04.rlib" "/opt/rustwide/target/debug/deps/libindexmap-4a7e2da62b4b6cd1.rlib" "/opt/rustwide/target/debug/deps/libhashbrown-f669da50cece7aa5.rlib" "/opt/rustwide/target/debug/deps/libclap_lex-b2bd863b83eaf2e1.rlib" "/opt/rustwide/target/debug/deps/libos_str_bytes-eb794ef38bab2676.rlib" "/opt/rustwide/target/debug/deps/libbitflags-82cc2d155c6eb112.rlib" "/opt/rustwide/target/debug/deps/libonce_cell-7d2ec3fb6b6c5a4d.rlib" "/opt/rustwide/target/debug/deps/libbincode-1b79f7a0edb08cc2.rlib" "/opt/rustwide/target/debug/deps/libserde-315e232f8ce192ad.rlib" "/opt/rustwide/target/debug/deps/libanyhow-2a8b4879abb5c883.rlib" "/opt/rustwide/rustup-home/toolchains/1.69.0-x86_64-unknown-linux-gnu/lib/rustlib/x86_64-unknown-linux-gnu/lib/libstd-89bc084783fdc439.rlib" "/opt/rustwide/rustup-home/toolchains/1.69.0-x86_64-unknown-linux-gnu/lib/rustlib/x86_64-unknown-linux-gnu/lib/libpanic_unwind-8bee4b287d4367c1.rlib" "/opt/rustwide/rustup-home/toolchains/1.69.0-x86_64-unknown-linux-gnu/lib/rustlib/x86_64-unknown-linux-gnu/lib/libobject-d61707aed80694c0.rlib" "/opt/rustwide/rustup-home/toolchains/1.69.0-x86_64-unknown-linux-gnu/lib/rustlib/x86_64-unknown-linux-gnu/lib/libmemchr-d85366256f22345b.rlib" "/opt/rustwide/rustup-home/toolchains/1.69.0-x86_64-unknown-linux-gnu/lib/rustlib/x86_64-unknown-linux-gnu/lib/libaddr2line-96069b86b8a8cae9.rlib" "/opt/rustwide/rustup-home/toolchains/1.69.0-x86_64-unknown-linux-gnu/lib/rustlib/x86_64-unknown-linux-gnu/lib/libgimli-d19d53abf68dfa6c.rlib" "/opt/rustwide/rustup-home/toolchains/1.69.0-x86_64-unknown-linux-gnu/lib/rustlib/x86_64-unknown-linux-gnu/lib/librustc_demangle-787cbccd19d64ac6.rlib" "/opt/rustwide/rustup-home/toolchains/1.69.0-x86_64-unknown-linux-gnu/lib/rustlib/x86_64-unknown-linux-gnu/lib/libstd_detect-b3837a36b830e0d0.rlib" "/opt/rustwide/rustup-home/toolchains/1.69.0-x86_64-unknown-linux-gnu/lib/rustlib/x86_64-unknown-linux-gnu/lib/libhashbrown-e3deb0e7e3f04966.rlib" "/opt/rustwide/rustup-home/toolchains/1.69.0-x86_64-unknown-linux-gnu/lib/rustlib/x86_64-unknown-linux-gnu/lib/libminiz_oxide-dabbb79c9815def4.rlib" "/opt/rustwide/rustup-home/toolchains/1.69.0-x86_64-unknown-linux-gnu/lib/rustlib/x86_64-unknown-linux-gnu/lib/libadler-305b01f34c9409f2.rlib" "/opt/rustwide/rustup-home/toolchains/1.69.0-x86_64-unknown-linux-gnu/lib/rustlib/x86_64-unknown-linux-gnu/lib/librustc_std_workspace_alloc-f833521df6074e73.rlib" "/opt/rustwide/rustup-home/toolchains/1.69.0-x86_64-unknown-linux-gnu/lib/rustlib/x86_64-unknown-linux-gnu/lib/libunwind-9ac333113350d171.rlib" "/opt/rustwide/rustup-home/toolchains/1.69.0-x86_64-unknown-linux-gnu/lib/rustlib/x86_64-unknown-linux-gnu/lib/libcfg_if-1c126114322d0eee.rlib" "/opt/rustwide/rustup-home/toolchains/1.69.0-x86_64-unknown-linux-gnu/lib/rustlib/x86_64-unknown-linux-gnu/lib/liblibc-bad9164fdeeecf92.rlib" "/opt/rustwide/rustup-home/toolchains/1.69.0-x86_64-unknown-linux-gnu/lib/rustlib/x86_64-unknown-linux-gnu/lib/liballoc-f9374b1e480fa681.rlib" "/opt/rustwide/rustup-home/toolchains/1.69.0-x86_64-unknown-linux-gnu/lib/rustlib/x86_64-unknown-linux-gnu/lib/librustc_std_workspace_core-207f06e41d9603af.rlib" "/opt/rustwide/rustup-home/toolchains/1.69.0-x86_64-unknown-linux-gnu/lib/rustlib/x86_64-unknown-linux-gnu/lib/libcore-7e2768e66e984e85.rlib" "/opt/rustwide/rustup-home/toolchains/1.69.0-x86_64-unknown-linux-gnu/lib/rustlib/x86_64-unknown-linux-gnu/lib/libcompiler_builtins-957b4aff41f8cd46.rlib" "-Wl,-Bdynamic" "-lgcc_s" "-lutil" "-lrt" "-lpthread" "-lm" "-ldl" "-lc" "-Wl,--eh-frame-hdr" "-Wl,-z,noexecstack" "-L" "/opt/rustwide/rustup-home/toolchains/1.69.0-x86_64-unknown-linux-gnu/lib/rustlib/x86_64-unknown-linux-gnu/lib" "-o" "/tmp/rustdoctestZN1820/rust_out" "-Wl,--gc-sections" "-pie" "-Wl,-z,relro,-z,now" "-nodefaultlibs"
[INFO] [stdout]   = note: collect2: fatal error: ld terminated with signal 9 [Killed]
[INFO] [stdout]           compilation terminated.
[INFO] [stdout]           
[INFO] [stdout] 
[INFO] [stdout] error: aborting due to previous error
[INFO] [stdout] 
[INFO] [stdout] Couldn't compile the test.
[INFO] [stdout] ---- src/geom/mat/mat3/extra.rs - geom::mat::mat3::extra::Mat3<T>::inverse (line 52) stdout ----
[INFO] [stdout] error: linking with `cc` failed: exit status: 1
[INFO] [stdout]   |
[INFO] [stdout]   = note: LC_ALL="C" PATH="/opt/rustwide/rustup-home/toolchains/1.69.0-x86_64-unknown-linux-gnu/lib/rustlib/x86_64-unknown-linux-gnu/bin:/opt/rustwide/cargo-home/bin:/usr/local/sbin:/usr/local/bin:/usr/sbin:/usr/bin:/sbin:/bin" VSLANG="1033" "cc" "-m64" "/tmp/rustc0Fatf5/symbols.o" "/tmp/rustdoctest9d0pQ0/rust_out.rust_out.5bfee551-cgu.0.rcgu.o" "/tmp/rustdoctest9d0pQ0/rust_out.j00p4ncf7xg64kg.rcgu.o" "-Wl,--as-needed" "-L" "/opt/rustwide/target/debug/deps" "-L" "/opt/rustwide/target/debug/deps" "-L" "/opt/rustwide/target/debug/build/tinyfiledialogs-0914aa582564b1b7/out" "-L" "/opt/rustwide/rustup-home/toolchains/1.69.0-x86_64-unknown-linux-gnu/lib/rustlib/x86_64-unknown-linux-gnu/lib" "-Wl,-Bstatic" "/opt/rustwide/target/debug/deps/libbatbox-32f45a0d5f0cc3b6.rlib" "/opt/rustwide/target/debug/deps/libdirectories-b016f14ba8f18475.rlib" "/opt/rustwide/target/debug/deps/libdirs_sys-59c106a570146284.rlib" "/opt/rustwide/target/debug/deps/libbacktrace-fd85fe3409e12f3d.rlib" "/opt/rustwide/target/debug/deps/libminiz_oxide-e57d79458c1d1dc6.rlib" "/opt/rustwide/target/debug/deps/libadler-478247d24f5486f3.rlib" "/opt/rustwide/target/debug/deps/libobject-0e7df3d15adeb749.rlib" "/opt/rustwide/target/debug/deps/libaddr2line-b1bf6599b5592b4e.rlib" "/opt/rustwide/target/debug/deps/libgimli-05ab19e0b18c0f47.rlib" "/opt/rustwide/target/debug/deps/librustc_demangle-b9a7c4eabd61023e.rlib" "/opt/rustwide/target/debug/deps/libenv_logger-da88f8f9027ca6df.rlib" "/opt/rustwide/target/debug/deps/libhumantime-cdc03476f0a21f32.rlib" "/opt/rustwide/target/debug/deps/libregex-30b6c0f7a120891e.rlib" "/opt/rustwide/target/debug/deps/libaho_corasick-6fc38c3e1c0e1b2d.rlib" "/opt/rustwide/target/debug/deps/libregex_syntax-04a1184ce9f52da7.rlib" "/opt/rustwide/target/debug/deps/libtinyfiledialogs-d7e11b0b86aa7df8.rlib" "/opt/rustwide/target/debug/deps/librand-f2f6ad3266a7edfa.rlib" "/opt/rustwide/target/debug/deps/librand_chacha-d7791ce037c8b882.rlib" "/opt/rustwide/target/debug/deps/libppv_lite86-c3ad053967cc551c.rlib" "/opt/rustwide/target/debug/deps/librand_core-669068a6cdc99602.rlib" "/opt/rustwide/target/debug/deps/libgetrandom-60565f3a8b14a017.rlib" "/opt/rustwide/target/debug/deps/libbatbox_macros-2a999d300118d5c5.rlib" "/opt/rustwide/target/debug/deps/libthreadpool-7dc6f7054c22f0b8.rlib" "/opt/rustwide/target/debug/deps/libnum_cpus-955db27608b22469.rlib" "/opt/rustwide/target/debug/deps/libthiserror-d64fa0d8b985f28e.rlib" "/opt/rustwide/target/debug/deps/libserde_json-85f0afd3c9821d91.rlib" "/opt/rustwide/target/debug/deps/libryu-87a43729435ac998.rlib" "/opt/rustwide/target/debug/deps/libitoa-12e0c769e046c1b6.rlib" "/opt/rustwide/target/debug/deps/libmaplit-abdbce8b4ce371d0.rlib" "/opt/rustwide/target/debug/deps/liblog-e4acea3c8ca43b70.rlib" "/opt/rustwide/target/debug/deps/libcfg_if-e5e118dd7d121aaa.rlib" "/opt/rustwide/target/debug/deps/libitertools-ea912201e9c13d48.rlib" "/opt/rustwide/target/debug/deps/libeither-cac85af8160ee6c4.rlib" "/opt/rustwide/target/debug/deps/libfutures-94385a038544c886.rlib" "/opt/rustwide/target/debug/deps/libfutures_executor-12a08d8b654100ac.rlib" "/opt/rustwide/target/debug/deps/libfutures_util-2307770df9d8cc8f.rlib" "/opt/rustwide/target/debug/deps/libmemchr-b18e4aa3c7a38625.rlib" "/opt/rustwide/target/debug/deps/libfutures_io-4614e9b19a26d89f.rlib" "/opt/rustwide/target/debug/deps/libslab-8bb798f134a0a9e7.rlib" "/opt/rustwide/target/debug/deps/libfutures_channel-ea2e64aea1dbff6c.rlib" "/opt/rustwide/target/debug/deps/libpin_project_lite-e66e1bab7310d569.rlib" "/opt/rustwide/target/debug/deps/libfutures_sink-393d57b22d6920a4.rlib" "/opt/rustwide/target/debug/deps/libfutures_task-b59556b3c537ad98.rlib" "/opt/rustwide/target/debug/deps/libpin_utils-0d8eaf4ac0fcb221.rlib" "/opt/rustwide/target/debug/deps/libfutures_core-782cbf5ce9142ff9.rlib" "/opt/rustwide/target/debug/deps/libdyn_clone-e9cc5ecb301fed49.rlib" "/opt/rustwide/target/debug/deps/libclap-92c0285952c0a035.rlib" "/opt/rustwide/target/debug/deps/libatty-e2dc022f31009521.rlib" "/opt/rustwide/target/debug/deps/liblibc-b7b14a0fe316ec96.rlib" "/opt/rustwide/target/debug/deps/libstrsim-6c4a301b03dc606f.rlib" "/opt/rustwide/target/debug/deps/libtermcolor-b72ffe4cbd1728e7.rlib" "/opt/rustwide/target/debug/deps/libtextwrap-91cb267721c1cb04.rlib" "/opt/rustwide/target/debug/deps/libindexmap-4a7e2da62b4b6cd1.rlib" "/opt/rustwide/target/debug/deps/libhashbrown-f669da50cece7aa5.rlib" "/opt/rustwide/target/debug/deps/libclap_lex-b2bd863b83eaf2e1.rlib" "/opt/rustwide/target/debug/deps/libos_str_bytes-eb794ef38bab2676.rlib" "/opt/rustwide/target/debug/deps/libbitflags-82cc2d155c6eb112.rlib" "/opt/rustwide/target/debug/deps/libonce_cell-7d2ec3fb6b6c5a4d.rlib" "/opt/rustwide/target/debug/deps/libbincode-1b79f7a0edb08cc2.rlib" "/opt/rustwide/target/debug/deps/libserde-315e232f8ce192ad.rlib" "/opt/rustwide/target/debug/deps/libanyhow-2a8b4879abb5c883.rlib" "/opt/rustwide/rustup-home/toolchains/1.69.0-x86_64-unknown-linux-gnu/lib/rustlib/x86_64-unknown-linux-gnu/lib/libstd-89bc084783fdc439.rlib" "/opt/rustwide/rustup-home/toolchains/1.69.0-x86_64-unknown-linux-gnu/lib/rustlib/x86_64-unknown-linux-gnu/lib/libpanic_unwind-8bee4b287d4367c1.rlib" "/opt/rustwide/rustup-home/toolchains/1.69.0-x86_64-unknown-linux-gnu/lib/rustlib/x86_64-unknown-linux-gnu/lib/libobject-d61707aed80694c0.rlib" "/opt/rustwide/rustup-home/toolchains/1.69.0-x86_64-unknown-linux-gnu/lib/rustlib/x86_64-unknown-linux-gnu/lib/libmemchr-d85366256f22345b.rlib" "/opt/rustwide/rustup-home/toolchains/1.69.0-x86_64-unknown-linux-gnu/lib/rustlib/x86_64-unknown-linux-gnu/lib/libaddr2line-96069b86b8a8cae9.rlib" "/opt/rustwide/rustup-home/toolchains/1.69.0-x86_64-unknown-linux-gnu/lib/rustlib/x86_64-unknown-linux-gnu/lib/libgimli-d19d53abf68dfa6c.rlib" "/opt/rustwide/rustup-home/toolchains/1.69.0-x86_64-unknown-linux-gnu/lib/rustlib/x86_64-unknown-linux-gnu/lib/librustc_demangle-787cbccd19d64ac6.rlib" "/opt/rustwide/rustup-home/toolchains/1.69.0-x86_64-unknown-linux-gnu/lib/rustlib/x86_64-unknown-linux-gnu/lib/libstd_detect-b3837a36b830e0d0.rlib" "/opt/rustwide/rustup-home/toolchains/1.69.0-x86_64-unknown-linux-gnu/lib/rustlib/x86_64-unknown-linux-gnu/lib/libhashbrown-e3deb0e7e3f04966.rlib" "/opt/rustwide/rustup-home/toolchains/1.69.0-x86_64-unknown-linux-gnu/lib/rustlib/x86_64-unknown-linux-gnu/lib/libminiz_oxide-dabbb79c9815def4.rlib" "/opt/rustwide/rustup-home/toolchains/1.69.0-x86_64-unknown-linux-gnu/lib/rustlib/x86_64-unknown-linux-gnu/lib/libadler-305b01f34c9409f2.rlib" "/opt/rustwide/rustup-home/toolchains/1.69.0-x86_64-unknown-linux-gnu/lib/rustlib/x86_64-unknown-linux-gnu/lib/librustc_std_workspace_alloc-f833521df6074e73.rlib" "/opt/rustwide/rustup-home/toolchains/1.69.0-x86_64-unknown-linux-gnu/lib/rustlib/x86_64-unknown-linux-gnu/lib/libunwind-9ac333113350d171.rlib" "/opt/rustwide/rustup-home/toolchains/1.69.0-x86_64-unknown-linux-gnu/lib/rustlib/x86_64-unknown-linux-gnu/lib/libcfg_if-1c126114322d0eee.rlib" "/opt/rustwide/rustup-home/toolchains/1.69.0-x86_64-unknown-linux-gnu/lib/rustlib/x86_64-unknown-linux-gnu/lib/liblibc-bad9164fdeeecf92.rlib" "/opt/rustwide/rustup-home/toolchains/1.69.0-x86_64-unknown-linux-gnu/lib/rustlib/x86_64-unknown-linux-gnu/lib/liballoc-f9374b1e480fa681.rlib" "/opt/rustwide/rustup-home/toolchains/1.69.0-x86_64-unknown-linux-gnu/lib/rustlib/x86_64-unknown-linux-gnu/lib/librustc_std_workspace_core-207f06e41d9603af.rlib" "/opt/rustwide/rustup-home/toolchains/1.69.0-x86_64-unknown-linux-gnu/lib/rustlib/x86_64-unknown-linux-gnu/lib/libcore-7e2768e66e984e85.rlib" "/opt/rustwide/rustup-home/toolchains/1.69.0-x86_64-unknown-linux-gnu/lib/rustlib/x86_64-unknown-linux-gnu/lib/libcompiler_builtins-957b4aff41f8cd46.rlib" "-Wl,-Bdynamic" "-lgcc_s" "-lutil" "-lrt" "-lpthread" "-lm" "-ldl" "-lc" "-Wl,--eh-frame-hdr" "-Wl,-z,noexecstack" "-L" "/opt/rustwide/rustup-home/toolchains/1.69.0-x86_64-unknown-linux-gnu/lib/rustlib/x86_64-unknown-linux-gnu/lib" "-o" "/tmp/rustdoctest9d0pQ0/rust_out" "-Wl,--gc-sections" "-pie" "-Wl,-z,relro,-z,now" "-nodefaultlibs"
[INFO] [stdout]   = note: collect2: fatal error: ld terminated with signal 9 [Killed]
[INFO] [stdout]           compilation terminated.
[INFO] [stdout]           
[INFO] [stdout] 
[INFO] [stdout] error: aborting due to previous error
[INFO] [stdout] 
[INFO] [stdout] Couldn't compile the test.
[INFO] [stdout] ---- src/geom/chain.rs - geom::chain::Chain<T>::take_range_length (line 47) stdout ----
[INFO] [stdout] error: linking with `cc` failed: exit status: 1
[INFO] [stdout]   |
[INFO] [stdout]   = note: LC_ALL="C" PATH="/opt/rustwide/rustup-home/toolchains/1.69.0-x86_64-unknown-linux-gnu/lib/rustlib/x86_64-unknown-linux-gnu/bin:/opt/rustwide/cargo-home/bin:/usr/local/sbin:/usr/local/bin:/usr/sbin:/usr/bin:/sbin:/bin" VSLANG="1033" "cc" "-m64" "/tmp/rustcrD8zrY/symbols.o" "/tmp/rustdoctestvbYBSs/rust_out.rust_out.5bfee551-cgu.0.rcgu.o" "/tmp/rustdoctestvbYBSs/rust_out.j00p4ncf7xg64kg.rcgu.o" "-Wl,--as-needed" "-L" "/opt/rustwide/target/debug/deps" "-L" "/opt/rustwide/target/debug/deps" "-L" "/opt/rustwide/target/debug/build/tinyfiledialogs-0914aa582564b1b7/out" "-L" "/opt/rustwide/rustup-home/toolchains/1.69.0-x86_64-unknown-linux-gnu/lib/rustlib/x86_64-unknown-linux-gnu/lib" "-Wl,-Bstatic" "/opt/rustwide/target/debug/deps/libbatbox-32f45a0d5f0cc3b6.rlib" "/opt/rustwide/target/debug/deps/libdirectories-b016f14ba8f18475.rlib" "/opt/rustwide/target/debug/deps/libdirs_sys-59c106a570146284.rlib" "/opt/rustwide/target/debug/deps/libbacktrace-fd85fe3409e12f3d.rlib" "/opt/rustwide/target/debug/deps/libminiz_oxide-e57d79458c1d1dc6.rlib" "/opt/rustwide/target/debug/deps/libadler-478247d24f5486f3.rlib" "/opt/rustwide/target/debug/deps/libobject-0e7df3d15adeb749.rlib" "/opt/rustwide/target/debug/deps/libaddr2line-b1bf6599b5592b4e.rlib" "/opt/rustwide/target/debug/deps/libgimli-05ab19e0b18c0f47.rlib" "/opt/rustwide/target/debug/deps/librustc_demangle-b9a7c4eabd61023e.rlib" "/opt/rustwide/target/debug/deps/libenv_logger-da88f8f9027ca6df.rlib" "/opt/rustwide/target/debug/deps/libhumantime-cdc03476f0a21f32.rlib" "/opt/rustwide/target/debug/deps/libregex-30b6c0f7a120891e.rlib" "/opt/rustwide/target/debug/deps/libaho_corasick-6fc38c3e1c0e1b2d.rlib" "/opt/rustwide/target/debug/deps/libregex_syntax-04a1184ce9f52da7.rlib" "/opt/rustwide/target/debug/deps/libtinyfiledialogs-d7e11b0b86aa7df8.rlib" "/opt/rustwide/target/debug/deps/librand-f2f6ad3266a7edfa.rlib" "/opt/rustwide/target/debug/deps/librand_chacha-d7791ce037c8b882.rlib" "/opt/rustwide/target/debug/deps/libppv_lite86-c3ad053967cc551c.rlib" "/opt/rustwide/target/debug/deps/librand_core-669068a6cdc99602.rlib" "/opt/rustwide/target/debug/deps/libgetrandom-60565f3a8b14a017.rlib" "/opt/rustwide/target/debug/deps/libbatbox_macros-2a999d300118d5c5.rlib" "/opt/rustwide/target/debug/deps/libthreadpool-7dc6f7054c22f0b8.rlib" "/opt/rustwide/target/debug/deps/libnum_cpus-955db27608b22469.rlib" "/opt/rustwide/target/debug/deps/libthiserror-d64fa0d8b985f28e.rlib" "/opt/rustwide/target/debug/deps/libserde_json-85f0afd3c9821d91.rlib" "/opt/rustwide/target/debug/deps/libryu-87a43729435ac998.rlib" "/opt/rustwide/target/debug/deps/libitoa-12e0c769e046c1b6.rlib" "/opt/rustwide/target/debug/deps/libmaplit-abdbce8b4ce371d0.rlib" "/opt/rustwide/target/debug/deps/liblog-e4acea3c8ca43b70.rlib" "/opt/rustwide/target/debug/deps/libcfg_if-e5e118dd7d121aaa.rlib" "/opt/rustwide/target/debug/deps/libitertools-ea912201e9c13d48.rlib" "/opt/rustwide/target/debug/deps/libeither-cac85af8160ee6c4.rlib" "/opt/rustwide/target/debug/deps/libfutures-94385a038544c886.rlib" "/opt/rustwide/target/debug/deps/libfutures_executor-12a08d8b654100ac.rlib" "/opt/rustwide/target/debug/deps/libfutures_util-2307770df9d8cc8f.rlib" "/opt/rustwide/target/debug/deps/libmemchr-b18e4aa3c7a38625.rlib" "/opt/rustwide/target/debug/deps/libfutures_io-4614e9b19a26d89f.rlib" "/opt/rustwide/target/debug/deps/libslab-8bb798f134a0a9e7.rlib" "/opt/rustwide/target/debug/deps/libfutures_channel-ea2e64aea1dbff6c.rlib" "/opt/rustwide/target/debug/deps/libpin_project_lite-e66e1bab7310d569.rlib" "/opt/rustwide/target/debug/deps/libfutures_sink-393d57b22d6920a4.rlib" "/opt/rustwide/target/debug/deps/libfutures_task-b59556b3c537ad98.rlib" "/opt/rustwide/target/debug/deps/libpin_utils-0d8eaf4ac0fcb221.rlib" "/opt/rustwide/target/debug/deps/libfutures_core-782cbf5ce9142ff9.rlib" "/opt/rustwide/target/debug/deps/libdyn_clone-e9cc5ecb301fed49.rlib" "/opt/rustwide/target/debug/deps/libclap-92c0285952c0a035.rlib" "/opt/rustwide/target/debug/deps/libatty-e2dc022f31009521.rlib" "/opt/rustwide/target/debug/deps/liblibc-b7b14a0fe316ec96.rlib" "/opt/rustwide/target/debug/deps/libstrsim-6c4a301b03dc606f.rlib" "/opt/rustwide/target/debug/deps/libtermcolor-b72ffe4cbd1728e7.rlib" "/opt/rustwide/target/debug/deps/libtextwrap-91cb267721c1cb04.rlib" "/opt/rustwide/target/debug/deps/libindexmap-4a7e2da62b4b6cd1.rlib" "/opt/rustwide/target/debug/deps/libhashbrown-f669da50cece7aa5.rlib" "/opt/rustwide/target/debug/deps/libclap_lex-b2bd863b83eaf2e1.rlib" "/opt/rustwide/target/debug/deps/libos_str_bytes-eb794ef38bab2676.rlib" "/opt/rustwide/target/debug/deps/libbitflags-82cc2d155c6eb112.rlib" "/opt/rustwide/target/debug/deps/libonce_cell-7d2ec3fb6b6c5a4d.rlib" "/opt/rustwide/target/debug/deps/libbincode-1b79f7a0edb08cc2.rlib" "/opt/rustwide/target/debug/deps/libserde-315e232f8ce192ad.rlib" "/opt/rustwide/target/debug/deps/libanyhow-2a8b4879abb5c883.rlib" "/opt/rustwide/rustup-home/toolchains/1.69.0-x86_64-unknown-linux-gnu/lib/rustlib/x86_64-unknown-linux-gnu/lib/libstd-89bc084783fdc439.rlib" "/opt/rustwide/rustup-home/toolchains/1.69.0-x86_64-unknown-linux-gnu/lib/rustlib/x86_64-unknown-linux-gnu/lib/libpanic_unwind-8bee4b287d4367c1.rlib" "/opt/rustwide/rustup-home/toolchains/1.69.0-x86_64-unknown-linux-gnu/lib/rustlib/x86_64-unknown-linux-gnu/lib/libobject-d61707aed80694c0.rlib" "/opt/rustwide/rustup-home/toolchains/1.69.0-x86_64-unknown-linux-gnu/lib/rustlib/x86_64-unknown-linux-gnu/lib/libmemchr-d85366256f22345b.rlib" "/opt/rustwide/rustup-home/toolchains/1.69.0-x86_64-unknown-linux-gnu/lib/rustlib/x86_64-unknown-linux-gnu/lib/libaddr2line-96069b86b8a8cae9.rlib" "/opt/rustwide/rustup-home/toolchains/1.69.0-x86_64-unknown-linux-gnu/lib/rustlib/x86_64-unknown-linux-gnu/lib/libgimli-d19d53abf68dfa6c.rlib" "/opt/rustwide/rustup-home/toolchains/1.69.0-x86_64-unknown-linux-gnu/lib/rustlib/x86_64-unknown-linux-gnu/lib/librustc_demangle-787cbccd19d64ac6.rlib" "/opt/rustwide/rustup-home/toolchains/1.69.0-x86_64-unknown-linux-gnu/lib/rustlib/x86_64-unknown-linux-gnu/lib/libstd_detect-b3837a36b830e0d0.rlib" "/opt/rustwide/rustup-home/toolchains/1.69.0-x86_64-unknown-linux-gnu/lib/rustlib/x86_64-unknown-linux-gnu/lib/libhashbrown-e3deb0e7e3f04966.rlib" "/opt/rustwide/rustup-home/toolchains/1.69.0-x86_64-unknown-linux-gnu/lib/rustlib/x86_64-unknown-linux-gnu/lib/libminiz_oxide-dabbb79c9815def4.rlib" "/opt/rustwide/rustup-home/toolchains/1.69.0-x86_64-unknown-linux-gnu/lib/rustlib/x86_64-unknown-linux-gnu/lib/libadler-305b01f34c9409f2.rlib" "/opt/rustwide/rustup-home/toolchains/1.69.0-x86_64-unknown-linux-gnu/lib/rustlib/x86_64-unknown-linux-gnu/lib/librustc_std_workspace_alloc-f833521df6074e73.rlib" "/opt/rustwide/rustup-home/toolchains/1.69.0-x86_64-unknown-linux-gnu/lib/rustlib/x86_64-unknown-linux-gnu/lib/libunwind-9ac333113350d171.rlib" "/opt/rustwide/rustup-home/toolchains/1.69.0-x86_64-unknown-linux-gnu/lib/rustlib/x86_64-unknown-linux-gnu/lib/libcfg_if-1c126114322d0eee.rlib" "/opt/rustwide/rustup-home/toolchains/1.69.0-x86_64-unknown-linux-gnu/lib/rustlib/x86_64-unknown-linux-gnu/lib/liblibc-bad9164fdeeecf92.rlib" "/opt/rustwide/rustup-home/toolchains/1.69.0-x86_64-unknown-linux-gnu/lib/rustlib/x86_64-unknown-linux-gnu/lib/liballoc-f9374b1e480fa681.rlib" "/opt/rustwide/rustup-home/toolchains/1.69.0-x86_64-unknown-linux-gnu/lib/rustlib/x86_64-unknown-linux-gnu/lib/librustc_std_workspace_core-207f06e41d9603af.rlib" "/opt/rustwide/rustup-home/toolchains/1.69.0-x86_64-unknown-linux-gnu/lib/rustlib/x86_64-unknown-linux-gnu/lib/libcore-7e2768e66e984e85.rlib" "/opt/rustwide/rustup-home/toolchains/1.69.0-x86_64-unknown-linux-gnu/lib/rustlib/x86_64-unknown-linux-gnu/lib/libcompiler_builtins-957b4aff41f8cd46.rlib" "-Wl,-Bdynamic" "-lgcc_s" "-lutil" "-lrt" "-lpthread" "-lm" "-ldl" "-lc" "-Wl,--eh-frame-hdr" "-Wl,-z,noexecstack" "-L" "/opt/rustwide/rustup-home/toolchains/1.69.0-x86_64-unknown-linux-gnu/lib/rustlib/x86_64-unknown-linux-gnu/lib" "-o" "/tmp/rustdoctestvbYBSs/rust_out" "-Wl,--gc-sections" "-pie" "-Wl,-z,relro,-z,now" "-nodefaultlibs"
[INFO] [stdout]   = note: collect2: fatal error: ld terminated with signal 9 [Killed]
[INFO] [stdout]           compilation terminated.
[INFO] [stdout]           
[INFO] [stdout] 
[INFO] [stdout] error: aborting due to previous error
[INFO] [stdout] 
[INFO] [stdout] Couldn't compile the test.
[INFO] [stdout] ---- src/color/rgba.rs - color::rgba::Rgba<T>::convert (line 187) stdout ----
[INFO] [stdout] error: linking with `cc` failed: exit status: 1
[INFO] [stdout]   |
[INFO] [stdout]   = note: LC_ALL="C" PATH="/opt/rustwide/rustup-home/toolchains/1.69.0-x86_64-unknown-linux-gnu/lib/rustlib/x86_64-unknown-linux-gnu/bin:/opt/rustwide/cargo-home/bin:/usr/local/sbin:/usr/local/bin:/usr/sbin:/usr/bin:/sbin:/bin" VSLANG="1033" "cc" "-m64" "/tmp/rustcn2II34/symbols.o" "/tmp/rustdoctestFTKKyn/rust_out.rust_out.5bfee551-cgu.0.rcgu.o" "/tmp/rustdoctestFTKKyn/rust_out.j00p4ncf7xg64kg.rcgu.o" "-Wl,--as-needed" "-L" "/opt/rustwide/target/debug/deps" "-L" "/opt/rustwide/target/debug/deps" "-L" "/opt/rustwide/target/debug/build/tinyfiledialogs-0914aa582564b1b7/out" "-L" "/opt/rustwide/rustup-home/toolchains/1.69.0-x86_64-unknown-linux-gnu/lib/rustlib/x86_64-unknown-linux-gnu/lib" "-Wl,-Bstatic" "/opt/rustwide/target/debug/deps/libbatbox-32f45a0d5f0cc3b6.rlib" "/opt/rustwide/target/debug/deps/libdirectories-b016f14ba8f18475.rlib" "/opt/rustwide/target/debug/deps/libdirs_sys-59c106a570146284.rlib" "/opt/rustwide/target/debug/deps/libbacktrace-fd85fe3409e12f3d.rlib" "/opt/rustwide/target/debug/deps/libminiz_oxide-e57d79458c1d1dc6.rlib" "/opt/rustwide/target/debug/deps/libadler-478247d24f5486f3.rlib" "/opt/rustwide/target/debug/deps/libobject-0e7df3d15adeb749.rlib" "/opt/rustwide/target/debug/deps/libaddr2line-b1bf6599b5592b4e.rlib" "/opt/rustwide/target/debug/deps/libgimli-05ab19e0b18c0f47.rlib" "/opt/rustwide/target/debug/deps/librustc_demangle-b9a7c4eabd61023e.rlib" "/opt/rustwide/target/debug/deps/libenv_logger-da88f8f9027ca6df.rlib" "/opt/rustwide/target/debug/deps/libhumantime-cdc03476f0a21f32.rlib" "/opt/rustwide/target/debug/deps/libregex-30b6c0f7a120891e.rlib" "/opt/rustwide/target/debug/deps/libaho_corasick-6fc38c3e1c0e1b2d.rlib" "/opt/rustwide/target/debug/deps/libregex_syntax-04a1184ce9f52da7.rlib" "/opt/rustwide/target/debug/deps/libtinyfiledialogs-d7e11b0b86aa7df8.rlib" "/opt/rustwide/target/debug/deps/librand-f2f6ad3266a7edfa.rlib" "/opt/rustwide/target/debug/deps/librand_chacha-d7791ce037c8b882.rlib" "/opt/rustwide/target/debug/deps/libppv_lite86-c3ad053967cc551c.rlib" "/opt/rustwide/target/debug/deps/librand_core-669068a6cdc99602.rlib" "/opt/rustwide/target/debug/deps/libgetrandom-60565f3a8b14a017.rlib" "/opt/rustwide/target/debug/deps/libbatbox_macros-2a999d300118d5c5.rlib" "/opt/rustwide/target/debug/deps/libthreadpool-7dc6f7054c22f0b8.rlib" "/opt/rustwide/target/debug/deps/libnum_cpus-955db27608b22469.rlib" "/opt/rustwide/target/debug/deps/libthiserror-d64fa0d8b985f28e.rlib" "/opt/rustwide/target/debug/deps/libserde_json-85f0afd3c9821d91.rlib" "/opt/rustwide/target/debug/deps/libryu-87a43729435ac998.rlib" "/opt/rustwide/target/debug/deps/libitoa-12e0c769e046c1b6.rlib" "/opt/rustwide/target/debug/deps/libmaplit-abdbce8b4ce371d0.rlib" "/opt/rustwide/target/debug/deps/liblog-e4acea3c8ca43b70.rlib" "/opt/rustwide/target/debug/deps/libcfg_if-e5e118dd7d121aaa.rlib" "/opt/rustwide/target/debug/deps/libitertools-ea912201e9c13d48.rlib" "/opt/rustwide/target/debug/deps/libeither-cac85af8160ee6c4.rlib" "/opt/rustwide/target/debug/deps/libfutures-94385a038544c886.rlib" "/opt/rustwide/target/debug/deps/libfutures_executor-12a08d8b654100ac.rlib" "/opt/rustwide/target/debug/deps/libfutures_util-2307770df9d8cc8f.rlib" "/opt/rustwide/target/debug/deps/libmemchr-b18e4aa3c7a38625.rlib" "/opt/rustwide/target/debug/deps/libfutures_io-4614e9b19a26d89f.rlib" "/opt/rustwide/target/debug/deps/libslab-8bb798f134a0a9e7.rlib" "/opt/rustwide/target/debug/deps/libfutures_channel-ea2e64aea1dbff6c.rlib" "/opt/rustwide/target/debug/deps/libpin_project_lite-e66e1bab7310d569.rlib" "/opt/rustwide/target/debug/deps/libfutures_sink-393d57b22d6920a4.rlib" "/opt/rustwide/target/debug/deps/libfutures_task-b59556b3c537ad98.rlib" "/opt/rustwide/target/debug/deps/libpin_utils-0d8eaf4ac0fcb221.rlib" "/opt/rustwide/target/debug/deps/libfutures_core-782cbf5ce9142ff9.rlib" "/opt/rustwide/target/debug/deps/libdyn_clone-e9cc5ecb301fed49.rlib" "/opt/rustwide/target/debug/deps/libclap-92c0285952c0a035.rlib" "/opt/rustwide/target/debug/deps/libatty-e2dc022f31009521.rlib" "/opt/rustwide/target/debug/deps/liblibc-b7b14a0fe316ec96.rlib" "/opt/rustwide/target/debug/deps/libstrsim-6c4a301b03dc606f.rlib" "/opt/rustwide/target/debug/deps/libtermcolor-b72ffe4cbd1728e7.rlib" "/opt/rustwide/target/debug/deps/libtextwrap-91cb267721c1cb04.rlib" "/opt/rustwide/target/debug/deps/libindexmap-4a7e2da62b4b6cd1.rlib" "/opt/rustwide/target/debug/deps/libhashbrown-f669da50cece7aa5.rlib" "/opt/rustwide/target/debug/deps/libclap_lex-b2bd863b83eaf2e1.rlib" "/opt/rustwide/target/debug/deps/libos_str_bytes-eb794ef38bab2676.rlib" "/opt/rustwide/target/debug/deps/libbitflags-82cc2d155c6eb112.rlib" "/opt/rustwide/target/debug/deps/libonce_cell-7d2ec3fb6b6c5a4d.rlib" "/opt/rustwide/target/debug/deps/libbincode-1b79f7a0edb08cc2.rlib" "/opt/rustwide/target/debug/deps/libserde-315e232f8ce192ad.rlib" "/opt/rustwide/target/debug/deps/libanyhow-2a8b4879abb5c883.rlib" "/opt/rustwide/rustup-home/toolchains/1.69.0-x86_64-unknown-linux-gnu/lib/rustlib/x86_64-unknown-linux-gnu/lib/libstd-89bc084783fdc439.rlib" "/opt/rustwide/rustup-home/toolchains/1.69.0-x86_64-unknown-linux-gnu/lib/rustlib/x86_64-unknown-linux-gnu/lib/libpanic_unwind-8bee4b287d4367c1.rlib" "/opt/rustwide/rustup-home/toolchains/1.69.0-x86_64-unknown-linux-gnu/lib/rustlib/x86_64-unknown-linux-gnu/lib/libobject-d61707aed80694c0.rlib" "/opt/rustwide/rustup-home/toolchains/1.69.0-x86_64-unknown-linux-gnu/lib/rustlib/x86_64-unknown-linux-gnu/lib/libmemchr-d85366256f22345b.rlib" "/opt/rustwide/rustup-home/toolchains/1.69.0-x86_64-unknown-linux-gnu/lib/rustlib/x86_64-unknown-linux-gnu/lib/libaddr2line-96069b86b8a8cae9.rlib" "/opt/rustwide/rustup-home/toolchains/1.69.0-x86_64-unknown-linux-gnu/lib/rustlib/x86_64-unknown-linux-gnu/lib/libgimli-d19d53abf68dfa6c.rlib" "/opt/rustwide/rustup-home/toolchains/1.69.0-x86_64-unknown-linux-gnu/lib/rustlib/x86_64-unknown-linux-gnu/lib/librustc_demangle-787cbccd19d64ac6.rlib" "/opt/rustwide/rustup-home/toolchains/1.69.0-x86_64-unknown-linux-gnu/lib/rustlib/x86_64-unknown-linux-gnu/lib/libstd_detect-b3837a36b830e0d0.rlib" "/opt/rustwide/rustup-home/toolchains/1.69.0-x86_64-unknown-linux-gnu/lib/rustlib/x86_64-unknown-linux-gnu/lib/libhashbrown-e3deb0e7e3f04966.rlib" "/opt/rustwide/rustup-home/toolchains/1.69.0-x86_64-unknown-linux-gnu/lib/rustlib/x86_64-unknown-linux-gnu/lib/libminiz_oxide-dabbb79c9815def4.rlib" "/opt/rustwide/rustup-home/toolchains/1.69.0-x86_64-unknown-linux-gnu/lib/rustlib/x86_64-unknown-linux-gnu/lib/libadler-305b01f34c9409f2.rlib" "/opt/rustwide/rustup-home/toolchains/1.69.0-x86_64-unknown-linux-gnu/lib/rustlib/x86_64-unknown-linux-gnu/lib/librustc_std_workspace_alloc-f833521df6074e73.rlib" "/opt/rustwide/rustup-home/toolchains/1.69.0-x86_64-unknown-linux-gnu/lib/rustlib/x86_64-unknown-linux-gnu/lib/libunwind-9ac333113350d171.rlib" "/opt/rustwide/rustup-home/toolchains/1.69.0-x86_64-unknown-linux-gnu/lib/rustlib/x86_64-unknown-linux-gnu/lib/libcfg_if-1c126114322d0eee.rlib" "/opt/rustwide/rustup-home/toolchains/1.69.0-x86_64-unknown-linux-gnu/lib/rustlib/x86_64-unknown-linux-gnu/lib/liblibc-bad9164fdeeecf92.rlib" "/opt/rustwide/rustup-home/toolchains/1.69.0-x86_64-unknown-linux-gnu/lib/rustlib/x86_64-unknown-linux-gnu/lib/liballoc-f9374b1e480fa681.rlib" "/opt/rustwide/rustup-home/toolchains/1.69.0-x86_64-unknown-linux-gnu/lib/rustlib/x86_64-unknown-linux-gnu/lib/librustc_std_workspace_core-207f06e41d9603af.rlib" "/opt/rustwide/rustup-home/toolchains/1.69.0-x86_64-unknown-linux-gnu/lib/rustlib/x86_64-unknown-linux-gnu/lib/libcore-7e2768e66e984e85.rlib" "/opt/rustwide/rustup-home/toolchains/1.69.0-x86_64-unknown-linux-gnu/lib/rustlib/x86_64-unknown-linux-gnu/lib/libcompiler_builtins-957b4aff41f8cd46.rlib" "-Wl,-Bdynamic" "-lgcc_s" "-lutil" "-lrt" "-lpthread" "-lm" "-ldl" "-lc" "-Wl,--eh-frame-hdr" "-Wl,-z,noexecstack" "-L" "/opt/rustwide/rustup-home/toolchains/1.69.0-x86_64-unknown-linux-gnu/lib/rustlib/x86_64-unknown-linux-gnu/lib" "-o" "/tmp/rustdoctestFTKKyn/rust_out" "-Wl,--gc-sections" "-pie" "-Wl,-z,relro,-z,now" "-nodefaultlibs"
[INFO] [stdout]   = note: collect2: fatal error: ld terminated with signal 9 [Killed]
[INFO] [stdout]           compilation terminated.
[INFO] [stdout]           
[INFO] [stdout] 
[INFO] [stdout] error: aborting due to previous error
[INFO] [stdout] 
[INFO] [stdout] Couldn't compile the test.
[INFO] [stdout] ---- src/geom/chain.rs - geom::chain::Chain<T>::take_range_ratio (line 30) stdout ----
[INFO] [stdout] error: linking with `cc` failed: exit status: 1
[INFO] [stdout]   |
[INFO] [stdout]   = note: LC_ALL="C" PATH="/opt/rustwide/rustup-home/toolchains/1.69.0-x86_64-unknown-linux-gnu/lib/rustlib/x86_64-unknown-linux-gnu/bin:/opt/rustwide/cargo-home/bin:/usr/local/sbin:/usr/local/bin:/usr/sbin:/usr/bin:/sbin:/bin" VSLANG="1033" "cc" "-m64" "/tmp/rustcQ3I7pG/symbols.o" "/tmp/rustdoctestn3EoA9/rust_out.rust_out.5bfee551-cgu.0.rcgu.o" "/tmp/rustdoctestn3EoA9/rust_out.j00p4ncf7xg64kg.rcgu.o" "-Wl,--as-needed" "-L" "/opt/rustwide/target/debug/deps" "-L" "/opt/rustwide/target/debug/deps" "-L" "/opt/rustwide/target/debug/build/tinyfiledialogs-0914aa582564b1b7/out" "-L" "/opt/rustwide/rustup-home/toolchains/1.69.0-x86_64-unknown-linux-gnu/lib/rustlib/x86_64-unknown-linux-gnu/lib" "-Wl,-Bstatic" "/opt/rustwide/target/debug/deps/libbatbox-32f45a0d5f0cc3b6.rlib" "/opt/rustwide/target/debug/deps/libdirectories-b016f14ba8f18475.rlib" "/opt/rustwide/target/debug/deps/libdirs_sys-59c106a570146284.rlib" "/opt/rustwide/target/debug/deps/libbacktrace-fd85fe3409e12f3d.rlib" "/opt/rustwide/target/debug/deps/libminiz_oxide-e57d79458c1d1dc6.rlib" "/opt/rustwide/target/debug/deps/libadler-478247d24f5486f3.rlib" "/opt/rustwide/target/debug/deps/libobject-0e7df3d15adeb749.rlib" "/opt/rustwide/target/debug/deps/libaddr2line-b1bf6599b5592b4e.rlib" "/opt/rustwide/target/debug/deps/libgimli-05ab19e0b18c0f47.rlib" "/opt/rustwide/target/debug/deps/librustc_demangle-b9a7c4eabd61023e.rlib" "/opt/rustwide/target/debug/deps/libenv_logger-da88f8f9027ca6df.rlib" "/opt/rustwide/target/debug/deps/libhumantime-cdc03476f0a21f32.rlib" "/opt/rustwide/target/debug/deps/libregex-30b6c0f7a120891e.rlib" "/opt/rustwide/target/debug/deps/libaho_corasick-6fc38c3e1c0e1b2d.rlib" "/opt/rustwide/target/debug/deps/libregex_syntax-04a1184ce9f52da7.rlib" "/opt/rustwide/target/debug/deps/libtinyfiledialogs-d7e11b0b86aa7df8.rlib" "/opt/rustwide/target/debug/deps/librand-f2f6ad3266a7edfa.rlib" "/opt/rustwide/target/debug/deps/librand_chacha-d7791ce037c8b882.rlib" "/opt/rustwide/target/debug/deps/libppv_lite86-c3ad053967cc551c.rlib" "/opt/rustwide/target/debug/deps/librand_core-669068a6cdc99602.rlib" "/opt/rustwide/target/debug/deps/libgetrandom-60565f3a8b14a017.rlib" "/opt/rustwide/target/debug/deps/libbatbox_macros-2a999d300118d5c5.rlib" "/opt/rustwide/target/debug/deps/libthreadpool-7dc6f7054c22f0b8.rlib" "/opt/rustwide/target/debug/deps/libnum_cpus-955db27608b22469.rlib" "/opt/rustwide/target/debug/deps/libthiserror-d64fa0d8b985f28e.rlib" "/opt/rustwide/target/debug/deps/libserde_json-85f0afd3c9821d91.rlib" "/opt/rustwide/target/debug/deps/libryu-87a43729435ac998.rlib" "/opt/rustwide/target/debug/deps/libitoa-12e0c769e046c1b6.rlib" "/opt/rustwide/target/debug/deps/libmaplit-abdbce8b4ce371d0.rlib" "/opt/rustwide/target/debug/deps/liblog-e4acea3c8ca43b70.rlib" "/opt/rustwide/target/debug/deps/libcfg_if-e5e118dd7d121aaa.rlib" "/opt/rustwide/target/debug/deps/libitertools-ea912201e9c13d48.rlib" "/opt/rustwide/target/debug/deps/libeither-cac85af8160ee6c4.rlib" "/opt/rustwide/target/debug/deps/libfutures-94385a038544c886.rlib" "/opt/rustwide/target/debug/deps/libfutures_executor-12a08d8b654100ac.rlib" "/opt/rustwide/target/debug/deps/libfutures_util-2307770df9d8cc8f.rlib" "/opt/rustwide/target/debug/deps/libmemchr-b18e4aa3c7a38625.rlib" "/opt/rustwide/target/debug/deps/libfutures_io-4614e9b19a26d89f.rlib" "/opt/rustwide/target/debug/deps/libslab-8bb798f134a0a9e7.rlib" "/opt/rustwide/target/debug/deps/libfutures_channel-ea2e64aea1dbff6c.rlib" "/opt/rustwide/target/debug/deps/libpin_project_lite-e66e1bab7310d569.rlib" "/opt/rustwide/target/debug/deps/libfutures_sink-393d57b22d6920a4.rlib" "/opt/rustwide/target/debug/deps/libfutures_task-b59556b3c537ad98.rlib" "/opt/rustwide/target/debug/deps/libpin_utils-0d8eaf4ac0fcb221.rlib" "/opt/rustwide/target/debug/deps/libfutures_core-782cbf5ce9142ff9.rlib" "/opt/rustwide/target/debug/deps/libdyn_clone-e9cc5ecb301fed49.rlib" "/opt/rustwide/target/debug/deps/libclap-92c0285952c0a035.rlib" "/opt/rustwide/target/debug/deps/libatty-e2dc022f31009521.rlib" "/opt/rustwide/target/debug/deps/liblibc-b7b14a0fe316ec96.rlib" "/opt/rustwide/target/debug/deps/libstrsim-6c4a301b03dc606f.rlib" "/opt/rustwide/target/debug/deps/libtermcolor-b72ffe4cbd1728e7.rlib" "/opt/rustwide/target/debug/deps/libtextwrap-91cb267721c1cb04.rlib" "/opt/rustwide/target/debug/deps/libindexmap-4a7e2da62b4b6cd1.rlib" "/opt/rustwide/target/debug/deps/libhashbrown-f669da50cece7aa5.rlib" "/opt/rustwide/target/debug/deps/libclap_lex-b2bd863b83eaf2e1.rlib" "/opt/rustwide/target/debug/deps/libos_str_bytes-eb794ef38bab2676.rlib" "/opt/rustwide/target/debug/deps/libbitflags-82cc2d155c6eb112.rlib" "/opt/rustwide/target/debug/deps/libonce_cell-7d2ec3fb6b6c5a4d.rlib" "/opt/rustwide/target/debug/deps/libbincode-1b79f7a0edb08cc2.rlib" "/opt/rustwide/target/debug/deps/libserde-315e232f8ce192ad.rlib" "/opt/rustwide/target/debug/deps/libanyhow-2a8b4879abb5c883.rlib" "/opt/rustwide/rustup-home/toolchains/1.69.0-x86_64-unknown-linux-gnu/lib/rustlib/x86_64-unknown-linux-gnu/lib/libstd-89bc084783fdc439.rlib" "/opt/rustwide/rustup-home/toolchains/1.69.0-x86_64-unknown-linux-gnu/lib/rustlib/x86_64-unknown-linux-gnu/lib/libpanic_unwind-8bee4b287d4367c1.rlib" "/opt/rustwide/rustup-home/toolchains/1.69.0-x86_64-unknown-linux-gnu/lib/rustlib/x86_64-unknown-linux-gnu/lib/libobject-d61707aed80694c0.rlib" "/opt/rustwide/rustup-home/toolchains/1.69.0-x86_64-unknown-linux-gnu/lib/rustlib/x86_64-unknown-linux-gnu/lib/libmemchr-d85366256f22345b.rlib" "/opt/rustwide/rustup-home/toolchains/1.69.0-x86_64-unknown-linux-gnu/lib/rustlib/x86_64-unknown-linux-gnu/lib/libaddr2line-96069b86b8a8cae9.rlib" "/opt/rustwide/rustup-home/toolchains/1.69.0-x86_64-unknown-linux-gnu/lib/rustlib/x86_64-unknown-linux-gnu/lib/libgimli-d19d53abf68dfa6c.rlib" "/opt/rustwide/rustup-home/toolchains/1.69.0-x86_64-unknown-linux-gnu/lib/rustlib/x86_64-unknown-linux-gnu/lib/librustc_demangle-787cbccd19d64ac6.rlib" "/opt/rustwide/rustup-home/toolchains/1.69.0-x86_64-unknown-linux-gnu/lib/rustlib/x86_64-unknown-linux-gnu/lib/libstd_detect-b3837a36b830e0d0.rlib" "/opt/rustwide/rustup-home/toolchains/1.69.0-x86_64-unknown-linux-gnu/lib/rustlib/x86_64-unknown-linux-gnu/lib/libhashbrown-e3deb0e7e3f04966.rlib" "/opt/rustwide/rustup-home/toolchains/1.69.0-x86_64-unknown-linux-gnu/lib/rustlib/x86_64-unknown-linux-gnu/lib/libminiz_oxide-dabbb79c9815def4.rlib" "/opt/rustwide/rustup-home/toolchains/1.69.0-x86_64-unknown-linux-gnu/lib/rustlib/x86_64-unknown-linux-gnu/lib/libadler-305b01f34c9409f2.rlib" "/opt/rustwide/rustup-home/toolchains/1.69.0-x86_64-unknown-linux-gnu/lib/rustlib/x86_64-unknown-linux-gnu/lib/librustc_std_workspace_alloc-f833521df6074e73.rlib" "/opt/rustwide/rustup-home/toolchains/1.69.0-x86_64-unknown-linux-gnu/lib/rustlib/x86_64-unknown-linux-gnu/lib/libunwind-9ac333113350d171.rlib" "/opt/rustwide/rustup-home/toolchains/1.69.0-x86_64-unknown-linux-gnu/lib/rustlib/x86_64-unknown-linux-gnu/lib/libcfg_if-1c126114322d0eee.rlib" "/opt/rustwide/rustup-home/toolchains/1.69.0-x86_64-unknown-linux-gnu/lib/rustlib/x86_64-unknown-linux-gnu/lib/liblibc-bad9164fdeeecf92.rlib" "/opt/rustwide/rustup-home/toolchains/1.69.0-x86_64-unknown-linux-gnu/lib/rustlib/x86_64-unknown-linux-gnu/lib/liballoc-f9374b1e480fa681.rlib" "/opt/rustwide/rustup-home/toolchains/1.69.0-x86_64-unknown-linux-gnu/lib/rustlib/x86_64-unknown-linux-gnu/lib/librustc_std_workspace_core-207f06e41d9603af.rlib" "/opt/rustwide/rustup-home/toolchains/1.69.0-x86_64-unknown-linux-gnu/lib/rustlib/x86_64-unknown-linux-gnu/lib/libcore-7e2768e66e984e85.rlib" "/opt/rustwide/rustup-home/toolchains/1.69.0-x86_64-unknown-linux-gnu/lib/rustlib/x86_64-unknown-linux-gnu/lib/libcompiler_builtins-957b4aff41f8cd46.rlib" "-Wl,-Bdynamic" "-lgcc_s" "-lutil" "-lrt" "-lpthread" "-lm" "-ldl" "-lc" "-Wl,--eh-frame-hdr" "-Wl,-z,noexecstack" "-L" "/opt/rustwide/rustup-home/toolchains/1.69.0-x86_64-unknown-linux-gnu/lib/rustlib/x86_64-unknown-linux-gnu/lib" "-o" "/tmp/rustdoctestn3EoA9/rust_out" "-Wl,--gc-sections" "-pie" "-Wl,-z,relro,-z,now" "-nodefaultlibs"
[INFO] [stdout]   = note: collect2: fatal error: ld terminated with signal 9 [Killed]
[INFO] [stdout]           compilation terminated.
[INFO] [stdout]           
[INFO] [stdout] 
[INFO] [stdout] error: aborting due to previous error
[INFO] [stdout] 
[INFO] [stdout] Couldn't compile the test.
[INFO] [stdout] ---- src/color/rgba.rs - color::rgba::Rgba<T>::lerp (line 197) stdout ----
[INFO] [stdout] error: linking with `cc` failed: exit status: 1
[INFO] [stdout]   |
[INFO] [stdout]   = note: LC_ALL="C" PATH="/opt/rustwide/rustup-home/toolchains/1.69.0-x86_64-unknown-linux-gnu/lib/rustlib/x86_64-unknown-linux-gnu/bin:/opt/rustwide/cargo-home/bin:/usr/local/sbin:/usr/local/bin:/usr/sbin:/usr/bin:/sbin:/bin" VSLANG="1033" "cc" "-m64" "/tmp/rustc6hdeR7/symbols.o" "/tmp/rustdoctestMIvP1x/rust_out.rust_out.5bfee551-cgu.0.rcgu.o" "/tmp/rustdoctestMIvP1x/rust_out.j00p4ncf7xg64kg.rcgu.o" "-Wl,--as-needed" "-L" "/opt/rustwide/target/debug/deps" "-L" "/opt/rustwide/target/debug/deps" "-L" "/opt/rustwide/target/debug/build/tinyfiledialogs-0914aa582564b1b7/out" "-L" "/opt/rustwide/rustup-home/toolchains/1.69.0-x86_64-unknown-linux-gnu/lib/rustlib/x86_64-unknown-linux-gnu/lib" "-Wl,-Bstatic" "/opt/rustwide/target/debug/deps/libbatbox-32f45a0d5f0cc3b6.rlib" "/opt/rustwide/target/debug/deps/libdirectories-b016f14ba8f18475.rlib" "/opt/rustwide/target/debug/deps/libdirs_sys-59c106a570146284.rlib" "/opt/rustwide/target/debug/deps/libbacktrace-fd85fe3409e12f3d.rlib" "/opt/rustwide/target/debug/deps/libminiz_oxide-e57d79458c1d1dc6.rlib" "/opt/rustwide/target/debug/deps/libadler-478247d24f5486f3.rlib" "/opt/rustwide/target/debug/deps/libobject-0e7df3d15adeb749.rlib" "/opt/rustwide/target/debug/deps/libaddr2line-b1bf6599b5592b4e.rlib" "/opt/rustwide/target/debug/deps/libgimli-05ab19e0b18c0f47.rlib" "/opt/rustwide/target/debug/deps/librustc_demangle-b9a7c4eabd61023e.rlib" "/opt/rustwide/target/debug/deps/libenv_logger-da88f8f9027ca6df.rlib" "/opt/rustwide/target/debug/deps/libhumantime-cdc03476f0a21f32.rlib" "/opt/rustwide/target/debug/deps/libregex-30b6c0f7a120891e.rlib" "/opt/rustwide/target/debug/deps/libaho_corasick-6fc38c3e1c0e1b2d.rlib" "/opt/rustwide/target/debug/deps/libregex_syntax-04a1184ce9f52da7.rlib" "/opt/rustwide/target/debug/deps/libtinyfiledialogs-d7e11b0b86aa7df8.rlib" "/opt/rustwide/target/debug/deps/librand-f2f6ad3266a7edfa.rlib" "/opt/rustwide/target/debug/deps/librand_chacha-d7791ce037c8b882.rlib" "/opt/rustwide/target/debug/deps/libppv_lite86-c3ad053967cc551c.rlib" "/opt/rustwide/target/debug/deps/librand_core-669068a6cdc99602.rlib" "/opt/rustwide/target/debug/deps/libgetrandom-60565f3a8b14a017.rlib" "/opt/rustwide/target/debug/deps/libbatbox_macros-2a999d300118d5c5.rlib" "/opt/rustwide/target/debug/deps/libthreadpool-7dc6f7054c22f0b8.rlib" "/opt/rustwide/target/debug/deps/libnum_cpus-955db27608b22469.rlib" "/opt/rustwide/target/debug/deps/libthiserror-d64fa0d8b985f28e.rlib" "/opt/rustwide/target/debug/deps/libserde_json-85f0afd3c9821d91.rlib" "/opt/rustwide/target/debug/deps/libryu-87a43729435ac998.rlib" "/opt/rustwide/target/debug/deps/libitoa-12e0c769e046c1b6.rlib" "/opt/rustwide/target/debug/deps/libmaplit-abdbce8b4ce371d0.rlib" "/opt/rustwide/target/debug/deps/liblog-e4acea3c8ca43b70.rlib" "/opt/rustwide/target/debug/deps/libcfg_if-e5e118dd7d121aaa.rlib" "/opt/rustwide/target/debug/deps/libitertools-ea912201e9c13d48.rlib" "/opt/rustwide/target/debug/deps/libeither-cac85af8160ee6c4.rlib" "/opt/rustwide/target/debug/deps/libfutures-94385a038544c886.rlib" "/opt/rustwide/target/debug/deps/libfutures_executor-12a08d8b654100ac.rlib" "/opt/rustwide/target/debug/deps/libfutures_util-2307770df9d8cc8f.rlib" "/opt/rustwide/target/debug/deps/libmemchr-b18e4aa3c7a38625.rlib" "/opt/rustwide/target/debug/deps/libfutures_io-4614e9b19a26d89f.rlib" "/opt/rustwide/target/debug/deps/libslab-8bb798f134a0a9e7.rlib" "/opt/rustwide/target/debug/deps/libfutures_channel-ea2e64aea1dbff6c.rlib" "/opt/rustwide/target/debug/deps/libpin_project_lite-e66e1bab7310d569.rlib" "/opt/rustwide/target/debug/deps/libfutures_sink-393d57b22d6920a4.rlib" "/opt/rustwide/target/debug/deps/libfutures_task-b59556b3c537ad98.rlib" "/opt/rustwide/target/debug/deps/libpin_utils-0d8eaf4ac0fcb221.rlib" "/opt/rustwide/target/debug/deps/libfutures_core-782cbf5ce9142ff9.rlib" "/opt/rustwide/target/debug/deps/libdyn_clone-e9cc5ecb301fed49.rlib" "/opt/rustwide/target/debug/deps/libclap-92c0285952c0a035.rlib" "/opt/rustwide/target/debug/deps/libatty-e2dc022f31009521.rlib" "/opt/rustwide/target/debug/deps/liblibc-b7b14a0fe316ec96.rlib" "/opt/rustwide/target/debug/deps/libstrsim-6c4a301b03dc606f.rlib" "/opt/rustwide/target/debug/deps/libtermcolor-b72ffe4cbd1728e7.rlib" "/opt/rustwide/target/debug/deps/libtextwrap-91cb267721c1cb04.rlib" "/opt/rustwide/target/debug/deps/libindexmap-4a7e2da62b4b6cd1.rlib" "/opt/rustwide/target/debug/deps/libhashbrown-f669da50cece7aa5.rlib" "/opt/rustwide/target/debug/deps/libclap_lex-b2bd863b83eaf2e1.rlib" "/opt/rustwide/target/debug/deps/libos_str_bytes-eb794ef38bab2676.rlib" "/opt/rustwide/target/debug/deps/libbitflags-82cc2d155c6eb112.rlib" "/opt/rustwide/target/debug/deps/libonce_cell-7d2ec3fb6b6c5a4d.rlib" "/opt/rustwide/target/debug/deps/libbincode-1b79f7a0edb08cc2.rlib" "/opt/rustwide/target/debug/deps/libserde-315e232f8ce192ad.rlib" "/opt/rustwide/target/debug/deps/libanyhow-2a8b4879abb5c883.rlib" "/opt/rustwide/rustup-home/toolchains/1.69.0-x86_64-unknown-linux-gnu/lib/rustlib/x86_64-unknown-linux-gnu/lib/libstd-89bc084783fdc439.rlib" "/opt/rustwide/rustup-home/toolchains/1.69.0-x86_64-unknown-linux-gnu/lib/rustlib/x86_64-unknown-linux-gnu/lib/libpanic_unwind-8bee4b287d4367c1.rlib" "/opt/rustwide/rustup-home/toolchains/1.69.0-x86_64-unknown-linux-gnu/lib/rustlib/x86_64-unknown-linux-gnu/lib/libobject-d61707aed80694c0.rlib" "/opt/rustwide/rustup-home/toolchains/1.69.0-x86_64-unknown-linux-gnu/lib/rustlib/x86_64-unknown-linux-gnu/lib/libmemchr-d85366256f22345b.rlib" "/opt/rustwide/rustup-home/toolchains/1.69.0-x86_64-unknown-linux-gnu/lib/rustlib/x86_64-unknown-linux-gnu/lib/libaddr2line-96069b86b8a8cae9.rlib" "/opt/rustwide/rustup-home/toolchains/1.69.0-x86_64-unknown-linux-gnu/lib/rustlib/x86_64-unknown-linux-gnu/lib/libgimli-d19d53abf68dfa6c.rlib" "/opt/rustwide/rustup-home/toolchains/1.69.0-x86_64-unknown-linux-gnu/lib/rustlib/x86_64-unknown-linux-gnu/lib/librustc_demangle-787cbccd19d64ac6.rlib" "/opt/rustwide/rustup-home/toolchains/1.69.0-x86_64-unknown-linux-gnu/lib/rustlib/x86_64-unknown-linux-gnu/lib/libstd_detect-b3837a36b830e0d0.rlib" "/opt/rustwide/rustup-home/toolchains/1.69.0-x86_64-unknown-linux-gnu/lib/rustlib/x86_64-unknown-linux-gnu/lib/libhashbrown-e3deb0e7e3f04966.rlib" "/opt/rustwide/rustup-home/toolchains/1.69.0-x86_64-unknown-linux-gnu/lib/rustlib/x86_64-unknown-linux-gnu/lib/libminiz_oxide-dabbb79c9815def4.rlib" "/opt/rustwide/rustup-home/toolchains/1.69.0-x86_64-unknown-linux-gnu/lib/rustlib/x86_64-unknown-linux-gnu/lib/libadler-305b01f34c9409f2.rlib" "/opt/rustwide/rustup-home/toolchains/1.69.0-x86_64-unknown-linux-gnu/lib/rustlib/x86_64-unknown-linux-gnu/lib/librustc_std_workspace_alloc-f833521df6074e73.rlib" "/opt/rustwide/rustup-home/toolchains/1.69.0-x86_64-unknown-linux-gnu/lib/rustlib/x86_64-unknown-linux-gnu/lib/libunwind-9ac333113350d171.rlib" "/opt/rustwide/rustup-home/toolchains/1.69.0-x86_64-unknown-linux-gnu/lib/rustlib/x86_64-unknown-linux-gnu/lib/libcfg_if-1c126114322d0eee.rlib" "/opt/rustwide/rustup-home/toolchains/1.69.0-x86_64-unknown-linux-gnu/lib/rustlib/x86_64-unknown-linux-gnu/lib/liblibc-bad9164fdeeecf92.rlib" "/opt/rustwide/rustup-home/toolchains/1.69.0-x86_64-unknown-linux-gnu/lib/rustlib/x86_64-unknown-linux-gnu/lib/liballoc-f9374b1e480fa681.rlib" "/opt/rustwide/rustup-home/toolchains/1.69.0-x86_64-unknown-linux-gnu/lib/rustlib/x86_64-unknown-linux-gnu/lib/librustc_std_workspace_core-207f06e41d9603af.rlib" "/opt/rustwide/rustup-home/toolchains/1.69.0-x86_64-unknown-linux-gnu/lib/rustlib/x86_64-unknown-linux-gnu/lib/libcore-7e2768e66e984e85.rlib" "/opt/rustwide/rustup-home/toolchains/1.69.0-x86_64-unknown-linux-gnu/lib/rustlib/x86_64-unknown-linux-gnu/lib/libcompiler_builtins-957b4aff41f8cd46.rlib" "-Wl,-Bdynamic" "-lgcc_s" "-lutil" "-lrt" "-lpthread" "-lm" "-ldl" "-lc" "-Wl,--eh-frame-hdr" "-Wl,-z,noexecstack" "-L" "/opt/rustwide/rustup-home/toolchains/1.69.0-x86_64-unknown-linux-gnu/lib/rustlib/x86_64-unknown-linux-gnu/lib" "-o" "/tmp/rustdoctestMIvP1x/rust_out" "-Wl,--gc-sections" "-pie" "-Wl,-z,relro,-z,now" "-nodefaultlibs"
[INFO] [stdout]   = note: collect2: fatal error: ld terminated with signal 9 [Killed]
[INFO] [stdout]           compilation terminated.
[INFO] [stdout]           
[INFO] [stdout] 
[INFO] [stdout] error: aborting due to previous error
[INFO] [stdout] 
[INFO] [stdout] Couldn't compile the test.
[INFO] [stdout] ---- src/geom/mat/mat4/extra.rs - geom::mat::mat4::extra::Mat4<T>::inverse (line 43) stdout ----
[INFO] [stdout] error: linking with `cc` failed: exit status: 1
[INFO] [stdout]   |
[INFO] [stdout]   = note: LC_ALL="C" PATH="/opt/rustwide/rustup-home/toolchains/1.69.0-x86_64-unknown-linux-gnu/lib/rustlib/x86_64-unknown-linux-gnu/bin:/opt/rustwide/cargo-home/bin:/usr/local/sbin:/usr/local/bin:/usr/sbin:/usr/bin:/sbin:/bin" VSLANG="1033" "cc" "-m64" "/tmp/rustcCnyOnT/symbols.o" "/tmp/rustdoctest7rnMmp/rust_out.rust_out.5bfee551-cgu.0.rcgu.o" "/tmp/rustdoctest7rnMmp/rust_out.j00p4ncf7xg64kg.rcgu.o" "-Wl,--as-needed" "-L" "/opt/rustwide/target/debug/deps" "-L" "/opt/rustwide/target/debug/deps" "-L" "/opt/rustwide/target/debug/build/tinyfiledialogs-0914aa582564b1b7/out" "-L" "/opt/rustwide/rustup-home/toolchains/1.69.0-x86_64-unknown-linux-gnu/lib/rustlib/x86_64-unknown-linux-gnu/lib" "-Wl,-Bstatic" "/opt/rustwide/target/debug/deps/libbatbox-32f45a0d5f0cc3b6.rlib" "/opt/rustwide/target/debug/deps/libdirectories-b016f14ba8f18475.rlib" "/opt/rustwide/target/debug/deps/libdirs_sys-59c106a570146284.rlib" "/opt/rustwide/target/debug/deps/libbacktrace-fd85fe3409e12f3d.rlib" "/opt/rustwide/target/debug/deps/libminiz_oxide-e57d79458c1d1dc6.rlib" "/opt/rustwide/target/debug/deps/libadler-478247d24f5486f3.rlib" "/opt/rustwide/target/debug/deps/libobject-0e7df3d15adeb749.rlib" "/opt/rustwide/target/debug/deps/libaddr2line-b1bf6599b5592b4e.rlib" "/opt/rustwide/target/debug/deps/libgimli-05ab19e0b18c0f47.rlib" "/opt/rustwide/target/debug/deps/librustc_demangle-b9a7c4eabd61023e.rlib" "/opt/rustwide/target/debug/deps/libenv_logger-da88f8f9027ca6df.rlib" "/opt/rustwide/target/debug/deps/libhumantime-cdc03476f0a21f32.rlib" "/opt/rustwide/target/debug/deps/libregex-30b6c0f7a120891e.rlib" "/opt/rustwide/target/debug/deps/libaho_corasick-6fc38c3e1c0e1b2d.rlib" "/opt/rustwide/target/debug/deps/libregex_syntax-04a1184ce9f52da7.rlib" "/opt/rustwide/target/debug/deps/libtinyfiledialogs-d7e11b0b86aa7df8.rlib" "/opt/rustwide/target/debug/deps/librand-f2f6ad3266a7edfa.rlib" "/opt/rustwide/target/debug/deps/librand_chacha-d7791ce037c8b882.rlib" "/opt/rustwide/target/debug/deps/libppv_lite86-c3ad053967cc551c.rlib" "/opt/rustwide/target/debug/deps/librand_core-669068a6cdc99602.rlib" "/opt/rustwide/target/debug/deps/libgetrandom-60565f3a8b14a017.rlib" "/opt/rustwide/target/debug/deps/libbatbox_macros-2a999d300118d5c5.rlib" "/opt/rustwide/target/debug/deps/libthreadpool-7dc6f7054c22f0b8.rlib" "/opt/rustwide/target/debug/deps/libnum_cpus-955db27608b22469.rlib" "/opt/rustwide/target/debug/deps/libthiserror-d64fa0d8b985f28e.rlib" "/opt/rustwide/target/debug/deps/libserde_json-85f0afd3c9821d91.rlib" "/opt/rustwide/target/debug/deps/libryu-87a43729435ac998.rlib" "/opt/rustwide/target/debug/deps/libitoa-12e0c769e046c1b6.rlib" "/opt/rustwide/target/debug/deps/libmaplit-abdbce8b4ce371d0.rlib" "/opt/rustwide/target/debug/deps/liblog-e4acea3c8ca43b70.rlib" "/opt/rustwide/target/debug/deps/libcfg_if-e5e118dd7d121aaa.rlib" "/opt/rustwide/target/debug/deps/libitertools-ea912201e9c13d48.rlib" "/opt/rustwide/target/debug/deps/libeither-cac85af8160ee6c4.rlib" "/opt/rustwide/target/debug/deps/libfutures-94385a038544c886.rlib" "/opt/rustwide/target/debug/deps/libfutures_executor-12a08d8b654100ac.rlib" "/opt/rustwide/target/debug/deps/libfutures_util-2307770df9d8cc8f.rlib" "/opt/rustwide/target/debug/deps/libmemchr-b18e4aa3c7a38625.rlib" "/opt/rustwide/target/debug/deps/libfutures_io-4614e9b19a26d89f.rlib" "/opt/rustwide/target/debug/deps/libslab-8bb798f134a0a9e7.rlib" "/opt/rustwide/target/debug/deps/libfutures_channel-ea2e64aea1dbff6c.rlib" "/opt/rustwide/target/debug/deps/libpin_project_lite-e66e1bab7310d569.rlib" "/opt/rustwide/target/debug/deps/libfutures_sink-393d57b22d6920a4.rlib" "/opt/rustwide/target/debug/deps/libfutures_task-b59556b3c537ad98.rlib" "/opt/rustwide/target/debug/deps/libpin_utils-0d8eaf4ac0fcb221.rlib" "/opt/rustwide/target/debug/deps/libfutures_core-782cbf5ce9142ff9.rlib" "/opt/rustwide/target/debug/deps/libdyn_clone-e9cc5ecb301fed49.rlib" "/opt/rustwide/target/debug/deps/libclap-92c0285952c0a035.rlib" "/opt/rustwide/target/debug/deps/libatty-e2dc022f31009521.rlib" "/opt/rustwide/target/debug/deps/liblibc-b7b14a0fe316ec96.rlib" "/opt/rustwide/target/debug/deps/libstrsim-6c4a301b03dc606f.rlib" "/opt/rustwide/target/debug/deps/libtermcolor-b72ffe4cbd1728e7.rlib" "/opt/rustwide/target/debug/deps/libtextwrap-91cb267721c1cb04.rlib" "/opt/rustwide/target/debug/deps/libindexmap-4a7e2da62b4b6cd1.rlib" "/opt/rustwide/target/debug/deps/libhashbrown-f669da50cece7aa5.rlib" "/opt/rustwide/target/debug/deps/libclap_lex-b2bd863b83eaf2e1.rlib" "/opt/rustwide/target/debug/deps/libos_str_bytes-eb794ef38bab2676.rlib" "/opt/rustwide/target/debug/deps/libbitflags-82cc2d155c6eb112.rlib" "/opt/rustwide/target/debug/deps/libonce_cell-7d2ec3fb6b6c5a4d.rlib" "/opt/rustwide/target/debug/deps/libbincode-1b79f7a0edb08cc2.rlib" "/opt/rustwide/target/debug/deps/libserde-315e232f8ce192ad.rlib" "/opt/rustwide/target/debug/deps/libanyhow-2a8b4879abb5c883.rlib" "/opt/rustwide/rustup-home/toolchains/1.69.0-x86_64-unknown-linux-gnu/lib/rustlib/x86_64-unknown-linux-gnu/lib/libstd-89bc084783fdc439.rlib" "/opt/rustwide/rustup-home/toolchains/1.69.0-x86_64-unknown-linux-gnu/lib/rustlib/x86_64-unknown-linux-gnu/lib/libpanic_unwind-8bee4b287d4367c1.rlib" "/opt/rustwide/rustup-home/toolchains/1.69.0-x86_64-unknown-linux-gnu/lib/rustlib/x86_64-unknown-linux-gnu/lib/libobject-d61707aed80694c0.rlib" "/opt/rustwide/rustup-home/toolchains/1.69.0-x86_64-unknown-linux-gnu/lib/rustlib/x86_64-unknown-linux-gnu/lib/libmemchr-d85366256f22345b.rlib" "/opt/rustwide/rustup-home/toolchains/1.69.0-x86_64-unknown-linux-gnu/lib/rustlib/x86_64-unknown-linux-gnu/lib/libaddr2line-96069b86b8a8cae9.rlib" "/opt/rustwide/rustup-home/toolchains/1.69.0-x86_64-unknown-linux-gnu/lib/rustlib/x86_64-unknown-linux-gnu/lib/libgimli-d19d53abf68dfa6c.rlib" "/opt/rustwide/rustup-home/toolchains/1.69.0-x86_64-unknown-linux-gnu/lib/rustlib/x86_64-unknown-linux-gnu/lib/librustc_demangle-787cbccd19d64ac6.rlib" "/opt/rustwide/rustup-home/toolchains/1.69.0-x86_64-unknown-linux-gnu/lib/rustlib/x86_64-unknown-linux-gnu/lib/libstd_detect-b3837a36b830e0d0.rlib" "/opt/rustwide/rustup-home/toolchains/1.69.0-x86_64-unknown-linux-gnu/lib/rustlib/x86_64-unknown-linux-gnu/lib/libhashbrown-e3deb0e7e3f04966.rlib" "/opt/rustwide/rustup-home/toolchains/1.69.0-x86_64-unknown-linux-gnu/lib/rustlib/x86_64-unknown-linux-gnu/lib/libminiz_oxide-dabbb79c9815def4.rlib" "/opt/rustwide/rustup-home/toolchains/1.69.0-x86_64-unknown-linux-gnu/lib/rustlib/x86_64-unknown-linux-gnu/lib/libadler-305b01f34c9409f2.rlib" "/opt/rustwide/rustup-home/toolchains/1.69.0-x86_64-unknown-linux-gnu/lib/rustlib/x86_64-unknown-linux-gnu/lib/librustc_std_workspace_alloc-f833521df6074e73.rlib" "/opt/rustwide/rustup-home/toolchains/1.69.0-x86_64-unknown-linux-gnu/lib/rustlib/x86_64-unknown-linux-gnu/lib/libunwind-9ac333113350d171.rlib" "/opt/rustwide/rustup-home/toolchains/1.69.0-x86_64-unknown-linux-gnu/lib/rustlib/x86_64-unknown-linux-gnu/lib/libcfg_if-1c126114322d0eee.rlib" "/opt/rustwide/rustup-home/toolchains/1.69.0-x86_64-unknown-linux-gnu/lib/rustlib/x86_64-unknown-linux-gnu/lib/liblibc-bad9164fdeeecf92.rlib" "/opt/rustwide/rustup-home/toolchains/1.69.0-x86_64-unknown-linux-gnu/lib/rustlib/x86_64-unknown-linux-gnu/lib/liballoc-f9374b1e480fa681.rlib" "/opt/rustwide/rustup-home/toolchains/1.69.0-x86_64-unknown-linux-gnu/lib/rustlib/x86_64-unknown-linux-gnu/lib/librustc_std_workspace_core-207f06e41d9603af.rlib" "/opt/rustwide/rustup-home/toolchains/1.69.0-x86_64-unknown-linux-gnu/lib/rustlib/x86_64-unknown-linux-gnu/lib/libcore-7e2768e66e984e85.rlib" "/opt/rustwide/rustup-home/toolchains/1.69.0-x86_64-unknown-linux-gnu/lib/rustlib/x86_64-unknown-linux-gnu/lib/libcompiler_builtins-957b4aff41f8cd46.rlib" "-Wl,-Bdynamic" "-lgcc_s" "-lutil" "-lrt" "-lpthread" "-lm" "-ldl" "-lc" "-Wl,--eh-frame-hdr" "-Wl,-z,noexecstack" "-L" "/opt/rustwide/rustup-home/toolchains/1.69.0-x86_64-unknown-linux-gnu/lib/rustlib/x86_64-unknown-linux-gnu/lib" "-o" "/tmp/rustdoctest7rnMmp/rust_out" "-Wl,--gc-sections" "-pie" "-Wl,-z,relro,-z,now" "-nodefaultlibs"
[INFO] [stdout]   = note: collect2: fatal error: ld terminated with signal 9 [Killed]
[INFO] [stdout]           compilation terminated.
[INFO] [stdout]           
[INFO] [stdout] 
[INFO] [stdout] error: aborting due to previous error
[INFO] [stdout] 
[INFO] [stdout] Couldn't compile the test.
[INFO] [stdout] ---- src/geom/vec/vec2.rs - geom::vec::vec2::Vec2<T>::normalize (line 113) stdout ----
[INFO] [stdout] error: linking with `cc` failed: exit status: 1
[INFO] [stdout]   |
[INFO] [stdout]   = note: LC_ALL="C" PATH="/opt/rustwide/rustup-home/toolchains/1.69.0-x86_64-unknown-linux-gnu/lib/rustlib/x86_64-unknown-linux-gnu/bin:/opt/rustwide/cargo-home/bin:/usr/local/sbin:/usr/local/bin:/usr/sbin:/usr/bin:/sbin:/bin" VSLANG="1033" "cc" "-m64" "/tmp/rustcWm7iaw/symbols.o" "/tmp/rustdoctestpIuDNm/rust_out.rust_out.5bfee551-cgu.0.rcgu.o" "/tmp/rustdoctestpIuDNm/rust_out.j00p4ncf7xg64kg.rcgu.o" "-Wl,--as-needed" "-L" "/opt/rustwide/target/debug/deps" "-L" "/opt/rustwide/target/debug/deps" "-L" "/opt/rustwide/target/debug/build/tinyfiledialogs-0914aa582564b1b7/out" "-L" "/opt/rustwide/rustup-home/toolchains/1.69.0-x86_64-unknown-linux-gnu/lib/rustlib/x86_64-unknown-linux-gnu/lib" "-Wl,-Bstatic" "/opt/rustwide/target/debug/deps/libbatbox-32f45a0d5f0cc3b6.rlib" "/opt/rustwide/target/debug/deps/libdirectories-b016f14ba8f18475.rlib" "/opt/rustwide/target/debug/deps/libdirs_sys-59c106a570146284.rlib" "/opt/rustwide/target/debug/deps/libbacktrace-fd85fe3409e12f3d.rlib" "/opt/rustwide/target/debug/deps/libminiz_oxide-e57d79458c1d1dc6.rlib" "/opt/rustwide/target/debug/deps/libadler-478247d24f5486f3.rlib" "/opt/rustwide/target/debug/deps/libobject-0e7df3d15adeb749.rlib" "/opt/rustwide/target/debug/deps/libaddr2line-b1bf6599b5592b4e.rlib" "/opt/rustwide/target/debug/deps/libgimli-05ab19e0b18c0f47.rlib" "/opt/rustwide/target/debug/deps/librustc_demangle-b9a7c4eabd61023e.rlib" "/opt/rustwide/target/debug/deps/libenv_logger-da88f8f9027ca6df.rlib" "/opt/rustwide/target/debug/deps/libhumantime-cdc03476f0a21f32.rlib" "/opt/rustwide/target/debug/deps/libregex-30b6c0f7a120891e.rlib" "/opt/rustwide/target/debug/deps/libaho_corasick-6fc38c3e1c0e1b2d.rlib" "/opt/rustwide/target/debug/deps/libregex_syntax-04a1184ce9f52da7.rlib" "/opt/rustwide/target/debug/deps/libtinyfiledialogs-d7e11b0b86aa7df8.rlib" "/opt/rustwide/target/debug/deps/librand-f2f6ad3266a7edfa.rlib" "/opt/rustwide/target/debug/deps/librand_chacha-d7791ce037c8b882.rlib" "/opt/rustwide/target/debug/deps/libppv_lite86-c3ad053967cc551c.rlib" "/opt/rustwide/target/debug/deps/librand_core-669068a6cdc99602.rlib" "/opt/rustwide/target/debug/deps/libgetrandom-60565f3a8b14a017.rlib" "/opt/rustwide/target/debug/deps/libbatbox_macros-2a999d300118d5c5.rlib" "/opt/rustwide/target/debug/deps/libthreadpool-7dc6f7054c22f0b8.rlib" "/opt/rustwide/target/debug/deps/libnum_cpus-955db27608b22469.rlib" "/opt/rustwide/target/debug/deps/libthiserror-d64fa0d8b985f28e.rlib" "/opt/rustwide/target/debug/deps/libserde_json-85f0afd3c9821d91.rlib" "/opt/rustwide/target/debug/deps/libryu-87a43729435ac998.rlib" "/opt/rustwide/target/debug/deps/libitoa-12e0c769e046c1b6.rlib" "/opt/rustwide/target/debug/deps/libmaplit-abdbce8b4ce371d0.rlib" "/opt/rustwide/target/debug/deps/liblog-e4acea3c8ca43b70.rlib" "/opt/rustwide/target/debug/deps/libcfg_if-e5e118dd7d121aaa.rlib" "/opt/rustwide/target/debug/deps/libitertools-ea912201e9c13d48.rlib" "/opt/rustwide/target/debug/deps/libeither-cac85af8160ee6c4.rlib" "/opt/rustwide/target/debug/deps/libfutures-94385a038544c886.rlib" "/opt/rustwide/target/debug/deps/libfutures_executor-12a08d8b654100ac.rlib" "/opt/rustwide/target/debug/deps/libfutures_util-2307770df9d8cc8f.rlib" "/opt/rustwide/target/debug/deps/libmemchr-b18e4aa3c7a38625.rlib" "/opt/rustwide/target/debug/deps/libfutures_io-4614e9b19a26d89f.rlib" "/opt/rustwide/target/debug/deps/libslab-8bb798f134a0a9e7.rlib" "/opt/rustwide/target/debug/deps/libfutures_channel-ea2e64aea1dbff6c.rlib" "/opt/rustwide/target/debug/deps/libpin_project_lite-e66e1bab7310d569.rlib" "/opt/rustwide/target/debug/deps/libfutures_sink-393d57b22d6920a4.rlib" "/opt/rustwide/target/debug/deps/libfutures_task-b59556b3c537ad98.rlib" "/opt/rustwide/target/debug/deps/libpin_utils-0d8eaf4ac0fcb221.rlib" "/opt/rustwide/target/debug/deps/libfutures_core-782cbf5ce9142ff9.rlib" "/opt/rustwide/target/debug/deps/libdyn_clone-e9cc5ecb301fed49.rlib" "/opt/rustwide/target/debug/deps/libclap-92c0285952c0a035.rlib" "/opt/rustwide/target/debug/deps/libatty-e2dc022f31009521.rlib" "/opt/rustwide/target/debug/deps/liblibc-b7b14a0fe316ec96.rlib" "/opt/rustwide/target/debug/deps/libstrsim-6c4a301b03dc606f.rlib" "/opt/rustwide/target/debug/deps/libtermcolor-b72ffe4cbd1728e7.rlib" "/opt/rustwide/target/debug/deps/libtextwrap-91cb267721c1cb04.rlib" "/opt/rustwide/target/debug/deps/libindexmap-4a7e2da62b4b6cd1.rlib" "/opt/rustwide/target/debug/deps/libhashbrown-f669da50cece7aa5.rlib" "/opt/rustwide/target/debug/deps/libclap_lex-b2bd863b83eaf2e1.rlib" "/opt/rustwide/target/debug/deps/libos_str_bytes-eb794ef38bab2676.rlib" "/opt/rustwide/target/debug/deps/libbitflags-82cc2d155c6eb112.rlib" "/opt/rustwide/target/debug/deps/libonce_cell-7d2ec3fb6b6c5a4d.rlib" "/opt/rustwide/target/debug/deps/libbincode-1b79f7a0edb08cc2.rlib" "/opt/rustwide/target/debug/deps/libserde-315e232f8ce192ad.rlib" "/opt/rustwide/target/debug/deps/libanyhow-2a8b4879abb5c883.rlib" "/opt/rustwide/rustup-home/toolchains/1.69.0-x86_64-unknown-linux-gnu/lib/rustlib/x86_64-unknown-linux-gnu/lib/libstd-89bc084783fdc439.rlib" "/opt/rustwide/rustup-home/toolchains/1.69.0-x86_64-unknown-linux-gnu/lib/rustlib/x86_64-unknown-linux-gnu/lib/libpanic_unwind-8bee4b287d4367c1.rlib" "/opt/rustwide/rustup-home/toolchains/1.69.0-x86_64-unknown-linux-gnu/lib/rustlib/x86_64-unknown-linux-gnu/lib/libobject-d61707aed80694c0.rlib" "/opt/rustwide/rustup-home/toolchains/1.69.0-x86_64-unknown-linux-gnu/lib/rustlib/x86_64-unknown-linux-gnu/lib/libmemchr-d85366256f22345b.rlib" "/opt/rustwide/rustup-home/toolchains/1.69.0-x86_64-unknown-linux-gnu/lib/rustlib/x86_64-unknown-linux-gnu/lib/libaddr2line-96069b86b8a8cae9.rlib" "/opt/rustwide/rustup-home/toolchains/1.69.0-x86_64-unknown-linux-gnu/lib/rustlib/x86_64-unknown-linux-gnu/lib/libgimli-d19d53abf68dfa6c.rlib" "/opt/rustwide/rustup-home/toolchains/1.69.0-x86_64-unknown-linux-gnu/lib/rustlib/x86_64-unknown-linux-gnu/lib/librustc_demangle-787cbccd19d64ac6.rlib" "/opt/rustwide/rustup-home/toolchains/1.69.0-x86_64-unknown-linux-gnu/lib/rustlib/x86_64-unknown-linux-gnu/lib/libstd_detect-b3837a36b830e0d0.rlib" "/opt/rustwide/rustup-home/toolchains/1.69.0-x86_64-unknown-linux-gnu/lib/rustlib/x86_64-unknown-linux-gnu/lib/libhashbrown-e3deb0e7e3f04966.rlib" "/opt/rustwide/rustup-home/toolchains/1.69.0-x86_64-unknown-linux-gnu/lib/rustlib/x86_64-unknown-linux-gnu/lib/libminiz_oxide-dabbb79c9815def4.rlib" "/opt/rustwide/rustup-home/toolchains/1.69.0-x86_64-unknown-linux-gnu/lib/rustlib/x86_64-unknown-linux-gnu/lib/libadler-305b01f34c9409f2.rlib" "/opt/rustwide/rustup-home/toolchains/1.69.0-x86_64-unknown-linux-gnu/lib/rustlib/x86_64-unknown-linux-gnu/lib/librustc_std_workspace_alloc-f833521df6074e73.rlib" "/opt/rustwide/rustup-home/toolchains/1.69.0-x86_64-unknown-linux-gnu/lib/rustlib/x86_64-unknown-linux-gnu/lib/libunwind-9ac333113350d171.rlib" "/opt/rustwide/rustup-home/toolchains/1.69.0-x86_64-unknown-linux-gnu/lib/rustlib/x86_64-unknown-linux-gnu/lib/libcfg_if-1c126114322d0eee.rlib" "/opt/rustwide/rustup-home/toolchains/1.69.0-x86_64-unknown-linux-gnu/lib/rustlib/x86_64-unknown-linux-gnu/lib/liblibc-bad9164fdeeecf92.rlib" "/opt/rustwide/rustup-home/toolchains/1.69.0-x86_64-unknown-linux-gnu/lib/rustlib/x86_64-unknown-linux-gnu/lib/liballoc-f9374b1e480fa681.rlib" "/opt/rustwide/rustup-home/toolchains/1.69.0-x86_64-unknown-linux-gnu/lib/rustlib/x86_64-unknown-linux-gnu/lib/librustc_std_workspace_core-207f06e41d9603af.rlib" "/opt/rustwide/rustup-home/toolchains/1.69.0-x86_64-unknown-linux-gnu/lib/rustlib/x86_64-unknown-linux-gnu/lib/libcore-7e2768e66e984e85.rlib" "/opt/rustwide/rustup-home/toolchains/1.69.0-x86_64-unknown-linux-gnu/lib/rustlib/x86_64-unknown-linux-gnu/lib/libcompiler_builtins-957b4aff41f8cd46.rlib" "-Wl,-Bdynamic" "-lgcc_s" "-lutil" "-lrt" "-lpthread" "-lm" "-ldl" "-lc" "-Wl,--eh-frame-hdr" "-Wl,-z,noexecstack" "-L" "/opt/rustwide/rustup-home/toolchains/1.69.0-x86_64-unknown-linux-gnu/lib/rustlib/x86_64-unknown-linux-gnu/lib" "-o" "/tmp/rustdoctestpIuDNm/rust_out" "-Wl,--gc-sections" "-pie" "-Wl,-z,relro,-z,now" "-nodefaultlibs"
[INFO] [stdout]   = note: collect2: fatal error: ld terminated with signal 9 [Killed]
[INFO] [stdout]           compilation terminated.
[INFO] [stdout]           
[INFO] [stdout] 
[INFO] [stdout] error: aborting due to previous error
[INFO] [stdout] 
[INFO] [stdout] Couldn't compile the test.
[INFO] [stdout] ---- src/geom/vec/vec2.rs - geom::vec::vec2::Vec2<T>::normalize_or_zero (line 126) stdout ----
[INFO] [stdout] error: linking with `cc` failed: exit status: 1
[INFO] [stdout]   |
[INFO] [stdout]   = note: LC_ALL="C" PATH="/opt/rustwide/rustup-home/toolchains/1.69.0-x86_64-unknown-linux-gnu/lib/rustlib/x86_64-unknown-linux-gnu/bin:/opt/rustwide/cargo-home/bin:/usr/local/sbin:/usr/local/bin:/usr/sbin:/usr/bin:/sbin:/bin" VSLANG="1033" "cc" "-m64" "/tmp/rustcTDJfqg/symbols.o" "/tmp/rustdoctestzh84dG/rust_out.rust_out.5bfee551-cgu.0.rcgu.o" "/tmp/rustdoctestzh84dG/rust_out.j00p4ncf7xg64kg.rcgu.o" "-Wl,--as-needed" "-L" "/opt/rustwide/target/debug/deps" "-L" "/opt/rustwide/target/debug/deps" "-L" "/opt/rustwide/target/debug/build/tinyfiledialogs-0914aa582564b1b7/out" "-L" "/opt/rustwide/rustup-home/toolchains/1.69.0-x86_64-unknown-linux-gnu/lib/rustlib/x86_64-unknown-linux-gnu/lib" "-Wl,-Bstatic" "/opt/rustwide/target/debug/deps/libbatbox-32f45a0d5f0cc3b6.rlib" "/opt/rustwide/target/debug/deps/libdirectories-b016f14ba8f18475.rlib" "/opt/rustwide/target/debug/deps/libdirs_sys-59c106a570146284.rlib" "/opt/rustwide/target/debug/deps/libbacktrace-fd85fe3409e12f3d.rlib" "/opt/rustwide/target/debug/deps/libminiz_oxide-e57d79458c1d1dc6.rlib" "/opt/rustwide/target/debug/deps/libadler-478247d24f5486f3.rlib" "/opt/rustwide/target/debug/deps/libobject-0e7df3d15adeb749.rlib" "/opt/rustwide/target/debug/deps/libaddr2line-b1bf6599b5592b4e.rlib" "/opt/rustwide/target/debug/deps/libgimli-05ab19e0b18c0f47.rlib" "/opt/rustwide/target/debug/deps/librustc_demangle-b9a7c4eabd61023e.rlib" "/opt/rustwide/target/debug/deps/libenv_logger-da88f8f9027ca6df.rlib" "/opt/rustwide/target/debug/deps/libhumantime-cdc03476f0a21f32.rlib" "/opt/rustwide/target/debug/deps/libregex-30b6c0f7a120891e.rlib" "/opt/rustwide/target/debug/deps/libaho_corasick-6fc38c3e1c0e1b2d.rlib" "/opt/rustwide/target/debug/deps/libregex_syntax-04a1184ce9f52da7.rlib" "/opt/rustwide/target/debug/deps/libtinyfiledialogs-d7e11b0b86aa7df8.rlib" "/opt/rustwide/target/debug/deps/librand-f2f6ad3266a7edfa.rlib" "/opt/rustwide/target/debug/deps/librand_chacha-d7791ce037c8b882.rlib" "/opt/rustwide/target/debug/deps/libppv_lite86-c3ad053967cc551c.rlib" "/opt/rustwide/target/debug/deps/librand_core-669068a6cdc99602.rlib" "/opt/rustwide/target/debug/deps/libgetrandom-60565f3a8b14a017.rlib" "/opt/rustwide/target/debug/deps/libbatbox_macros-2a999d300118d5c5.rlib" "/opt/rustwide/target/debug/deps/libthreadpool-7dc6f7054c22f0b8.rlib" "/opt/rustwide/target/debug/deps/libnum_cpus-955db27608b22469.rlib" "/opt/rustwide/target/debug/deps/libthiserror-d64fa0d8b985f28e.rlib" "/opt/rustwide/target/debug/deps/libserde_json-85f0afd3c9821d91.rlib" "/opt/rustwide/target/debug/deps/libryu-87a43729435ac998.rlib" "/opt/rustwide/target/debug/deps/libitoa-12e0c769e046c1b6.rlib" "/opt/rustwide/target/debug/deps/libmaplit-abdbce8b4ce371d0.rlib" "/opt/rustwide/target/debug/deps/liblog-e4acea3c8ca43b70.rlib" "/opt/rustwide/target/debug/deps/libcfg_if-e5e118dd7d121aaa.rlib" "/opt/rustwide/target/debug/deps/libitertools-ea912201e9c13d48.rlib" "/opt/rustwide/target/debug/deps/libeither-cac85af8160ee6c4.rlib" "/opt/rustwide/target/debug/deps/libfutures-94385a038544c886.rlib" "/opt/rustwide/target/debug/deps/libfutures_executor-12a08d8b654100ac.rlib" "/opt/rustwide/target/debug/deps/libfutures_util-2307770df9d8cc8f.rlib" "/opt/rustwide/target/debug/deps/libmemchr-b18e4aa3c7a38625.rlib" "/opt/rustwide/target/debug/deps/libfutures_io-4614e9b19a26d89f.rlib" "/opt/rustwide/target/debug/deps/libslab-8bb798f134a0a9e7.rlib" "/opt/rustwide/target/debug/deps/libfutures_channel-ea2e64aea1dbff6c.rlib" "/opt/rustwide/target/debug/deps/libpin_project_lite-e66e1bab7310d569.rlib" "/opt/rustwide/target/debug/deps/libfutures_sink-393d57b22d6920a4.rlib" "/opt/rustwide/target/debug/deps/libfutures_task-b59556b3c537ad98.rlib" "/opt/rustwide/target/debug/deps/libpin_utils-0d8eaf4ac0fcb221.rlib" "/opt/rustwide/target/debug/deps/libfutures_core-782cbf5ce9142ff9.rlib" "/opt/rustwide/target/debug/deps/libdyn_clone-e9cc5ecb301fed49.rlib" "/opt/rustwide/target/debug/deps/libclap-92c0285952c0a035.rlib" "/opt/rustwide/target/debug/deps/libatty-e2dc022f31009521.rlib" "/opt/rustwide/target/debug/deps/liblibc-b7b14a0fe316ec96.rlib" "/opt/rustwide/target/debug/deps/libstrsim-6c4a301b03dc606f.rlib" "/opt/rustwide/target/debug/deps/libtermcolor-b72ffe4cbd1728e7.rlib" "/opt/rustwide/target/debug/deps/libtextwrap-91cb267721c1cb04.rlib" "/opt/rustwide/target/debug/deps/libindexmap-4a7e2da62b4b6cd1.rlib" "/opt/rustwide/target/debug/deps/libhashbrown-f669da50cece7aa5.rlib" "/opt/rustwide/target/debug/deps/libclap_lex-b2bd863b83eaf2e1.rlib" "/opt/rustwide/target/debug/deps/libos_str_bytes-eb794ef38bab2676.rlib" "/opt/rustwide/target/debug/deps/libbitflags-82cc2d155c6eb112.rlib" "/opt/rustwide/target/debug/deps/libonce_cell-7d2ec3fb6b6c5a4d.rlib" "/opt/rustwide/target/debug/deps/libbincode-1b79f7a0edb08cc2.rlib" "/opt/rustwide/target/debug/deps/libserde-315e232f8ce192ad.rlib" "/opt/rustwide/target/debug/deps/libanyhow-2a8b4879abb5c883.rlib" "/opt/rustwide/rustup-home/toolchains/1.69.0-x86_64-unknown-linux-gnu/lib/rustlib/x86_64-unknown-linux-gnu/lib/libstd-89bc084783fdc439.rlib" "/opt/rustwide/rustup-home/toolchains/1.69.0-x86_64-unknown-linux-gnu/lib/rustlib/x86_64-unknown-linux-gnu/lib/libpanic_unwind-8bee4b287d4367c1.rlib" "/opt/rustwide/rustup-home/toolchains/1.69.0-x86_64-unknown-linux-gnu/lib/rustlib/x86_64-unknown-linux-gnu/lib/libobject-d61707aed80694c0.rlib" "/opt/rustwide/rustup-home/toolchains/1.69.0-x86_64-unknown-linux-gnu/lib/rustlib/x86_64-unknown-linux-gnu/lib/libmemchr-d85366256f22345b.rlib" "/opt/rustwide/rustup-home/toolchains/1.69.0-x86_64-unknown-linux-gnu/lib/rustlib/x86_64-unknown-linux-gnu/lib/libaddr2line-96069b86b8a8cae9.rlib" "/opt/rustwide/rustup-home/toolchains/1.69.0-x86_64-unknown-linux-gnu/lib/rustlib/x86_64-unknown-linux-gnu/lib/libgimli-d19d53abf68dfa6c.rlib" "/opt/rustwide/rustup-home/toolchains/1.69.0-x86_64-unknown-linux-gnu/lib/rustlib/x86_64-unknown-linux-gnu/lib/librustc_demangle-787cbccd19d64ac6.rlib" "/opt/rustwide/rustup-home/toolchains/1.69.0-x86_64-unknown-linux-gnu/lib/rustlib/x86_64-unknown-linux-gnu/lib/libstd_detect-b3837a36b830e0d0.rlib" "/opt/rustwide/rustup-home/toolchains/1.69.0-x86_64-unknown-linux-gnu/lib/rustlib/x86_64-unknown-linux-gnu/lib/libhashbrown-e3deb0e7e3f04966.rlib" "/opt/rustwide/rustup-home/toolchains/1.69.0-x86_64-unknown-linux-gnu/lib/rustlib/x86_64-unknown-linux-gnu/lib/libminiz_oxide-dabbb79c9815def4.rlib" "/opt/rustwide/rustup-home/toolchains/1.69.0-x86_64-unknown-linux-gnu/lib/rustlib/x86_64-unknown-linux-gnu/lib/libadler-305b01f34c9409f2.rlib" "/opt/rustwide/rustup-home/toolchains/1.69.0-x86_64-unknown-linux-gnu/lib/rustlib/x86_64-unknown-linux-gnu/lib/librustc_std_workspace_alloc-f833521df6074e73.rlib" "/opt/rustwide/rustup-home/toolchains/1.69.0-x86_64-unknown-linux-gnu/lib/rustlib/x86_64-unknown-linux-gnu/lib/libunwind-9ac333113350d171.rlib" "/opt/rustwide/rustup-home/toolchains/1.69.0-x86_64-unknown-linux-gnu/lib/rustlib/x86_64-unknown-linux-gnu/lib/libcfg_if-1c126114322d0eee.rlib" "/opt/rustwide/rustup-home/toolchains/1.69.0-x86_64-unknown-linux-gnu/lib/rustlib/x86_64-unknown-linux-gnu/lib/liblibc-bad9164fdeeecf92.rlib" "/opt/rustwide/rustup-home/toolchains/1.69.0-x86_64-unknown-linux-gnu/lib/rustlib/x86_64-unknown-linux-gnu/lib/liballoc-f9374b1e480fa681.rlib" "/opt/rustwide/rustup-home/toolchains/1.69.0-x86_64-unknown-linux-gnu/lib/rustlib/x86_64-unknown-linux-gnu/lib/librustc_std_workspace_core-207f06e41d9603af.rlib" "/opt/rustwide/rustup-home/toolchains/1.69.0-x86_64-unknown-linux-gnu/lib/rustlib/x86_64-unknown-linux-gnu/lib/libcore-7e2768e66e984e85.rlib" "/opt/rustwide/rustup-home/toolchains/1.69.0-x86_64-unknown-linux-gnu/lib/rustlib/x86_64-unknown-linux-gnu/lib/libcompiler_builtins-957b4aff41f8cd46.rlib" "-Wl,-Bdynamic" "-lgcc_s" "-lutil" "-lrt" "-lpthread" "-lm" "-ldl" "-lc" "-Wl,--eh-frame-hdr" "-Wl,-z,noexecstack" "-L" "/opt/rustwide/rustup-home/toolchains/1.69.0-x86_64-unknown-linux-gnu/lib/rustlib/x86_64-unknown-linux-gnu/lib" "-o" "/tmp/rustdoctestzh84dG/rust_out" "-Wl,--gc-sections" "-pie" "-Wl,-z,relro,-z,now" "-nodefaultlibs"
[INFO] [stdout]   = note: collect2: fatal error: ld terminated with signal 9 [Killed]
[INFO] [stdout]           compilation terminated.
[INFO] [stdout]           
[INFO] [stdout] 
[INFO] [stdout] error: aborting due to previous error
[INFO] [stdout] 
[INFO] [stdout] Couldn't compile the test.
[INFO] [stdout] ---- src/geom/vec/vec2.rs - geom::vec::vec2::Vec2<T>::arg (line 222) stdout ----
[INFO] [stdout] error: linking with `cc` failed: exit status: 1
[INFO] [stdout]   |
[INFO] [stdout]   = note: LC_ALL="C" PATH="/opt/rustwide/rustup-home/toolchains/1.69.0-x86_64-unknown-linux-gnu/lib/rustlib/x86_64-unknown-linux-gnu/bin:/opt/rustwide/cargo-home/bin:/usr/local/sbin:/usr/local/bin:/usr/sbin:/usr/bin:/sbin:/bin" VSLANG="1033" "cc" "-m64" "/tmp/rustc9KObSb/symbols.o" "/tmp/rustdoctesthxXfdX/rust_out.rust_out.5bfee551-cgu.0.rcgu.o" "/tmp/rustdoctesthxXfdX/rust_out.j00p4ncf7xg64kg.rcgu.o" "-Wl,--as-needed" "-L" "/opt/rustwide/target/debug/deps" "-L" "/opt/rustwide/target/debug/deps" "-L" "/opt/rustwide/target/debug/build/tinyfiledialogs-0914aa582564b1b7/out" "-L" "/opt/rustwide/rustup-home/toolchains/1.69.0-x86_64-unknown-linux-gnu/lib/rustlib/x86_64-unknown-linux-gnu/lib" "-Wl,-Bstatic" "/opt/rustwide/target/debug/deps/libbatbox-32f45a0d5f0cc3b6.rlib" "/opt/rustwide/target/debug/deps/libdirectories-b016f14ba8f18475.rlib" "/opt/rustwide/target/debug/deps/libdirs_sys-59c106a570146284.rlib" "/opt/rustwide/target/debug/deps/libbacktrace-fd85fe3409e12f3d.rlib" "/opt/rustwide/target/debug/deps/libminiz_oxide-e57d79458c1d1dc6.rlib" "/opt/rustwide/target/debug/deps/libadler-478247d24f5486f3.rlib" "/opt/rustwide/target/debug/deps/libobject-0e7df3d15adeb749.rlib" "/opt/rustwide/target/debug/deps/libaddr2line-b1bf6599b5592b4e.rlib" "/opt/rustwide/target/debug/deps/libgimli-05ab19e0b18c0f47.rlib" "/opt/rustwide/target/debug/deps/librustc_demangle-b9a7c4eabd61023e.rlib" "/opt/rustwide/target/debug/deps/libenv_logger-da88f8f9027ca6df.rlib" "/opt/rustwide/target/debug/deps/libhumantime-cdc03476f0a21f32.rlib" "/opt/rustwide/target/debug/deps/libregex-30b6c0f7a120891e.rlib" "/opt/rustwide/target/debug/deps/libaho_corasick-6fc38c3e1c0e1b2d.rlib" "/opt/rustwide/target/debug/deps/libregex_syntax-04a1184ce9f52da7.rlib" "/opt/rustwide/target/debug/deps/libtinyfiledialogs-d7e11b0b86aa7df8.rlib" "/opt/rustwide/target/debug/deps/librand-f2f6ad3266a7edfa.rlib" "/opt/rustwide/target/debug/deps/librand_chacha-d7791ce037c8b882.rlib" "/opt/rustwide/target/debug/deps/libppv_lite86-c3ad053967cc551c.rlib" "/opt/rustwide/target/debug/deps/librand_core-669068a6cdc99602.rlib" "/opt/rustwide/target/debug/deps/libgetrandom-60565f3a8b14a017.rlib" "/opt/rustwide/target/debug/deps/libbatbox_macros-2a999d300118d5c5.rlib" "/opt/rustwide/target/debug/deps/libthreadpool-7dc6f7054c22f0b8.rlib" "/opt/rustwide/target/debug/deps/libnum_cpus-955db27608b22469.rlib" "/opt/rustwide/target/debug/deps/libthiserror-d64fa0d8b985f28e.rlib" "/opt/rustwide/target/debug/deps/libserde_json-85f0afd3c9821d91.rlib" "/opt/rustwide/target/debug/deps/libryu-87a43729435ac998.rlib" "/opt/rustwide/target/debug/deps/libitoa-12e0c769e046c1b6.rlib" "/opt/rustwide/target/debug/deps/libmaplit-abdbce8b4ce371d0.rlib" "/opt/rustwide/target/debug/deps/liblog-e4acea3c8ca43b70.rlib" "/opt/rustwide/target/debug/deps/libcfg_if-e5e118dd7d121aaa.rlib" "/opt/rustwide/target/debug/deps/libitertools-ea912201e9c13d48.rlib" "/opt/rustwide/target/debug/deps/libeither-cac85af8160ee6c4.rlib" "/opt/rustwide/target/debug/deps/libfutures-94385a038544c886.rlib" "/opt/rustwide/target/debug/deps/libfutures_executor-12a08d8b654100ac.rlib" "/opt/rustwide/target/debug/deps/libfutures_util-2307770df9d8cc8f.rlib" "/opt/rustwide/target/debug/deps/libmemchr-b18e4aa3c7a38625.rlib" "/opt/rustwide/target/debug/deps/libfutures_io-4614e9b19a26d89f.rlib" "/opt/rustwide/target/debug/deps/libslab-8bb798f134a0a9e7.rlib" "/opt/rustwide/target/debug/deps/libfutures_channel-ea2e64aea1dbff6c.rlib" "/opt/rustwide/target/debug/deps/libpin_project_lite-e66e1bab7310d569.rlib" "/opt/rustwide/target/debug/deps/libfutures_sink-393d57b22d6920a4.rlib" "/opt/rustwide/target/debug/deps/libfutures_task-b59556b3c537ad98.rlib" "/opt/rustwide/target/debug/deps/libpin_utils-0d8eaf4ac0fcb221.rlib" "/opt/rustwide/target/debug/deps/libfutures_core-782cbf5ce9142ff9.rlib" "/opt/rustwide/target/debug/deps/libdyn_clone-e9cc5ecb301fed49.rlib" "/opt/rustwide/target/debug/deps/libclap-92c0285952c0a035.rlib" "/opt/rustwide/target/debug/deps/libatty-e2dc022f31009521.rlib" "/opt/rustwide/target/debug/deps/liblibc-b7b14a0fe316ec96.rlib" "/opt/rustwide/target/debug/deps/libstrsim-6c4a301b03dc606f.rlib" "/opt/rustwide/target/debug/deps/libtermcolor-b72ffe4cbd1728e7.rlib" "/opt/rustwide/target/debug/deps/libtextwrap-91cb267721c1cb04.rlib" "/opt/rustwide/target/debug/deps/libindexmap-4a7e2da62b4b6cd1.rlib" "/opt/rustwide/target/debug/deps/libhashbrown-f669da50cece7aa5.rlib" "/opt/rustwide/target/debug/deps/libclap_lex-b2bd863b83eaf2e1.rlib" "/opt/rustwide/target/debug/deps/libos_str_bytes-eb794ef38bab2676.rlib" "/opt/rustwide/target/debug/deps/libbitflags-82cc2d155c6eb112.rlib" "/opt/rustwide/target/debug/deps/libonce_cell-7d2ec3fb6b6c5a4d.rlib" "/opt/rustwide/target/debug/deps/libbincode-1b79f7a0edb08cc2.rlib" "/opt/rustwide/target/debug/deps/libserde-315e232f8ce192ad.rlib" "/opt/rustwide/target/debug/deps/libanyhow-2a8b4879abb5c883.rlib" "/opt/rustwide/rustup-home/toolchains/1.69.0-x86_64-unknown-linux-gnu/lib/rustlib/x86_64-unknown-linux-gnu/lib/libstd-89bc084783fdc439.rlib" "/opt/rustwide/rustup-home/toolchains/1.69.0-x86_64-unknown-linux-gnu/lib/rustlib/x86_64-unknown-linux-gnu/lib/libpanic_unwind-8bee4b287d4367c1.rlib" "/opt/rustwide/rustup-home/toolchains/1.69.0-x86_64-unknown-linux-gnu/lib/rustlib/x86_64-unknown-linux-gnu/lib/libobject-d61707aed80694c0.rlib" "/opt/rustwide/rustup-home/toolchains/1.69.0-x86_64-unknown-linux-gnu/lib/rustlib/x86_64-unknown-linux-gnu/lib/libmemchr-d85366256f22345b.rlib" "/opt/rustwide/rustup-home/toolchains/1.69.0-x86_64-unknown-linux-gnu/lib/rustlib/x86_64-unknown-linux-gnu/lib/libaddr2line-96069b86b8a8cae9.rlib" "/opt/rustwide/rustup-home/toolchains/1.69.0-x86_64-unknown-linux-gnu/lib/rustlib/x86_64-unknown-linux-gnu/lib/libgimli-d19d53abf68dfa6c.rlib" "/opt/rustwide/rustup-home/toolchains/1.69.0-x86_64-unknown-linux-gnu/lib/rustlib/x86_64-unknown-linux-gnu/lib/librustc_demangle-787cbccd19d64ac6.rlib" "/opt/rustwide/rustup-home/toolchains/1.69.0-x86_64-unknown-linux-gnu/lib/rustlib/x86_64-unknown-linux-gnu/lib/libstd_detect-b3837a36b830e0d0.rlib" "/opt/rustwide/rustup-home/toolchains/1.69.0-x86_64-unknown-linux-gnu/lib/rustlib/x86_64-unknown-linux-gnu/lib/libhashbrown-e3deb0e7e3f04966.rlib" "/opt/rustwide/rustup-home/toolchains/1.69.0-x86_64-unknown-linux-gnu/lib/rustlib/x86_64-unknown-linux-gnu/lib/libminiz_oxide-dabbb79c9815def4.rlib" "/opt/rustwide/rustup-home/toolchains/1.69.0-x86_64-unknown-linux-gnu/lib/rustlib/x86_64-unknown-linux-gnu/lib/libadler-305b01f34c9409f2.rlib" "/opt/rustwide/rustup-home/toolchains/1.69.0-x86_64-unknown-linux-gnu/lib/rustlib/x86_64-unknown-linux-gnu/lib/librustc_std_workspace_alloc-f833521df6074e73.rlib" "/opt/rustwide/rustup-home/toolchains/1.69.0-x86_64-unknown-linux-gnu/lib/rustlib/x86_64-unknown-linux-gnu/lib/libunwind-9ac333113350d171.rlib" "/opt/rustwide/rustup-home/toolchains/1.69.0-x86_64-unknown-linux-gnu/lib/rustlib/x86_64-unknown-linux-gnu/lib/libcfg_if-1c126114322d0eee.rlib" "/opt/rustwide/rustup-home/toolchains/1.69.0-x86_64-unknown-linux-gnu/lib/rustlib/x86_64-unknown-linux-gnu/lib/liblibc-bad9164fdeeecf92.rlib" "/opt/rustwide/rustup-home/toolchains/1.69.0-x86_64-unknown-linux-gnu/lib/rustlib/x86_64-unknown-linux-gnu/lib/liballoc-f9374b1e480fa681.rlib" "/opt/rustwide/rustup-home/toolchains/1.69.0-x86_64-unknown-linux-gnu/lib/rustlib/x86_64-unknown-linux-gnu/lib/librustc_std_workspace_core-207f06e41d9603af.rlib" "/opt/rustwide/rustup-home/toolchains/1.69.0-x86_64-unknown-linux-gnu/lib/rustlib/x86_64-unknown-linux-gnu/lib/libcore-7e2768e66e984e85.rlib" "/opt/rustwide/rustup-home/toolchains/1.69.0-x86_64-unknown-linux-gnu/lib/rustlib/x86_64-unknown-linux-gnu/lib/libcompiler_builtins-957b4aff41f8cd46.rlib" "-Wl,-Bdynamic" "-lgcc_s" "-lutil" "-lrt" "-lpthread" "-lm" "-ldl" "-lc" "-Wl,--eh-frame-hdr" "-Wl,-z,noexecstack" "-L" "/opt/rustwide/rustup-home/toolchains/1.69.0-x86_64-unknown-linux-gnu/lib/rustlib/x86_64-unknown-linux-gnu/lib" "-o" "/tmp/rustdoctesthxXfdX/rust_out" "-Wl,--gc-sections" "-pie" "-Wl,-z,relro,-z,now" "-nodefaultlibs"
[INFO] [stdout]   = note: collect2: fatal error: ld terminated with signal 9 [Killed]
[INFO] [stdout]           compilation terminated.
[INFO] [stdout]           
[INFO] [stdout] 
[INFO] [stdout] error: aborting due to previous error
[INFO] [stdout] 
[INFO] [stdout] Couldn't compile the test.
[INFO] [stdout] 
[INFO] [stdout] failures:
[INFO] [stdout]     src/color/rgba.rs - color::rgba::Rgba<T>::convert (line 187)
[INFO] [stdout]     src/color/rgba.rs - color::rgba::Rgba<T>::lerp (line 197)
[INFO] [stdout]     src/color/rgba.rs - color::rgba::Rgba<T>::map_rgb (line 131)
[INFO] [stdout]     src/geom/chain.rs - geom::chain::Chain<T>::take_range_length (line 47)
[INFO] [stdout]     src/geom/chain.rs - geom::chain::Chain<T>::take_range_ratio (line 30)
[INFO] [stdout]     src/geom/mat/mat3/extra.rs - geom::mat::mat3::extra::Mat3<T>::inverse (line 52)
[INFO] [stdout]     src/geom/mat/mat4/extra.rs - geom::mat::mat4::extra::Mat4<T>::inverse (line 43)
[INFO] [stdout]     src/geom/vec/vec2.rs - geom::vec::vec2::Vec2<T>::arg (line 222)
[INFO] [stdout]     src/geom/vec/vec2.rs - geom::vec::vec2::Vec2<T>::normalize (line 113)
[INFO] [stdout]     src/geom/vec/vec2.rs - geom::vec::vec2::Vec2<T>::normalize_or_zero (line 126)
[INFO] [stdout] 
[INFO] [stdout] test result: FAILED. 43 passed; 10 failed; 0 ignored; 0 measured; 0 filtered out; finished in 4.33s
[INFO] [stdout] 
[INFO] [stderr] error: doctest failed, to rerun pass `--doc`
[INFO] running `Command { std: "docker" "inspect" "500965e2b083ff818ef32da1113620f107d93bea3d4d84b9a4c29798f414cb6a", kill_on_drop: false }`
[INFO] running `Command { std: "docker" "rm" "-f" "500965e2b083ff818ef32da1113620f107d93bea3d4d84b9a4c29798f414cb6a", kill_on_drop: false }`
[INFO] [stdout] 500965e2b083ff818ef32da1113620f107d93bea3d4d84b9a4c29798f414cb6a
