[INFO] fetching crate azure 0.37.0...
[INFO] testing azure-0.37.0 against 1.69.0 for beta-1.70-1
[INFO] extracting crate azure 0.37.0 into /workspace/builds/worker-4-tc1/source
[INFO] validating manifest of crates.io crate azure 0.37.0 on toolchain 1.69.0
[INFO] running `Command { std: CARGO_HOME="/workspace/cargo-home" RUSTUP_HOME="/workspace/rustup-home" "/workspace/cargo-home/bin/cargo" "+1.69.0" "metadata" "--manifest-path" "Cargo.toml" "--no-deps", kill_on_drop: false }`
[INFO] started tweaking crates.io crate azure 0.37.0
[INFO] finished tweaking crates.io crate azure 0.37.0
[INFO] tweaked toml for crates.io crate azure 0.37.0 written to /workspace/builds/worker-4-tc1/source/Cargo.toml
[INFO] running `Command { std: CARGO_HOME="/workspace/cargo-home" RUSTUP_HOME="/workspace/rustup-home" __CARGO_TEST_CHANNEL_OVERRIDE_DO_NOT_USE_THIS="nightly" "/workspace/cargo-home/bin/cargo" "+1.69.0" "generate-lockfile" "--manifest-path" "Cargo.toml" "-Zno-index-update", kill_on_drop: false }`
[INFO] running `Command { std: CARGO_HOME="/workspace/cargo-home" RUSTUP_HOME="/workspace/rustup-home" "/workspace/cargo-home/bin/cargo" "+1.69.0" "fetch" "--manifest-path" "Cargo.toml", kill_on_drop: false }`
[INFO] [stderr]  Downloading crates ...
[INFO] [stderr]   Downloaded objc v0.2.7
[INFO] [stderr]   Downloaded cocoa v0.18.5
[INFO] [stderr]   Downloaded block v0.1.6
[INFO] [stderr]   Downloaded malloc_buf v0.0.6
[INFO] [stderr]   Downloaded android_glue v0.2.3
[INFO] [stderr]   Downloaded x11 v2.21.0
[INFO] [stderr]   Downloaded glutin_egl_sys v0.1.6
[INFO] [stderr]   Downloaded stb_truetype v0.3.1
[INFO] [stderr]   Downloaded xdg v2.5.0
[INFO] [stderr]   Downloaded glutin_gles2_sys v0.1.5
[INFO] [stderr]   Downloaded approx v0.3.2
[INFO] [stderr]   Downloaded glutin v0.21.2
[INFO] [stderr]   Downloaded cty v0.2.2
[INFO] [stderr]   Downloaded wayland-sys v0.21.13
[INFO] [stderr]   Downloaded glutin_wgl_sys v0.1.5
[INFO] [stderr]   Downloaded dlib v0.4.2
[INFO] [stderr]   Downloaded osmesa-sys v0.1.2
[INFO] [stderr]   Downloaded cgl v0.2.3
[INFO] [stderr]   Downloaded cgl v0.3.2
[INFO] [stderr]   Downloaded raw-window-handle v0.4.3
[INFO] [stderr]   Downloaded raw-window-handle v0.3.4
[INFO] [stderr]   Downloaded glutin_emscripten_sys v0.1.1
[INFO] [stderr]   Downloaded libloading v0.6.7
[INFO] [stderr]   Downloaded memmap v0.7.0
[INFO] [stderr]   Downloaded ordered-float v1.1.1
[INFO] [stderr]   Downloaded gleam v0.6.19
[INFO] [stderr]   Downloaded core-graphics v0.17.3
[INFO] [stderr]   Downloaded glutin_glx_sys v0.1.8
[INFO] [stderr]   Downloaded wayland-commons v0.21.13
[INFO] [stderr]   Downloaded shared_library v0.1.9
[INFO] [stderr]   Downloaded core-foundation v0.6.4
[INFO] [stderr]   Downloaded wayland-scanner v0.21.13
[INFO] [stderr]   Downloaded rusttype v0.8.3
[INFO] [stderr]   Downloaded wayland-client v0.21.13
[INFO] [stderr]   Downloaded x11-dl v2.21.0
[INFO] [stderr]   Downloaded euclid v0.20.14
[INFO] [stderr]   Downloaded smithay-client-toolkit v0.4.6
[INFO] [stderr]   Downloaded wayland-protocols v0.21.13
[INFO] [stderr]   Downloaded nix v0.14.1
[INFO] [stderr]   Downloaded winit v0.19.5
[INFO] [stderr]   Downloaded expat-sys v2.1.6
[INFO] [stderr]   Downloaded gl_generator v0.13.1
[INFO] [stderr]   Downloaded rusttype v0.7.9
[INFO] [stderr]   Downloaded servo-fontconfig-sys v4.0.9
[INFO] [stderr]   Downloaded line_drawing v0.7.0
[INFO] [stderr]   Downloaded leak v0.1.2
[INFO] [stderr]   Downloaded andrew v0.2.1
[INFO] [stderr]   Downloaded servo-egl v0.2.1
[INFO] [stderr]   Downloaded leaky-cow v0.1.1
[INFO] [stderr]   Downloaded io-surface v0.12.1
[INFO] [stderr]   Downloaded glx v0.2.6
[INFO] [stderr]   Downloaded servo-freetype-sys v4.0.5
[INFO] [stderr]   Downloaded gleam v0.7.0
[INFO] [stderr]   Downloaded servo-skia v0.30000023.1
[INFO] running `Command { std: "docker" "create" "-v" "/var/lib/crater-agent-workspace/builds/worker-4-tc1/target:/opt/rustwide/target:rw,Z" "-v" "/var/lib/crater-agent-workspace/builds/worker-4-tc1/source:/opt/rustwide/workdir:ro,Z" "-v" "/var/lib/crater-agent-workspace/cargo-home:/opt/rustwide/cargo-home:ro,Z" "-v" "/var/lib/crater-agent-workspace/rustup-home:/opt/rustwide/rustup-home:ro,Z" "-e" "SOURCE_DIR=/opt/rustwide/workdir" "-e" "CARGO_TARGET_DIR=/opt/rustwide/target" "-e" "CARGO_HOME=/opt/rustwide/cargo-home" "-e" "RUSTUP_HOME=/opt/rustwide/rustup-home" "-w" "/opt/rustwide/workdir" "-m" "1610612736" "--user" "0:0" "--network" "none" "ghcr.io/rust-lang/crates-build-env/linux@sha256:5ff2268d62e97bff2cde7d5815dd6ed5b47097566f13b8d0ca110b04b60e07ed" "/opt/rustwide/cargo-home/bin/cargo" "+1.69.0" "metadata" "--no-deps" "--format-version=1", kill_on_drop: false }`
[INFO] [stdout] d4da90c4065cdce0efccccec1dde71cffc3e991edae96b5fef15268916e0112a
[INFO] running `Command { std: "docker" "start" "-a" "d4da90c4065cdce0efccccec1dde71cffc3e991edae96b5fef15268916e0112a", kill_on_drop: false }`
[INFO] running `Command { std: "docker" "inspect" "d4da90c4065cdce0efccccec1dde71cffc3e991edae96b5fef15268916e0112a", kill_on_drop: false }`
[INFO] running `Command { std: "docker" "rm" "-f" "d4da90c4065cdce0efccccec1dde71cffc3e991edae96b5fef15268916e0112a", kill_on_drop: false }`
[INFO] [stdout] d4da90c4065cdce0efccccec1dde71cffc3e991edae96b5fef15268916e0112a
[INFO] running `Command { std: "docker" "create" "-v" "/var/lib/crater-agent-workspace/builds/worker-4-tc1/target:/opt/rustwide/target:rw,Z" "-v" "/var/lib/crater-agent-workspace/builds/worker-4-tc1/source:/opt/rustwide/workdir:ro,Z" "-v" "/var/lib/crater-agent-workspace/cargo-home:/opt/rustwide/cargo-home:ro,Z" "-v" "/var/lib/crater-agent-workspace/rustup-home:/opt/rustwide/rustup-home:ro,Z" "-e" "SOURCE_DIR=/opt/rustwide/workdir" "-e" "CARGO_TARGET_DIR=/opt/rustwide/target" "-e" "CARGO_INCREMENTAL=0" "-e" "RUST_BACKTRACE=full" "-e" "RUSTFLAGS=--cap-lints=warn" "-e" "RUSTDOCFLAGS=--cap-lints=warn" "-e" "CARGO_HOME=/opt/rustwide/cargo-home" "-e" "RUSTUP_HOME=/opt/rustwide/rustup-home" "-w" "/opt/rustwide/workdir" "-m" "1610612736" "--user" "0:0" "--network" "none" "ghcr.io/rust-lang/crates-build-env/linux@sha256:5ff2268d62e97bff2cde7d5815dd6ed5b47097566f13b8d0ca110b04b60e07ed" "/opt/rustwide/cargo-home/bin/cargo" "+1.69.0" "build" "--frozen" "--message-format=json", kill_on_drop: false }`
[INFO] [stdout] 3b8816685af896b3dfd7bf88e00ddf0ac8cc781be0904013f2ab736d09e8c0ac
[INFO] running `Command { std: "docker" "start" "-a" "3b8816685af896b3dfd7bf88e00ddf0ac8cc781be0904013f2ab736d09e8c0ac", kill_on_drop: false }`
[INFO] [stderr]    Compiling khronos_api v3.1.0
[INFO] [stderr]    Compiling cfg-if v1.0.0
[INFO] [stderr]    Compiling xml-rs v0.8.4
[INFO] [stderr]    Compiling servo-fontconfig-sys v4.0.9
[INFO] [stderr]    Compiling cmake v0.1.50
[INFO] [stderr]    Compiling log v0.4.17
[INFO] [stderr]    Compiling x11 v2.21.0
[INFO] [stderr]    Compiling euclid v0.20.14
[INFO] [stderr]    Compiling servo-freetype-sys v4.0.5
[INFO] [stderr]    Compiling expat-sys v2.1.6
[INFO] [stderr]    Compiling servo-skia v0.30000023.1
[INFO] [stderr]    Compiling azure v0.37.0 (/opt/rustwide/workdir)
[INFO] [stderr]    Compiling gl_generator v0.13.1
[INFO] [stderr]    Compiling gleam v0.7.0
[INFO] [stderr]    Compiling glx v0.2.6
[INFO] [stderr] error: failed to run custom build command for `azure v0.37.0 (/opt/rustwide/workdir)`
[INFO] [stderr] note: To improve backtraces for build dependencies, set the CARGO_PROFILE_DEV_BUILD_OVERRIDE_DEBUG=true environment variable to enable debug information generation.
[INFO] [stderr] 
[INFO] [stderr] Caused by:
[INFO] [stderr]   process didn't exit successfully: `/opt/rustwide/target/debug/build/azure-9e59d84e3c526b61/build-script-build` (exit status: 101)
[INFO] [stderr]   --- stdout
[INFO] [stderr]   CMAKE_TOOLCHAIN_FILE_x86_64-unknown-linux-gnu = None
[INFO] [stderr]   CMAKE_TOOLCHAIN_FILE_x86_64_unknown_linux_gnu = None
[INFO] [stderr]   HOST_CMAKE_TOOLCHAIN_FILE = None
[INFO] [stderr]   CMAKE_TOOLCHAIN_FILE = None
[INFO] [stderr]   CMAKE_GENERATOR_x86_64-unknown-linux-gnu = None
[INFO] [stderr]   CMAKE_GENERATOR_x86_64_unknown_linux_gnu = None
[INFO] [stderr]   HOST_CMAKE_GENERATOR = None
[INFO] [stderr]   CMAKE_GENERATOR = None
[INFO] [stderr]   CMAKE_PREFIX_PATH_x86_64-unknown-linux-gnu = None
[INFO] [stderr]   CMAKE_PREFIX_PATH_x86_64_unknown_linux_gnu = None
[INFO] [stderr]   HOST_CMAKE_PREFIX_PATH = None
[INFO] [stderr]   CMAKE_PREFIX_PATH = None
[INFO] [stderr]   CMAKE_x86_64-unknown-linux-gnu = None
[INFO] [stderr]   CMAKE_x86_64_unknown_linux_gnu = None
[INFO] [stderr]   HOST_CMAKE = None
[INFO] [stderr]   CMAKE = None
[INFO] [stderr]   running: cd "/opt/rustwide/target/debug/build/azure-471407430d7323c2/out/build" && CMAKE_PREFIX_PATH="" "cmake" "/opt/rustwide/workdir/." "-DCMAKE_INSTALL_PREFIX=/opt/rustwide/target/debug/build/azure-471407430d7323c2/out" "-DCMAKE_C_FLAGS= -ffunction-sections -fdata-sections -fPIC -m64" "-DCMAKE_C_COMPILER=/usr/bin/cc" "-DCMAKE_CXX_FLAGS= -ffunction-sections -fdata-sections -fPIC -m64" "-DCMAKE_CXX_COMPILER=/usr/bin/c++" "-DCMAKE_ASM_FLAGS= -ffunction-sections -fdata-sections -fPIC -m64" "-DCMAKE_ASM_COMPILER=/usr/bin/cc" "-DCMAKE_BUILD_TYPE=Debug"
[INFO] [stderr]   -- The C compiler identification is GNU 11.3.0
[INFO] [stderr]   -- The CXX compiler identification is GNU 11.3.0
[INFO] [stderr]   -- Detecting C compiler ABI info
[INFO] [stderr]   -- Detecting C compiler ABI info - done
[INFO] [stderr]   -- Check for working C compiler: /usr/bin/cc - skipped
[INFO] [stderr]   -- Detecting C compile features
[INFO] [stderr]   -- Detecting C compile features - done
[INFO] [stderr]   -- Detecting CXX compiler ABI info
[INFO] [stderr]   -- Detecting CXX compiler ABI info - done
[INFO] [stderr]   -- Check for working CXX compiler: /usr/bin/c++ - skipped
[INFO] [stderr]   -- Detecting CXX compile features
[INFO] [stderr]   -- Detecting CXX compile features - done
[INFO] [stderr]   -- Using FREETYPE_CFLAGS: -I/usr/include/freetype2 -I/usr/include/libpng16
[INFO] [stderr]   -- Using FREETYPE_CLDFLAGS: -lfreetype
[INFO] [stderr]   -- Configuring done
[INFO] [stderr]   -- Generating done
[INFO] [stderr]   -- Build files have been written to: /opt/rustwide/target/debug/build/azure-471407430d7323c2/out/build
[INFO] [stderr]   running: cd "/opt/rustwide/target/debug/build/azure-471407430d7323c2/out/build" && MAKEFLAGS="-j --jobserver-fds=6,7 --jobserver-auth=6,7" "cmake" "--build" "." "--target" "install" "--config" "Debug"
[INFO] [stderr]   [  3%] Building CXX object CMakeFiles/azure.dir/src/azure-c.cpp.o
[INFO] [stderr]   [  6%] Building CXX object CMakeFiles/azure.dir/libazure/Blur.cpp.o
[INFO] [stderr]   [  9%] Building CXX object CMakeFiles/azure.dir/libazure/convolver.cpp.o
[INFO] [stderr]   [ 12%] Building CXX object CMakeFiles/azure.dir/libazure/DataSourceSurface.cpp.o
[INFO] [stderr]   [ 15%] Building CXX object CMakeFiles/azure.dir/libazure/DataSurfaceHelpers.cpp.o
[INFO] [stderr]   [ 18%] Building CXX object CMakeFiles/azure.dir/libazure/DrawEventRecorder.cpp.o
[INFO] [stderr]   [ 21%] Building CXX object CMakeFiles/azure.dir/libazure/DrawTargetCapture.cpp.o
[INFO] [stderr]   [ 25%] Building CXX object CMakeFiles/azure.dir/libazure/DrawTarget.cpp.o
[INFO] [stderr]   [ 28%] Building CXX object CMakeFiles/azure.dir/libazure/DrawTargetDual.cpp.o
[INFO] [stderr]   [ 31%] Building CXX object CMakeFiles/azure.dir/libazure/DrawTargetRecording.cpp.o
[INFO] [stderr]   [ 34%] Building CXX object CMakeFiles/azure.dir/libazure/DrawTargetSkia.cpp.o
[INFO] [stderr]   [ 37%] Building CXX object CMakeFiles/azure.dir/libazure/Factory.cpp.o
[INFO] [stderr]   [ 40%] Building CXX object CMakeFiles/azure.dir/libazure/DrawTargetTiled.cpp.o
[INFO] [stderr]   [ 46%] Building CXX object CMakeFiles/azure.dir/libazure/FilterProcessing.cpp.o
[INFO] [stderr]   [ 46%] Building CXX object CMakeFiles/azure.dir/libazure/FilterNodeSoftware.cpp.o
[INFO] [stderr]   [ 50%] Building CXX object CMakeFiles/azure.dir/libazure/FilterProcessingScalar.cpp.o
[INFO] [stderr]   [ 53%] Building CXX object CMakeFiles/azure.dir/libazure/ImageScaling.cpp.o
[INFO] [stderr]   [ 56%] Building CXX object CMakeFiles/azure.dir/libazure/Matrix.cpp.o
[INFO] [stderr]   [ 59%] Building CXX object CMakeFiles/azure.dir/libazure/Path.cpp.o
[INFO] [stderr]   [ 62%] Building CXX object CMakeFiles/azure.dir/libazure/PathHelpers.cpp.o
[INFO] [stderr]   [ 65%] Building CXX object CMakeFiles/azure.dir/libazure/PathRecording.cpp.o
[INFO] [stderr] 
[INFO] [stderr]   --- stderr
[INFO] [stderr]   CMake Deprecation Warning at CMakeLists.txt:2 (cmake_minimum_required):
[INFO] [stderr]     Compatibility with CMake < 2.8.12 will be removed from a future version of
[INFO] [stderr]     CMake.
[INFO] [stderr] 
[INFO] [stderr]     Update the VERSION argument <min> value or use a ...<max> suffix to tell
[INFO] [stderr]     CMake that the project does not need compatibility with older versions.
[INFO] [stderr] 
[INFO] [stderr] 
[INFO] [stderr]   CMake Warning:
[INFO] [stderr]     Manually-specified variables were not used by the project:
[INFO] [stderr] 
[INFO] [stderr]       CMAKE_ASM_COMPILER
[INFO] [stderr]       CMAKE_ASM_FLAGS
[INFO] [stderr] 
[INFO] [stderr] 
[INFO] [stderr]   In file included from /opt/rustwide/workdir/libazure/mozilla/TypedEnumInternal.h:15,
[INFO] [stderr]                    from /opt/rustwide/workdir/libazure/mozilla/TypedEnum.h:12,
[INFO] [stderr]                    from /opt/rustwide/workdir/libazure/Types.h:13,
[INFO] [stderr]                    from /opt/rustwide/workdir/libazure/2D.h:9,
[INFO] [stderr]                    from /opt/rustwide/workdir/libazure/convolver.cpp:29:
[INFO] [stderr]   /opt/rustwide/workdir/libazure/mozilla/Attributes.h:419: warning: "MOZ_WARN_UNUSED_RESULT" redefined
[INFO] [stderr]     419 | #  define MOZ_WARN_UNUSED_RESULT __attribute__ ((warn_unused_result))
[INFO] [stderr]         | 
[INFO] [stderr]   <command-line>: note: this is the location of the previous definition
[INFO] [stderr]   In file included from /opt/rustwide/workdir/libazure/mozilla/TypedEnumInternal.h:15,
[INFO] [stderr]                    from /opt/rustwide/workdir/libazure/mozilla/TypedEnum.h:12,
[INFO] [stderr]                    from /opt/rustwide/workdir/libazure/Types.h:13,
[INFO] [stderr]                    from /opt/rustwide/workdir/libazure/2D.h:9,
[INFO] [stderr]                    from /opt/rustwide/workdir/libazure/DataSourceSurface.cpp:6:
[INFO] [stderr]   /opt/rustwide/workdir/libazure/mozilla/Attributes.h:419: warning: "MOZ_WARN_UNUSED_RESULT" redefined
[INFO] [stderr]     419 | #  define MOZ_WARN_UNUSED_RESULT __attribute__ ((warn_unused_result))
[INFO] [stderr]         | 
[INFO] [stderr]   <command-line>: note: this is the location of the previous definition
[INFO] [stderr]   In file included from /opt/rustwide/workdir/libazure/mozilla/TypedEnumInternal.h:15,
[INFO] [stderr]                    from /opt/rustwide/workdir/libazure/mozilla/TypedEnum.h:12,
[INFO] [stderr]                    from /opt/rustwide/workdir/libazure/Types.h:13,
[INFO] [stderr]                    from /opt/rustwide/workdir/libazure/2D.h:9,
[INFO] [stderr]                    from /opt/rustwide/workdir/libazure/DrawEventRecorder.h:9,
[INFO] [stderr]                    from /opt/rustwide/workdir/libazure/DrawEventRecorder.cpp:6:
[INFO] [stderr]   /opt/rustwide/workdir/libazure/mozilla/Attributes.h:419: warning: "MOZ_WARN_UNUSED_RESULT" redefined
[INFO] [stderr]     419 | #  define MOZ_WARN_UNUSED_RESULT __attribute__ ((warn_unused_result))
[INFO] [stderr]         | 
[INFO] [stderr]   <command-line>: note: this is the location of the previous definition
[INFO] [stderr]   In file included from /opt/rustwide/workdir/libazure/mozilla/TypedEnumInternal.h:15,
[INFO] [stderr]                    from /opt/rustwide/workdir/libazure/mozilla/TypedEnum.h:12,
[INFO] [stderr]                    from /opt/rustwide/workdir/libazure/Types.h:13,
[INFO] [stderr]                    from /opt/rustwide/workdir/libazure/2D.h:9,
[INFO] [stderr]                    from /opt/rustwide/workdir/libazure/DrawTarget.cpp:6:
[INFO] [stderr]   /opt/rustwide/workdir/libazure/mozilla/Attributes.h:419: warning: "MOZ_WARN_UNUSED_RESULT" redefined
[INFO] [stderr]     419 | #  define MOZ_WARN_UNUSED_RESULT __attribute__ ((warn_unused_result))
[INFO] [stderr]         | 
[INFO] [stderr]   In file included from /opt/rustwide/workdir/libazure/mozilla/TypedEnumInternal.h:15,
[INFO] [stderr]                    from /opt/rustwide/workdir/libazure/mozilla/TypedEnum.h:12,
[INFO] [stderr]                    from /opt/rustwide/workdir/libazure/Types.h:13,
[INFO] [stderr]                    from /opt/rustwide/workdir/libazure/2D.h:9,
[INFO] [stderr]                    from /opt/rustwide/workdir/libazure/DataSurfaceHelpers.cpp:8:
[INFO] [stderr]   /opt/rustwide/workdir/libazure/mozilla/Attributes.h:419: warning: "MOZ_WARN_UNUSED_RESULT" redefined
[INFO] [stderr]     419 | #  define MOZ_WARN_UNUSED_RESULT __attribute__ ((warn_unused_result))
[INFO] [stderr]         | 
[INFO] [stderr]   <command-line>: note: this is the location of the previous definition
[INFO] [stderr]   <command-line>: note: this is the location of the previous definition
[INFO] [stderr]   In file included from /opt/rustwide/workdir/libazure/mozilla/TypedEnumInternal.h:15,
[INFO] [stderr]                    from /opt/rustwide/workdir/libazure/mozilla/TypedEnum.h:12,
[INFO] [stderr]                    from /opt/rustwide/workdir/libazure/Types.h:13,
[INFO] [stderr]                    from /opt/rustwide/workdir/libazure/2D.h:9,
[INFO] [stderr]                    from /opt/rustwide/workdir/libazure/DrawTargetCapture.h:9,
[INFO] [stderr]                    from /opt/rustwide/workdir/libazure/DrawTargetCapture.cpp:6:
[INFO] [stderr]   /opt/rustwide/workdir/libazure/mozilla/Attributes.h:419: warning: "MOZ_WARN_UNUSED_RESULT" redefined
[INFO] [stderr]     419 | #  define MOZ_WARN_UNUSED_RESULT __attribute__ ((warn_unused_result))
[INFO] [stderr]         | 
[INFO] [stderr]   <command-line>: note: this is the location of the previous definition
[INFO] [stderr]   In file included from /opt/rustwide/workdir/libazure/mozilla/TypedEnumInternal.h:15,
[INFO] [stderr]                    from /opt/rustwide/workdir/libazure/mozilla/TypedEnum.h:12,
[INFO] [stderr]                    from /opt/rustwide/workdir/libazure/Types.h:13,
[INFO] [stderr]                    from /opt/rustwide/workdir/libazure/2D.h:9,
[INFO] [stderr]                    from /opt/rustwide/workdir/src/azure-c.cpp:6:
[INFO] [stderr]   /opt/rustwide/workdir/libazure/mozilla/Attributes.h:419: warning: "MOZ_WARN_UNUSED_RESULT" redefined
[INFO] [stderr]     419 | #  define MOZ_WARN_UNUSED_RESULT __attribute__ ((warn_unused_result))
[INFO] [stderr]         | 
[INFO] [stderr]   <command-line>: note: this is the location of the previous definition
[INFO] [stderr]   In file included from /opt/rustwide/workdir/libazure/mozilla/TypedEnumInternal.h:15,
[INFO] [stderr]                    from /opt/rustwide/workdir/libazure/mozilla/TypedEnum.h:12,
[INFO] [stderr]                    from /opt/rustwide/workdir/libazure/Types.h:13,
[INFO] [stderr]                    from /opt/rustwide/workdir/libazure/2D.h:9,
[INFO] [stderr]                    from /opt/rustwide/workdir/libazure/DrawTargetRecording.h:9,
[INFO] [stderr]                    from /opt/rustwide/workdir/libazure/DrawTargetRecording.cpp:6:
[INFO] [stderr]   /opt/rustwide/workdir/libazure/mozilla/Attributes.h:419: warning: "MOZ_WARN_UNUSED_RESULT" redefined
[INFO] [stderr]     419 | #  define MOZ_WARN_UNUSED_RESULT __attribute__ ((warn_unused_result))
[INFO] [stderr]         | 
[INFO] [stderr]   <command-line>: note: this is the location of the previous definition
[INFO] [stderr]   In file included from /opt/rustwide/workdir/libazure/mozilla/Assertions.h:16,
[INFO] [stderr]                    from /opt/rustwide/workdir/libazure/BaseRect.h:13,
[INFO] [stderr]                    from /opt/rustwide/workdir/libazure/Rect.h:9,
[INFO] [stderr]                    from /opt/rustwide/workdir/libazure/Blur.h:10,
[INFO] [stderr]                    from /opt/rustwide/workdir/libazure/Blur.cpp:7:
[INFO] [stderr]   /opt/rustwide/workdir/libazure/mozilla/Attributes.h:419: warning: "MOZ_WARN_UNUSED_RESULT" redefined
[INFO] [stderr]     419 | #  define MOZ_WARN_UNUSED_RESULT __attribute__ ((warn_unused_result))
[INFO] [stderr]         | 
[INFO] [stderr]   <command-line>: note: this is the location of the previous definition
[INFO] [stderr]   In file included from /opt/rustwide/workdir/libazure/mozilla/TypedEnumInternal.h:15,
[INFO] [stderr]                    from /opt/rustwide/workdir/libazure/mozilla/TypedEnum.h:12,
[INFO] [stderr]                    from /opt/rustwide/workdir/libazure/Types.h:13,
[INFO] [stderr]                    from /opt/rustwide/workdir/libazure/2D.h:9,
[INFO] [stderr]                    from /opt/rustwide/workdir/libazure/DrawTargetTiled.h:9,
[INFO] [stderr]                    from /opt/rustwide/workdir/libazure/DrawTargetTiled.cpp:9:
[INFO] [stderr]   /opt/rustwide/workdir/libazure/mozilla/Attributes.h:419: warning: "MOZ_WARN_UNUSED_RESULT" redefined
[INFO] [stderr]     419 | #  define MOZ_WARN_UNUSED_RESULT __attribute__ ((warn_unused_result))
[INFO] [stderr]         | 
[INFO] [stderr]   <command-line>: note: this is the location of the previous definition
[INFO] [stderr]   In file included from /opt/rustwide/workdir/libazure/mozilla/TypedEnumInternal.h:15,
[INFO] [stderr]                    from /opt/rustwide/workdir/libazure/mozilla/TypedEnum.h:12,
[INFO] [stderr]                    from /opt/rustwide/workdir/libazure/Types.h:13,
[INFO] [stderr]                    from /opt/rustwide/workdir/libazure/2D.h:9,
[INFO] [stderr]                    from /opt/rustwide/workdir/libazure/Factory.cpp:6:
[INFO] [stderr]   /opt/rustwide/workdir/libazure/mozilla/Attributes.h:419: warning: "MOZ_WARN_UNUSED_RESULT" redefined
[INFO] [stderr]     419 | #  define MOZ_WARN_UNUSED_RESULT __attribute__ ((warn_unused_result))
[INFO] [stderr]         | 
[INFO] [stderr]   <command-line>: note: this is the location of the previous definition
[INFO] [stderr]   In file included from /opt/rustwide/workdir/libazure/mozilla/TypedEnumInternal.h:15,
[INFO] [stderr]                    from /opt/rustwide/workdir/libazure/mozilla/TypedEnum.h:12,
[INFO] [stderr]                    from /opt/rustwide/workdir/libazure/Types.h:13,
[INFO] [stderr]                    from /opt/rustwide/workdir/libazure/2D.h:9,
[INFO] [stderr]                    from /opt/rustwide/workdir/libazure/SourceSurfaceDual.h:9,
[INFO] [stderr]                    from /opt/rustwide/workdir/libazure/DrawTargetDual.h:12,
[INFO] [stderr]                    from /opt/rustwide/workdir/libazure/DrawTargetDual.cpp:6:
[INFO] [stderr]   /opt/rustwide/workdir/libazure/mozilla/Attributes.h:419: warning: "MOZ_WARN_UNUSED_RESULT" redefined
[INFO] [stderr]     419 | #  define MOZ_WARN_UNUSED_RESULT __attribute__ ((warn_unused_result))
[INFO] [stderr]         | 
[INFO] [stderr]   <command-line>: note: this is the location of the previous definition
[INFO] [stderr]   In file included from /opt/rustwide/workdir/libazure/mozilla/TypedEnumInternal.h:15,
[INFO] [stderr]                    from /opt/rustwide/workdir/libazure/mozilla/TypedEnum.h:12,
[INFO] [stderr]                    from /opt/rustwide/workdir/libazure/Types.h:13,
[INFO] [stderr]                    from /opt/rustwide/workdir/libazure/2D.h:9,
[INFO] [stderr]                    from /opt/rustwide/workdir/libazure/FilterProcessing.h:9,
[INFO] [stderr]                    from /opt/rustwide/workdir/libazure/FilterProcessing.cpp:6:
[INFO] [stderr]   /opt/rustwide/workdir/libazure/mozilla/Attributes.h:419: warning: "MOZ_WARN_UNUSED_RESULT" redefined
[INFO] [stderr]     419 | #  define MOZ_WARN_UNUSED_RESULT __attribute__ ((warn_unused_result))
[INFO] [stderr]         | 
[INFO] [stderr]   <command-line>: note: this is the location of the previous definition
[INFO] [stderr]   In file included from /opt/rustwide/workdir/libazure/mozilla/TypedEnumInternal.h:15,
[INFO] [stderr]                    from /opt/rustwide/workdir/libazure/mozilla/TypedEnum.h:12,
[INFO] [stderr]                    from /opt/rustwide/workdir/libazure/Types.h:13,
[INFO] [stderr]                    from /opt/rustwide/workdir/libazure/2D.h:9,
[INFO] [stderr]                    from /opt/rustwide/workdir/libazure/FilterProcessing.h:9,
[INFO] [stderr]                    from /opt/rustwide/workdir/libazure/FilterProcessingSIMD-inl.h:6,
[INFO] [stderr]                    from /opt/rustwide/workdir/libazure/FilterProcessingScalar.cpp:8:
[INFO] [stderr]   /opt/rustwide/workdir/libazure/mozilla/Attributes.h:419: warning: "MOZ_WARN_UNUSED_RESULT" redefined
[INFO] [stderr]     419 | #  define MOZ_WARN_UNUSED_RESULT __attribute__ ((warn_unused_result))
[INFO] [stderr]         | 
[INFO] [stderr]   <command-line>: note: this is the location of the previous definition
[INFO] [stderr]   In file included from /opt/rustwide/workdir/libazure/mozilla/TypedEnumInternal.h:15,
[INFO] [stderr]                    from /opt/rustwide/workdir/libazure/mozilla/TypedEnum.h:12,
[INFO] [stderr]                    from /opt/rustwide/workdir/libazure/Types.h:13,
[INFO] [stderr]                    from /opt/rustwide/workdir/libazure/2D.h:9,
[INFO] [stderr]                    from /opt/rustwide/workdir/libazure/DrawTargetSkia.h:16,
[INFO] [stderr]                    from /opt/rustwide/workdir/libazure/DrawTargetSkia.cpp:6:
[INFO] [stderr]   /opt/rustwide/workdir/libazure/mozilla/Attributes.h:419: warning: "MOZ_WARN_UNUSED_RESULT" redefined
[INFO] [stderr]     419 | #  define MOZ_WARN_UNUSED_RESULT __attribute__ ((warn_unused_result))
[INFO] [stderr]         | 
[INFO] [stderr]   <command-line>: note: this is the location of the previous definition
[INFO] [stderr]   In file included from /opt/rustwide/workdir/libazure/mozilla/TypedEnumInternal.h:15,
[INFO] [stderr]                    from /opt/rustwide/workdir/libazure/mozilla/TypedEnum.h:12,
[INFO] [stderr]                    from /opt/rustwide/workdir/libazure/Types.h:13,
[INFO] [stderr]                    from /opt/rustwide/workdir/libazure/2D.h:9,
[INFO] [stderr]                    from /opt/rustwide/workdir/libazure/DataSurfaceHelpers.h:9,
[INFO] [stderr]                    from /opt/rustwide/workdir/libazure/FilterNodeSoftware.cpp:9:
[INFO] [stderr]   /opt/rustwide/workdir/libazure/mozilla/Attributes.h:419: warning: "MOZ_WARN_UNUSED_RESULT" redefined
[INFO] [stderr]     419 | #  define MOZ_WARN_UNUSED_RESULT __attribute__ ((warn_unused_result))
[INFO] [stderr]         | 
[INFO] [stderr]   <command-line>: note: this is the location of the previous definition
[INFO] [stderr]   In file included from /opt/rustwide/workdir/libazure/DrawTargetCapture.cpp:7:
[INFO] [stderr]   /opt/rustwide/workdir/libazure/DrawCommand.h: In member function 'mozilla::gfx::StoredPattern mozilla::gfx::StoredPattern::operator=(const mozilla::gfx::StoredPattern&)':
[INFO] [stderr]   /opt/rustwide/workdir/libazure/DrawCommand.h:108:3: warning: no return statement in function returning non-void [-Wreturn-type]
[INFO] [stderr]     108 |   }
[INFO] [stderr]         |   ^
[INFO] [stderr]   In file included from /opt/rustwide/workdir/libazure/mozilla/TypedEnumInternal.h:15,
[INFO] [stderr]                    from /opt/rustwide/workdir/libazure/mozilla/TypedEnum.h:12,
[INFO] [stderr]                    from /opt/rustwide/workdir/libazure/Types.h:13,
[INFO] [stderr]                    from /opt/rustwide/workdir/libazure/Matrix.h:9,
[INFO] [stderr]                    from /opt/rustwide/workdir/libazure/Matrix.cpp:6:
[INFO] [stderr]   /opt/rustwide/workdir/libazure/mozilla/Attributes.h:419: warning: "MOZ_WARN_UNUSED_RESULT" redefined
[INFO] [stderr]     419 | #  define MOZ_WARN_UNUSED_RESULT __attribute__ ((warn_unused_result))
[INFO] [stderr]         | 
[INFO] [stderr]   <command-line>: note: this is the location of the previous definition
[INFO] [stderr]   In file included from /opt/rustwide/workdir/libazure/mozilla/TypedEnumInternal.h:15,
[INFO] [stderr]                    from /opt/rustwide/workdir/libazure/mozilla/TypedEnum.h:12,
[INFO] [stderr]                    from /opt/rustwide/workdir/libazure/Types.h:13,
[INFO] [stderr]                    from /opt/rustwide/workdir/libazure/ImageScaling.h:9,
[INFO] [stderr]                    from /opt/rustwide/workdir/libazure/ImageScaling.cpp:6:
[INFO] [stderr]   /opt/rustwide/workdir/libazure/mozilla/Attributes.h:419: warning: "MOZ_WARN_UNUSED_RESULT" redefined
[INFO] [stderr]     419 | #  define MOZ_WARN_UNUSED_RESULT __attribute__ ((warn_unused_result))
[INFO] [stderr]         | 
[INFO] [stderr]   <command-line>: note: this is the location of the previous definition
[INFO] [stderr]   In file included from /opt/rustwide/workdir/libazure/mozilla/TypedEnumInternal.h:15,
[INFO] [stderr]                    from /opt/rustwide/workdir/libazure/mozilla/TypedEnum.h:12,
[INFO] [stderr]                    from /opt/rustwide/workdir/libazure/Types.h:13,
[INFO] [stderr]                    from /opt/rustwide/workdir/libazure/2D.h:9,
[INFO] [stderr]                    from /opt/rustwide/workdir/libazure/Path.cpp:6:
[INFO] [stderr]   /opt/rustwide/workdir/libazure/mozilla/Attributes.h:419: warning: "MOZ_WARN_UNUSED_RESULT" redefined
[INFO] [stderr]     419 | #  define MOZ_WARN_UNUSED_RESULT __attribute__ ((warn_unused_result))
[INFO] [stderr]         | 
[INFO] [stderr]   <command-line>: note: this is the location of the previous definition
[INFO] [stderr]   In file included from /opt/rustwide/workdir/libazure/mozilla/TypedEnumInternal.h:15,
[INFO] [stderr]                    from /opt/rustwide/workdir/libazure/mozilla/TypedEnum.h:12,
[INFO] [stderr]                    from /opt/rustwide/workdir/libazure/Types.h:13,
[INFO] [stderr]                    from /opt/rustwide/workdir/libazure/2D.h:9,
[INFO] [stderr]                    from /opt/rustwide/workdir/libazure/PathHelpers.h:9,
[INFO] [stderr]                    from /opt/rustwide/workdir/libazure/PathHelpers.cpp:6:
[INFO] [stderr]   /opt/rustwide/workdir/libazure/mozilla/Attributes.h:419: warning: "MOZ_WARN_UNUSED_RESULT" redefined
[INFO] [stderr]     419 | #  define MOZ_WARN_UNUSED_RESULT __attribute__ ((warn_unused_result))
[INFO] [stderr]         | 
[INFO] [stderr]   <command-line>: note: this is the location of the previous definition
[INFO] [stderr]   /opt/rustwide/workdir/libazure/Matrix.cpp: In member function 'mozilla::gfx::Rect mozilla::gfx::Matrix4x4::ProjectRectBounds(const Rect&) const':
[INFO] [stderr]   /opt/rustwide/workdir/libazure/Matrix.cpp:140:22: error: 'numeric_limits' is not a member of 'std'
[INFO] [stderr]     140 |   Float min_x = std::numeric_limits<Float>::max();
[INFO] [stderr]         |                      ^~~~~~~~~~~~~~
[INFO] [stderr]   /opt/rustwide/workdir/libazure/Matrix.cpp:140:42: error: expected primary-expression before '>' token
[INFO] [stderr]     140 |   Float min_x = std::numeric_limits<Float>::max();
[INFO] [stderr]         |                                          ^
[INFO] [stderr]   /opt/rustwide/workdir/libazure/Matrix.cpp:140:48: error: no matching function for call to 'max()'
[INFO] [stderr]     140 |   Float min_x = std::numeric_limits<Float>::max();
[INFO] [stderr]         |                                           ~~~~~^~
[INFO] [stderr]   In file included from /usr/include/c++/11/algorithm:61,
[INFO] [stderr]                    from /opt/rustwide/workdir/libazure/BaseRect.h:9,
[INFO] [stderr]                    from /opt/rustwide/workdir/libazure/Rect.h:9,
[INFO] [stderr]                    from /opt/rustwide/workdir/libazure/Matrix.h:10,
[INFO] [stderr]                    from /opt/rustwide/workdir/libazure/Matrix.cpp:6:
[INFO] [stderr]   /usr/include/c++/11/bits/stl_algobase.h:254:5: note: candidate: 'template<class _Tp> const _Tp& std::max(const _Tp&, const _Tp&)'
[INFO] [stderr]     254 |     max(const _Tp& __a, const _Tp& __b)
[INFO] [stderr]         |     ^~~
[INFO] [stderr]   /usr/include/c++/11/bits/stl_algobase.h:254:5: note:   template argument deduction/substitution failed:
[INFO] [stderr]   /opt/rustwide/workdir/libazure/Matrix.cpp:140:48: note:   candidate expects 2 arguments, 0 provided
[INFO] [stderr]     140 |   Float min_x = std::numeric_limits<Float>::max();
[INFO] [stderr]         |                                           ~~~~~^~
[INFO] [stderr]   In file included from /usr/include/c++/11/algorithm:61,
[INFO] [stderr]                    from /opt/rustwide/workdir/libazure/BaseRect.h:9,
[INFO] [stderr]                    from /opt/rustwide/workdir/libazure/Rect.h:9,
[INFO] [stderr]                    from /opt/rustwide/workdir/libazure/Matrix.h:10,
[INFO] [stderr]                    from /opt/rustwide/workdir/libazure/Matrix.cpp:6:
[INFO] [stderr]   /usr/include/c++/11/bits/stl_algobase.h:300:5: note: candidate: 'template<class _Tp, class _Compare> const _Tp& std::max(const _Tp&, const _Tp&, _Compare)'
[INFO] [stderr]     300 |     max(const _Tp& __a, const _Tp& __b, _Compare __comp)
[INFO] [stderr]         |     ^~~
[INFO] [stderr]   /usr/include/c++/11/bits/stl_algobase.h:300:5: note:   template argument deduction/substitution failed:
[INFO] [stderr]   /opt/rustwide/workdir/libazure/Matrix.cpp:140:48: note:   candidate expects 3 arguments, 0 provided
[INFO] [stderr]     140 |   Float min_x = std::numeric_limits<Float>::max();
[INFO] [stderr]         |                                           ~~~~~^~
[INFO] [stderr]   In file included from /usr/include/c++/11/algorithm:62,
[INFO] [stderr]                    from /opt/rustwide/workdir/libazure/BaseRect.h:9,
[INFO] [stderr]                    from /opt/rustwide/workdir/libazure/Rect.h:9,
[INFO] [stderr]                    from /opt/rustwide/workdir/libazure/Matrix.h:10,
[INFO] [stderr]                    from /opt/rustwide/workdir/libazure/Matrix.cpp:6:
[INFO] [stderr]   /usr/include/c++/11/bits/stl_algo.h:3461:5: note: candidate: 'template<class _Tp> _Tp std::max(std::initializer_list<_Tp>)'
[INFO] [stderr]    3461 |     max(initializer_list<_Tp> __l)
[INFO] [stderr]         |     ^~~
[INFO] [stderr]   /usr/include/c++/11/bits/stl_algo.h:3461:5: note:   template argument deduction/substitution failed:
[INFO] [stderr]   /opt/rustwide/workdir/libazure/Matrix.cpp:140:48: note:   candidate expects 1 argument, 0 provided
[INFO] [stderr]     140 |   Float min_x = std::numeric_limits<Float>::max();
[INFO] [stderr]         |                                           ~~~~~^~
[INFO] [stderr]   In file included from /usr/include/c++/11/algorithm:62,
[INFO] [stderr]                    from /opt/rustwide/workdir/libazure/BaseRect.h:9,
[INFO] [stderr]                    from /opt/rustwide/workdir/libazure/Rect.h:9,
[INFO] [stderr]                    from /opt/rustwide/workdir/libazure/Matrix.h:10,
[INFO] [stderr]                    from /opt/rustwide/workdir/libazure/Matrix.cpp:6:
[INFO] [stderr]   /usr/include/c++/11/bits/stl_algo.h:3467:5: note: candidate: 'template<class _Tp, class _Compare> _Tp std::max(std::initializer_list<_Tp>, _Compare)'
[INFO] [stderr]    3467 |     max(initializer_list<_Tp> __l, _Compare __comp)
[INFO] [stderr]         |     ^~~
[INFO] [stderr]   /usr/include/c++/11/bits/stl_algo.h:3467:5: note:   template argument deduction/substitution failed:
[INFO] [stderr]   /opt/rustwide/workdir/libazure/Matrix.cpp:140:48: note:   candidate expects 2 arguments, 0 provided
[INFO] [stderr]     140 |   Float min_x = std::numeric_limits<Float>::max();
[INFO] [stderr]         |                                           ~~~~~^~
[INFO] [stderr]   /opt/rustwide/workdir/libazure/Matrix.cpp:141:22: error: 'numeric_limits' is not a member of 'std'
[INFO] [stderr]     141 |   Float min_y = std::numeric_limits<Float>::max();
[INFO] [stderr]         |                      ^~~~~~~~~~~~~~
[INFO] [stderr]   /opt/rustwide/workdir/libazure/Matrix.cpp:141:42: error: expected primary-expression before '>' token
[INFO] [stderr]     141 |   Float min_y = std::numeric_limits<Float>::max();
[INFO] [stderr]         |                                          ^
[INFO] [stderr]   /opt/rustwide/workdir/libazure/Matrix.cpp:141:48: error: no matching function for call to 'max()'
[INFO] [stderr]     141 |   Float min_y = std::numeric_limits<Float>::max();
[INFO] [stderr]         |                                           ~~~~~^~
[INFO] [stderr]   In file included from /usr/include/c++/11/algorithm:61,
[INFO] [stderr]                    from /opt/rustwide/workdir/libazure/BaseRect.h:9,
[INFO] [stderr]                    from /opt/rustwide/workdir/libazure/Rect.h:9,
[INFO] [stderr]                    from /opt/rustwide/workdir/libazure/Matrix.h:10,
[INFO] [stderr]                    from /opt/rustwide/workdir/libazure/Matrix.cpp:6:
[INFO] [stderr]   /usr/include/c++/11/bits/stl_algobase.h:254:5: note: candidate: 'template<class _Tp> const _Tp& std::max(const _Tp&, const _Tp&)'
[INFO] [stderr]     254 |     max(const _Tp& __a, const _Tp& __b)
[INFO] [stderr]         |     ^~~
[INFO] [stderr]   /usr/include/c++/11/bits/stl_algobase.h:254:5: note:   template argument deduction/substitution failed:
[INFO] [stderr]   /opt/rustwide/workdir/libazure/Matrix.cpp:141:48: note:   candidate expects 2 arguments, 0 provided
[INFO] [stderr]     141 |   Float min_y = std::numeric_limits<Float>::max();
[INFO] [stderr]         |                                           ~~~~~^~
[INFO] [stderr]   In file included from /usr/include/c++/11/algorithm:61,
[INFO] [stderr]                    from /opt/rustwide/workdir/libazure/BaseRect.h:9,
[INFO] [stderr]                    from /opt/rustwide/workdir/libazure/Rect.h:9,
[INFO] [stderr]                    from /opt/rustwide/workdir/libazure/Matrix.h:10,
[INFO] [stderr]                    from /opt/rustwide/workdir/libazure/Matrix.cpp:6:
[INFO] [stderr]   /usr/include/c++/11/bits/stl_algobase.h:300:5: note: candidate: 'template<class _Tp, class _Compare> const _Tp& std::max(const _Tp&, const _Tp&, _Compare)'
[INFO] [stderr]     300 |     max(const _Tp& __a, const _Tp& __b, _Compare __comp)
[INFO] [stderr]         |     ^~~
[INFO] [stderr]   /usr/include/c++/11/bits/stl_algobase.h:300:5: note:   template argument deduction/substitution failed:
[INFO] [stderr]   /opt/rustwide/workdir/libazure/Matrix.cpp:141:48: note:   candidate expects 3 arguments, 0 provided
[INFO] [stderr]     141 |   Float min_y = std::numeric_limits<Float>::max();
[INFO] [stderr]         |                                           ~~~~~^~
[INFO] [stderr]   In file included from /usr/include/c++/11/algorithm:62,
[INFO] [stderr]                    from /opt/rustwide/workdir/libazure/BaseRect.h:9,
[INFO] [stderr]                    from /opt/rustwide/workdir/libazure/Rect.h:9,
[INFO] [stderr]                    from /opt/rustwide/workdir/libazure/Matrix.h:10,
[INFO] [stderr]                    from /opt/rustwide/workdir/libazure/Matrix.cpp:6:
[INFO] [stderr]   /usr/include/c++/11/bits/stl_algo.h:3461:5: note: candidate: 'template<class _Tp> _Tp std::max(std::initializer_list<_Tp>)'
[INFO] [stderr]    3461 |     max(initializer_list<_Tp> __l)
[INFO] [stderr]         |     ^~~
[INFO] [stderr]   /usr/include/c++/11/bits/stl_algo.h:3461:5: note:   template argument deduction/substitution failed:
[INFO] [stderr]   /opt/rustwide/workdir/libazure/Matrix.cpp:141:48: note:   candidate expects 1 argument, 0 provided
[INFO] [stderr]     141 |   Float min_y = std::numeric_limits<Float>::max();
[INFO] [stderr]         |                                           ~~~~~^~
[INFO] [stderr]   In file included from /usr/include/c++/11/algorithm:62,
[INFO] [stderr]                    from /opt/rustwide/workdir/libazure/BaseRect.h:9,
[INFO] [stderr]                    from /opt/rustwide/workdir/libazure/Rect.h:9,
[INFO] [stderr]                    from /opt/rustwide/workdir/libazure/Matrix.h:10,
[INFO] [stderr]                    from /opt/rustwide/workdir/libazure/Matrix.cpp:6:
[INFO] [stderr]   /usr/include/c++/11/bits/stl_algo.h:3467:5: note: candidate: 'template<class _Tp, class _Compare> _Tp std::max(std::initializer_list<_Tp>, _Compare)'
[INFO] [stderr]    3467 |     max(initializer_list<_Tp> __l, _Compare __comp)
[INFO] [stderr]         |     ^~~
[INFO] [stderr]   /usr/include/c++/11/bits/stl_algo.h:3467:5: note:   template argument deduction/substitution failed:
[INFO] [stderr]   /opt/rustwide/workdir/libazure/Matrix.cpp:141:48: note:   candidate expects 2 arguments, 0 provided
[INFO] [stderr]     141 |   Float min_y = std::numeric_limits<Float>::max();
[INFO] [stderr]         |                                           ~~~~~^~
[INFO] [stderr]   /opt/rustwide/workdir/libazure/Matrix.cpp:142:23: error: 'numeric_limits' is not a member of 'std'
[INFO] [stderr]     142 |   Float max_x = -std::numeric_limits<Float>::max();
[INFO] [stderr]         |                       ^~~~~~~~~~~~~~
[INFO] [stderr]   /opt/rustwide/workdir/libazure/Matrix.cpp:142:43: error: expected primary-expression before '>' token
[INFO] [stderr]     142 |   Float max_x = -std::numeric_limits<Float>::max();
[INFO] [stderr]         |                                           ^
[INFO] [stderr]   /opt/rustwide/workdir/libazure/Matrix.cpp:142:49: error: no matching function for call to 'max()'
[INFO] [stderr]     142 |   Float max_x = -std::numeric_limits<Float>::max();
[INFO] [stderr]         |                                            ~~~~~^~
[INFO] [stderr]   In file included from /usr/include/c++/11/algorithm:61,
[INFO] [stderr]                    from /opt/rustwide/workdir/libazure/BaseRect.h:9,
[INFO] [stderr]                    from /opt/rustwide/workdir/libazure/Rect.h:9,
[INFO] [stderr]                    from /opt/rustwide/workdir/libazure/Matrix.h:10,
[INFO] [stderr]                    from /opt/rustwide/workdir/libazure/Matrix.cpp:6:
[INFO] [stderr]   /usr/include/c++/11/bits/stl_algobase.h:254:5: note: candidate: 'template<class _Tp> const _Tp& std::max(const _Tp&, const _Tp&)'
[INFO] [stderr]     254 |     max(const _Tp& __a, const _Tp& __b)
[INFO] [stderr]         |     ^~~
[INFO] [stderr]   /usr/include/c++/11/bits/stl_algobase.h:254:5: note:   template argument deduction/substitution failed:
[INFO] [stderr]   /opt/rustwide/workdir/libazure/Matrix.cpp:142:49: note:   candidate expects 2 arguments, 0 provided
[INFO] [stderr]     142 |   Float max_x = -std::numeric_limits<Float>::max();
[INFO] [stderr]         |                                            ~~~~~^~
[INFO] [stderr]   In file included from /usr/include/c++/11/algorithm:61,
[INFO] [stderr]                    from /opt/rustwide/workdir/libazure/BaseRect.h:9,
[INFO] [stderr]                    from /opt/rustwide/workdir/libazure/Rect.h:9,
[INFO] [stderr]                    from /opt/rustwide/workdir/libazure/Matrix.h:10,
[INFO] [stderr]                    from /opt/rustwide/workdir/libazure/Matrix.cpp:6:
[INFO] [stderr]   /usr/include/c++/11/bits/stl_algobase.h:300:5: note: candidate: 'template<class _Tp, class _Compare> const _Tp& std::max(const _Tp&, const _Tp&, _Compare)'
[INFO] [stderr]     300 |     max(const _Tp& __a, const _Tp& __b, _Compare __comp)
[INFO] [stderr]         |     ^~~
[INFO] [stderr]   /usr/include/c++/11/bits/stl_algobase.h:300:5: note:   template argument deduction/substitution failed:
[INFO] [stderr]   /opt/rustwide/workdir/libazure/Matrix.cpp:142:49: note:   candidate expects 3 arguments, 0 provided
[INFO] [stderr]     142 |   Float max_x = -std::numeric_limits<Float>::max();
[INFO] [stderr]         |                                            ~~~~~^~
[INFO] [stderr]   In file included from /usr/include/c++/11/algorithm:62,
[INFO] [stderr]                    from /opt/rustwide/workdir/libazure/BaseRect.h:9,
[INFO] [stderr]                    from /opt/rustwide/workdir/libazure/Rect.h:9,
[INFO] [stderr]                    from /opt/rustwide/workdir/libazure/Matrix.h:10,
[INFO] [stderr]                    from /opt/rustwide/workdir/libazure/Matrix.cpp:6:
[INFO] [stderr]   /usr/include/c++/11/bits/stl_algo.h:3461:5: note: candidate: 'template<class _Tp> _Tp std::max(std::initializer_list<_Tp>)'
[INFO] [stderr]    3461 |     max(initializer_list<_Tp> __l)
[INFO] [stderr]         |     ^~~
[INFO] [stderr]   /usr/include/c++/11/bits/stl_algo.h:3461:5: note:   template argument deduction/substitution failed:
[INFO] [stderr]   /opt/rustwide/workdir/libazure/Matrix.cpp:142:49: note:   candidate expects 1 argument, 0 provided
[INFO] [stderr]     142 |   Float max_x = -std::numeric_limits<Float>::max();
[INFO] [stderr]         |                                            ~~~~~^~
[INFO] [stderr]   In file included from /usr/include/c++/11/algorithm:62,
[INFO] [stderr]                    from /opt/rustwide/workdir/libazure/BaseRect.h:9,
[INFO] [stderr]                    from /opt/rustwide/workdir/libazure/Rect.h:9,
[INFO] [stderr]                    from /opt/rustwide/workdir/libazure/Matrix.h:10,
[INFO] [stderr]                    from /opt/rustwide/workdir/libazure/Matrix.cpp:6:
[INFO] [stderr]   /usr/include/c++/11/bits/stl_algo.h:3467:5: note: candidate: 'template<class _Tp, class _Compare> _Tp std::max(std::initializer_list<_Tp>, _Compare)'
[INFO] [stderr]    3467 |     max(initializer_list<_Tp> __l, _Compare __comp)
[INFO] [stderr]         |     ^~~
[INFO] [stderr]   /usr/include/c++/11/bits/stl_algo.h:3467:5: note:   template argument deduction/substitution failed:
[INFO] [stderr]   /opt/rustwide/workdir/libazure/Matrix.cpp:142:49: note:   candidate expects 2 arguments, 0 provided
[INFO] [stderr]     142 |   Float max_x = -std::numeric_limits<Float>::max();
[INFO] [stderr]         |                                            ~~~~~^~
[INFO] [stderr]   /opt/rustwide/workdir/libazure/Matrix.cpp:143:23: error: 'numeric_limits' is not a member of 'std'
[INFO] [stderr]     143 |   Float max_y = -std::numeric_limits<Float>::max();
[INFO] [stderr]         |                       ^~~~~~~~~~~~~~
[INFO] [stderr]   /opt/rustwide/workdir/libazure/Matrix.cpp:143:43: error: expected primary-expression before '>' token
[INFO] [stderr]     143 |   Float max_y = -std::numeric_limits<Float>::max();
[INFO] [stderr]         |                                           ^
[INFO] [stderr]   /opt/rustwide/workdir/libazure/Matrix.cpp:143:49: error: no matching function for call to 'max()'
[INFO] [stderr]     143 |   Float max_y = -std::numeric_limits<Float>::max();
[INFO] [stderr]         |                                            ~~~~~^~
[INFO] [stderr]   In file included from /usr/include/c++/11/algorithm:61,
[INFO] [stderr]                    from /opt/rustwide/workdir/libazure/BaseRect.h:9,
[INFO] [stderr]                    from /opt/rustwide/workdir/libazure/Rect.h:9,
[INFO] [stderr]                    from /opt/rustwide/workdir/libazure/Matrix.h:10,
[INFO] [stderr]                    from /opt/rustwide/workdir/libazure/Matrix.cpp:6:
[INFO] [stderr]   /usr/include/c++/11/bits/stl_algobase.h:254:5: note: candidate: 'template<class _Tp> const _Tp& std::max(const _Tp&, const _Tp&)'
[INFO] [stderr]     254 |     max(const _Tp& __a, const _Tp& __b)
[INFO] [stderr]         |     ^~~
[INFO] [stderr]   /usr/include/c++/11/bits/stl_algobase.h:254:5: note:   template argument deduction/substitution failed:
[INFO] [stderr]   /opt/rustwide/workdir/libazure/Matrix.cpp:143:49: note:   candidate expects 2 arguments, 0 provided
[INFO] [stderr]     143 |   Float max_y = -std::numeric_limits<Float>::max();
[INFO] [stderr]         |                                            ~~~~~^~
[INFO] [stderr]   In file included from /usr/include/c++/11/algorithm:61,
[INFO] [stderr]                    from /opt/rustwide/workdir/libazure/BaseRect.h:9,
[INFO] [stderr]                    from /opt/rustwide/workdir/libazure/Rect.h:9,
[INFO] [stderr]                    from /opt/rustwide/workdir/libazure/Matrix.h:10,
[INFO] [stderr]                    from /opt/rustwide/workdir/libazure/Matrix.cpp:6:
[INFO] [stderr]   /usr/include/c++/11/bits/stl_algobase.h:300:5: note: candidate: 'template<class _Tp, class _Compare> const _Tp& std::max(const _Tp&, const _Tp&, _Compare)'
[INFO] [stderr]     300 |     max(const _Tp& __a, const _Tp& __b, _Compare __comp)
[INFO] [stderr]         |     ^~~
[INFO] [stderr]   /usr/include/c++/11/bits/stl_algobase.h:300:5: note:   template argument deduction/substitution failed:
[INFO] [stderr]   /opt/rustwide/workdir/libazure/Matrix.cpp:143:49: note:   candidate expects 3 arguments, 0 provided
[INFO] [stderr]     143 |   Float max_y = -std::numeric_limits<Float>::max();
[INFO] [stderr]         |                                            ~~~~~^~
[INFO] [stderr]   In file included from /usr/include/c++/11/algorithm:62,
[INFO] [stderr]                    from /opt/rustwide/workdir/libazure/BaseRect.h:9,
[INFO] [stderr]                    from /opt/rustwide/workdir/libazure/Rect.h:9,
[INFO] [stderr]                    from /opt/rustwide/workdir/libazure/Matrix.h:10,
[INFO] [stderr]                    from /opt/rustwide/workdir/libazure/Matrix.cpp:6:
[INFO] [stderr]   /usr/include/c++/11/bits/stl_algo.h:3461:5: note: candidate: 'template<class _Tp> _Tp std::max(std::initializer_list<_Tp>)'
[INFO] [stderr]    3461 |     max(initializer_list<_Tp> __l)
[INFO] [stderr]         |     ^~~
[INFO] [stderr]   /usr/include/c++/11/bits/stl_algo.h:3461:5: note:   template argument deduction/substitution failed:
[INFO] [stderr]   /opt/rustwide/workdir/libazure/Matrix.cpp:143:49: note:   candidate expects 1 argument, 0 provided
[INFO] [stderr]     143 |   Float max_y = -std::numeric_limits<Float>::max();
[INFO] [stderr]         |                                            ~~~~~^~
[INFO] [stderr]   In file included from /usr/include/c++/11/algorithm:62,
[INFO] [stderr]                    from /opt/rustwide/workdir/libazure/BaseRect.h:9,
[INFO] [stderr]                    from /opt/rustwide/workdir/libazure/Rect.h:9,
[INFO] [stderr]                    from /opt/rustwide/workdir/libazure/Matrix.h:10,
[INFO] [stderr]                    from /opt/rustwide/workdir/libazure/Matrix.cpp:6:
[INFO] [stderr]   /usr/include/c++/11/bits/stl_algo.h:3467:5: note: candidate: 'template<class _Tp, class _Compare> _Tp std::max(std::initializer_list<_Tp>, _Compare)'
[INFO] [stderr]    3467 |     max(initializer_list<_Tp> __l, _Compare __comp)
[INFO] [stderr]         |     ^~~
[INFO] [stderr]   /usr/include/c++/11/bits/stl_algo.h:3467:5: note:   template argument deduction/substitution failed:
[INFO] [stderr]   /opt/rustwide/workdir/libazure/Matrix.cpp:143:49: note:   candidate expects 2 arguments, 0 provided
[INFO] [stderr]     143 |   Float max_y = -std::numeric_limits<Float>::max();
[INFO] [stderr]         |                                            ~~~~~^~
[INFO] [stderr]   gmake[2]: *** [CMakeFiles/azure.dir/build.make:314: CMakeFiles/azure.dir/libazure/Matrix.cpp.o] Error 1
[INFO] [stderr]   gmake[2]: *** Waiting for unfinished jobs....
[INFO] [stderr]   In file included from /opt/rustwide/workdir/libazure/mozilla/TypedEnumInternal.h:15,
[INFO] [stderr]                    from /opt/rustwide/workdir/libazure/mozilla/TypedEnum.h:12,
[INFO] [stderr]                    from /opt/rustwide/workdir/libazure/Types.h:13,
[INFO] [stderr]                    from /opt/rustwide/workdir/libazure/2D.h:9,
[INFO] [stderr]                    from /opt/rustwide/workdir/libazure/PathRecording.h:9,
[INFO] [stderr]                    from /opt/rustwide/workdir/libazure/PathRecording.cpp:6:
[INFO] [stderr]   /opt/rustwide/workdir/libazure/mozilla/Attributes.h:419: warning: "MOZ_WARN_UNUSED_RESULT" redefined
[INFO] [stderr]     419 | #  define MOZ_WARN_UNUSED_RESULT __attribute__ ((warn_unused_result))
[INFO] [stderr]         | 
[INFO] [stderr]   <command-line>: note: this is the location of the previous definition
[INFO] [stderr]   /opt/rustwide/workdir/src/azure-c.cpp: In function 'AzSurfaceFormat AzSourceSurfaceGetFormat(AzSourceSurfaceRef)':
[INFO] [stderr]   /opt/rustwide/workdir/src/azure-c.cpp:530:1: warning: control reaches end of non-void function [-Wreturn-type]
[INFO] [stderr]     530 | }
[INFO] [stderr]         | ^
[INFO] [stderr]   gmake[1]: *** [CMakeFiles/Makefile2:83: CMakeFiles/azure.dir/all] Error 2
[INFO] [stderr]   gmake: *** [Makefile:136: all] Error 2
[INFO] [stderr]   thread 'main' panicked at '
[INFO] [stderr]   command did not execute successfully, got: exit status: 2
[INFO] [stderr] 
[INFO] [stderr]   build script failed, must exit now', /opt/rustwide/cargo-home/registry/src/github.com-1ecc6299db9ec823/cmake-0.1.50/src/lib.rs:1098:5
[INFO] [stderr]   stack backtrace:
[INFO] [stderr]      0:     0x561db1f2263a - std::backtrace_rs::backtrace::libunwind::trace::ha9053a9a07ca49cb
[INFO] [stderr]                                  at /rustc/84c898d65adf2f39a5a98507f1fe0ce10a2b8dbc/library/std/src/../../backtrace/src/backtrace/libunwind.rs:93:5
[INFO] [stderr]      1:     0x561db1f2263a - std::backtrace_rs::backtrace::trace_unsynchronized::h9c2852a457ad564e
[INFO] [stderr]                                  at /rustc/84c898d65adf2f39a5a98507f1fe0ce10a2b8dbc/library/std/src/../../backtrace/src/backtrace/mod.rs:66:5
[INFO] [stderr]      2:     0x561db1f2263a - std::sys_common::backtrace::_print_fmt::h457936fbfaa0070f
[INFO] [stderr]                                  at /rustc/84c898d65adf2f39a5a98507f1fe0ce10a2b8dbc/library/std/src/sys_common/backtrace.rs:65:5
[INFO] [stderr]      3:     0x561db1f2263a - <std::sys_common::backtrace::_print::DisplayBacktrace as core::fmt::Display>::fmt::h5779d7bf7f70cb0c
[INFO] [stderr]                                  at /rustc/84c898d65adf2f39a5a98507f1fe0ce10a2b8dbc/library/std/src/sys_common/backtrace.rs:44:22
[INFO] [stderr]      4:     0x561db1f4299e - core::fmt::write::h5a4baaff1bcd3eb5
[INFO] [stderr]                                  at /rustc/84c898d65adf2f39a5a98507f1fe0ce10a2b8dbc/library/core/src/fmt/mod.rs:1232:17
[INFO] [stderr]      5:     0x561db1f1f6f5 - std::io::Write::write_fmt::h4bc1f301cb9e9cce
[INFO] [stderr]                                  at /rustc/84c898d65adf2f39a5a98507f1fe0ce10a2b8dbc/library/std/src/io/mod.rs:1684:15
[INFO] [stderr]      6:     0x561db1f22405 - std::sys_common::backtrace::_print::h5fcdc36060f177e8
[INFO] [stderr]                                  at /rustc/84c898d65adf2f39a5a98507f1fe0ce10a2b8dbc/library/std/src/sys_common/backtrace.rs:47:5
[INFO] [stderr]      7:     0x561db1f22405 - std::sys_common::backtrace::print::h54ca9458b876c8bf
[INFO] [stderr]                                  at /rustc/84c898d65adf2f39a5a98507f1fe0ce10a2b8dbc/library/std/src/sys_common/backtrace.rs:34:9
[INFO] [stderr]      8:     0x561db1f23ddf - std::panicking::default_hook::{{closure}}::hbe471161c7664ed6
[INFO] [stderr]                                  at /rustc/84c898d65adf2f39a5a98507f1fe0ce10a2b8dbc/library/std/src/panicking.rs:271:22
[INFO] [stderr]      9:     0x561db1f23b1b - std::panicking::default_hook::ha3500da57aa4ac4f
[INFO] [stderr]                                  at /rustc/84c898d65adf2f39a5a98507f1fe0ce10a2b8dbc/library/std/src/panicking.rs:290:9
[INFO] [stderr]     10:     0x561db1f24388 - std::panicking::rust_panic_with_hook::h50c09d000dc561d2
[INFO] [stderr]                                  at /rustc/84c898d65adf2f39a5a98507f1fe0ce10a2b8dbc/library/std/src/panicking.rs:692:13
[INFO] [stderr]     11:     0x561db1f24289 - std::panicking::begin_panic_handler::{{closure}}::h9e2b2176e00e0d9c
[INFO] [stderr]                                  at /rustc/84c898d65adf2f39a5a98507f1fe0ce10a2b8dbc/library/std/src/panicking.rs:583:13
[INFO] [stderr]     12:     0x561db1f22aa6 - std::sys_common::backtrace::__rust_end_short_backtrace::h5739b8e512c09d02
[INFO] [stderr]                                  at /rustc/84c898d65adf2f39a5a98507f1fe0ce10a2b8dbc/library/std/src/sys_common/backtrace.rs:150:18
[INFO] [stderr]     13:     0x561db1f23f92 - rust_begin_unwind
[INFO] [stderr]                                  at /rustc/84c898d65adf2f39a5a98507f1fe0ce10a2b8dbc/library/std/src/panicking.rs:579:5
[INFO] [stderr]     14:     0x561db1ea67a3 - core::panicking::panic_fmt::hf33a1475b4dc5c3e
[INFO] [stderr]                                  at /rustc/84c898d65adf2f39a5a98507f1fe0ce10a2b8dbc/library/core/src/panicking.rs:64:14
[INFO] [stderr]     15:     0x561db1eb12cf - cmake::fail::he523feb31d426beb
[INFO] [stderr]     16:     0x561db1eb0dc3 - cmake::run::h28b9026df7e93e8d
[INFO] [stderr]     17:     0x561db1ead8f3 - cmake::Config::build::h36ec1f0187cbfcd5
[INFO] [stderr]     18:     0x561db1ea79e8 - build_script_build::main::h73601d226f31bd43
[INFO] [stderr]     19:     0x561db1ea7d73 - core::ops::function::FnOnce::call_once::hf4c7ed44eb3f715b
[INFO] [stderr]     20:     0x561db1ea6e79 - std::sys_common::backtrace::__rust_begin_short_backtrace::h63cc27cb1df104c0
[INFO] [stderr]     21:     0x561db1ea6f69 - std::rt::lang_start::{{closure}}::hcf81c9be0bada17c
[INFO] [stderr]     22:     0x561db1f1b7bc - core::ops::function::impls::<impl core::ops::function::FnOnce<A> for &F>::call_once::hd6efcd3bec896f2c
[INFO] [stderr]                                  at /rustc/84c898d65adf2f39a5a98507f1fe0ce10a2b8dbc/library/core/src/ops/function.rs:287:13
[INFO] [stderr]     23:     0x561db1f1b7bc - std::panicking::try::do_call::hce04e543bb1f4cbb
[INFO] [stderr]                                  at /rustc/84c898d65adf2f39a5a98507f1fe0ce10a2b8dbc/library/std/src/panicking.rs:487:40
[INFO] [stderr]     24:     0x561db1f1b7bc - std::panicking::try::h3342dd4e1f680968
[INFO] [stderr]                                  at /rustc/84c898d65adf2f39a5a98507f1fe0ce10a2b8dbc/library/std/src/panicking.rs:451:19
[INFO] [stderr]     25:     0x561db1f1b7bc - std::panic::catch_unwind::h148ce1e59ac0cee7
[INFO] [stderr]                                  at /rustc/84c898d65adf2f39a5a98507f1fe0ce10a2b8dbc/library/std/src/panic.rs:140:14
[INFO] [stderr]     26:     0x561db1f1b7bc - std::rt::lang_start_internal::{{closure}}::h25f9dda2057a67fe
[INFO] [stderr]                                  at /rustc/84c898d65adf2f39a5a98507f1fe0ce10a2b8dbc/library/std/src/rt.rs:148:48
[INFO] [stderr]     27:     0x561db1f1b7bc - std::panicking::try::do_call::h7caaaeaf9401650b
[INFO] [stderr]                                  at /rustc/84c898d65adf2f39a5a98507f1fe0ce10a2b8dbc/library/std/src/panicking.rs:487:40
[INFO] [stderr]     28:     0x561db1f1b7bc - std::panicking::try::he7d15285746cbbc2
[INFO] [stderr]                                  at /rustc/84c898d65adf2f39a5a98507f1fe0ce10a2b8dbc/library/std/src/panicking.rs:451:19
[INFO] [stderr]     29:     0x561db1f1b7bc - std::panic::catch_unwind::h89fb4f50c0301fe0
[INFO] [stderr]                                  at /rustc/84c898d65adf2f39a5a98507f1fe0ce10a2b8dbc/library/std/src/panic.rs:140:14
[INFO] [stderr]     30:     0x561db1f1b7bc - std::rt::lang_start_internal::h078acd489417d3c1
[INFO] [stderr]                                  at /rustc/84c898d65adf2f39a5a98507f1fe0ce10a2b8dbc/library/std/src/rt.rs:148:20
[INFO] [stderr]     31:     0x561db1ea6f47 - std::rt::lang_start::hf17b5475fe6cde3a
[INFO] [stderr]     32:     0x561db1ea7d15 - main
[INFO] [stderr]     33:     0x7f68c1ad0d90 - <unknown>
[INFO] [stderr]     34:     0x7f68c1ad0e40 - __libc_start_main
[INFO] [stderr]     35:     0x561db1ea6d25 - _start
[INFO] [stderr]     36:                0x0 - <unknown>
[INFO] running `Command { std: "docker" "inspect" "3b8816685af896b3dfd7bf88e00ddf0ac8cc781be0904013f2ab736d09e8c0ac", kill_on_drop: false }`
[INFO] running `Command { std: "docker" "rm" "-f" "3b8816685af896b3dfd7bf88e00ddf0ac8cc781be0904013f2ab736d09e8c0ac", kill_on_drop: false }`
[INFO] [stdout] 3b8816685af896b3dfd7bf88e00ddf0ac8cc781be0904013f2ab736d09e8c0ac
