[INFO] fetching crate aya-ufmt 0.1.0...
[INFO] testing aya-ufmt-0.1.0 against 1.69.0 for beta-1.70-1
[INFO] extracting crate aya-ufmt 0.1.0 into /workspace/builds/worker-7-tc1/source
[INFO] validating manifest of crates.io crate aya-ufmt 0.1.0 on toolchain 1.69.0
[INFO] running `Command { std: CARGO_HOME="/workspace/cargo-home" RUSTUP_HOME="/workspace/rustup-home" "/workspace/cargo-home/bin/cargo" "+1.69.0" "metadata" "--manifest-path" "Cargo.toml" "--no-deps", kill_on_drop: false }`
[INFO] started tweaking crates.io crate aya-ufmt 0.1.0
[INFO] removed 0 missing tests
[INFO] finished tweaking crates.io crate aya-ufmt 0.1.0
[INFO] tweaked toml for crates.io crate aya-ufmt 0.1.0 written to /workspace/builds/worker-7-tc1/source/Cargo.toml
[INFO] running `Command { std: CARGO_HOME="/workspace/cargo-home" RUSTUP_HOME="/workspace/rustup-home" __CARGO_TEST_CHANNEL_OVERRIDE_DO_NOT_USE_THIS="nightly" "/workspace/cargo-home/bin/cargo" "+1.69.0" "generate-lockfile" "--manifest-path" "Cargo.toml" "-Zno-index-update", kill_on_drop: false }`
[INFO] running `Command { std: CARGO_HOME="/workspace/cargo-home" RUSTUP_HOME="/workspace/rustup-home" "/workspace/cargo-home/bin/cargo" "+1.69.0" "fetch" "--manifest-path" "Cargo.toml", kill_on_drop: false }`
[INFO] [stderr]  Downloading crates ...
[INFO] [stderr]   Downloaded ufmt-macros v0.1.2
[INFO] [stderr]   Downloaded ufmt-write v0.1.0
[INFO] running `Command { std: "docker" "create" "-v" "/var/lib/crater-agent-workspace/builds/worker-7-tc1/target:/opt/rustwide/target:rw,Z" "-v" "/var/lib/crater-agent-workspace/builds/worker-7-tc1/source:/opt/rustwide/workdir:ro,Z" "-v" "/var/lib/crater-agent-workspace/cargo-home:/opt/rustwide/cargo-home:ro,Z" "-v" "/var/lib/crater-agent-workspace/rustup-home:/opt/rustwide/rustup-home:ro,Z" "-e" "SOURCE_DIR=/opt/rustwide/workdir" "-e" "CARGO_TARGET_DIR=/opt/rustwide/target" "-e" "CARGO_HOME=/opt/rustwide/cargo-home" "-e" "RUSTUP_HOME=/opt/rustwide/rustup-home" "-w" "/opt/rustwide/workdir" "-m" "1610612736" "--user" "0:0" "--network" "none" "ghcr.io/rust-lang/crates-build-env/linux@sha256:5ff2268d62e97bff2cde7d5815dd6ed5b47097566f13b8d0ca110b04b60e07ed" "/opt/rustwide/cargo-home/bin/cargo" "+1.69.0" "metadata" "--no-deps" "--format-version=1", kill_on_drop: false }`
[INFO] [stdout] 9680d458c4f825bcd289f8388a37184040a08c620cda84b2dec1473d75664802
[INFO] running `Command { std: "docker" "start" "-a" "9680d458c4f825bcd289f8388a37184040a08c620cda84b2dec1473d75664802", kill_on_drop: false }`
[INFO] running `Command { std: "docker" "inspect" "9680d458c4f825bcd289f8388a37184040a08c620cda84b2dec1473d75664802", kill_on_drop: false }`
[INFO] running `Command { std: "docker" "rm" "-f" "9680d458c4f825bcd289f8388a37184040a08c620cda84b2dec1473d75664802", kill_on_drop: false }`
[INFO] [stdout] 9680d458c4f825bcd289f8388a37184040a08c620cda84b2dec1473d75664802
[INFO] running `Command { std: "docker" "create" "-v" "/var/lib/crater-agent-workspace/builds/worker-7-tc1/target:/opt/rustwide/target:rw,Z" "-v" "/var/lib/crater-agent-workspace/builds/worker-7-tc1/source:/opt/rustwide/workdir:ro,Z" "-v" "/var/lib/crater-agent-workspace/cargo-home:/opt/rustwide/cargo-home:ro,Z" "-v" "/var/lib/crater-agent-workspace/rustup-home:/opt/rustwide/rustup-home:ro,Z" "-e" "SOURCE_DIR=/opt/rustwide/workdir" "-e" "CARGO_TARGET_DIR=/opt/rustwide/target" "-e" "CARGO_INCREMENTAL=0" "-e" "RUST_BACKTRACE=full" "-e" "RUSTFLAGS=--cap-lints=warn" "-e" "RUSTDOCFLAGS=--cap-lints=warn" "-e" "CARGO_HOME=/opt/rustwide/cargo-home" "-e" "RUSTUP_HOME=/opt/rustwide/rustup-home" "-w" "/opt/rustwide/workdir" "-m" "1610612736" "--user" "0:0" "--network" "none" "ghcr.io/rust-lang/crates-build-env/linux@sha256:5ff2268d62e97bff2cde7d5815dd6ed5b47097566f13b8d0ca110b04b60e07ed" "/opt/rustwide/cargo-home/bin/cargo" "+1.69.0" "build" "--frozen" "--message-format=json", kill_on_drop: false }`
[INFO] [stdout] f09787b957ade88e59157de2c46176d28a7712ffcccc15f184594044f270ec6b
[INFO] running `Command { std: "docker" "start" "-a" "f09787b957ade88e59157de2c46176d28a7712ffcccc15f184594044f270ec6b", kill_on_drop: false }`
[INFO] [stderr]    Compiling proc-macro-hack v0.5.20+deprecated
[INFO] [stderr]    Compiling ufmt-write v0.1.0
[INFO] [stderr]    Compiling ufmt-macros v0.1.2
[INFO] [stderr]    Compiling aya-ufmt v0.1.0 (/opt/rustwide/workdir)
[INFO] [stderr]     Finished dev [unoptimized + debuginfo] target(s) in 2.10s
[INFO] running `Command { std: "docker" "inspect" "f09787b957ade88e59157de2c46176d28a7712ffcccc15f184594044f270ec6b", kill_on_drop: false }`
[INFO] running `Command { std: "docker" "rm" "-f" "f09787b957ade88e59157de2c46176d28a7712ffcccc15f184594044f270ec6b", kill_on_drop: false }`
[INFO] [stdout] f09787b957ade88e59157de2c46176d28a7712ffcccc15f184594044f270ec6b
[INFO] running `Command { std: "docker" "create" "-v" "/var/lib/crater-agent-workspace/builds/worker-7-tc1/target:/opt/rustwide/target:rw,Z" "-v" "/var/lib/crater-agent-workspace/builds/worker-7-tc1/source:/opt/rustwide/workdir:ro,Z" "-v" "/var/lib/crater-agent-workspace/cargo-home:/opt/rustwide/cargo-home:ro,Z" "-v" "/var/lib/crater-agent-workspace/rustup-home:/opt/rustwide/rustup-home:ro,Z" "-e" "SOURCE_DIR=/opt/rustwide/workdir" "-e" "CARGO_TARGET_DIR=/opt/rustwide/target" "-e" "CARGO_INCREMENTAL=0" "-e" "RUST_BACKTRACE=full" "-e" "RUSTFLAGS=--cap-lints=warn" "-e" "RUSTDOCFLAGS=--cap-lints=warn" "-e" "CARGO_HOME=/opt/rustwide/cargo-home" "-e" "RUSTUP_HOME=/opt/rustwide/rustup-home" "-w" "/opt/rustwide/workdir" "-m" "1610612736" "--user" "0:0" "--network" "none" "ghcr.io/rust-lang/crates-build-env/linux@sha256:5ff2268d62e97bff2cde7d5815dd6ed5b47097566f13b8d0ca110b04b60e07ed" "/opt/rustwide/cargo-home/bin/cargo" "+1.69.0" "test" "--frozen" "--no-run" "--message-format=json", kill_on_drop: false }`
[INFO] [stdout] a74065d9a13dd97bf084af8879b364e0028aefa64fe1cbe514f4eba79dfdde42
[INFO] running `Command { std: "docker" "start" "-a" "a74065d9a13dd97bf084af8879b364e0028aefa64fe1cbe514f4eba79dfdde42", kill_on_drop: false }`
[INFO] [stderr]    Compiling aya-ufmt v0.1.0 (/opt/rustwide/workdir)
[INFO] [stderr]     Finished test [unoptimized + debuginfo] target(s) in 0.38s
[INFO] running `Command { std: "docker" "inspect" "a74065d9a13dd97bf084af8879b364e0028aefa64fe1cbe514f4eba79dfdde42", kill_on_drop: false }`
[INFO] running `Command { std: "docker" "rm" "-f" "a74065d9a13dd97bf084af8879b364e0028aefa64fe1cbe514f4eba79dfdde42", kill_on_drop: false }`
[INFO] [stdout] a74065d9a13dd97bf084af8879b364e0028aefa64fe1cbe514f4eba79dfdde42
[INFO] running `Command { std: "docker" "create" "-v" "/var/lib/crater-agent-workspace/builds/worker-7-tc1/target:/opt/rustwide/target:rw,Z" "-v" "/var/lib/crater-agent-workspace/builds/worker-7-tc1/source:/opt/rustwide/workdir:ro,Z" "-v" "/var/lib/crater-agent-workspace/cargo-home:/opt/rustwide/cargo-home:ro,Z" "-v" "/var/lib/crater-agent-workspace/rustup-home:/opt/rustwide/rustup-home:ro,Z" "-e" "SOURCE_DIR=/opt/rustwide/workdir" "-e" "CARGO_TARGET_DIR=/opt/rustwide/target" "-e" "CARGO_INCREMENTAL=0" "-e" "RUST_BACKTRACE=full" "-e" "RUSTFLAGS=--cap-lints=warn" "-e" "RUSTDOCFLAGS=--cap-lints=warn" "-e" "CARGO_HOME=/opt/rustwide/cargo-home" "-e" "RUSTUP_HOME=/opt/rustwide/rustup-home" "-w" "/opt/rustwide/workdir" "-m" "1610612736" "--user" "0:0" "--network" "none" "ghcr.io/rust-lang/crates-build-env/linux@sha256:5ff2268d62e97bff2cde7d5815dd6ed5b47097566f13b8d0ca110b04b60e07ed" "/opt/rustwide/cargo-home/bin/cargo" "+1.69.0" "test" "--frozen", kill_on_drop: false }`
[INFO] [stdout] 3190f49bfd466b6ad7daf89477e29861abe4dd12fc514fcef374e2051f61b94a
[INFO] running `Command { std: "docker" "start" "-a" "3190f49bfd466b6ad7daf89477e29861abe4dd12fc514fcef374e2051f61b94a", kill_on_drop: false }`
[INFO] [stderr]     Finished test [unoptimized + debuginfo] target(s) in 0.01s
[INFO] [stderr]      Running unittests src/lib.rs (/opt/rustwide/target/debug/deps/aya_ufmt-29d9755dced194ad)
[INFO] [stdout] 
[INFO] [stdout] running 0 tests
[INFO] [stdout] 
[INFO] [stdout] test result: ok. 0 passed; 0 failed; 0 ignored; 0 measured; 0 filtered out; finished in 0.00s
[INFO] [stdout] 
[INFO] [stderr]    Doc-tests aya-ufmt
[INFO] [stdout] 
[INFO] [stdout] running 5 tests
[INFO] [stdout] test src/lib.rs - (line 135) ... ignored
[INFO] [stdout] test src/lib.rs - (line 158) ... FAILED
[INFO] [stdout] test src/lib.rs - (line 43) ... FAILED
[INFO] [stdout] test src/lib.rs - (line 60) ... ok
[INFO] [stdout] test src/lib.rs - (line 86) ... ok
[INFO] [stderr] error: doctest failed, to rerun pass `--doc`
[INFO] [stdout] 
[INFO] [stdout] failures:
[INFO] [stdout] 
[INFO] [stdout] ---- src/lib.rs - (line 158) stdout ----
[INFO] [stdout] error[E0432]: unresolved import `ufmt`
[INFO] [stdout]  --> src/lib.rs:161:5
[INFO] [stdout]   |
[INFO] [stdout] 5 | use ufmt::uWrite;
[INFO] [stdout]   |     ^^^^ use of undeclared crate or module `ufmt`
[INFO] [stdout] 
[INFO] [stdout] error: aborting due to previous error
[INFO] [stdout] 
[INFO] [stdout] For more information about this error, try `rustc --explain E0432`.
[INFO] [stdout] Couldn't compile the test.
[INFO] [stdout] ---- src/lib.rs - (line 43) stdout ----
[INFO] [stdout] error[E0433]: failed to resolve: use of undeclared crate or module `ufmt`
[INFO] [stdout]  --> src/lib.rs:44:5
[INFO] [stdout]   |
[INFO] [stdout] 3 | use ufmt::{derive::uDebug, uwrite};
[INFO] [stdout]   |     ^^^^ use of undeclared crate or module `ufmt`
[INFO] [stdout] 
[INFO] [stdout] error[E0432]: unresolved import `ufmt`
[INFO] [stdout]  --> src/lib.rs:44:5
[INFO] [stdout]   |
[INFO] [stdout] 3 | use ufmt::{derive::uDebug, uwrite};
[INFO] [stdout]   |     ^^^^ use of undeclared crate or module `ufmt`
[INFO] [stdout] 
[INFO] [stdout] error: cannot determine resolution for the derive macro `uDebug`
[INFO] [stdout]  --> src/lib.rs:46:10
[INFO] [stdout]   |
[INFO] [stdout] 5 | #[derive(uDebug)]
[INFO] [stdout]   |          ^^^^^^
[INFO] [stdout]   |
[INFO] [stdout]   = note: import resolution is stuck, try simplifying macro imports
[INFO] [stdout] 
[INFO] [stdout] error: cannot determine resolution for the macro `uwrite`
[INFO] [stdout]   --> src/lib.rs:51:1
[INFO] [stdout]    |
[INFO] [stdout] 10 | uwrite!(s, "{:?}", pair).unwrap();
[INFO] [stdout]    | ^^^^^^
[INFO] [stdout]    |
[INFO] [stdout]    = note: import resolution is stuck, try simplifying macro imports
[INFO] [stdout] 
[INFO] [stdout] error: aborting due to 4 previous errors
[INFO] [stdout] 
[INFO] [stdout] Some errors have detailed explanations: E0432, E0433.
[INFO] [stdout] For more information about an error, try `rustc --explain E0432`.
[INFO] [stdout] Couldn't compile the test.
[INFO] [stdout] 
[INFO] [stdout] failures:
[INFO] [stdout]     src/lib.rs - (line 158)
[INFO] [stdout]     src/lib.rs - (line 43)
[INFO] [stdout] 
[INFO] [stdout] test result: FAILED. 2 passed; 2 failed; 1 ignored; 0 measured; 0 filtered out; finished in 0.28s
[INFO] [stdout] 
[INFO] running `Command { std: "docker" "inspect" "3190f49bfd466b6ad7daf89477e29861abe4dd12fc514fcef374e2051f61b94a", kill_on_drop: false }`
[INFO] running `Command { std: "docker" "rm" "-f" "3190f49bfd466b6ad7daf89477e29861abe4dd12fc514fcef374e2051f61b94a", kill_on_drop: false }`
[INFO] [stdout] 3190f49bfd466b6ad7daf89477e29861abe4dd12fc514fcef374e2051f61b94a
