[INFO] fetching crate axum 0.6.17...
[INFO] testing axum-0.6.17 against 1.69.0 for beta-1.70-1
[INFO] extracting crate axum 0.6.17 into /workspace/builds/worker-4-tc1/source
[INFO] validating manifest of crates.io crate axum 0.6.17 on toolchain 1.69.0
[INFO] running `Command { std: CARGO_HOME="/workspace/cargo-home" RUSTUP_HOME="/workspace/rustup-home" "/workspace/cargo-home/bin/cargo" "+1.69.0" "metadata" "--manifest-path" "Cargo.toml" "--no-deps", kill_on_drop: false }`
[INFO] started tweaking crates.io crate axum 0.6.17
[INFO] finished tweaking crates.io crate axum 0.6.17
[INFO] tweaked toml for crates.io crate axum 0.6.17 written to /workspace/builds/worker-4-tc1/source/Cargo.toml
[INFO] running `Command { std: CARGO_HOME="/workspace/cargo-home" RUSTUP_HOME="/workspace/rustup-home" __CARGO_TEST_CHANNEL_OVERRIDE_DO_NOT_USE_THIS="nightly" "/workspace/cargo-home/bin/cargo" "+1.69.0" "generate-lockfile" "--manifest-path" "Cargo.toml" "-Zno-index-update", kill_on_drop: false }`
[INFO] running `Command { std: CARGO_HOME="/workspace/cargo-home" RUSTUP_HOME="/workspace/rustup-home" "/workspace/cargo-home/bin/cargo" "+1.69.0" "fetch" "--manifest-path" "Cargo.toml", kill_on_drop: false }`
[INFO] [stderr]  Downloading crates ...
[INFO] [stderr]   Downloaded matchit v0.7.0
[INFO] [stderr]   Downloaded sync_wrapper v0.1.2
[INFO] [stderr]   Downloaded serde_path_to_error v0.1.11
[INFO] [stderr]   Downloaded axum-macros v0.3.7
[INFO] [stderr]   Downloaded axum-core v0.3.4
[INFO] [stderr]   Downloaded http-range-header v0.3.0
[INFO] [stderr]   Downloaded tower-http v0.4.0
[INFO] [stderr]   Downloaded base64 v0.20.0
[INFO] [stderr]   Downloaded iri-string v0.7.0
[INFO] [stderr]   Downloaded hdrhistogram v7.5.2
[INFO] running `Command { std: "docker" "create" "-v" "/var/lib/crater-agent-workspace/builds/worker-4-tc1/target:/opt/rustwide/target:rw,Z" "-v" "/var/lib/crater-agent-workspace/builds/worker-4-tc1/source:/opt/rustwide/workdir:ro,Z" "-v" "/var/lib/crater-agent-workspace/cargo-home:/opt/rustwide/cargo-home:ro,Z" "-v" "/var/lib/crater-agent-workspace/rustup-home:/opt/rustwide/rustup-home:ro,Z" "-e" "SOURCE_DIR=/opt/rustwide/workdir" "-e" "CARGO_TARGET_DIR=/opt/rustwide/target" "-e" "CARGO_HOME=/opt/rustwide/cargo-home" "-e" "RUSTUP_HOME=/opt/rustwide/rustup-home" "-w" "/opt/rustwide/workdir" "-m" "1610612736" "--user" "0:0" "--network" "none" "ghcr.io/rust-lang/crates-build-env/linux@sha256:5ff2268d62e97bff2cde7d5815dd6ed5b47097566f13b8d0ca110b04b60e07ed" "/opt/rustwide/cargo-home/bin/cargo" "+1.69.0" "metadata" "--no-deps" "--format-version=1", kill_on_drop: false }`
[INFO] [stdout] 1b10d08430b96223a21abaece0c71e8d7d2065baff4a321bcdd1c22a2658eecb
[INFO] running `Command { std: "docker" "start" "-a" "1b10d08430b96223a21abaece0c71e8d7d2065baff4a321bcdd1c22a2658eecb", kill_on_drop: false }`
[INFO] running `Command { std: "docker" "inspect" "1b10d08430b96223a21abaece0c71e8d7d2065baff4a321bcdd1c22a2658eecb", kill_on_drop: false }`
[INFO] running `Command { std: "docker" "rm" "-f" "1b10d08430b96223a21abaece0c71e8d7d2065baff4a321bcdd1c22a2658eecb", kill_on_drop: false }`
[INFO] [stdout] 1b10d08430b96223a21abaece0c71e8d7d2065baff4a321bcdd1c22a2658eecb
[INFO] running `Command { std: "docker" "create" "-v" "/var/lib/crater-agent-workspace/builds/worker-4-tc1/target:/opt/rustwide/target:rw,Z" "-v" "/var/lib/crater-agent-workspace/builds/worker-4-tc1/source:/opt/rustwide/workdir:ro,Z" "-v" "/var/lib/crater-agent-workspace/cargo-home:/opt/rustwide/cargo-home:ro,Z" "-v" "/var/lib/crater-agent-workspace/rustup-home:/opt/rustwide/rustup-home:ro,Z" "-e" "SOURCE_DIR=/opt/rustwide/workdir" "-e" "CARGO_TARGET_DIR=/opt/rustwide/target" "-e" "CARGO_INCREMENTAL=0" "-e" "RUST_BACKTRACE=full" "-e" "RUSTFLAGS=--cap-lints=warn" "-e" "RUSTDOCFLAGS=--cap-lints=warn" "-e" "CARGO_HOME=/opt/rustwide/cargo-home" "-e" "RUSTUP_HOME=/opt/rustwide/rustup-home" "-w" "/opt/rustwide/workdir" "-m" "1610612736" "--user" "0:0" "--network" "none" "ghcr.io/rust-lang/crates-build-env/linux@sha256:5ff2268d62e97bff2cde7d5815dd6ed5b47097566f13b8d0ca110b04b60e07ed" "/opt/rustwide/cargo-home/bin/cargo" "+1.69.0" "build" "--frozen" "--message-format=json", kill_on_drop: false }`
[INFO] [stdout] 97ad6b7c9641fb4f453160681434ec0e1450f6e2e43297875508123404263090
[INFO] running `Command { std: "docker" "start" "-a" "97ad6b7c9641fb4f453160681434ec0e1450f6e2e43297875508123404263090", kill_on_drop: false }`
[INFO] [stderr]    Compiling log v0.4.17
[INFO] [stderr]    Compiling rustversion v1.0.12
[INFO] [stderr]    Compiling serde v1.0.160
[INFO] [stderr]    Compiling syn v1.0.109
[INFO] [stderr]    Compiling tokio v1.28.0
[INFO] [stderr]    Compiling async-trait v0.1.68
[INFO] [stderr]    Compiling tracing-core v0.1.30
[INFO] [stderr]    Compiling serde_json v1.0.96
[INFO] [stderr]    Compiling syn v2.0.15
[INFO] [stderr]    Compiling mime v0.3.17
[INFO] [stderr]    Compiling matchit v0.7.0
[INFO] [stderr]    Compiling sync_wrapper v0.1.2
[INFO] [stderr]    Compiling mio v0.8.6
[INFO] [stderr]    Compiling tracing v0.1.37
[INFO] [stderr]    Compiling want v0.3.0
[INFO] [stderr]    Compiling axum-core v0.3.4
[INFO] [stderr]    Compiling axum v0.6.17 (/opt/rustwide/workdir)
[INFO] [stderr]    Compiling hyper v0.14.26
[INFO] [stderr]    Compiling serde_urlencoded v0.7.1
[INFO] [stderr]    Compiling serde_path_to_error v0.1.11
[INFO] [stderr]    Compiling pin-project-internal v1.0.12
[INFO] [stderr]    Compiling pin-project v1.0.12
[INFO] [stderr]    Compiling tower v0.4.13
[INFO] [stderr]     Finished dev [unoptimized + debuginfo] target(s) in 16.62s
[INFO] running `Command { std: "docker" "inspect" "97ad6b7c9641fb4f453160681434ec0e1450f6e2e43297875508123404263090", kill_on_drop: false }`
[INFO] running `Command { std: "docker" "rm" "-f" "97ad6b7c9641fb4f453160681434ec0e1450f6e2e43297875508123404263090", kill_on_drop: false }`
[INFO] [stdout] 97ad6b7c9641fb4f453160681434ec0e1450f6e2e43297875508123404263090
[INFO] running `Command { std: "docker" "create" "-v" "/var/lib/crater-agent-workspace/builds/worker-4-tc1/target:/opt/rustwide/target:rw,Z" "-v" "/var/lib/crater-agent-workspace/builds/worker-4-tc1/source:/opt/rustwide/workdir:ro,Z" "-v" "/var/lib/crater-agent-workspace/cargo-home:/opt/rustwide/cargo-home:ro,Z" "-v" "/var/lib/crater-agent-workspace/rustup-home:/opt/rustwide/rustup-home:ro,Z" "-e" "SOURCE_DIR=/opt/rustwide/workdir" "-e" "CARGO_TARGET_DIR=/opt/rustwide/target" "-e" "CARGO_INCREMENTAL=0" "-e" "RUST_BACKTRACE=full" "-e" "RUSTFLAGS=--cap-lints=warn" "-e" "RUSTDOCFLAGS=--cap-lints=warn" "-e" "CARGO_HOME=/opt/rustwide/cargo-home" "-e" "RUSTUP_HOME=/opt/rustwide/rustup-home" "-w" "/opt/rustwide/workdir" "-m" "1610612736" "--user" "0:0" "--network" "none" "ghcr.io/rust-lang/crates-build-env/linux@sha256:5ff2268d62e97bff2cde7d5815dd6ed5b47097566f13b8d0ca110b04b60e07ed" "/opt/rustwide/cargo-home/bin/cargo" "+1.69.0" "test" "--frozen" "--no-run" "--message-format=json", kill_on_drop: false }`
[INFO] [stdout] af5092db725a0d4010e2cbe3773a527a9a07d3f232b4e0d859f6ec9443db1d05
[INFO] running `Command { std: "docker" "start" "-a" "af5092db725a0d4010e2cbe3773a527a9a07d3f232b4e0d859f6ec9443db1d05", kill_on_drop: false }`
[INFO] [stderr]    Compiling serde v1.0.160
[INFO] [stderr]    Compiling futures-task v0.3.28
[INFO] [stderr]    Compiling tracing-core v0.1.30
[INFO] [stderr]    Compiling tokio v1.28.0
[INFO] [stderr]    Compiling futures-util v0.3.28
[INFO] [stderr]    Compiling unicase v2.6.0
[INFO] [stderr]    Compiling getrandom v0.2.9
[INFO] [stderr]    Compiling crc32fast v1.3.2
[INFO] [stderr]    Compiling tinyvec_macros v0.1.1
[INFO] [stderr]    Compiling alloc-no-stdlib v2.0.4
[INFO] [stderr]    Compiling miniz_oxide v0.7.1
[INFO] [stderr]    Compiling unicode-bidi v0.3.13
[INFO] [stderr]    Compiling regex-syntax v0.7.1
[INFO] [stderr]    Compiling async-trait v0.1.68
[INFO] [stderr]    Compiling anyhow v1.0.71
[INFO] [stderr]    Compiling encoding_rs v0.8.32
[INFO] [stderr]    Compiling tinyvec v1.6.0
[INFO] [stderr]    Compiling alloc-stdlib v0.2.2
[INFO] [stderr]    Compiling brotli-decompressor v2.3.4
[INFO] [stderr]    Compiling rand_core v0.6.4
[INFO] [stderr]    Compiling base64 v0.20.0
[INFO] [stderr]    Compiling tracing v0.1.37
[INFO] [stderr]    Compiling tracing-log v0.1.3
[INFO] [stderr]    Compiling flate2 v1.0.26
[INFO] [stderr]    Compiling rand v0.8.5
[INFO] [stderr]    Compiling mime_guess v2.0.4
[INFO] [stderr]    Compiling unicode-normalization v0.1.22
[INFO] [stderr]    Compiling http-range-header v0.3.0
[INFO] [stderr]    Compiling iri-string v0.7.0
[INFO] [stderr]    Compiling ipnet v2.7.2
[INFO] [stderr]    Compiling heck v0.4.1
[INFO] [stderr]    Compiling brotli v3.3.4
[INFO] [stderr]    Compiling quickcheck_macros v1.0.0
[INFO] [stderr]    Compiling regex v1.8.1
[INFO] [stderr]    Compiling idna v0.3.0
[INFO] [stderr]    Compiling axum-macros v0.3.7
[INFO] [stderr]    Compiling url v2.3.1
[INFO] [stderr]    Compiling axum-core v0.3.4
[INFO] [stderr]    Compiling env_logger v0.8.4
[INFO] [stderr]    Compiling quickcheck v1.0.3
[INFO] [stderr]    Compiling serde_json v1.0.96
[INFO] [stderr]    Compiling serde_urlencoded v0.7.1
[INFO] [stderr]    Compiling serde_path_to_error v0.1.11
[INFO] [stderr]    Compiling uuid v1.3.2
[INFO] [stderr]    Compiling tracing-serde v0.1.3
[INFO] [stderr]    Compiling time v0.3.20
[INFO] [stderr]    Compiling tokio-util v0.7.8
[INFO] [stderr]    Compiling tokio-stream v0.1.14
[INFO] [stderr]    Compiling tracing-subscriber v0.3.17
[INFO] [stderr]    Compiling h2 v0.3.18
[INFO] [stderr]    Compiling tower v0.4.13
[INFO] [stderr]    Compiling async-compression v0.3.15
[INFO] [stderr]    Compiling tower-http v0.4.0
[INFO] [stderr]    Compiling hyper v0.14.26
[INFO] [stderr]    Compiling reqwest v0.11.17
[INFO] [stderr]    Compiling axum v0.6.17 (/opt/rustwide/workdir)
[INFO] [stderr]     Finished test [unoptimized + debuginfo] target(s) in 58.06s
[INFO] running `Command { std: "docker" "inspect" "af5092db725a0d4010e2cbe3773a527a9a07d3f232b4e0d859f6ec9443db1d05", kill_on_drop: false }`
[INFO] running `Command { std: "docker" "rm" "-f" "af5092db725a0d4010e2cbe3773a527a9a07d3f232b4e0d859f6ec9443db1d05", kill_on_drop: false }`
[INFO] [stdout] af5092db725a0d4010e2cbe3773a527a9a07d3f232b4e0d859f6ec9443db1d05
[INFO] running `Command { std: "docker" "create" "-v" "/var/lib/crater-agent-workspace/builds/worker-4-tc1/target:/opt/rustwide/target:rw,Z" "-v" "/var/lib/crater-agent-workspace/builds/worker-4-tc1/source:/opt/rustwide/workdir:ro,Z" "-v" "/var/lib/crater-agent-workspace/cargo-home:/opt/rustwide/cargo-home:ro,Z" "-v" "/var/lib/crater-agent-workspace/rustup-home:/opt/rustwide/rustup-home:ro,Z" "-e" "SOURCE_DIR=/opt/rustwide/workdir" "-e" "CARGO_TARGET_DIR=/opt/rustwide/target" "-e" "CARGO_INCREMENTAL=0" "-e" "RUST_BACKTRACE=full" "-e" "RUSTFLAGS=--cap-lints=warn" "-e" "RUSTDOCFLAGS=--cap-lints=warn" "-e" "CARGO_HOME=/opt/rustwide/cargo-home" "-e" "RUSTUP_HOME=/opt/rustwide/rustup-home" "-w" "/opt/rustwide/workdir" "-m" "1610612736" "--user" "0:0" "--network" "none" "ghcr.io/rust-lang/crates-build-env/linux@sha256:5ff2268d62e97bff2cde7d5815dd6ed5b47097566f13b8d0ca110b04b60e07ed" "/opt/rustwide/cargo-home/bin/cargo" "+1.69.0" "test" "--frozen", kill_on_drop: false }`
[INFO] [stdout] 0d01ca3dd525e30834bd3c6b0550fd2a183d0630aaead3f7ace852e745562ef6
[INFO] running `Command { std: "docker" "start" "-a" "0d01ca3dd525e30834bd3c6b0550fd2a183d0630aaead3f7ace852e745562ef6", kill_on_drop: false }`
[INFO] [stderr]     Finished test [unoptimized + debuginfo] target(s) in 0.20s
[INFO] [stderr]      Running unittests src/lib.rs (/opt/rustwide/target/debug/deps/axum-d11a76a7ae86c636)
[INFO] [stdout] 
[INFO] [stdout] running 283 tests
[INFO] [stdout] test body::stream_body::stream_body_traits ... ok
[INFO] [stdout] test error_handling::traits ... ok
[INFO] [stdout] test extract::connect_info::traits ... ok
[INFO] [stdout] test extract::host::tests::forwarded_parsing ... ok
[INFO] [stdout] test extract::matched_path::tests::can_extract_nested_matched_path_in_middleware_on_nested_router_via_extension ... ok
[INFO] [stdout] test extract::matched_path::tests::can_extract_nested_matched_path_in_middleware_on_nested_router_via_extension_with_nest_service ... ok
[INFO] [stdout] test extract::connect_info::tests::both_mock_and_real_connect_info ... ok
[INFO] [stdout] test extract::connect_info::tests::custom ... ok
[INFO] [stdout] test extract::host::tests::x_forwarded_host_header ... ok
[INFO] [stdout] test extract::host::tests::uri_host ... ok
[INFO] [stdout] test extract::host::tests::x_forwarded_host_precedence_over_host_header ... ok
[INFO] [stdout] test extract::host::tests::host_header ... ok
[INFO] [stdout] test extract::matched_path::tests::cannot_extract_nested_matched_path_in_middleware_via_extension ... ok
[INFO] [stdout] test extract::matched_path::tests::can_extract_nested_matched_path_in_middleware_via_extension_using_nest ... ok
[INFO] [stdout] test extract::matched_path::tests::can_extract_nested_matched_path_in_middleware_using_nest ... ok
[INFO] [stdout] test extract::matched_path::tests::can_extract_nested_matched_path_in_middleware_on_nested_router_with_nest_service ... ok
[INFO] [stdout] test extract::matched_path::tests::can_extract_nested_matched_path_in_middleware_on_nested_router ... ok
[INFO] [stdout] test extract::matched_path::tests::cannot_extract_nested_matched_path_in_middleware ... ok
[INFO] [stdout] test extract::connect_info::tests::mock_connect_info ... ok
[INFO] [stdout] test extract::connect_info::tests::socket_addr ... ok
[INFO] [stdout] test extract::path::de::tests::test_parse_map ... ok
[INFO] [stdout] test extract::path::de::tests::test_parse_error_at_key_error ... ok
[INFO] [stdout] test extract::path::de::tests::test_parse_seq_seq ... ok
[INFO] [stdout] test extract::path::de::tests::test_parse_seq ... ok
[INFO] [stdout] test extract::path::de::tests::test_parse_error_at_index_error ... ok
[INFO] [stdout] test extract::path::de::tests::test_parse_error_at_key_error_multiple ... ok
[INFO] [stdout] test extract::path::de::tests::test_parse_seq_tuple_string_parse ... ok
[INFO] [stdout] test extract::path::de::tests::test_parse_seq_tuple_string_string ... ok
[INFO] [stdout] test extract::path::de::tests::test_parse_seq_wrong_tuple_length ... ok
[INFO] [stdout] test extract::path::de::tests::test_parse_struct ... ok
[INFO] [stdout] test extract::path::de::tests::test_parse_seq_tuple_unsupported_key_type ... ok
[INFO] [stdout] test extract::path::de::tests::test_unsupported_type_error_nested_data_structure ... ok
[INFO] [stdout] test extract::path::de::tests::test_parse_error_error ... ok
[INFO] [stdout] test extract::path::de::tests::test_parse_single_value ... ok
[INFO] [stdout] test extract::path::de::tests::test_parse_tuple_ignoring_additional_fields ... ok
[INFO] [stdout] test extract::path::de::tests::test_parse_struct_ignoring_additional_fields ... ok
[INFO] [stdout] test extract::path::de::tests::test_wrong_number_of_parameters_error ... ok
[INFO] [stdout] test extract::matched_path::tests::extracting_on_nested_handler ... ok
[INFO] [stdout] test extract::matched_path::tests::extracting_on_handler ... ok
[INFO] [stdout] test extract::matched_path::tests::extracting_on_handler_in_deeply_nested_router ... ok
[INFO] [stdout] test extract::matched_path::tests::doesnt_panic_if_router_called_from_wildcard_route ... ok
[INFO] [stdout] test extract::path::tests::deserialize_into_vec_of_tuples ... ok
[INFO] [stdout] test extract::matched_path::tests::extracting_on_handler_in_nested_router_with_nest_service ... ok
[INFO] [stdout] test extract::matched_path::tests::extracting_on_handler_in_deeply_nested_router_with_nest_service ... ok
[INFO] [stdout] test extract::matched_path::tests::extracting_on_handler_in_nested_router ... ok
[INFO] [stdout] test extract::path::tests::captures_dont_match_empty_segments ... ok
[INFO] [stdout] test extract::raw_form::tests::test_from_body ... ok
[INFO] [stdout] test extract::query::tests::test_query ... ok
[INFO] [stdout] test extract::path::tests::percent_decoding ... ok
[INFO] [stdout] test extract::raw_form::tests::test_from_query ... ok
[INFO] [stdout] test extract::path::tests::extracting_url_params_multiple_times ... ok
[INFO] [stdout] test extract::matched_path::tests::cant_extract_in_fallback ... ok
[INFO] [stdout] test extract::request_parts::body_stream_traits ... ok
[INFO] [stdout] test extract::path::tests::str_reference_deserialize ... ok
[INFO] [stdout] test extract::path::tests::wildcard ... ok
[INFO] [stdout] test extract::raw_form::tests::test_incorrect_content_type ... ok
[INFO] [stdout] test handler::service::traits ... ok
[INFO] [stdout] test extract::path::tests::wrong_number_of_parameters_json ... ok
[INFO] [stdout] test form::tests::test_form_query ... ok
[INFO] [stdout] test form::tests::test_incorrect_content_type ... ok
[INFO] [stdout] test form::tests::test_form_body ... ok
[INFO] [stdout] test extract::path::tests::supports_128_bit_numbers ... ok
[INFO] [stdout] test extract::request_parts::tests::extract_request_parts ... ok
[INFO] [stdout] test handler::tests::with_layer_that_changes_request_body_and_state ... ok
[INFO] [stdout] test extract::path::tests::type_that_uses_deserialize_any ... ok
[INFO] [stdout] test middleware::from_extractor::traits ... ok
[INFO] [stdout] test extract::path::tests::raw_path_params ... ok
[INFO] [stdout] test extract::path::tests::two_path_extractors ... ok
[INFO] [stdout] test extract::path::tests::extracting_url_params ... ok
[INFO] [stdout] test extract::query::tests::correct_rejection_status_code ... ok
[INFO] [stdout] test middleware::from_fn::tests::basic ... ok
[INFO] [stdout] test form::tests::deserialize_error_status_codes ... ok
[INFO] [stdout] test handler::tests::handler_into_service ... ok
[INFO] [stdout] test extract::tests::consume_body ... ok
[INFO] [stdout] test json::tests::invalid_json_syntax ... ok
[INFO] [stdout] test middleware::from_extractor::tests::test_from_extractor ... ok
[INFO] [stdout] test json::tests::deserialize_body ... ok
[INFO] [stdout] test json::tests::invalid_json_data ... ok
[INFO] [stdout] test response::sse::tests::leading_space_is_not_stripped ... ok
[INFO] [stdout] test response::sse::tests::memchr_spliting ... ok
[INFO] [stdout] test routing::into_make_service::tests::traits ... ok
[INFO] [stdout] test routing::method_filter::tests::from_http_method ... ok
[INFO] [stdout] test routing::method_routing::tests::accessing_state ... ok
[INFO] [stdout] test response::sse::tests::keep_alive_ends_when_the_stream_ends ... ok
[INFO] [stdout] test routing::method_routing::tests::allow_header_any ... ok
[INFO] [stdout] test routing::method_routing::tests::get_accepts_head ... ok
[INFO] [stdout] test routing::method_routing::tests::allow_header_when_merging ... ok
[INFO] [stdout] test routing::method_routing::tests::allow_header_with_fallback_that_sets_allow ... ok
[INFO] [stdout] test routing::method_routing::tests::allow_header_noop_middleware ... ok
[INFO] [stdout] test routing::method_routing::tests::empty_allow_header_by_default ... ok
[INFO] [stdout] test routing::method_routing::tests::allow_header_with_fallback ... ok
[INFO] [stdout] test json::tests::consume_body_to_json_requires_json_content_type ... ok
[INFO] [stdout] test routing::method_routing::tests::head_get_does_not_overlap ... ok
[INFO] [stdout] test middleware::map_request::tests::works_for_short_circutting ... ok
[INFO] [stdout] test routing::method_routing::tests::get_service_fn ... ok
[INFO] [stdout] test routing::method_routing::tests::fallback_accessing_state ... ok
[INFO] [stdout] test routing::method_routing::tests::merge_accessing_state ... ok
[INFO] [stdout] test routing::method_routing::tests::get_handler ... ok
[INFO] [stdout] test routing::method_routing::tests::get_head_does_not_overlap ... ok
[INFO] [stdout] test middleware::map_response::tests::works ... ok
[INFO] [stdout] test routing::method_routing::tests::method_not_allowed_by_default ... ok
[INFO] [stdout] test routing::method_routing::tests::sets_allow_header ... ok
[INFO] [stdout] test routing::method_routing::tests::merge ... ok
[INFO] [stdout] test response::sse::tests::basic ... ok
[INFO] [stdout] test routing::method_routing::tests::layer ... ok
[INFO] [stdout] test routing::method_routing::tests::sets_allow_header_get_head ... ok
[INFO] [stdout] test routing::strip_prefix::tests::multi_segment ... ok
[INFO] [stdout] test routing::strip_prefix::tests::multi_segment_2 ... ok
[INFO] [stdout] test routing::method_routing::tests::route_layer ... ok
[INFO] [stdout] test routing::strip_prefix::tests::empty ... ok
[INFO] [stdout] test json::tests::json_content_types ... ok
[INFO] [stdout] test response::sse::tests::keep_alive ... ok
[INFO] [stdout] test routing::route::tests::traits ... ok
[INFO] [stdout] test routing::method_routing::tests::head_takes_precedence_over_get ... ok
[INFO] [stdout] test routing::strip_prefix::tests::multi_segment_3 ... ok
[INFO] [stdout] test routing::strip_prefix::tests::multi_segment_trailing_slash ... ok
[INFO] [stdout] test routing::strip_prefix::tests::multi_segment_4 ... ok
[INFO] [stdout] test routing::strip_prefix::tests::param_10 ... ok
[INFO] [stdout] test routing::strip_prefix::tests::param_11 ... ok
[INFO] [stdout] test routing::strip_prefix::tests::multi_segment_trailing_slash_2 ... ok
[INFO] [stdout] test routing::strip_prefix::tests::multi_segment_trailing_slash_3 ... ok
[INFO] [stdout] test routing::strip_prefix::tests::param_12 ... ok
[INFO] [stdout] test routing::strip_prefix::tests::param_13 ... ok
[INFO] [stdout] test routing::strip_prefix::tests::param_1 ... ok
[INFO] [stdout] test routing::strip_prefix::tests::param_3 ... ok
[INFO] [stdout] test routing::strip_prefix::tests::param_0 ... ok
[INFO] [stdout] test routing::strip_prefix::tests::param_2 ... ok
[INFO] [stdout] test routing::strip_prefix::tests::param_4 ... ok
[INFO] [stdout] test routing::strip_prefix::tests::param_7 ... ok
[INFO] [stdout] test routing::strip_prefix::tests::param_8 ... ok
[INFO] [stdout] test routing::strip_prefix::tests::param_5 ... ok
[INFO] [stdout] test routing::strip_prefix::tests::param_9 ... ok
[INFO] [stdout] test routing::strip_prefix::tests::single_segment ... ok
[INFO] [stdout] test routing::strip_prefix::tests::single_segment_no_match ... ok
[INFO] [stdout] test routing::strip_prefix::tests::single_segment_root_prefix ... ok
[INFO] [stdout] test routing::strip_prefix::tests::single_segment_root_uri ... ok
[INFO] [stdout] test routing::strip_prefix::tests::single_segment_trailing_slash ... ok
[INFO] [stdout] test middleware::map_request::tests::works ... ok
[INFO] [stdout] test routing::strip_prefix::tests::param_6 ... ok
[INFO] [stdout] test routing::tests::connect_going_to_custom_fallback ... ok
[INFO] [stdout] test routing::tests::connect_going_to_default_fallback ... ok
[INFO] [stdout] test routing::strip_prefix::tests::single_segment_trailing_slash_2 ... ok
[INFO] [stdout] test routing::tests::explicitly_set_state ... ok
[INFO] [stdout] test routing::tests::different_methods_added_in_different_routes ... ok
[INFO] [stdout] test routing::tests::changing_the_default_limit ... ok
[INFO] [stdout] test routing::strip_prefix::tests::single_segment_trailing_slash_3 ... ok
[INFO] [stdout] test routing::tests::extract_state ... ok
[INFO] [stdout] test routing::tests::fallback::also_inherits_default_layered_fallback ... ok
[INFO] [stdout] test routing::tests::fallback::fallback_accessing_state ... ok
[INFO] [stdout] test routing::tests::fallback::deeply_nested_inherit_from_middle ... ok
[INFO] [stdout] test routing::tests::fallback::basic ... ok
[INFO] [stdout] test routing::tests::fallback::deeply_nested_inherit_from_middle_with_nest_service ... ok
[INFO] [stdout] test routing::tests::fallback::doesnt_inherit_fallback_if_overriden ... ok
[INFO] [stdout] test routing::tests::fallback::doesnt_panic_if_used_with_nested_router ... ok
[INFO] [stdout] test routing::tests::get_to_head::for_services::get_handles_head ... ok
[INFO] [stdout] test routing::strip_prefix::tests::does_not_panic ... ok
[INFO] [stdout] test routing::tests::fallback::with_middleware_on_inner_fallback ... ok
[INFO] [stdout] test routing::tests::fallback::fallback_inherited_into_nested_router_service ... ok
[INFO] [stdout] test routing::tests::fallback::nest ... ok
[INFO] [stdout] test routing::tests::fallback::or ... ok
[INFO] [stdout] test routing::tests::fallback::fallback_inherited_into_nested_opaque_service ... ok
[INFO] [stdout] test routing::tests::get_to_head::for_handlers::get_handles_head ... ok
[INFO] [stdout] test routing::tests::fallback::deeply_nested_inherit_from_top ... ok
[INFO] [stdout] test routing::tests::fallback::nested_router_inherits_fallback ... ok
[INFO] [stdout] test routing::tests::fallback::nest_fallback_on_inner ... ok
[INFO] [stdout] test routing::tests::head_content_length_through_hyper_server_that_hits_fallback ... ok
[INFO] [stdout] test routing::tests::layer_response_into_response ... ok
[INFO] [stdout] test routing::tests::head_content_length_through_hyper_server ... ok
[INFO] [stdout] test routing::tests::hello_world ... ok
[INFO] [stdout] test routing::tests::limited_body_with_content_length ... ok
[INFO] [stdout] test routing::tests::limited_body_with_streaming_body ... ok
[INFO] [stdout] test routing::tests::handle_error::handler ... ok
[INFO] [stdout] test routing::tests::merge::boxed ... ok
[INFO] [stdout] test routing::tests::disabling_the_default_limit ... ok
[INFO] [stdout] test routing::tests::merge::layer ... ok
[INFO] [stdout] test routing::tests::merge::basic ... ok
[INFO] [stdout] test routing::tests::merge::nesting ... ok
[INFO] [stdout] test routing::tests::handle_error::handler_multiple_methods_last ... ok
[INFO] [stdout] test routing::tests::handle_error::handler_multiple_methods_first ... ok
[INFO] [stdout] test routing::tests::merge::middleware_that_return_early ... ok
[INFO] [stdout] test routing::tests::merge::nested_or ... ok
[INFO] [stdout] test routing::tests::handle_error::handler_multiple_methods_middle ... ok
[INFO] [stdout] test routing::tests::merge::many_ors ... ok
[INFO] [stdout] test routing::tests::merge::nesting_and_seeing_the_right_uri ... ok
[INFO] [stdout] test routing::tests::merge::nesting_and_seeing_the_right_uri_at_more_levels_of_nesting ... ok
[INFO] [stdout] test routing::tests::merge::nested_or_with_nest_service ... ok
[INFO] [stdout] test routing::tests::merge::nesting_and_seeing_the_right_uri_ors_with_multi_segment_uris ... ok
[INFO] [stdout] test routing::tests::merge::nesting_and_seeing_the_right_uri_ors_with_multi_segment_uris_with_nest_service ... ok
[INFO] [stdout] test routing::tests::merge::layer_and_handle_error ... ok
[INFO] [stdout] test routing::tests::merge::nesting_and_seeing_the_right_uri_at_more_levels_of_nesting_with_nest_service ... ok
[INFO] [stdout] test routing::tests::merge::nesting_and_seeing_the_right_uri_with_nest_service ... ok
[INFO] [stdout] test routing::tests::merge::nesting_with_nest_service ... ok
[INFO] [stdout] test routing::tests::merge::services ... ok
[INFO] [stdout] test routing::tests::merge::nesting_and_seeing_the_right_uri_ors_with_nesting ... ok
[INFO] [stdout] test routing::tests::merge::multiple_ors_balanced_differently ... ok
[INFO] [stdout] test routing::tests::merge::nesting_and_seeing_the_right_uri_ors_with_nesting_with_nest_service ... ok
[INFO] [stdout] test routing::tests::multiple_methods_for_one_handler ... ok
[INFO] [stdout] test routing::tests::merge::or_with_route_following ... ok
[INFO] [stdout] test routing::tests::head_with_middleware_applied ... ok
[INFO] [stdout] test routing::tests::merging_routers_with_same_paths_but_different_methods ... ok
[INFO] [stdout] test routing::tests::nest::nest_1 ... ok
[INFO] [stdout] test routing::tests::middleware_applies_to_routes_above ... ok
[INFO] [stdout] test routing::tests::nest::multiple_top_level_nests ... ok
[INFO] [stdout] test routing::tests::nest::multiple_top_level_nests_with_nest_service ... ok
[INFO] [stdout] test routing::tests::middleware_still_run_for_unmatched_requests ... ok
[INFO] [stdout] test routing::tests::nest::nest_12_with_nest_service ... ok
[INFO] [stdout] test routing::tests::nest::nest_12 ... ok
[INFO] [stdout] test routing::tests::nest::nest_11 ... ok
[INFO] [stdout] test routing::tests::nest::nest_13 ... ok
[INFO] [stdout] test routing::tests::nest::nest_11_with_nest_service ... ok
[INFO] [stdout] test routing::tests::nest::nest_2 ... ok
[INFO] [stdout] test routing::tests::nest::nest_13_with_nest_service ... ok
[INFO] [stdout] test routing::tests::nest::nest_3 ... ok
[INFO] [stdout] test routing::tests::nest::nest_1_with_nest_service ... ok
[INFO] [stdout] test routing::tests::nest::nest_4 ... ok
[INFO] [stdout] test routing::tests::nest::nest_4_with_nest_service ... ok
[INFO] [stdout] test routing::tests::nest::nest_2_with_nest_service ... ok
[INFO] [stdout] test routing::tests::nest::nest_3_with_nest_service ... ok
[INFO] [stdout] test routing::tests::nest::nest_5 ... ok
[INFO] [stdout] test routing::tests::nest::nest_7_with_nest_service ... ok
[INFO] [stdout] test routing::tests::nest::nest_5_with_nest_service ... ok
[INFO] [stdout] test routing::tests::nest::nest_6_with_nest_service ... ok
[INFO] [stdout] test routing::tests::nest::nest_7 ... ok
[INFO] [stdout] test routing::tests::nest::nest_6 ... ok
[INFO] [stdout] test routing::tests::middleware_on_single_route ... ok
[INFO] [stdout] test routing::tests::nest::nest_8 ... ok
[INFO] [stdout] test routing::tests::nest::nest_9 ... ok
[INFO] [stdout] test routing::tests::nest::nested_at_root_with_other_routes ... ok
[INFO] [stdout] test routing::tests::nest::nest_at_capture ... ok
[INFO] [stdout] test routing::tests::nest::nest_8_with_nest_service ... ok
[INFO] [stdout] test routing::tests::nest::nest_at_capture_with_nest_service ... ok
[INFO] [stdout] test routing::tests::nest::nest_9_with_nest_service ... ok
[INFO] [stdout] test routing::tests::nest::nested_service_sees_stripped_uri ... ok
[INFO] [stdout] test routing::tests::nest::nested_url_extractor ... ok
[INFO] [stdout] test routing::tests::nest::nest_with_and_without_trailing ... ok
[INFO] [stdout] test routing::tests::nest::nested_multiple_routes ... ok
[INFO] [stdout] test routing::tests::nest::nested_service_sees_stripped_uri_with_nest_service ... ok
[INFO] [stdout] test routing::tests::nest::nested_url_extractor_with_nest_service ... ok
[INFO] [stdout] test routing::tests::nest::nested_url_original_extractor ... ok
[INFO] [stdout] test routing::tests::nest::nested_url_original_extractor_with_nest_service ... ok
[INFO] [stdout] test routing::tests::nest::nesting_apps ... ok
[INFO] [stdout] test routing::tests::nest::nest_static_file_server ... ok
[INFO] [stdout] test routing::tests::nest::nesting_apps_with_nest_service ... ok
[INFO] [stdout] test routing::tests::nest::nesting_handler_at_root ... ok
[INFO] [stdout] test routing::tests::nest::nesting_router_at_empty_path ... ok
[INFO] [stdout] test routing::tests::nest::nesting_router_at_empty_path_with_nest_service ... ok
[INFO] [stdout] test routing::tests::nest::nesting_router_at_root ... ok
[INFO] [stdout] test routing::tests::nest::nesting_router_at_root_with_nest_service ... ok
[INFO] [stdout] test routing::tests::nest::wrong_method_nest ... ok
[INFO] [stdout] test routing::tests::nest::outer_middleware_still_see_whole_url ... ok
[INFO] [stdout] test routing::tests::nest::wrong_method_nest_with_nest_service ... ok
[INFO] [stdout] test routing::tests::not_found_for_extra_trailing_slash ... ok
[INFO] [stdout] test routing::tests::nest::nesting_with_root_inner_router ... ok
[INFO] [stdout] test routing::tests::not_found_for_missing_trailing_slash ... ok
[INFO] [stdout] test routing::tests::route_layer ... ok
[INFO] [stdout] test routing::tests::router_type_doesnt_change ... ok
[INFO] [stdout] test routing::tests::service_in_bottom ... ok
[INFO] [stdout] test routing::tests::routing_between_services ... ok
[INFO] [stdout] test routing::tests::routing ... ok
[INFO] [stdout] test routing::tests::test_path_for_nested_route ... ok
[INFO] [stdout] test routing::tests::static_and_dynamic_paths ... ok
[INFO] [stdout] test routing::tests::wildcard_doesnt_match_just_trailing_slash ... ok
[INFO] [stdout] test routing::tests::wildcard_sees_whole_url ... ok
[INFO] [stdout] test routing::tests::what_matches_wildcard ... ok
[INFO] [stdout] test routing::tests::with_and_without_trailing_slash ... ok
[INFO] [stdout] test routing::tests::wrong_method_handler ... ok
[INFO] [stdout] test routing::traits ... ok
[INFO] [stdout] test util::test_try_downcast ... ok
[INFO] [stdout] test routing::tests::wrong_method_service ... ok
[INFO] [stdout] test routing::method_routing::tests::handler_overlaps - should panic ... ok
[INFO] [stdout] test routing::method_routing::tests::service_overlaps - should panic ... ok
[INFO] [stdout] test routing::tests::empty_route - should panic ... ok
[INFO] [stdout] test routing::tests::logging_rejections ... FAILED
[INFO] [stdout] test routing::tests::merging_routers_with_fallbacks_panics - should panic ... ok
[INFO] [stdout] test routing::tests::merging_with_overlapping_method_routes - should panic ... ok
[INFO] [stdout] test routing::tests::nest::nest_cannot_contain_wildcards_with_nest_service - should panic ... ok
[INFO] [stdout] test routing::tests::nest::nest_cannot_contain_wildcards - should panic ... ok
[INFO] [stdout] test routing::tests::nest::nested_service_at_root_with_other_routes - should panic ... ok
[INFO] [stdout] test routing::tests::routes_must_start_with_slash - should panic ... ok
[INFO] [stdout] test routing::tests::routes_with_overlapping_method_routes - should panic ... ok
[INFO] [stdout] test routing::tests::routing_to_router_panics - should panic ... ok
[INFO] [stdout] test routing::tests::state_isnt_cloned_too_much ... ok
[INFO] [stdout] test routing::tests::body_limited_by_default ... ok
[INFO] [stdout] 
[INFO] [stdout] failures:
[INFO] [stdout] 
[INFO] [stdout] ---- routing::tests::logging_rejections stdout ----
[INFO] [stdout] Listening on 127.0.0.1:39563
[INFO] [stdout] [src/routing/tests/mod.rs:963] events = []
[INFO] [stdout] thread 'routing::tests::logging_rejections' panicked at 'assertion failed: `(left == right)`
[INFO] [stdout]   left: `[]`,
[INFO] [stdout]  right: `[TracingEvent { fields: RejectionEvent { message: "rejecting request", status: 500, body: "Missing request extension: Extension of type `core::convert::Infallible` was not found. Perhaps you forgot to add it? See `axum::Extension`.", rejection_type: "axum::extract::rejection::MissingExtension" }, target: "axum::rejection", level: "TRACE" }, TracingEvent { fields: RejectionEvent { message: "rejecting request", status: 400, body: "Request body didn't contain valid UTF-8: invalid utf-8 sequence of 1 bytes from index 1", rejection_type: "axum_core::extract::rejection::InvalidUtf8" }, target: "axum::rejection", level: "TRACE" }]`', src/routing/tests/mod.rs:962:5
[INFO] [stdout] stack backtrace:
[INFO] [stdout]    0:     0x55da803214ca - std::backtrace_rs::backtrace::libunwind::trace::ha9053a9a07ca49cb
[INFO] [stdout]                                at /rustc/84c898d65adf2f39a5a98507f1fe0ce10a2b8dbc/library/std/src/../../backtrace/src/backtrace/libunwind.rs:93:5
[INFO] [stdout]    1:     0x55da803214ca - std::backtrace_rs::backtrace::trace_unsynchronized::h9c2852a457ad564e
[INFO] [stdout]                                at /rustc/84c898d65adf2f39a5a98507f1fe0ce10a2b8dbc/library/std/src/../../backtrace/src/backtrace/mod.rs:66:5
[INFO] [stdout]    2:     0x55da803214ca - std::sys_common::backtrace::_print_fmt::h457936fbfaa0070f
[INFO] [stdout]                                at /rustc/84c898d65adf2f39a5a98507f1fe0ce10a2b8dbc/library/std/src/sys_common/backtrace.rs:65:5
[INFO] [stdout]    3:     0x55da803214ca - <std::sys_common::backtrace::_print::DisplayBacktrace as core::fmt::Display>::fmt::h5779d7bf7f70cb0c
[INFO] [stdout]                                at /rustc/84c898d65adf2f39a5a98507f1fe0ce10a2b8dbc/library/std/src/sys_common/backtrace.rs:44:22
[INFO] [stdout]    4:     0x55da8034bede - core::fmt::write::h5a4baaff1bcd3eb5
[INFO] [stdout]                                at /rustc/84c898d65adf2f39a5a98507f1fe0ce10a2b8dbc/library/core/src/fmt/mod.rs:1232:17
[INFO] [stdout]    5:     0x55da8031d7f5 - std::io::Write::write_fmt::h478f79c628ef31d1
[INFO] [stdout]                                at /rustc/84c898d65adf2f39a5a98507f1fe0ce10a2b8dbc/library/std/src/io/mod.rs:1684:15
[INFO] [stdout]    6:     0x55da80321295 - std::sys_common::backtrace::_print::h5fcdc36060f177e8
[INFO] [stdout]                                at /rustc/84c898d65adf2f39a5a98507f1fe0ce10a2b8dbc/library/std/src/sys_common/backtrace.rs:47:5
[INFO] [stdout]    7:     0x55da80321295 - std::sys_common::backtrace::print::h54ca9458b876c8bf
[INFO] [stdout]                                at /rustc/84c898d65adf2f39a5a98507f1fe0ce10a2b8dbc/library/std/src/sys_common/backtrace.rs:34:9
[INFO] [stdout]    8:     0x55da8032305f - std::panicking::default_hook::{{closure}}::hbe471161c7664ed6
[INFO] [stdout]                                at /rustc/84c898d65adf2f39a5a98507f1fe0ce10a2b8dbc/library/std/src/panicking.rs:271:22
[INFO] [stdout]    9:     0x55da80322d1f - std::panicking::default_hook::ha3500da57aa4ac4f
[INFO] [stdout]                                at /rustc/84c898d65adf2f39a5a98507f1fe0ce10a2b8dbc/library/std/src/panicking.rs:287:9
[INFO] [stdout]   10:     0x55da7fd06507 - <alloc::boxed::Box<F,A> as core::ops::function::Fn<Args>>::call::hdf1b89dd137ece34
[INFO] [stdout]                                at /rustc/84c898d65adf2f39a5a98507f1fe0ce10a2b8dbc/library/alloc/src/boxed.rs:2001:9
[INFO] [stdout]   11:     0x55da7fd06507 - test::test_main::{{closure}}::h9081a79f20e75698
[INFO] [stdout]                                at /rustc/84c898d65adf2f39a5a98507f1fe0ce10a2b8dbc/library/test/src/lib.rs:135:21
[INFO] [stdout]   12:     0x55da8032378d - <alloc::boxed::Box<F,A> as core::ops::function::Fn<Args>>::call::h6507bddc3eebb4a5
[INFO] [stdout]                                at /rustc/84c898d65adf2f39a5a98507f1fe0ce10a2b8dbc/library/alloc/src/boxed.rs:2001:9
[INFO] [stdout]   13:     0x55da8032378d - std::panicking::rust_panic_with_hook::h50c09d000dc561d2
[INFO] [stdout]                                at /rustc/84c898d65adf2f39a5a98507f1fe0ce10a2b8dbc/library/std/src/panicking.rs:696:13
[INFO] [stdout]   14:     0x55da80323509 - std::panicking::begin_panic_handler::{{closure}}::h9e2b2176e00e0d9c
[INFO] [stdout]                                at /rustc/84c898d65adf2f39a5a98507f1fe0ce10a2b8dbc/library/std/src/panicking.rs:583:13
[INFO] [stdout]   15:     0x55da80321936 - std::sys_common::backtrace::__rust_end_short_backtrace::h5739b8e512c09d02
[INFO] [stdout]                                at /rustc/84c898d65adf2f39a5a98507f1fe0ce10a2b8dbc/library/std/src/sys_common/backtrace.rs:150:18
[INFO] [stdout]   16:     0x55da80323212 - rust_begin_unwind
[INFO] [stdout]                                at /rustc/84c898d65adf2f39a5a98507f1fe0ce10a2b8dbc/library/std/src/panicking.rs:579:5
[INFO] [stdout]   17:     0x55da7f29e653 - core::panicking::panic_fmt::hf33a1475b4dc5c3e
[INFO] [stdout]                                at /rustc/84c898d65adf2f39a5a98507f1fe0ce10a2b8dbc/library/core/src/panicking.rs:64:14
[INFO] [stdout]   18:     0x55da7f29e98f - core::panicking::assert_failed_inner::haf9816227b20b6f2
[INFO] [stdout]   19:     0x55da7f8623ba - core::panicking::assert_failed::he93a7811c92dc0f7
[INFO] [stdout]                                at /rustc/84c898d65adf2f39a5a98507f1fe0ce10a2b8dbc/library/core/src/panicking.rs:211:5
[INFO] [stdout]   20:     0x55da7f8f7669 - axum::routing::tests::logging_rejections::{{closure}}::hfd3a3a6e9d02516b
[INFO] [stdout]                                at /opt/rustwide/workdir/src/routing/tests/mod.rs:962:5
[INFO] [stdout]   21:     0x55da7f3ab388 - <core::pin::Pin<P> as core::future::future::Future>::poll::h56167a499ce5b19c
[INFO] [stdout]                                at /rustc/84c898d65adf2f39a5a98507f1fe0ce10a2b8dbc/library/core/src/future/future.rs:125:9
[INFO] [stdout]   22:     0x55da7f3ac70b - <core::pin::Pin<P> as core::future::future::Future>::poll::hff2e1024d7766a70
[INFO] [stdout]                                at /rustc/84c898d65adf2f39a5a98507f1fe0ce10a2b8dbc/library/core/src/future/future.rs:125:9
[INFO] [stdout]   23:     0x55da7f5aa6a4 - tokio::runtime::scheduler::current_thread::CoreGuard::block_on::{{closure}}::{{closure}}::{{closure}}::h713e4d7428e010ac
[INFO] [stdout]                                at /opt/rustwide/cargo-home/registry/src/github.com-1ecc6299db9ec823/tokio-1.28.0/src/runtime/scheduler/current_thread.rs:541:57
[INFO] [stdout]   24:     0x55da7f5aa5e1 - tokio::runtime::coop::with_budget::h5cebb22495794741
[INFO] [stdout]                                at /opt/rustwide/cargo-home/registry/src/github.com-1ecc6299db9ec823/tokio-1.28.0/src/runtime/coop.rs:107:5
[INFO] [stdout]   25:     0x55da7f5aa5e1 - tokio::runtime::coop::budget::hb54e6bc5ef1e0df7
[INFO] [stdout]                                at /opt/rustwide/cargo-home/registry/src/github.com-1ecc6299db9ec823/tokio-1.28.0/src/runtime/coop.rs:73:5
[INFO] [stdout]   26:     0x55da7f5aa5e1 - tokio::runtime::scheduler::current_thread::CoreGuard::block_on::{{closure}}::{{closure}}::he281db2df5ee22fb
[INFO] [stdout]                                at /opt/rustwide/cargo-home/registry/src/github.com-1ecc6299db9ec823/tokio-1.28.0/src/runtime/scheduler/current_thread.rs:541:25
[INFO] [stdout]   27:     0x55da7f5a8e9e - tokio::runtime::scheduler::current_thread::Context::enter::h059048a89d5c9e55
[INFO] [stdout]                                at /opt/rustwide/cargo-home/registry/src/github.com-1ecc6299db9ec823/tokio-1.28.0/src/runtime/scheduler/current_thread.rs:350:19
[INFO] [stdout]   28:     0x55da7f5a9c6a - tokio::runtime::scheduler::current_thread::CoreGuard::block_on::{{closure}}::h0fa333f4ee415dac
[INFO] [stdout]                                at /opt/rustwide/cargo-home/registry/src/github.com-1ecc6299db9ec823/tokio-1.28.0/src/runtime/scheduler/current_thread.rs:540:36
[INFO] [stdout]   29:     0x55da7f5a995b - tokio::runtime::scheduler::current_thread::CoreGuard::enter::{{closure}}::hbde25b725ca72811
[INFO] [stdout]                                at /opt/rustwide/cargo-home/registry/src/github.com-1ecc6299db9ec823/tokio-1.28.0/src/runtime/scheduler/current_thread.rs:615:57
[INFO] [stdout]   30:     0x55da7f7c2178 - tokio::macros::scoped_tls::ScopedKey<T>::set::h83de3c30ca003520
[INFO] [stdout]                                at /opt/rustwide/cargo-home/registry/src/github.com-1ecc6299db9ec823/tokio-1.28.0/src/macros/scoped_tls.rs:61:9
[INFO] [stdout]   31:     0x55da7f5a96f6 - tokio::runtime::scheduler::current_thread::CoreGuard::enter::hf248a06de9400b6f
[INFO] [stdout]                                at /opt/rustwide/cargo-home/registry/src/github.com-1ecc6299db9ec823/tokio-1.28.0/src/runtime/scheduler/current_thread.rs:615:27
[INFO] [stdout]   32:     0x55da7f5a998d - tokio::runtime::scheduler::current_thread::CoreGuard::block_on::h5f09a489f0466358
[INFO] [stdout]                                at /opt/rustwide/cargo-home/registry/src/github.com-1ecc6299db9ec823/tokio-1.28.0/src/runtime/scheduler/current_thread.rs:530:19
[INFO] [stdout]   33:     0x55da7f5a407d - tokio::runtime::scheduler::current_thread::CurrentThread::block_on::h4827715a02793e59
[INFO] [stdout]                                at /opt/rustwide/cargo-home/registry/src/github.com-1ecc6299db9ec823/tokio-1.28.0/src/runtime/scheduler/current_thread.rs:154:24
[INFO] [stdout]   34:     0x55da7f6540e5 - tokio::runtime::runtime::Runtime::block_on::h148a78c3aae38b6d
[INFO] [stdout]                                at /opt/rustwide/cargo-home/registry/src/github.com-1ecc6299db9ec823/tokio-1.28.0/src/runtime/runtime.rs:302:47
[INFO] [stdout]   35:     0x55da7f8f666a - axum::routing::tests::logging_rejections::hdc2f86cba3ffb18a
[INFO] [stdout]                                at /opt/rustwide/workdir/src/routing/tests/mod.rs:962:5
[INFO] [stdout]   36:     0x55da7f8f64e7 - axum::routing::tests::logging_rejections::{{closure}}::h640177fea26b21e6
[INFO] [stdout]                                at /opt/rustwide/workdir/src/routing/tests/mod.rs:928:31
[INFO] [stdout]   37:     0x55da7f6ad215 - core::ops::function::FnOnce::call_once::h2d499d1a473b28f5
[INFO] [stdout]                                at /rustc/84c898d65adf2f39a5a98507f1fe0ce10a2b8dbc/library/core/src/ops/function.rs:250:5
[INFO] [stdout]   38:     0x55da7fd0b8ef - core::ops::function::FnOnce::call_once::h7d969581be7d0075
[INFO] [stdout]                                at /rustc/84c898d65adf2f39a5a98507f1fe0ce10a2b8dbc/library/core/src/ops/function.rs:250:5
[INFO] [stdout]   39:     0x55da7fd0b8ef - test::__rust_begin_short_backtrace::hca25a52684e56655
[INFO] [stdout]                                at /rustc/84c898d65adf2f39a5a98507f1fe0ce10a2b8dbc/library/test/src/lib.rs:656:18
[INFO] [stdout]   40:     0x55da7fcdcf0c - test::run_test::{{closure}}::ha8ac744c4af1a4bb
[INFO] [stdout]                                at /rustc/84c898d65adf2f39a5a98507f1fe0ce10a2b8dbc/library/test/src/lib.rs:647:30
[INFO] [stdout]   41:     0x55da7fcdcf0c - core::ops::function::FnOnce::call_once{{vtable.shim}}::h7b411a9ed45bdecf
[INFO] [stdout]                                at /rustc/84c898d65adf2f39a5a98507f1fe0ce10a2b8dbc/library/core/src/ops/function.rs:250:5
[INFO] [stdout]   42:     0x55da7fd0a8b6 - <alloc::boxed::Box<F,A> as core::ops::function::FnOnce<Args>>::call_once::hd05328869a8ed200
[INFO] [stdout]                                at /rustc/84c898d65adf2f39a5a98507f1fe0ce10a2b8dbc/library/alloc/src/boxed.rs:1987:9
[INFO] [stdout]   43:     0x55da7fd0a8b6 - <core::panic::unwind_safe::AssertUnwindSafe<F> as core::ops::function::FnOnce<()>>::call_once::h0c601ce20bd5b2be
[INFO] [stdout]                                at /rustc/84c898d65adf2f39a5a98507f1fe0ce10a2b8dbc/library/core/src/panic/unwind_safe.rs:271:9
[INFO] [stdout]   44:     0x55da7fd0a8b6 - std::panicking::try::do_call::ha4be5c164fe30854
[INFO] [stdout]                                at /rustc/84c898d65adf2f39a5a98507f1fe0ce10a2b8dbc/library/std/src/panicking.rs:487:40
[INFO] [stdout]   45:     0x55da7fd0a8b6 - std::panicking::try::h604546f3609af05f
[INFO] [stdout]                                at /rustc/84c898d65adf2f39a5a98507f1fe0ce10a2b8dbc/library/std/src/panicking.rs:451:19
[INFO] [stdout]   46:     0x55da7fd0a8b6 - std::panic::catch_unwind::h5bfa8afe44c9c2f9
[INFO] [stdout]                                at /rustc/84c898d65adf2f39a5a98507f1fe0ce10a2b8dbc/library/std/src/panic.rs:140:14
[INFO] [stdout]   47:     0x55da7fd0a8b6 - test::run_test_in_process::hd50dee55dd63e6aa
[INFO] [stdout]                                at /rustc/84c898d65adf2f39a5a98507f1fe0ce10a2b8dbc/library/test/src/lib.rs:679:27
[INFO] [stdout]   48:     0x55da7fd0a8b6 - test::run_test::run_test_inner::{{closure}}::h4aa0f433aa85cea8
[INFO] [stdout]                                at /rustc/84c898d65adf2f39a5a98507f1fe0ce10a2b8dbc/library/test/src/lib.rs:573:39
[INFO] [stdout]   49:     0x55da7fcd7581 - test::run_test::run_test_inner::{{closure}}::had56431adf24b4d6
[INFO] [stdout]                                at /rustc/84c898d65adf2f39a5a98507f1fe0ce10a2b8dbc/library/test/src/lib.rs:600:37
[INFO] [stdout]   50:     0x55da7fcd7581 - std::sys_common::backtrace::__rust_begin_short_backtrace::ha8d9890e0c73bf13
[INFO] [stdout]                                at /rustc/84c898d65adf2f39a5a98507f1fe0ce10a2b8dbc/library/std/src/sys_common/backtrace.rs:134:18
[INFO] [stdout]   51:     0x55da7fcdcf9b - std::thread::Builder::spawn_unchecked_::{{closure}}::{{closure}}::h251832bcb4a95327
[INFO] [stdout]                                at /rustc/84c898d65adf2f39a5a98507f1fe0ce10a2b8dbc/library/std/src/thread/mod.rs:560:17
[INFO] [stdout]   52:     0x55da7fcdcf9b - <core::panic::unwind_safe::AssertUnwindSafe<F> as core::ops::function::FnOnce<()>>::call_once::h8fdff598fa414831
[INFO] [stdout]                                at /rustc/84c898d65adf2f39a5a98507f1fe0ce10a2b8dbc/library/core/src/panic/unwind_safe.rs:271:9
[INFO] [stdout]   53:     0x55da7fcdcf9b - std::panicking::try::do_call::h455dd2f7764a950f
[INFO] [stdout]                                at /rustc/84c898d65adf2f39a5a98507f1fe0ce10a2b8dbc/library/std/src/panicking.rs:487:40
[INFO] [stdout]   54:     0x55da7fcdcf9b - std::panicking::try::had6f23b7b73ae72a
[INFO] [stdout]                                at /rustc/84c898d65adf2f39a5a98507f1fe0ce10a2b8dbc/library/std/src/panicking.rs:451:19
[INFO] [stdout]   55:     0x55da7fcdcf9b - std::panic::catch_unwind::ha6a5ca3915b4dad0
[INFO] [stdout]                                at /rustc/84c898d65adf2f39a5a98507f1fe0ce10a2b8dbc/library/std/src/panic.rs:140:14
[INFO] [stdout]   56:     0x55da7fcdcf9b - std::thread::Builder::spawn_unchecked_::{{closure}}::h883b72ef75da6231
[INFO] [stdout]                                at /rustc/84c898d65adf2f39a5a98507f1fe0ce10a2b8dbc/library/std/src/thread/mod.rs:559:30
[INFO] [stdout]   57:     0x55da7fcdcf9b - core::ops::function::FnOnce::call_once{{vtable.shim}}::hb7dff73dc8bd2ccb
[INFO] [stdout]                                at /rustc/84c898d65adf2f39a5a98507f1fe0ce10a2b8dbc/library/core/src/ops/function.rs:250:5
[INFO] [stdout]   58:     0x55da80327c93 - <alloc::boxed::Box<F,A> as core::ops::function::FnOnce<Args>>::call_once::h39990b24eedef2ab
[INFO] [stdout]                                at /rustc/84c898d65adf2f39a5a98507f1fe0ce10a2b8dbc/library/alloc/src/boxed.rs:1987:9
[INFO] [stdout]   59:     0x55da80327c93 - <alloc::boxed::Box<F,A> as core::ops::function::FnOnce<Args>>::call_once::h01a027258444143b
[INFO] [stdout]                                at /rustc/84c898d65adf2f39a5a98507f1fe0ce10a2b8dbc/library/alloc/src/boxed.rs:1987:9
[INFO] [stdout]   60:     0x55da80327c93 - std::sys::unix::thread::Thread::new::thread_start::ha4f1cdd9c25884ba
[INFO] [stdout]                                at /rustc/84c898d65adf2f39a5a98507f1fe0ce10a2b8dbc/library/std/src/sys/unix/thread.rs:108:17
[INFO] [stdout]   61:     0x7fa16ec54b43 - <unknown>
[INFO] [stdout]   62:     0x7fa16ece5bb4 - __clone
[INFO] [stdout]   63:                0x0 - <unknown>
[INFO] [stdout] 
[INFO] [stdout] 
[INFO] [stdout] failures:
[INFO] [stdout]     routing::tests::logging_rejections
[INFO] [stdout] 
[INFO] [stdout] test result: FAILED. 282 passed; 1 failed; 0 ignored; 0 measured; 0 filtered out; finished in 0.33s
[INFO] [stdout] 
[INFO] [stderr] error: test failed, to rerun pass `--lib`
[INFO] running `Command { std: "docker" "inspect" "0d01ca3dd525e30834bd3c6b0550fd2a183d0630aaead3f7ace852e745562ef6", kill_on_drop: false }`
[INFO] running `Command { std: "docker" "rm" "-f" "0d01ca3dd525e30834bd3c6b0550fd2a183d0630aaead3f7ace852e745562ef6", kill_on_drop: false }`
[INFO] [stdout] 0d01ca3dd525e30834bd3c6b0550fd2a183d0630aaead3f7ace852e745562ef6
