[INFO] fetching crate axum-cloudflare-adapter 0.4.2...
[INFO] testing axum-cloudflare-adapter-0.4.2 against 1.69.0 for beta-1.70-1
[INFO] extracting crate axum-cloudflare-adapter 0.4.2 into /workspace/builds/worker-1-tc1/source
[INFO] validating manifest of crates.io crate axum-cloudflare-adapter 0.4.2 on toolchain 1.69.0
[INFO] running `Command { std: CARGO_HOME="/workspace/cargo-home" RUSTUP_HOME="/workspace/rustup-home" "/workspace/cargo-home/bin/cargo" "+1.69.0" "metadata" "--manifest-path" "Cargo.toml" "--no-deps", kill_on_drop: false }`
[INFO] started tweaking crates.io crate axum-cloudflare-adapter 0.4.2
[INFO] finished tweaking crates.io crate axum-cloudflare-adapter 0.4.2
[INFO] tweaked toml for crates.io crate axum-cloudflare-adapter 0.4.2 written to /workspace/builds/worker-1-tc1/source/Cargo.toml
[INFO] running `Command { std: CARGO_HOME="/workspace/cargo-home" RUSTUP_HOME="/workspace/rustup-home" __CARGO_TEST_CHANNEL_OVERRIDE_DO_NOT_USE_THIS="nightly" "/workspace/cargo-home/bin/cargo" "+1.69.0" "generate-lockfile" "--manifest-path" "Cargo.toml" "-Zno-index-update", kill_on_drop: false }`
[INFO] running `Command { std: CARGO_HOME="/workspace/cargo-home" RUSTUP_HOME="/workspace/rustup-home" "/workspace/cargo-home/bin/cargo" "+1.69.0" "fetch" "--manifest-path" "Cargo.toml", kill_on_drop: false }`
[INFO] [stderr]  Downloading crates ...
[INFO] [stderr]   Downloaded oneshot v0.1.5
[INFO] [stderr]   Downloaded generator v0.7.4
[INFO] [stderr]   Downloaded matchit v0.4.6
[INFO] [stderr]   Downloaded phf_codegen v0.11.1
[INFO] [stderr]   Downloaded loom v0.5.6
[INFO] [stderr]   Downloaded chrono-tz-build v0.0.3
[INFO] [stderr]   Downloaded serde-wasm-bindgen v0.5.0
[INFO] [stderr]   Downloaded axum-cloudflare-adapter-macros v0.1.1
[INFO] [stderr]   Downloaded worker v0.0.16
[INFO] [stderr]   Downloaded axum v0.6.17
[INFO] [stderr]   Downloaded chrono-tz v0.6.3
[INFO] [stderr]   Downloaded worker-kv v0.6.0
[INFO] [stderr]   Downloaded worker-sys v0.0.8
[INFO] [stderr]   Downloaded worker-macros v0.0.8
[INFO] running `Command { std: "docker" "create" "-v" "/var/lib/crater-agent-workspace/builds/worker-1-tc1/target:/opt/rustwide/target:rw,Z" "-v" "/var/lib/crater-agent-workspace/builds/worker-1-tc1/source:/opt/rustwide/workdir:ro,Z" "-v" "/var/lib/crater-agent-workspace/cargo-home:/opt/rustwide/cargo-home:ro,Z" "-v" "/var/lib/crater-agent-workspace/rustup-home:/opt/rustwide/rustup-home:ro,Z" "-e" "SOURCE_DIR=/opt/rustwide/workdir" "-e" "CARGO_TARGET_DIR=/opt/rustwide/target" "-e" "CARGO_HOME=/opt/rustwide/cargo-home" "-e" "RUSTUP_HOME=/opt/rustwide/rustup-home" "-w" "/opt/rustwide/workdir" "-m" "1610612736" "--user" "0:0" "--network" "none" "ghcr.io/rust-lang/crates-build-env/linux@sha256:5ff2268d62e97bff2cde7d5815dd6ed5b47097566f13b8d0ca110b04b60e07ed" "/opt/rustwide/cargo-home/bin/cargo" "+1.69.0" "metadata" "--no-deps" "--format-version=1", kill_on_drop: false }`
[INFO] [stdout] ea680642eca2adfa6432617806c90c756dc9e3e11e1b479fa9717d62df5490db
[INFO] running `Command { std: "docker" "start" "-a" "ea680642eca2adfa6432617806c90c756dc9e3e11e1b479fa9717d62df5490db", kill_on_drop: false }`
[INFO] running `Command { std: "docker" "inspect" "ea680642eca2adfa6432617806c90c756dc9e3e11e1b479fa9717d62df5490db", kill_on_drop: false }`
[INFO] running `Command { std: "docker" "rm" "-f" "ea680642eca2adfa6432617806c90c756dc9e3e11e1b479fa9717d62df5490db", kill_on_drop: false }`
[INFO] [stdout] ea680642eca2adfa6432617806c90c756dc9e3e11e1b479fa9717d62df5490db
[INFO] running `Command { std: "docker" "create" "-v" "/var/lib/crater-agent-workspace/builds/worker-1-tc1/target:/opt/rustwide/target:rw,Z" "-v" "/var/lib/crater-agent-workspace/builds/worker-1-tc1/source:/opt/rustwide/workdir:ro,Z" "-v" "/var/lib/crater-agent-workspace/cargo-home:/opt/rustwide/cargo-home:ro,Z" "-v" "/var/lib/crater-agent-workspace/rustup-home:/opt/rustwide/rustup-home:ro,Z" "-e" "SOURCE_DIR=/opt/rustwide/workdir" "-e" "CARGO_TARGET_DIR=/opt/rustwide/target" "-e" "CARGO_INCREMENTAL=0" "-e" "RUST_BACKTRACE=full" "-e" "RUSTFLAGS=--cap-lints=warn" "-e" "RUSTDOCFLAGS=--cap-lints=warn" "-e" "CARGO_HOME=/opt/rustwide/cargo-home" "-e" "RUSTUP_HOME=/opt/rustwide/rustup-home" "-w" "/opt/rustwide/workdir" "-m" "1610612736" "--user" "0:0" "--network" "none" "ghcr.io/rust-lang/crates-build-env/linux@sha256:5ff2268d62e97bff2cde7d5815dd6ed5b47097566f13b8d0ca110b04b60e07ed" "/opt/rustwide/cargo-home/bin/cargo" "+1.69.0" "build" "--frozen" "--message-format=json", kill_on_drop: false }`
[INFO] [stdout] 5f59a09e3fba5642ca192eea8f581e8bec8f17b704cbc67924620f9992a3de53
[INFO] running `Command { std: "docker" "start" "-a" "5f59a09e3fba5642ca192eea8f581e8bec8f17b704cbc67924620f9992a3de53", kill_on_drop: false }`
[INFO] [stderr]    Compiling wasm-bindgen-shared v0.2.84
[INFO] [stderr]    Compiling bumpalo v3.12.1
[INFO] [stderr]    Compiling wasm-bindgen v0.2.84
[INFO] [stderr]    Compiling uncased v0.9.7
[INFO] [stderr]    Compiling siphasher v0.3.10
[INFO] [stderr]    Compiling futures-task v0.3.28
[INFO] [stderr]    Compiling futures-util v0.3.28
[INFO] [stderr]    Compiling rustversion v1.0.12
[INFO] [stderr]    Compiling rand_core v0.6.4
[INFO] [stderr]    Compiling futures-macro v0.3.28
[INFO] [stderr]    Compiling futures-sink v0.3.28
[INFO] [stderr]    Compiling regex-syntax v0.7.1
[INFO] [stderr]    Compiling rand v0.8.5
[INFO] [stderr]    Compiling futures-io v0.3.28
[INFO] [stderr]    Compiling wasm-bindgen-backend v0.2.84
[INFO] [stderr]    Compiling phf_shared v0.11.1
[INFO] [stderr]    Compiling serde_derive v1.0.160
[INFO] [stderr]    Compiling async-trait v0.1.68
[INFO] [stderr]    Compiling phf v0.11.1
[INFO] [stderr]    Compiling tokio v1.28.0
[INFO] [stderr]    Compiling phf_generator v0.11.1
[INFO] [stderr]    Compiling phf_codegen v0.11.1
[INFO] [stderr]    Compiling thiserror-impl v1.0.40
[INFO] [stderr]    Compiling axum-core v0.3.4
[INFO] [stderr]    Compiling tracing-core v0.1.30
[INFO] [stderr]    Compiling regex v1.8.1
[INFO] [stderr]    Compiling wasm-bindgen-macro-support v0.2.84
[INFO] [stderr]    Compiling want v0.3.0
[INFO] [stderr]    Compiling parse-zoneinfo v0.3.0
[INFO] [stderr]    Compiling tracing v0.1.37
[INFO] [stderr]    Compiling thiserror v1.0.40
[INFO] [stderr]    Compiling axum v0.6.17
[INFO] [stderr]    Compiling chrono v0.4.24
[INFO] [stderr]    Compiling chrono-tz-build v0.0.3
[INFO] [stderr]    Compiling matchit v0.7.0
[INFO] [stderr]    Compiling matchit v0.4.6
[INFO] [stderr]    Compiling wasm-bindgen-macro v0.2.84
[INFO] [stderr]    Compiling sync_wrapper v0.1.2
[INFO] [stderr]    Compiling chrono-tz v0.6.3
[INFO] [stderr]    Compiling axum-cloudflare-adapter-macros v0.1.1
[INFO] [stderr]    Compiling oneshot v0.1.5
[INFO] [stderr]    Compiling tower v0.4.13
[INFO] [stderr]    Compiling hyper v0.14.26
[INFO] [stderr]    Compiling js-sys v0.3.61
[INFO] [stderr]    Compiling serde v1.0.160
[INFO] [stderr]    Compiling wasm-bindgen-futures v0.4.34
[INFO] [stderr]    Compiling web-sys v0.3.61
[INFO] [stderr]    Compiling serde_json v1.0.96
[INFO] [stderr]    Compiling serde-wasm-bindgen v0.5.0
[INFO] [stderr]    Compiling worker-sys v0.0.8
[INFO] [stderr]    Compiling wasm-streams v0.2.3
[INFO] [stderr]    Compiling worker-kv v0.6.0
[INFO] [stderr]    Compiling worker-macros v0.0.8
[INFO] [stderr]    Compiling worker v0.0.16
[INFO] [stderr]    Compiling axum-cloudflare-adapter v0.4.2 (/opt/rustwide/workdir)
[INFO] [stderr]     Finished dev [unoptimized + debuginfo] target(s) in 36.75s
[INFO] running `Command { std: "docker" "inspect" "5f59a09e3fba5642ca192eea8f581e8bec8f17b704cbc67924620f9992a3de53", kill_on_drop: false }`
[INFO] running `Command { std: "docker" "rm" "-f" "5f59a09e3fba5642ca192eea8f581e8bec8f17b704cbc67924620f9992a3de53", kill_on_drop: false }`
[INFO] [stdout] 5f59a09e3fba5642ca192eea8f581e8bec8f17b704cbc67924620f9992a3de53
[INFO] running `Command { std: "docker" "create" "-v" "/var/lib/crater-agent-workspace/builds/worker-1-tc1/target:/opt/rustwide/target:rw,Z" "-v" "/var/lib/crater-agent-workspace/builds/worker-1-tc1/source:/opt/rustwide/workdir:ro,Z" "-v" "/var/lib/crater-agent-workspace/cargo-home:/opt/rustwide/cargo-home:ro,Z" "-v" "/var/lib/crater-agent-workspace/rustup-home:/opt/rustwide/rustup-home:ro,Z" "-e" "SOURCE_DIR=/opt/rustwide/workdir" "-e" "CARGO_TARGET_DIR=/opt/rustwide/target" "-e" "CARGO_INCREMENTAL=0" "-e" "RUST_BACKTRACE=full" "-e" "RUSTFLAGS=--cap-lints=warn" "-e" "RUSTDOCFLAGS=--cap-lints=warn" "-e" "CARGO_HOME=/opt/rustwide/cargo-home" "-e" "RUSTUP_HOME=/opt/rustwide/rustup-home" "-w" "/opt/rustwide/workdir" "-m" "1610612736" "--user" "0:0" "--network" "none" "ghcr.io/rust-lang/crates-build-env/linux@sha256:5ff2268d62e97bff2cde7d5815dd6ed5b47097566f13b8d0ca110b04b60e07ed" "/opt/rustwide/cargo-home/bin/cargo" "+1.69.0" "test" "--frozen" "--no-run" "--message-format=json", kill_on_drop: false }`
[INFO] [stdout] 3e38bdfb1d49a9a3486a93211fdb1fd71a7d2ba71f73dedeb7583e9962884dad
[INFO] running `Command { std: "docker" "start" "-a" "3e38bdfb1d49a9a3486a93211fdb1fd71a7d2ba71f73dedeb7583e9962884dad", kill_on_drop: false }`
[INFO] [stderr]    Compiling console_error_panic_hook v0.1.7
[INFO] [stderr]    Compiling wasm-bindgen-test-macro v0.3.34
[INFO] [stderr]    Compiling scoped-tls v1.0.1
[INFO] [stderr]    Compiling wasm-bindgen-test v0.3.34
[INFO] [stderr]    Compiling axum-cloudflare-adapter v0.4.2 (/opt/rustwide/workdir)
[INFO] [stderr]     Finished test [unoptimized + debuginfo] target(s) in 3.28s
[INFO] running `Command { std: "docker" "inspect" "3e38bdfb1d49a9a3486a93211fdb1fd71a7d2ba71f73dedeb7583e9962884dad", kill_on_drop: false }`
[INFO] running `Command { std: "docker" "rm" "-f" "3e38bdfb1d49a9a3486a93211fdb1fd71a7d2ba71f73dedeb7583e9962884dad", kill_on_drop: false }`
[INFO] [stdout] 3e38bdfb1d49a9a3486a93211fdb1fd71a7d2ba71f73dedeb7583e9962884dad
[INFO] running `Command { std: "docker" "create" "-v" "/var/lib/crater-agent-workspace/builds/worker-1-tc1/target:/opt/rustwide/target:rw,Z" "-v" "/var/lib/crater-agent-workspace/builds/worker-1-tc1/source:/opt/rustwide/workdir:ro,Z" "-v" "/var/lib/crater-agent-workspace/cargo-home:/opt/rustwide/cargo-home:ro,Z" "-v" "/var/lib/crater-agent-workspace/rustup-home:/opt/rustwide/rustup-home:ro,Z" "-e" "SOURCE_DIR=/opt/rustwide/workdir" "-e" "CARGO_TARGET_DIR=/opt/rustwide/target" "-e" "CARGO_INCREMENTAL=0" "-e" "RUST_BACKTRACE=full" "-e" "RUSTFLAGS=--cap-lints=warn" "-e" "RUSTDOCFLAGS=--cap-lints=warn" "-e" "CARGO_HOME=/opt/rustwide/cargo-home" "-e" "RUSTUP_HOME=/opt/rustwide/rustup-home" "-w" "/opt/rustwide/workdir" "-m" "1610612736" "--user" "0:0" "--network" "none" "ghcr.io/rust-lang/crates-build-env/linux@sha256:5ff2268d62e97bff2cde7d5815dd6ed5b47097566f13b8d0ca110b04b60e07ed" "/opt/rustwide/cargo-home/bin/cargo" "+1.69.0" "test" "--frozen", kill_on_drop: false }`
[INFO] [stdout] 65d762f27a8066e840fa954df1e7a615150f485f5f91ec9a60d06333f116b2df
[INFO] running `Command { std: "docker" "start" "-a" "65d762f27a8066e840fa954df1e7a615150f485f5f91ec9a60d06333f116b2df", kill_on_drop: false }`
[INFO] [stderr]     Finished test [unoptimized + debuginfo] target(s) in 0.14s
[INFO] [stdout] 
[INFO] [stdout] running 0 tests
[INFO] [stderr]      Running unittests src/lib.rs (/opt/rustwide/target/debug/deps/axum_cloudflare_adapter-0f883daa351df3e3)
[INFO] [stdout] 
[INFO] [stderr]    Doc-tests axum-cloudflare-adapter
[INFO] [stdout] test result: ok. 0 passed; 0 failed; 0 ignored; 0 measured; 0 filtered out; finished in 0.00s
[INFO] [stdout] 
[INFO] [stdout] 
[INFO] [stdout] running 1 test
[INFO] [stderr] error: doctest failed, to rerun pass `--doc`
[INFO] [stdout] test src/lib.rs - (line 5) ... FAILED
[INFO] [stdout] 
[INFO] [stdout] failures:
[INFO] [stdout] 
[INFO] [stdout] ---- src/lib.rs - (line 5) stdout ----
[INFO] [stdout] error[E0432]: unresolved import `tower_service`
[INFO] [stdout]   --> src/lib.rs:15:5
[INFO] [stdout]    |
[INFO] [stdout] 12 | use tower_service::Service;
[INFO] [stdout]    |     ^^^^^^^^^^^^^ use of undeclared crate or module `tower_service`
[INFO] [stdout] 
[INFO] [stdout] error[E0423]: expected value, found macro `env`
[INFO] [stdout]   --> src/lib.rs:37:38
[INFO] [stdout]    |
[INFO] [stdout] 34 |                     env_wrapper: EnvWrapper::new(env),
[INFO] [stdout]    |                                                  ^^^
[INFO] [stdout]    |                                                  |
[INFO] [stdout]    |                                                  not a value
[INFO] [stdout]    |                                                  help: a local variable with a similar name exists: `_env`
[INFO] [stdout] 
[INFO] [stdout] error[E0601]: `main` function not found in crate `rust_out`
[INFO] [stdout]   --> src/lib.rs:45:2
[INFO] [stdout]    |
[INFO] [stdout] 42 | }
[INFO] [stdout]    |  ^ consider adding a `main` function to `src/lib.rs`
[INFO] [stdout] 
[INFO] [stdout] error[E0599]: no method named `call` found for struct `axum::Router` in the current scope
[INFO] [stdout]   --> src/lib.rs:41:31
[INFO] [stdout]    |
[INFO] [stdout] 38 |         let axum_response = _router.call(axum_request).await.unwrap();
[INFO] [stdout]    |                                     ^^^^ method not found in `Router`
[INFO] [stdout]    |
[INFO] [stdout]    = help: items from traits can only be used if the trait is in scope
[INFO] [stdout] help: the following traits are implemented but not in scope; perhaps add a `use` for one of them:
[INFO] [stdout]    |
[INFO] [stdout] 2  | use axum::handler::Handler;
[INFO] [stdout]    |
[INFO] [stdout] 2  | use futures_util::fns::Fn1;
[INFO] [stdout]    |
[INFO] [stdout] 2  | use hyper::service::http::HttpService;
[INFO] [stdout]    |
[INFO] [stdout] 2  | use std::ops::Fn;
[INFO] [stdout]    |
[INFO] [stdout]      and 1 other candidate
[INFO] [stdout] 
[INFO] [stdout] error: aborting due to 4 previous errors
[INFO] [stdout] 
[INFO] [stdout] Some errors have detailed explanations: E0423, E0432, E0599, E0601.
[INFO] [stdout] For more information about an error, try `rustc --explain E0423`.
[INFO] [stdout] Couldn't compile the test.
[INFO] [stdout] 
[INFO] [stdout] failures:
[INFO] [stdout]     src/lib.rs - (line 5)
[INFO] [stdout] 
[INFO] [stdout] test result: FAILED. 0 passed; 1 failed; 0 ignored; 0 measured; 0 filtered out; finished in 0.19s
[INFO] [stdout] 
[INFO] running `Command { std: "docker" "inspect" "65d762f27a8066e840fa954df1e7a615150f485f5f91ec9a60d06333f116b2df", kill_on_drop: false }`
[INFO] running `Command { std: "docker" "rm" "-f" "65d762f27a8066e840fa954df1e7a615150f485f5f91ec9a60d06333f116b2df", kill_on_drop: false }`
[INFO] [stdout] 65d762f27a8066e840fa954df1e7a615150f485f5f91ec9a60d06333f116b2df
