[INFO] fetching crate aws-smithy-http-server 0.55.2...
[INFO] testing aws-smithy-http-server-0.55.2 against 1.69.0 for beta-1.70-1
[INFO] extracting crate aws-smithy-http-server 0.55.2 into /workspace/builds/worker-1-tc1/source
[INFO] validating manifest of crates.io crate aws-smithy-http-server 0.55.2 on toolchain 1.69.0
[INFO] running `Command { std: CARGO_HOME="/workspace/cargo-home" RUSTUP_HOME="/workspace/rustup-home" "/workspace/cargo-home/bin/cargo" "+1.69.0" "metadata" "--manifest-path" "Cargo.toml" "--no-deps", kill_on_drop: false }`
[INFO] started tweaking crates.io crate aws-smithy-http-server 0.55.2
[INFO] finished tweaking crates.io crate aws-smithy-http-server 0.55.2
[INFO] tweaked toml for crates.io crate aws-smithy-http-server 0.55.2 written to /workspace/builds/worker-1-tc1/source/Cargo.toml
[INFO] running `Command { std: CARGO_HOME="/workspace/cargo-home" RUSTUP_HOME="/workspace/rustup-home" __CARGO_TEST_CHANNEL_OVERRIDE_DO_NOT_USE_THIS="nightly" "/workspace/cargo-home/bin/cargo" "+1.69.0" "generate-lockfile" "--manifest-path" "Cargo.toml" "-Zno-index-update", kill_on_drop: false }`
[INFO] running `Command { std: CARGO_HOME="/workspace/cargo-home" RUSTUP_HOME="/workspace/rustup-home" "/workspace/cargo-home/bin/cargo" "+1.69.0" "fetch" "--manifest-path" "Cargo.toml", kill_on_drop: false }`
[INFO] [stderr]  Downloading crates ...
[INFO] [stderr]   Downloaded tower-http v0.3.5
[INFO] [stderr]   Downloaded http-serde v1.1.2
[INFO] [stderr]   Downloaded lambda_runtime v0.7.3
[INFO] [stderr]   Downloaded lambda_runtime_api_client v0.7.0
[INFO] [stderr]   Downloaded query_map v0.6.0
[INFO] [stderr]   Downloaded aws_lambda_events v0.7.3
[INFO] [stderr]   Downloaded lambda_http v0.7.3
[INFO] [stderr]   Downloaded async-stream-impl v0.3.5
[INFO] [stderr]   Downloaded async-stream v0.3.5
[INFO] [stderr]   Downloaded http-range-header v0.3.0
[INFO] running `Command { std: "docker" "create" "-v" "/var/lib/crater-agent-workspace/builds/worker-1-tc1/target:/opt/rustwide/target:rw,Z" "-v" "/var/lib/crater-agent-workspace/builds/worker-1-tc1/source:/opt/rustwide/workdir:ro,Z" "-v" "/var/lib/crater-agent-workspace/cargo-home:/opt/rustwide/cargo-home:ro,Z" "-v" "/var/lib/crater-agent-workspace/rustup-home:/opt/rustwide/rustup-home:ro,Z" "-e" "SOURCE_DIR=/opt/rustwide/workdir" "-e" "CARGO_TARGET_DIR=/opt/rustwide/target" "-e" "CARGO_HOME=/opt/rustwide/cargo-home" "-e" "RUSTUP_HOME=/opt/rustwide/rustup-home" "-w" "/opt/rustwide/workdir" "-m" "1610612736" "--user" "0:0" "--network" "none" "ghcr.io/rust-lang/crates-build-env/linux@sha256:5ff2268d62e97bff2cde7d5815dd6ed5b47097566f13b8d0ca110b04b60e07ed" "/opt/rustwide/cargo-home/bin/cargo" "+1.69.0" "metadata" "--no-deps" "--format-version=1", kill_on_drop: false }`
[INFO] [stdout] 2924463784acdd89965c4b3d815bcf742629c9e325208b1564dfe9eb3e02f418
[INFO] running `Command { std: "docker" "start" "-a" "2924463784acdd89965c4b3d815bcf742629c9e325208b1564dfe9eb3e02f418", kill_on_drop: false }`
[INFO] running `Command { std: "docker" "inspect" "2924463784acdd89965c4b3d815bcf742629c9e325208b1564dfe9eb3e02f418", kill_on_drop: false }`
[INFO] running `Command { std: "docker" "rm" "-f" "2924463784acdd89965c4b3d815bcf742629c9e325208b1564dfe9eb3e02f418", kill_on_drop: false }`
[INFO] [stdout] 2924463784acdd89965c4b3d815bcf742629c9e325208b1564dfe9eb3e02f418
[INFO] running `Command { std: "docker" "create" "-v" "/var/lib/crater-agent-workspace/builds/worker-1-tc1/target:/opt/rustwide/target:rw,Z" "-v" "/var/lib/crater-agent-workspace/builds/worker-1-tc1/source:/opt/rustwide/workdir:ro,Z" "-v" "/var/lib/crater-agent-workspace/cargo-home:/opt/rustwide/cargo-home:ro,Z" "-v" "/var/lib/crater-agent-workspace/rustup-home:/opt/rustwide/rustup-home:ro,Z" "-e" "SOURCE_DIR=/opt/rustwide/workdir" "-e" "CARGO_TARGET_DIR=/opt/rustwide/target" "-e" "CARGO_INCREMENTAL=0" "-e" "RUST_BACKTRACE=full" "-e" "RUSTFLAGS=--cap-lints=warn" "-e" "RUSTDOCFLAGS=--cap-lints=warn" "-e" "CARGO_HOME=/opt/rustwide/cargo-home" "-e" "RUSTUP_HOME=/opt/rustwide/rustup-home" "-w" "/opt/rustwide/workdir" "-m" "1610612736" "--user" "0:0" "--network" "none" "ghcr.io/rust-lang/crates-build-env/linux@sha256:5ff2268d62e97bff2cde7d5815dd6ed5b47097566f13b8d0ca110b04b60e07ed" "/opt/rustwide/cargo-home/bin/cargo" "+1.69.0" "build" "--frozen" "--message-format=json", kill_on_drop: false }`
[INFO] [stdout] f519733f0516af4bca98a88d1a4ad95d2dd03b89d388d4916a75a8b1793cba8d
[INFO] running `Command { std: "docker" "start" "-a" "f519733f0516af4bca98a88d1a4ad95d2dd03b89d388d4916a75a8b1793cba8d", kill_on_drop: false }`
[INFO] [stderr]    Compiling futures-task v0.3.28
[INFO] [stderr]    Compiling smallvec v1.10.0
[INFO] [stderr]    Compiling tokio v1.28.0
[INFO] [stderr]    Compiling futures-util v0.3.28
[INFO] [stderr]    Compiling syn v2.0.15
[INFO] [stderr]    Compiling num-traits v0.2.15
[INFO] [stderr]    Compiling num-integer v0.1.45
[INFO] [stderr]    Compiling futures-channel v0.3.28
[INFO] [stderr]    Compiling parking_lot_core v0.9.7
[INFO] [stderr]    Compiling outref v0.5.1
[INFO] [stderr]    Compiling time-core v0.1.0
[INFO] [stderr]    Compiling vsimd v0.8.0
[INFO] [stderr]    Compiling time v0.3.20
[INFO] [stderr]    Compiling serde v1.0.160
[INFO] [stderr]    Compiling parking_lot v0.12.1
[INFO] [stderr]    Compiling tower-layer v0.3.2
[INFO] [stderr]    Compiling base64-simd v0.8.0
[INFO] [stderr]    Compiling async-trait v0.1.68
[INFO] [stderr]    Compiling bytes-utils v0.1.3
[INFO] [stderr]    Compiling pin-project v1.0.12
[INFO] [stderr]    Compiling http-range-header v0.3.0
[INFO] [stderr]    Compiling xmlparser v0.13.5
[INFO] [stderr]    Compiling aws-smithy-xml v0.55.2
[INFO] [stderr]    Compiling aws-smithy-types v0.55.2
[INFO] [stderr]    Compiling aws-smithy-json v0.55.2
[INFO] [stderr]    Compiling tower-http v0.3.5
[INFO] [stderr]    Compiling serde_urlencoded v0.7.1
[INFO] [stderr]    Compiling tokio-macros v2.1.0
[INFO] [stderr]    Compiling tracing-attributes v0.1.24
[INFO] [stderr]    Compiling thiserror-impl v1.0.40
[INFO] [stderr]    Compiling thiserror v1.0.40
[INFO] [stderr]    Compiling tracing v0.1.37
[INFO] [stderr]    Compiling tokio-util v0.7.8
[INFO] [stderr]    Compiling tower v0.4.13
[INFO] [stderr]    Compiling h2 v0.3.18
[INFO] [stderr]    Compiling hyper v0.14.26
[INFO] [stderr]    Compiling aws-smithy-http v0.55.2
[INFO] [stderr]    Compiling aws-smithy-http-server v0.55.2 (/opt/rustwide/workdir)
[INFO] [stderr]     Finished dev [unoptimized + debuginfo] target(s) in 35.55s
[INFO] running `Command { std: "docker" "inspect" "f519733f0516af4bca98a88d1a4ad95d2dd03b89d388d4916a75a8b1793cba8d", kill_on_drop: false }`
[INFO] running `Command { std: "docker" "rm" "-f" "f519733f0516af4bca98a88d1a4ad95d2dd03b89d388d4916a75a8b1793cba8d", kill_on_drop: false }`
[INFO] [stdout] f519733f0516af4bca98a88d1a4ad95d2dd03b89d388d4916a75a8b1793cba8d
[INFO] running `Command { std: "docker" "create" "-v" "/var/lib/crater-agent-workspace/builds/worker-1-tc1/target:/opt/rustwide/target:rw,Z" "-v" "/var/lib/crater-agent-workspace/builds/worker-1-tc1/source:/opt/rustwide/workdir:ro,Z" "-v" "/var/lib/crater-agent-workspace/cargo-home:/opt/rustwide/cargo-home:ro,Z" "-v" "/var/lib/crater-agent-workspace/rustup-home:/opt/rustwide/rustup-home:ro,Z" "-e" "SOURCE_DIR=/opt/rustwide/workdir" "-e" "CARGO_TARGET_DIR=/opt/rustwide/target" "-e" "CARGO_INCREMENTAL=0" "-e" "RUST_BACKTRACE=full" "-e" "RUSTFLAGS=--cap-lints=warn" "-e" "RUSTDOCFLAGS=--cap-lints=warn" "-e" "CARGO_HOME=/opt/rustwide/cargo-home" "-e" "RUSTUP_HOME=/opt/rustwide/rustup-home" "-w" "/opt/rustwide/workdir" "-m" "1610612736" "--user" "0:0" "--network" "none" "ghcr.io/rust-lang/crates-build-env/linux@sha256:5ff2268d62e97bff2cde7d5815dd6ed5b47097566f13b8d0ca110b04b60e07ed" "/opt/rustwide/cargo-home/bin/cargo" "+1.69.0" "test" "--frozen" "--no-run" "--message-format=json", kill_on_drop: false }`
[INFO] [stdout] 5f13251a066c1af0b21187b0aaaa4e552ac0b17a80dac23c6c72a3e97f5f4c9f
[INFO] running `Command { std: "docker" "start" "-a" "5f13251a066c1af0b21187b0aaaa4e552ac0b17a80dac23c6c72a3e97f5f4c9f", kill_on_drop: false }`
[INFO] [stderr]    Compiling diff v0.1.13
[INFO] [stderr]    Compiling yansi v0.5.1
[INFO] [stderr]    Compiling pretty_assertions v1.3.0
[INFO] [stderr]    Compiling aws-smithy-http-server v0.55.2 (/opt/rustwide/workdir)
[INFO] [stderr]     Finished test [unoptimized + debuginfo] target(s) in 4.87s
[INFO] running `Command { std: "docker" "inspect" "5f13251a066c1af0b21187b0aaaa4e552ac0b17a80dac23c6c72a3e97f5f4c9f", kill_on_drop: false }`
[INFO] running `Command { std: "docker" "rm" "-f" "5f13251a066c1af0b21187b0aaaa4e552ac0b17a80dac23c6c72a3e97f5f4c9f", kill_on_drop: false }`
[INFO] [stdout] 5f13251a066c1af0b21187b0aaaa4e552ac0b17a80dac23c6c72a3e97f5f4c9f
[INFO] running `Command { std: "docker" "create" "-v" "/var/lib/crater-agent-workspace/builds/worker-1-tc1/target:/opt/rustwide/target:rw,Z" "-v" "/var/lib/crater-agent-workspace/builds/worker-1-tc1/source:/opt/rustwide/workdir:ro,Z" "-v" "/var/lib/crater-agent-workspace/cargo-home:/opt/rustwide/cargo-home:ro,Z" "-v" "/var/lib/crater-agent-workspace/rustup-home:/opt/rustwide/rustup-home:ro,Z" "-e" "SOURCE_DIR=/opt/rustwide/workdir" "-e" "CARGO_TARGET_DIR=/opt/rustwide/target" "-e" "CARGO_INCREMENTAL=0" "-e" "RUST_BACKTRACE=full" "-e" "RUSTFLAGS=--cap-lints=warn" "-e" "RUSTDOCFLAGS=--cap-lints=warn" "-e" "CARGO_HOME=/opt/rustwide/cargo-home" "-e" "RUSTUP_HOME=/opt/rustwide/rustup-home" "-w" "/opt/rustwide/workdir" "-m" "1610612736" "--user" "0:0" "--network" "none" "ghcr.io/rust-lang/crates-build-env/linux@sha256:5ff2268d62e97bff2cde7d5815dd6ed5b47097566f13b8d0ca110b04b60e07ed" "/opt/rustwide/cargo-home/bin/cargo" "+1.69.0" "test" "--frozen", kill_on_drop: false }`
[INFO] [stdout] 78747f0da982cf9c9b6bf979ad18c4a105a39196e205846349a84bbf48c3dc10
[INFO] running `Command { std: "docker" "start" "-a" "78747f0da982cf9c9b6bf979ad18c4a105a39196e205846349a84bbf48c3dc10", kill_on_drop: false }`
[INFO] [stderr]     Finished test [unoptimized + debuginfo] target(s) in 0.11s
[INFO] [stderr]      Running unittests src/lib.rs (/opt/rustwide/target/debug/deps/aws_smithy_http_server-d3997d395f8a7632)
[INFO] [stdout] 
[INFO] [stdout] running 67 tests
[INFO] [stdout] test extension::tests::plugin ... ok
[INFO] [stdout] test instrumentation::sensitivity::headers::tests::mark_all_values ... ok
[INFO] [stdout] test instrumentation::sensitivity::headers::tests::mark_name_a_values ... ok
[INFO] [stdout] test instrumentation::sensitivity::sensitive::tests::display ... ok
[INFO] [stdout] test instrumentation::sensitivity::sensitive::tests::debug ... ok
[INFO] [stdout] test instrumentation::sensitivity::headers::tests::mark_prefix_a_values ... ok
[INFO] [stdout] test instrumentation::sensitivity::uri::label::tests::mark_all ... ok
[INFO] [stdout] test instrumentation::sensitivity::uri::label::tests::mark_none ... ok
[INFO] [stdout] test instrumentation::sensitivity::uri::query::tests::mark_all_keys ... ok
[INFO] [stdout] test instrumentation::sensitivity::uri::query::tests::mark_all_pairs ... ok
[INFO] [stdout] test instrumentation::sensitivity::uri::query::tests::mark_all_values ... ok
[INFO] [stdout] test instrumentation::sensitivity::uri::query::tests::mark_none ... ok
[INFO] [stdout] test instrumentation::sensitivity::uri::query::tests::mark_x ... ok
[INFO] [stdout] test instrumentation::sensitivity::uri::tests::path_mark_first_segment ... ok
[INFO] [stdout] test instrumentation::sensitivity::uri::tests::path_mark_last_segment ... ok
[INFO] [stdout] test instrumentation::sensitivity::uri::tests::path_mark_none ... ok
[INFO] [stdout] test instrumentation::sensitivity::uri::tests::query_mark_all_keys ... ok
[INFO] [stdout] test instrumentation::sensitivity::uri::tests::query_mark_all_pairs ... ok
[INFO] [stdout] test extension::tests::ext_accept ... ok
[INFO] [stdout] test instrumentation::sensitivity::uri::label::tests::greedy_offset_b ... ok
[INFO] [stdout] test instrumentation::sensitivity::uri::tests::query_mark_all_values ... ok
[INFO] [stdout] test extension::tests::ext_reject ... ok
[INFO] [stdout] test instrumentation::sensitivity::headers::tests::mark_none ... ok
[INFO] [stdout] test instrumentation::sensitivity::uri::tests::query_mark_x ... ok
[INFO] [stdout] test instrumentation::sensitivity::uri::label::tests::greedy_offset_a ... ok
[INFO] [stdout] test instrumentation::sensitivity::uri::label::tests::greedy ... ok
[INFO] [stdout] test proto::aws_json::router::tests::simple_routing ... ok
[INFO] [stdout] test protocols::tests::check_content_type_header_empty_body_no_modeled_input ... ok
[INFO] [stdout] test protocols::tests::check_invalid_content_type ... ok
[INFO] [stdout] test protocols::tests::check_non_ascii_visible_characters_content_type ... ok
[INFO] [stdout] test protocols::tests::invalid_accept_header_classifier ... ok
[INFO] [stdout] test protocols::tests::valid_accept_header_classifier_multiple_values ... ok
[INFO] [stdout] test protocols::tests::valid_accept_header_classifier_star ... ok
[INFO] [stdout] test protocols::tests::valid_accept_header_classifier_with_params ... ok
[INFO] [stdout] test protocols::tests::valid_accept_header_classifier_star_star ... ok
[INFO] [stdout] test protocols::tests::valid_empty_accept_header_classifier ... ok
[INFO] [stdout] test routing::into_make_service::tests::traits ... ok
[INFO] [stdout] test proto::rest::router::tests::basic_pattern_conflict_avoidance ... ok
[INFO] [stdout] test protocols::tests::valid_accept_header_classifier ... ok
[INFO] [stdout] test routing::request_spec::tests::empty_segments_at_the_end_do_matter_label_spec ... ok
[INFO] [stdout] test routing::request_spec::tests::empty_segments_in_the_middle_do_matter_greedy_label_spec ... ok
[INFO] [stdout] test protocols::tests::check_missing_content_type_is_allowed ... ok
[INFO] [stdout] test protocols::tests::check_invalid_content_type_header_empty_body_no_modeled_input ... ok
[INFO] [stdout] test routing::request_spec::tests::greedy_labels_match_greedily ... ok
[INFO] [stdout] test routing::request_spec::tests::encoded_query_string ... ok
[INFO] [stdout] test routing::request_spec::tests::empty_segments_in_the_middle_do_matter_label_spec ... ok
[INFO] [stdout] test protocols::tests::check_not_parsable_content_type ... ok
[INFO] [stdout] test routing::request_spec::tests::path_spec_into_regex ... ok
[INFO] [stdout] test routing::request_spec::tests::repeated_query_keys_same_values_match ... ok
[INFO] [stdout] test routing::request_spec::tests::paths_must_match_spec_from_the_beginning_label ... ok
[INFO] [stdout] test routing::request_spec::tests::paths_must_match_spec_from_the_beginning_literal ... ok
[INFO] [stdout] test routing::request_spec::tests::repeated_query_keys_distinct_values_does_not_match ... ok
[INFO] [stdout] test proto::rest::router::tests::simple_routing ... ok
[INFO] [stdout] test routing::request_spec::tests::empty_segments_in_the_middle_do_matter ... ok
[INFO] [stdout] test routing::request_spec::tests::unsanitary_path ... ok
[INFO] [stdout] test routing::route::tests::traits ... ok
[INFO] [stdout] test routing::request_spec::tests::repeated_query_keys ... ok
[INFO] [stdout] test routing::tiny_map::tests::get_large_fail ... ok
[INFO] [stdout] test routing::tiny_map::tests::get_large_success ... ok
[INFO] [stdout] test routing::request_spec::tests::empty_segments_at_the_end_do_matter ... ok
[INFO] [stdout] test routing::tiny_map::tests::collect_medium ... ok
[INFO] [stdout] test routing::tiny_map::tests::get_medium_success ... ok
[INFO] [stdout] test routing::tiny_map::tests::get_small_fail ... ok
[INFO] [stdout] test routing::tiny_map::tests::get_small_success ... ok
[INFO] [stdout] test routing::tiny_map::tests::collect_small ... ok
[INFO] [stdout] test routing::tiny_map::tests::get_medium_fail ... ok
[INFO] [stdout] test routing::tiny_map::tests::collect_large ... ok
[INFO] [stdout] 
[INFO] [stdout] test result: ok. 67 passed; 0 failed; 0 ignored; 0 measured; 0 filtered out; finished in 0.03s
[INFO] [stdout] 
[INFO] [stderr]    Doc-tests aws-smithy-http-server
[INFO] [stdout] 
[INFO] [stdout] running 23 tests
[INFO] [stdout] test src/operation/mod.rs - operation (line 104) - compile ... ok
[INFO] [stdout] test src/operation/mod.rs - operation (line 26) - compile ... ok
[INFO] [stdout] test src/operation/mod.rs - operation (line 56) - compile ... ok
[INFO] [stdout] test src/plugin/alb_health_check.rs - plugin::alb_health_check (line 11) - compile ... ok
[INFO] [stdout] test src/instrumentation/mod.rs - instrumentation (line 13) ... ok
[INFO] [stdout] test src/plugin/closure.rs - plugin::closure::plugin_from_operation_name_fn (line 35) ... ok
[INFO] [stdout] test src/instrumentation/sensitivity/uri/label.rs - instrumentation::sensitivity::uri::label::Label (line 20) ... ok
[INFO] [stdout] test src/instrumentation/sensitivity/uri/query.rs - instrumentation::sensitivity::uri::query::Query (line 29) ... ok
[INFO] [stdout] test src/plugin/filter.rs - plugin::filter::filter_by_operation_name (line 26) ... ok
[INFO] [stdout] test src/plugin/mod.rs - plugin (line 13) ... ok
[INFO] [stdout] test src/plugin/mod.rs - plugin (line 27) ... ok
[INFO] [stdout] test src/plugin/mod.rs - plugin (line 54) ... ok
[INFO] [stdout] test src/instrumentation/sensitivity/headers.rs - instrumentation::sensitivity::headers::SensitiveHeaders (line 33) ... ok
[INFO] [stdout] test src/instrumentation/sensitivity/sensitive.rs - instrumentation::sensitivity::sensitive::Sensitive (line 24) ... ok
[INFO] [stdout] test src/instrumentation/service.rs - instrumentation::service::InstrumentOperation (line 88) ... FAILED
[INFO] [stdout] test src/plugin/pipeline.rs - plugin::pipeline::PluginPipeline<P>::push (line 150) - compile fail ... ok
[INFO] [stdout] test src/instrumentation/sensitivity/uri/label.rs - instrumentation::sensitivity::uri::label::GreedyLabel (line 44) ... FAILED
[INFO] [stdout] test src/plugin/mod.rs - plugin (line 40) ... ok
[INFO] [stdout] test src/plugin/pipeline.rs - plugin::pipeline::PluginPipeline (line 41) ... ok
[INFO] [stdout] test src/plugin/pipeline.rs - plugin::pipeline::PluginPipeline (line 20) ... ok
[INFO] [stdout] test src/plugin/pipeline.rs - plugin::pipeline::PluginPipeline<P>::push (line 131) ... ok
[INFO] [stdout] test src/plugin/pipeline.rs - plugin::pipeline::PluginPipeline (line 70) ... ok
[INFO] [stderr] error: doctest failed, to rerun pass `--doc`
[INFO] [stdout] test src/plugin/pipeline.rs - plugin::pipeline::PluginPipeline (line 91) ... ok
[INFO] [stdout] 
[INFO] [stdout] failures:
[INFO] [stdout] 
[INFO] [stdout] ---- src/instrumentation/service.rs - instrumentation::service::InstrumentOperation (line 88) stdout ----
[INFO] [stdout] error: linking with `cc` failed: exit status: 1
[INFO] [stdout]   |
[INFO] [stdout]   = note: LC_ALL="C" PATH="/opt/rustwide/rustup-home/toolchains/1.69.0-x86_64-unknown-linux-gnu/lib/rustlib/x86_64-unknown-linux-gnu/bin:/opt/rustwide/cargo-home/bin:/usr/local/sbin:/usr/local/bin:/usr/sbin:/usr/bin:/sbin:/bin" VSLANG="1033" "cc" "-m64" "/tmp/rustc8u2HGP/symbols.o" "/tmp/rustdoctestnjGi5O/rust_out.rust_out.5bfee551-cgu.0.rcgu.o" "/tmp/rustdoctestnjGi5O/rust_out.j00p4ncf7xg64kg.rcgu.o" "-Wl,--as-needed" "-L" "/opt/rustwide/target/debug/deps" "-L" "/opt/rustwide/target/debug/deps" "-L" "/opt/rustwide/rustup-home/toolchains/1.69.0-x86_64-unknown-linux-gnu/lib/rustlib/x86_64-unknown-linux-gnu/lib" "-Wl,-Bstatic" "/opt/rustwide/target/debug/deps/libaws_smithy_http_server-15e30154b61c165c.rlib" "/opt/rustwide/target/debug/deps/libaws_smithy_xml-a174848d3201a931.rlib" "/opt/rustwide/target/debug/deps/libxmlparser-d3269e7b99767005.rlib" "/opt/rustwide/target/debug/deps/libnom-60dcca2002cf0f50.rlib" "/opt/rustwide/target/debug/deps/libaws_smithy_json-e7f77ea39ac26d8b.rlib" "/opt/rustwide/target/debug/deps/libaws_smithy_http-c3fec27b08cf0d75.rlib" "/opt/rustwide/target/debug/deps/libbytes_utils-2c2203ea9d109ee9.rlib" "/opt/rustwide/target/debug/deps/libeither-650b1f78e6d6b724.rlib" "/opt/rustwide/target/debug/deps/libaws_smithy_types-9ec09ea9062aec65.rlib" "/opt/rustwide/target/debug/deps/libtime-e6c7718863cc4998.rlib" "/opt/rustwide/target/debug/deps/libtime_core-4a74880e8761e797.rlib" "/opt/rustwide/target/debug/deps/libnum_integer-b4d8bf059bab034c.rlib" "/opt/rustwide/target/debug/deps/libnum_traits-9bb78d120ed117cd.rlib" "/opt/rustwide/target/debug/deps/libbase64_simd-f503561da87d4bc3.rlib" "/opt/rustwide/target/debug/deps/liboutref-4209883c903e51f5.rlib" "/opt/rustwide/target/debug/deps/libvsimd-2d93b4863e2baf2f.rlib" "/opt/rustwide/target/debug/deps/libserde_urlencoded-53a1bd1a3bdd9b1e.rlib" "/opt/rustwide/target/debug/deps/libryu-87a43729435ac998.rlib" "/opt/rustwide/target/debug/deps/libserde-ecff9e9bb5abe319.rlib" "/opt/rustwide/target/debug/deps/libform_urlencoded-4406ed733a551179.rlib" "/opt/rustwide/target/debug/deps/libpercent_encoding-5b4f3c280783d946.rlib" "/opt/rustwide/target/debug/deps/libmime-a79fe19129dcd0fb.rlib" "/opt/rustwide/target/debug/deps/libregex-62f85974b4cf0dcb.rlib" "/opt/rustwide/target/debug/deps/libaho_corasick-6fc38c3e1c0e1b2d.rlib" "/opt/rustwide/target/debug/deps/libmemchr-b18e4aa3c7a38625.rlib" "/opt/rustwide/target/debug/deps/libregex_syntax-6ee924d67e38f866.rlib" "/opt/rustwide/target/debug/deps/libtower_http-aca462c606fe39cd.rlib" "/opt/rustwide/target/debug/deps/libbitflags-82cc2d155c6eb112.rlib" "/opt/rustwide/target/debug/deps/libtower-1ee9111f62fba2bc.rlib" "/opt/rustwide/target/debug/deps/libpin_project-498033f61e4eabfb.rlib" "/opt/rustwide/target/debug/deps/libtower_layer-e481e1c063349230.rlib" "/opt/rustwide/target/debug/deps/libthiserror-5160b07b44bf315e.rlib" "/opt/rustwide/target/debug/deps/libhyper-97175558adaf5daa.rlib" "/opt/rustwide/target/debug/deps/libhttparse-30fefae29fd53c2e.rlib" "/opt/rustwide/target/debug/deps/libh2-5cf59790ff2b16e9.rlib" "/opt/rustwide/target/debug/deps/libindexmap-4a7e2da62b4b6cd1.rlib" "/opt/rustwide/target/debug/deps/libhashbrown-f669da50cece7aa5.rlib" "/opt/rustwide/target/debug/deps/libslab-8bb798f134a0a9e7.rlib" "/opt/rustwide/target/debug/deps/libtokio_util-a3a28d6b2322a850.rlib" "/opt/rustwide/target/debug/deps/libfutures_sink-0848eae0e91803d6.rlib" "/opt/rustwide/target/debug/deps/libtower_service-a82a463fea06a00e.rlib" "/opt/rustwide/target/debug/deps/libtracing-4badae20110344a9.rlib" "/opt/rustwide/target/debug/deps/libtracing_core-259db95f475fb2a8.rlib" "/opt/rustwide/target/debug/deps/libonce_cell-7d2ec3fb6b6c5a4d.rlib" "/opt/rustwide/target/debug/deps/libfutures_channel-9c01e1ce72b61406.rlib" "/opt/rustwide/target/debug/deps/libfutures_util-a2d8dec3293c195f.rlib" "/opt/rustwide/target/debug/deps/libfutures_task-9a259e9b80329f88.rlib" "/opt/rustwide/target/debug/deps/libpin_utils-0d8eaf4ac0fcb221.rlib" "/opt/rustwide/target/debug/deps/libfutures_core-6002dc2ff0ad2c7a.rlib" "/opt/rustwide/target/debug/deps/libtokio-1aabf783eab8d75e.rlib" "/opt/rustwide/target/debug/deps/libsignal_hook_registry-0519d59f93b4969e.rlib" "/opt/rustwide/target/debug/deps/libnum_cpus-955db27608b22469.rlib" "/opt/rustwide/target/debug/deps/libsocket2-809776a880009f42.rlib" "/opt/rustwide/target/debug/deps/libmio-a2d88e767ecbe46c.rlib" "/opt/rustwide/target/debug/deps/liblog-b7002f1ab15c8d8b.rlib" "/opt/rustwide/target/debug/deps/libparking_lot-0c8f9524b562c19b.rlib" "/opt/rustwide/target/debug/deps/libparking_lot_core-4c61bf1d0fb1d4ae.rlib" "/opt/rustwide/target/debug/deps/liblibc-b7b14a0fe316ec96.rlib" "/opt/rustwide/target/debug/deps/libcfg_if-e5e118dd7d121aaa.rlib" "/opt/rustwide/target/debug/deps/libsmallvec-22f2447eab0ca59b.rlib" "/opt/rustwide/target/debug/deps/liblock_api-68f9f4627da435ce.rlib" "/opt/rustwide/target/debug/deps/libscopeguard-f471875f675163b5.rlib" "/opt/rustwide/target/debug/deps/libhttpdate-fbb447b85a38529c.rlib" "/opt/rustwide/target/debug/deps/libhttp_body-1af96f59fded0cc1.rlib" "/opt/rustwide/target/debug/deps/libpin_project_lite-e66e1bab7310d569.rlib" "/opt/rustwide/target/debug/deps/libhttp-1912e0b438bd2fae.rlib" "/opt/rustwide/target/debug/deps/libitoa-12e0c769e046c1b6.rlib" "/opt/rustwide/target/debug/deps/libfnv-41a559218f992797.rlib" "/opt/rustwide/target/debug/deps/libbytes-e760d6ac9a2f6963.rlib" "/opt/rustwide/rustup-home/toolchains/1.69.0-x86_64-unknown-linux-gnu/lib/rustlib/x86_64-unknown-linux-gnu/lib/libstd-89bc084783fdc439.rlib" "/opt/rustwide/rustup-home/toolchains/1.69.0-x86_64-unknown-linux-gnu/lib/rustlib/x86_64-unknown-linux-gnu/lib/libpanic_unwind-8bee4b287d4367c1.rlib" "/opt/rustwide/rustup-home/toolchains/1.69.0-x86_64-unknown-linux-gnu/lib/rustlib/x86_64-unknown-linux-gnu/lib/libobject-d61707aed80694c0.rlib" "/opt/rustwide/rustup-home/toolchains/1.69.0-x86_64-unknown-linux-gnu/lib/rustlib/x86_64-unknown-linux-gnu/lib/libmemchr-d85366256f22345b.rlib" "/opt/rustwide/rustup-home/toolchains/1.69.0-x86_64-unknown-linux-gnu/lib/rustlib/x86_64-unknown-linux-gnu/lib/libaddr2line-96069b86b8a8cae9.rlib" "/opt/rustwide/rustup-home/toolchains/1.69.0-x86_64-unknown-linux-gnu/lib/rustlib/x86_64-unknown-linux-gnu/lib/libgimli-d19d53abf68dfa6c.rlib" "/opt/rustwide/rustup-home/toolchains/1.69.0-x86_64-unknown-linux-gnu/lib/rustlib/x86_64-unknown-linux-gnu/lib/librustc_demangle-787cbccd19d64ac6.rlib" "/opt/rustwide/rustup-home/toolchains/1.69.0-x86_64-unknown-linux-gnu/lib/rustlib/x86_64-unknown-linux-gnu/lib/libstd_detect-b3837a36b830e0d0.rlib" "/opt/rustwide/rustup-home/toolchains/1.69.0-x86_64-unknown-linux-gnu/lib/rustlib/x86_64-unknown-linux-gnu/lib/libhashbrown-e3deb0e7e3f04966.rlib" "/opt/rustwide/rustup-home/toolchains/1.69.0-x86_64-unknown-linux-gnu/lib/rustlib/x86_64-unknown-linux-gnu/lib/libminiz_oxide-dabbb79c9815def4.rlib" "/opt/rustwide/rustup-home/toolchains/1.69.0-x86_64-unknown-linux-gnu/lib/rustlib/x86_64-unknown-linux-gnu/lib/libadler-305b01f34c9409f2.rlib" "/opt/rustwide/rustup-home/toolchains/1.69.0-x86_64-unknown-linux-gnu/lib/rustlib/x86_64-unknown-linux-gnu/lib/librustc_std_workspace_alloc-f833521df6074e73.rlib" "/opt/rustwide/rustup-home/toolchains/1.69.0-x86_64-unknown-linux-gnu/lib/rustlib/x86_64-unknown-linux-gnu/lib/libunwind-9ac333113350d171.rlib" "/opt/rustwide/rustup-home/toolchains/1.69.0-x86_64-unknown-linux-gnu/lib/rustlib/x86_64-unknown-linux-gnu/lib/libcfg_if-1c126114322d0eee.rlib" "/opt/rustwide/rustup-home/toolchains/1.69.0-x86_64-unknown-linux-gnu/lib/rustlib/x86_64-unknown-linux-gnu/lib/liblibc-bad9164fdeeecf92.rlib" "/opt/rustwide/rustup-home/toolchains/1.69.0-x86_64-unknown-linux-gnu/lib/rustlib/x86_64-unknown-linux-gnu/lib/liballoc-f9374b1e480fa681.rlib" "/opt/rustwide/rustup-home/toolchains/1.69.0-x86_64-unknown-linux-gnu/lib/rustlib/x86_64-unknown-linux-gnu/lib/librustc_std_workspace_core-207f06e41d9603af.rlib" "/opt/rustwide/rustup-home/toolchains/1.69.0-x86_64-unknown-linux-gnu/lib/rustlib/x86_64-unknown-linux-gnu/lib/libcore-7e2768e66e984e85.rlib" "/opt/rustwide/rustup-home/toolchains/1.69.0-x86_64-unknown-linux-gnu/lib/rustlib/x86_64-unknown-linux-gnu/lib/libcompiler_builtins-957b4aff41f8cd46.rlib" "-Wl,-Bdynamic" "-lgcc_s" "-lutil" "-lrt" "-lpthread" "-lm" "-ldl" "-lc" "-Wl,--eh-frame-hdr" "-Wl,-z,noexecstack" "-L" "/opt/rustwide/rustup-home/toolchains/1.69.0-x86_64-unknown-linux-gnu/lib/rustlib/x86_64-unknown-linux-gnu/lib" "-o" "/tmp/rustdoctestnjGi5O/rust_out" "-Wl,--gc-sections" "-pie" "-Wl,-z,relro,-z,now" "-nodefaultlibs"
[INFO] [stdout]   = note: collect2: fatal error: ld terminated with signal 9 [Killed]
[INFO] [stdout]           compilation terminated.
[INFO] [stdout]           
[INFO] [stdout] 
[INFO] [stdout] error: aborting due to previous error
[INFO] [stdout] 
[INFO] [stdout] Couldn't compile the test.
[INFO] [stdout] ---- src/instrumentation/sensitivity/uri/label.rs - instrumentation::sensitivity::uri::label::GreedyLabel (line 44) stdout ----
[INFO] [stdout] error: linking with `cc` failed: exit status: 1
[INFO] [stdout]   |
[INFO] [stdout]   = note: LC_ALL="C" PATH="/opt/rustwide/rustup-home/toolchains/1.69.0-x86_64-unknown-linux-gnu/lib/rustlib/x86_64-unknown-linux-gnu/bin:/opt/rustwide/cargo-home/bin:/usr/local/sbin:/usr/local/bin:/usr/sbin:/usr/bin:/sbin:/bin" VSLANG="1033" "cc" "-m64" "/tmp/rustczpQD9B/symbols.o" "/tmp/rustdoctestzaN6JK/rust_out.rust_out.5bfee551-cgu.0.rcgu.o" "/tmp/rustdoctestzaN6JK/rust_out.j00p4ncf7xg64kg.rcgu.o" "-Wl,--as-needed" "-L" "/opt/rustwide/target/debug/deps" "-L" "/opt/rustwide/target/debug/deps" "-L" "/opt/rustwide/rustup-home/toolchains/1.69.0-x86_64-unknown-linux-gnu/lib/rustlib/x86_64-unknown-linux-gnu/lib" "-Wl,-Bstatic" "/opt/rustwide/target/debug/deps/libaws_smithy_http_server-15e30154b61c165c.rlib" "/opt/rustwide/target/debug/deps/libaws_smithy_xml-a174848d3201a931.rlib" "/opt/rustwide/target/debug/deps/libxmlparser-d3269e7b99767005.rlib" "/opt/rustwide/target/debug/deps/libnom-60dcca2002cf0f50.rlib" "/opt/rustwide/target/debug/deps/libaws_smithy_json-e7f77ea39ac26d8b.rlib" "/opt/rustwide/target/debug/deps/libaws_smithy_http-c3fec27b08cf0d75.rlib" "/opt/rustwide/target/debug/deps/libbytes_utils-2c2203ea9d109ee9.rlib" "/opt/rustwide/target/debug/deps/libeither-650b1f78e6d6b724.rlib" "/opt/rustwide/target/debug/deps/libaws_smithy_types-9ec09ea9062aec65.rlib" "/opt/rustwide/target/debug/deps/libtime-e6c7718863cc4998.rlib" "/opt/rustwide/target/debug/deps/libtime_core-4a74880e8761e797.rlib" "/opt/rustwide/target/debug/deps/libnum_integer-b4d8bf059bab034c.rlib" "/opt/rustwide/target/debug/deps/libnum_traits-9bb78d120ed117cd.rlib" "/opt/rustwide/target/debug/deps/libbase64_simd-f503561da87d4bc3.rlib" "/opt/rustwide/target/debug/deps/liboutref-4209883c903e51f5.rlib" "/opt/rustwide/target/debug/deps/libvsimd-2d93b4863e2baf2f.rlib" "/opt/rustwide/target/debug/deps/libserde_urlencoded-53a1bd1a3bdd9b1e.rlib" "/opt/rustwide/target/debug/deps/libryu-87a43729435ac998.rlib" "/opt/rustwide/target/debug/deps/libserde-ecff9e9bb5abe319.rlib" "/opt/rustwide/target/debug/deps/libform_urlencoded-4406ed733a551179.rlib" "/opt/rustwide/target/debug/deps/libpercent_encoding-5b4f3c280783d946.rlib" "/opt/rustwide/target/debug/deps/libmime-a79fe19129dcd0fb.rlib" "/opt/rustwide/target/debug/deps/libregex-62f85974b4cf0dcb.rlib" "/opt/rustwide/target/debug/deps/libaho_corasick-6fc38c3e1c0e1b2d.rlib" "/opt/rustwide/target/debug/deps/libmemchr-b18e4aa3c7a38625.rlib" "/opt/rustwide/target/debug/deps/libregex_syntax-6ee924d67e38f866.rlib" "/opt/rustwide/target/debug/deps/libtower_http-aca462c606fe39cd.rlib" "/opt/rustwide/target/debug/deps/libbitflags-82cc2d155c6eb112.rlib" "/opt/rustwide/target/debug/deps/libtower-1ee9111f62fba2bc.rlib" "/opt/rustwide/target/debug/deps/libpin_project-498033f61e4eabfb.rlib" "/opt/rustwide/target/debug/deps/libtower_layer-e481e1c063349230.rlib" "/opt/rustwide/target/debug/deps/libthiserror-5160b07b44bf315e.rlib" "/opt/rustwide/target/debug/deps/libhyper-97175558adaf5daa.rlib" "/opt/rustwide/target/debug/deps/libhttparse-30fefae29fd53c2e.rlib" "/opt/rustwide/target/debug/deps/libh2-5cf59790ff2b16e9.rlib" "/opt/rustwide/target/debug/deps/libindexmap-4a7e2da62b4b6cd1.rlib" "/opt/rustwide/target/debug/deps/libhashbrown-f669da50cece7aa5.rlib" "/opt/rustwide/target/debug/deps/libslab-8bb798f134a0a9e7.rlib" "/opt/rustwide/target/debug/deps/libtokio_util-a3a28d6b2322a850.rlib" "/opt/rustwide/target/debug/deps/libfutures_sink-0848eae0e91803d6.rlib" "/opt/rustwide/target/debug/deps/libtower_service-a82a463fea06a00e.rlib" "/opt/rustwide/target/debug/deps/libtracing-4badae20110344a9.rlib" "/opt/rustwide/target/debug/deps/libtracing_core-259db95f475fb2a8.rlib" "/opt/rustwide/target/debug/deps/libonce_cell-7d2ec3fb6b6c5a4d.rlib" "/opt/rustwide/target/debug/deps/libfutures_channel-9c01e1ce72b61406.rlib" "/opt/rustwide/target/debug/deps/libfutures_util-a2d8dec3293c195f.rlib" "/opt/rustwide/target/debug/deps/libfutures_task-9a259e9b80329f88.rlib" "/opt/rustwide/target/debug/deps/libpin_utils-0d8eaf4ac0fcb221.rlib" "/opt/rustwide/target/debug/deps/libfutures_core-6002dc2ff0ad2c7a.rlib" "/opt/rustwide/target/debug/deps/libtokio-1aabf783eab8d75e.rlib" "/opt/rustwide/target/debug/deps/libsignal_hook_registry-0519d59f93b4969e.rlib" "/opt/rustwide/target/debug/deps/libnum_cpus-955db27608b22469.rlib" "/opt/rustwide/target/debug/deps/libsocket2-809776a880009f42.rlib" "/opt/rustwide/target/debug/deps/libmio-a2d88e767ecbe46c.rlib" "/opt/rustwide/target/debug/deps/liblog-b7002f1ab15c8d8b.rlib" "/opt/rustwide/target/debug/deps/libparking_lot-0c8f9524b562c19b.rlib" "/opt/rustwide/target/debug/deps/libparking_lot_core-4c61bf1d0fb1d4ae.rlib" "/opt/rustwide/target/debug/deps/liblibc-b7b14a0fe316ec96.rlib" "/opt/rustwide/target/debug/deps/libcfg_if-e5e118dd7d121aaa.rlib" "/opt/rustwide/target/debug/deps/libsmallvec-22f2447eab0ca59b.rlib" "/opt/rustwide/target/debug/deps/liblock_api-68f9f4627da435ce.rlib" "/opt/rustwide/target/debug/deps/libscopeguard-f471875f675163b5.rlib" "/opt/rustwide/target/debug/deps/libhttpdate-fbb447b85a38529c.rlib" "/opt/rustwide/target/debug/deps/libhttp_body-1af96f59fded0cc1.rlib" "/opt/rustwide/target/debug/deps/libpin_project_lite-e66e1bab7310d569.rlib" "/opt/rustwide/target/debug/deps/libhttp-1912e0b438bd2fae.rlib" "/opt/rustwide/target/debug/deps/libitoa-12e0c769e046c1b6.rlib" "/opt/rustwide/target/debug/deps/libfnv-41a559218f992797.rlib" "/opt/rustwide/target/debug/deps/libbytes-e760d6ac9a2f6963.rlib" "/opt/rustwide/rustup-home/toolchains/1.69.0-x86_64-unknown-linux-gnu/lib/rustlib/x86_64-unknown-linux-gnu/lib/libstd-89bc084783fdc439.rlib" "/opt/rustwide/rustup-home/toolchains/1.69.0-x86_64-unknown-linux-gnu/lib/rustlib/x86_64-unknown-linux-gnu/lib/libpanic_unwind-8bee4b287d4367c1.rlib" "/opt/rustwide/rustup-home/toolchains/1.69.0-x86_64-unknown-linux-gnu/lib/rustlib/x86_64-unknown-linux-gnu/lib/libobject-d61707aed80694c0.rlib" "/opt/rustwide/rustup-home/toolchains/1.69.0-x86_64-unknown-linux-gnu/lib/rustlib/x86_64-unknown-linux-gnu/lib/libmemchr-d85366256f22345b.rlib" "/opt/rustwide/rustup-home/toolchains/1.69.0-x86_64-unknown-linux-gnu/lib/rustlib/x86_64-unknown-linux-gnu/lib/libaddr2line-96069b86b8a8cae9.rlib" "/opt/rustwide/rustup-home/toolchains/1.69.0-x86_64-unknown-linux-gnu/lib/rustlib/x86_64-unknown-linux-gnu/lib/libgimli-d19d53abf68dfa6c.rlib" "/opt/rustwide/rustup-home/toolchains/1.69.0-x86_64-unknown-linux-gnu/lib/rustlib/x86_64-unknown-linux-gnu/lib/librustc_demangle-787cbccd19d64ac6.rlib" "/opt/rustwide/rustup-home/toolchains/1.69.0-x86_64-unknown-linux-gnu/lib/rustlib/x86_64-unknown-linux-gnu/lib/libstd_detect-b3837a36b830e0d0.rlib" "/opt/rustwide/rustup-home/toolchains/1.69.0-x86_64-unknown-linux-gnu/lib/rustlib/x86_64-unknown-linux-gnu/lib/libhashbrown-e3deb0e7e3f04966.rlib" "/opt/rustwide/rustup-home/toolchains/1.69.0-x86_64-unknown-linux-gnu/lib/rustlib/x86_64-unknown-linux-gnu/lib/libminiz_oxide-dabbb79c9815def4.rlib" "/opt/rustwide/rustup-home/toolchains/1.69.0-x86_64-unknown-linux-gnu/lib/rustlib/x86_64-unknown-linux-gnu/lib/libadler-305b01f34c9409f2.rlib" "/opt/rustwide/rustup-home/toolchains/1.69.0-x86_64-unknown-linux-gnu/lib/rustlib/x86_64-unknown-linux-gnu/lib/librustc_std_workspace_alloc-f833521df6074e73.rlib" "/opt/rustwide/rustup-home/toolchains/1.69.0-x86_64-unknown-linux-gnu/lib/rustlib/x86_64-unknown-linux-gnu/lib/libunwind-9ac333113350d171.rlib" "/opt/rustwide/rustup-home/toolchains/1.69.0-x86_64-unknown-linux-gnu/lib/rustlib/x86_64-unknown-linux-gnu/lib/libcfg_if-1c126114322d0eee.rlib" "/opt/rustwide/rustup-home/toolchains/1.69.0-x86_64-unknown-linux-gnu/lib/rustlib/x86_64-unknown-linux-gnu/lib/liblibc-bad9164fdeeecf92.rlib" "/opt/rustwide/rustup-home/toolchains/1.69.0-x86_64-unknown-linux-gnu/lib/rustlib/x86_64-unknown-linux-gnu/lib/liballoc-f9374b1e480fa681.rlib" "/opt/rustwide/rustup-home/toolchains/1.69.0-x86_64-unknown-linux-gnu/lib/rustlib/x86_64-unknown-linux-gnu/lib/librustc_std_workspace_core-207f06e41d9603af.rlib" "/opt/rustwide/rustup-home/toolchains/1.69.0-x86_64-unknown-linux-gnu/lib/rustlib/x86_64-unknown-linux-gnu/lib/libcore-7e2768e66e984e85.rlib" "/opt/rustwide/rustup-home/toolchains/1.69.0-x86_64-unknown-linux-gnu/lib/rustlib/x86_64-unknown-linux-gnu/lib/libcompiler_builtins-957b4aff41f8cd46.rlib" "-Wl,-Bdynamic" "-lgcc_s" "-lutil" "-lrt" "-lpthread" "-lm" "-ldl" "-lc" "-Wl,--eh-frame-hdr" "-Wl,-z,noexecstack" "-L" "/opt/rustwide/rustup-home/toolchains/1.69.0-x86_64-unknown-linux-gnu/lib/rustlib/x86_64-unknown-linux-gnu/lib" "-o" "/tmp/rustdoctestzaN6JK/rust_out" "-Wl,--gc-sections" "-pie" "-Wl,-z,relro,-z,now" "-nodefaultlibs"
[INFO] [stdout]   = note: collect2: fatal error: ld terminated with signal 9 [Killed]
[INFO] [stdout]           compilation terminated.
[INFO] [stdout]           
[INFO] [stdout] 
[INFO] [stdout] error: aborting due to previous error
[INFO] [stdout] 
[INFO] [stdout] Couldn't compile the test.
[INFO] [stdout] 
[INFO] [stdout] failures:
[INFO] [stdout]     src/instrumentation/sensitivity/uri/label.rs - instrumentation::sensitivity::uri::label::GreedyLabel (line 44)
[INFO] [stdout]     src/instrumentation/service.rs - instrumentation::service::InstrumentOperation (line 88)
[INFO] [stdout] 
[INFO] [stdout] test result: FAILED. 21 passed; 2 failed; 0 ignored; 0 measured; 0 filtered out; finished in 7.78s
[INFO] [stdout] 
[INFO] running `Command { std: "docker" "inspect" "78747f0da982cf9c9b6bf979ad18c4a105a39196e205846349a84bbf48c3dc10", kill_on_drop: false }`
[INFO] running `Command { std: "docker" "rm" "-f" "78747f0da982cf9c9b6bf979ad18c4a105a39196e205846349a84bbf48c3dc10", kill_on_drop: false }`
[INFO] [stdout] 78747f0da982cf9c9b6bf979ad18c4a105a39196e205846349a84bbf48c3dc10
