[INFO] fetching crate aws-parameters-and-secrets-lambda 0.1.0...
[INFO] testing aws-parameters-and-secrets-lambda-0.1.0 against 1.69.0 for beta-1.70-1
[INFO] extracting crate aws-parameters-and-secrets-lambda 0.1.0 into /workspace/builds/worker-3-tc1/source
[INFO] validating manifest of crates.io crate aws-parameters-and-secrets-lambda 0.1.0 on toolchain 1.69.0
[INFO] running `Command { std: CARGO_HOME="/workspace/cargo-home" RUSTUP_HOME="/workspace/rustup-home" "/workspace/cargo-home/bin/cargo" "+1.69.0" "metadata" "--manifest-path" "Cargo.toml" "--no-deps", kill_on_drop: false }`
[INFO] removed /workspace/builds/worker-3-tc1/source/.cargo/config.toml
[INFO] started tweaking crates.io crate aws-parameters-and-secrets-lambda 0.1.0
[INFO] finished tweaking crates.io crate aws-parameters-and-secrets-lambda 0.1.0
[INFO] tweaked toml for crates.io crate aws-parameters-and-secrets-lambda 0.1.0 written to /workspace/builds/worker-3-tc1/source/Cargo.toml
[INFO] running `Command { std: CARGO_HOME="/workspace/cargo-home" RUSTUP_HOME="/workspace/rustup-home" __CARGO_TEST_CHANNEL_OVERRIDE_DO_NOT_USE_THIS="nightly" "/workspace/cargo-home/bin/cargo" "+1.69.0" "generate-lockfile" "--manifest-path" "Cargo.toml" "-Zno-index-update", kill_on_drop: false }`
[INFO] running `Command { std: CARGO_HOME="/workspace/cargo-home" RUSTUP_HOME="/workspace/rustup-home" "/workspace/cargo-home/bin/cargo" "+1.69.0" "fetch" "--manifest-path" "Cargo.toml", kill_on_drop: false }`
[INFO] [stderr]  Downloading crates ...
[INFO] [stderr]   Downloaded levenshtein v1.0.5
[INFO] [stderr]   Downloaded sealed v0.4.0
[INFO] [stderr]   Downloaded castaway v0.1.2
[INFO] [stderr]   Downloaded serde_regex v1.1.0
[INFO] [stderr]   Downloaded assert-json-diff v2.0.2
[INFO] [stderr]   Downloaded basic-cookies v0.1.4
[INFO] [stderr]   Downloaded tokio-test v0.4.2
[INFO] [stderr]   Downloaded sluice v0.5.5
[INFO] [stderr]   Downloaded async-object-pool v0.1.4
[INFO] [stderr]   Downloaded httpmock v0.6.7
[INFO] [stderr]   Downloaded temp-env v0.3.4
[INFO] [stderr]   Downloaded reqwest v0.11.17
[INFO] [stderr]   Downloaded isahc v1.7.2
[INFO] [stderr]   Downloaded libnghttp2-sys v0.1.7+1.45.0
[INFO] running `Command { std: "docker" "create" "-v" "/var/lib/crater-agent-workspace/builds/worker-3-tc1/target:/opt/rustwide/target:rw,Z" "-v" "/var/lib/crater-agent-workspace/builds/worker-3-tc1/source:/opt/rustwide/workdir:ro,Z" "-v" "/var/lib/crater-agent-workspace/cargo-home:/opt/rustwide/cargo-home:ro,Z" "-v" "/var/lib/crater-agent-workspace/rustup-home:/opt/rustwide/rustup-home:ro,Z" "-e" "SOURCE_DIR=/opt/rustwide/workdir" "-e" "CARGO_TARGET_DIR=/opt/rustwide/target" "-e" "CARGO_HOME=/opt/rustwide/cargo-home" "-e" "RUSTUP_HOME=/opt/rustwide/rustup-home" "-w" "/opt/rustwide/workdir" "-m" "1610612736" "--user" "0:0" "--network" "none" "ghcr.io/rust-lang/crates-build-env/linux@sha256:5ff2268d62e97bff2cde7d5815dd6ed5b47097566f13b8d0ca110b04b60e07ed" "/opt/rustwide/cargo-home/bin/cargo" "+1.69.0" "metadata" "--no-deps" "--format-version=1", kill_on_drop: false }`
[INFO] [stdout] e9ad37fe0cd36e08128522fa28fe90a81b22ea1e8845c9301ad25c479b917e50
[INFO] running `Command { std: "docker" "start" "-a" "e9ad37fe0cd36e08128522fa28fe90a81b22ea1e8845c9301ad25c479b917e50", kill_on_drop: false }`
[INFO] running `Command { std: "docker" "inspect" "e9ad37fe0cd36e08128522fa28fe90a81b22ea1e8845c9301ad25c479b917e50", kill_on_drop: false }`
[INFO] running `Command { std: "docker" "rm" "-f" "e9ad37fe0cd36e08128522fa28fe90a81b22ea1e8845c9301ad25c479b917e50", kill_on_drop: false }`
[INFO] [stdout] e9ad37fe0cd36e08128522fa28fe90a81b22ea1e8845c9301ad25c479b917e50
[INFO] running `Command { std: "docker" "create" "-v" "/var/lib/crater-agent-workspace/builds/worker-3-tc1/target:/opt/rustwide/target:rw,Z" "-v" "/var/lib/crater-agent-workspace/builds/worker-3-tc1/source:/opt/rustwide/workdir:ro,Z" "-v" "/var/lib/crater-agent-workspace/cargo-home:/opt/rustwide/cargo-home:ro,Z" "-v" "/var/lib/crater-agent-workspace/rustup-home:/opt/rustwide/rustup-home:ro,Z" "-e" "SOURCE_DIR=/opt/rustwide/workdir" "-e" "CARGO_TARGET_DIR=/opt/rustwide/target" "-e" "CARGO_INCREMENTAL=0" "-e" "RUST_BACKTRACE=full" "-e" "RUSTFLAGS=--cap-lints=warn" "-e" "RUSTDOCFLAGS=--cap-lints=warn" "-e" "CARGO_HOME=/opt/rustwide/cargo-home" "-e" "RUSTUP_HOME=/opt/rustwide/rustup-home" "-w" "/opt/rustwide/workdir" "-m" "1610612736" "--user" "0:0" "--network" "none" "ghcr.io/rust-lang/crates-build-env/linux@sha256:5ff2268d62e97bff2cde7d5815dd6ed5b47097566f13b8d0ca110b04b60e07ed" "/opt/rustwide/cargo-home/bin/cargo" "+1.69.0" "build" "--frozen" "--message-format=json", kill_on_drop: false }`
[INFO] [stdout] 77da8924b226459a763c0e6a92c5a11e988abe62343322ce3d692cbc2533b910
[INFO] running `Command { std: "docker" "start" "-a" "77da8924b226459a763c0e6a92c5a11e988abe62343322ce3d692cbc2533b910", kill_on_drop: false }`
[INFO] [stderr]    Compiling openssl-src v111.25.3+1.1.1t
[INFO] [stderr]    Compiling pin-project-lite v0.2.9
[INFO] [stderr]    Compiling bytes v1.4.0
[INFO] [stderr]    Compiling futures-core v0.3.28
[INFO] [stderr]    Compiling tokio v1.28.0
[INFO] [stderr]    Compiling syn v2.0.15
[INFO] [stderr]    Compiling mio v0.8.6
[INFO] [stderr]    Compiling socket2 v0.4.9
[INFO] [stderr]    Compiling futures-task v0.3.28
[INFO] [stderr]    Compiling openssl-sys v0.9.87
[INFO] [stderr]    Compiling tracing-core v0.1.30
[INFO] [stderr]    Compiling indexmap v1.9.3
[INFO] [stderr]    Compiling slab v0.4.8
[INFO] [stderr]    Compiling foreign-types-shared v0.1.1
[INFO] [stderr]    Compiling futures-util v0.3.28
[INFO] [stderr]    Compiling openssl v0.10.52
[INFO] [stderr]    Compiling http v0.2.9
[INFO] [stderr]    Compiling tracing v0.1.37
[INFO] [stderr]    Compiling foreign-types v0.3.2
[INFO] [stderr]    Compiling httparse v1.8.0
[INFO] [stderr]    Compiling hashbrown v0.12.3
[INFO] [stderr]    Compiling native-tls v0.2.11
[INFO] [stderr]    Compiling futures-channel v0.3.28
[INFO] [stderr]    Compiling futures-sink v0.3.28
[INFO] [stderr]    Compiling tinyvec_macros v0.1.1
[INFO] [stderr]    Compiling tinyvec v1.6.0
[INFO] [stderr]    Compiling try-lock v0.2.4
[INFO] [stderr]    Compiling openssl-probe v0.1.5
[INFO] [stderr]    Compiling want v0.3.0
[INFO] [stderr]    Compiling form_urlencoded v1.1.0
[INFO] [stderr]    Compiling http-body v0.4.5
[INFO] [stderr]    Compiling unicode-normalization v0.1.22
[INFO] [stderr]    Compiling httpdate v1.0.2
[INFO] [stderr]    Compiling tower-service v0.3.2
[INFO] [stderr]    Compiling unicode-bidi v0.3.13
[INFO] [stderr]    Compiling syn v1.0.109
[INFO] [stderr]    Compiling unicode-segmentation v1.10.1
[INFO] [stderr]    Compiling anyhow v1.0.71
[INFO] [stderr]    Compiling encoding_rs v0.8.32
[INFO] [stderr]    Compiling idna v0.3.0
[INFO] [stderr]    Compiling heck v0.3.3
[INFO] [stderr]    Compiling base64 v0.21.0
[INFO] [stderr]    Compiling url v2.3.1
[INFO] [stderr]    Compiling tokio-util v0.7.8
[INFO] [stderr]    Compiling ipnet v2.7.2
[INFO] [stderr]    Compiling openssl-macros v0.1.1
[INFO] [stderr]    Compiling serde_derive v1.0.160
[INFO] [stderr]    Compiling h2 v0.3.18
[INFO] [stderr]    Compiling static_assertions v1.1.0
[INFO] [stderr]    Compiling sealed v0.4.0
[INFO] [stderr]    Compiling hyper v0.14.26
[INFO] [stderr]    Compiling serde v1.0.160
[INFO] [stderr]    Compiling serde_urlencoded v0.7.1
[INFO] [stderr]    Compiling serde_json v1.0.96
[INFO] [stderr]    Compiling tokio-native-tls v0.3.1
[INFO] [stderr]    Compiling hyper-tls v0.5.0
[INFO] [stderr]    Compiling reqwest v0.11.17
[INFO] [stderr]    Compiling aws-parameters-and-secrets-lambda v0.1.0 (/opt/rustwide/workdir)
[INFO] [stderr]     Finished dev [unoptimized + debuginfo] target(s) in 1m 49s
[INFO] running `Command { std: "docker" "inspect" "77da8924b226459a763c0e6a92c5a11e988abe62343322ce3d692cbc2533b910", kill_on_drop: false }`
[INFO] running `Command { std: "docker" "rm" "-f" "77da8924b226459a763c0e6a92c5a11e988abe62343322ce3d692cbc2533b910", kill_on_drop: false }`
[INFO] [stdout] 77da8924b226459a763c0e6a92c5a11e988abe62343322ce3d692cbc2533b910
[INFO] running `Command { std: "docker" "create" "-v" "/var/lib/crater-agent-workspace/builds/worker-3-tc1/target:/opt/rustwide/target:rw,Z" "-v" "/var/lib/crater-agent-workspace/builds/worker-3-tc1/source:/opt/rustwide/workdir:ro,Z" "-v" "/var/lib/crater-agent-workspace/cargo-home:/opt/rustwide/cargo-home:ro,Z" "-v" "/var/lib/crater-agent-workspace/rustup-home:/opt/rustwide/rustup-home:ro,Z" "-e" "SOURCE_DIR=/opt/rustwide/workdir" "-e" "CARGO_TARGET_DIR=/opt/rustwide/target" "-e" "CARGO_INCREMENTAL=0" "-e" "RUST_BACKTRACE=full" "-e" "RUSTFLAGS=--cap-lints=warn" "-e" "RUSTDOCFLAGS=--cap-lints=warn" "-e" "CARGO_HOME=/opt/rustwide/cargo-home" "-e" "RUSTUP_HOME=/opt/rustwide/rustup-home" "-w" "/opt/rustwide/workdir" "-m" "1610612736" "--user" "0:0" "--network" "none" "ghcr.io/rust-lang/crates-build-env/linux@sha256:5ff2268d62e97bff2cde7d5815dd6ed5b47097566f13b8d0ca110b04b60e07ed" "/opt/rustwide/cargo-home/bin/cargo" "+1.69.0" "test" "--frozen" "--no-run" "--message-format=json", kill_on_drop: false }`
[INFO] [stdout] d948e7be36b3f467f2c4567ca224452548085b4f4f85cda01e68b84130af8eb8
[INFO] running `Command { std: "docker" "start" "-a" "d948e7be36b3f467f2c4567ca224452548085b4f4f85cda01e68b84130af8eb8", kill_on_drop: false }`
[INFO] [stderr]    Compiling syn v1.0.109
[INFO] [stderr]    Compiling value-bag v1.0.0-alpha.9
[INFO] [stderr]    Compiling log v0.4.17
[INFO] [stderr]    Compiling syn v2.0.15
[INFO] [stderr]    Compiling libc v0.2.142
[INFO] [stderr]    Compiling signal-hook-registry v1.4.1
[INFO] [stderr]    Compiling linux-raw-sys v0.3.6
[INFO] [stderr]    Compiling tokio v1.28.0
[INFO] [stderr]    Compiling parking_lot_core v0.9.7
[INFO] [stderr]    Compiling event-listener v2.5.3
[INFO] [stderr]    Compiling concurrent-queue v2.2.0
[INFO] [stderr]    Compiling num_cpus v1.15.0
[INFO] [stderr]    Compiling lock_api v0.4.9
[INFO] [stderr]    Compiling fastrand v1.9.0
[INFO] [stderr]    Compiling parking v2.1.0
[INFO] [stderr]    Compiling waker-fn v1.1.0
[INFO] [stderr]    Compiling libz-sys v1.1.9
[INFO] [stderr]    Compiling futures-lite v1.13.0
[INFO] [stderr]    Compiling libnghttp2-sys v0.1.7+1.45.0
[INFO] [stderr]    Compiling polling v2.8.0
[INFO] [stderr]    Compiling io-lifetimes v1.0.10
[INFO] [stderr]    Compiling futures-task v0.3.28
[INFO] [stderr]    Compiling dirs-sys-next v0.1.2
[INFO] [stderr]    Compiling async-lock v2.7.0
[INFO] [stderr]    Compiling rustix v0.37.18
[INFO] [stderr]    Compiling futures-util v0.3.28
[INFO] [stderr]    Compiling crunchy v0.2.2
[INFO] [stderr]    Compiling dirs-next v2.0.0
[INFO] [stderr]    Compiling async-channel v1.8.0
[INFO] [stderr]    Compiling curl-sys v0.4.61+curl-8.0.1
[INFO] [stderr]    Compiling async-io v1.13.0
[INFO] [stderr]    Compiling tiny-keccak v2.0.2
[INFO] [stderr]    Compiling siphasher v0.3.10
[INFO] [stderr]    Compiling parking_lot v0.12.1
[INFO] [stderr]    Compiling phf_shared v0.10.0
[INFO] [stderr]    Compiling term v0.7.0
[INFO] [stderr]    Compiling precomputed-hash v0.1.1
[INFO] [stderr]    Compiling signal-hook v0.3.15
[INFO] [stderr]    Compiling fixedbitset v0.4.2
[INFO] [stderr]    Compiling async-task v4.4.0
[INFO] [stderr]    Compiling new_debug_unreachable v1.0.4
[INFO] [stderr]    Compiling bit-vec v0.6.3
[INFO] [stderr]    Compiling either v1.8.1
[INFO] [stderr]    Compiling string_cache v0.8.7
[INFO] [stderr]    Compiling itertools v0.10.5
[INFO] [stderr]    Compiling bit-set v0.5.3
[INFO] [stderr]    Compiling petgraph v0.6.3
[INFO] [stderr]    Compiling ascii-canvas v3.0.0
[INFO] [stderr]    Compiling is-terminal v0.4.7
[INFO] [stderr]    Compiling ena v0.14.2
[INFO] [stderr]    Compiling lalrpop-util v0.19.12
[INFO] [stderr]    Compiling async-process v1.7.0
[INFO] [stderr]    Compiling unicode-xid v0.2.4
[INFO] [stderr]    Compiling atomic-waker v1.1.1
[INFO] [stderr]    Compiling diff v0.1.13
[INFO] [stderr]    Compiling regex-syntax v0.6.29
[INFO] [stderr]    Compiling async-executor v1.5.1
[INFO] [stderr]    Compiling ctor v0.1.26
[INFO] [stderr]    Compiling pin-project-internal v1.0.12
[INFO] [stderr]    Compiling curl v0.4.44
[INFO] [stderr]    Compiling isahc v1.7.2
[INFO] [stderr]    Compiling sluice v0.5.5
[INFO] [stderr]    Compiling tokio-macros v2.1.0
[INFO] [stderr]    Compiling tracing-attributes v0.1.24
[INFO] [stderr]    Compiling serde_derive v1.0.160
[INFO] [stderr]    Compiling futures-macro v0.3.28
[INFO] [stderr]    Compiling mio v0.8.6
[INFO] [stderr]    Compiling openssl-macros v0.1.1
[INFO] [stderr]    Compiling openssl v0.10.52
[INFO] [stderr]    Compiling want v0.3.0
[INFO] [stderr]    Compiling tracing v0.1.37
[INFO] [stderr]    Compiling blocking v1.3.1
[INFO] [stderr]    Compiling lalrpop v0.19.12
[INFO] [stderr]    Compiling async-global-executor v2.3.1
[INFO] [stderr]    Compiling pin-project v1.0.12
[INFO] [stderr]    Compiling kv-log-macro v1.0.7
[INFO] [stderr]    Compiling tracing-futures v0.2.5
[INFO] [stderr]    Compiling async-std v1.12.0
[INFO] [stderr]    Compiling async-stream-impl v0.3.5
[INFO] [stderr]    Compiling castaway v0.1.2
[INFO] [stderr]    Compiling async-stream v0.3.5
[INFO] [stderr]    Compiling native-tls v0.2.11
[INFO] [stderr]    Compiling serde v1.0.160
[INFO] [stderr]    Compiling async-trait v0.1.68
[INFO] [stderr]    Compiling sealed v0.4.0
[INFO] [stderr]    Compiling tokio-util v0.7.8
[INFO] [stderr]    Compiling tokio-native-tls v0.3.1
[INFO] [stderr]    Compiling async-object-pool v0.1.4
[INFO] [stderr]    Compiling tokio-stream v0.1.14
[INFO] [stderr]    Compiling levenshtein v1.0.5
[INFO] [stderr]    Compiling h2 v0.3.18
[INFO] [stderr]    Compiling base64 v0.13.1
[INFO] [stderr]    Compiling similar v2.2.1
[INFO] [stderr]    Compiling tokio-test v0.4.2
[INFO] [stderr]    Compiling temp-env v0.3.4
[INFO] [stderr]    Compiling maplit v1.0.2
[INFO] [stderr]    Compiling serde_json v1.0.96
[INFO] [stderr]    Compiling serde_urlencoded v0.7.1
[INFO] [stderr]    Compiling serde_regex v1.1.0
[INFO] [stderr]    Compiling assert-json-diff v2.0.2
[INFO] [stderr]    Compiling hyper v0.14.26
[INFO] [stderr]    Compiling basic-cookies v0.1.4
[INFO] [stderr]    Compiling hyper-tls v0.5.0
[INFO] [stderr]    Compiling httpmock v0.6.7
[INFO] [stderr]    Compiling reqwest v0.11.17
[INFO] [stderr]    Compiling aws-parameters-and-secrets-lambda v0.1.0 (/opt/rustwide/workdir)
[INFO] [stderr]     Finished test [unoptimized + debuginfo] target(s) in 2m 12s
[INFO] running `Command { std: "docker" "inspect" "d948e7be36b3f467f2c4567ca224452548085b4f4f85cda01e68b84130af8eb8", kill_on_drop: false }`
[INFO] running `Command { std: "docker" "rm" "-f" "d948e7be36b3f467f2c4567ca224452548085b4f4f85cda01e68b84130af8eb8", kill_on_drop: false }`
[INFO] [stdout] d948e7be36b3f467f2c4567ca224452548085b4f4f85cda01e68b84130af8eb8
[INFO] running `Command { std: "docker" "create" "-v" "/var/lib/crater-agent-workspace/builds/worker-3-tc1/target:/opt/rustwide/target:rw,Z" "-v" "/var/lib/crater-agent-workspace/builds/worker-3-tc1/source:/opt/rustwide/workdir:ro,Z" "-v" "/var/lib/crater-agent-workspace/cargo-home:/opt/rustwide/cargo-home:ro,Z" "-v" "/var/lib/crater-agent-workspace/rustup-home:/opt/rustwide/rustup-home:ro,Z" "-e" "SOURCE_DIR=/opt/rustwide/workdir" "-e" "CARGO_TARGET_DIR=/opt/rustwide/target" "-e" "CARGO_INCREMENTAL=0" "-e" "RUST_BACKTRACE=full" "-e" "RUSTFLAGS=--cap-lints=warn" "-e" "RUSTDOCFLAGS=--cap-lints=warn" "-e" "CARGO_HOME=/opt/rustwide/cargo-home" "-e" "RUSTUP_HOME=/opt/rustwide/rustup-home" "-w" "/opt/rustwide/workdir" "-m" "1610612736" "--user" "0:0" "--network" "none" "ghcr.io/rust-lang/crates-build-env/linux@sha256:5ff2268d62e97bff2cde7d5815dd6ed5b47097566f13b8d0ca110b04b60e07ed" "/opt/rustwide/cargo-home/bin/cargo" "+1.69.0" "test" "--frozen", kill_on_drop: false }`
[INFO] [stdout] 383e0600db89f73f0ae003c15149566d0c207361f7370d5a4e6288c355b09612
[INFO] running `Command { std: "docker" "start" "-a" "383e0600db89f73f0ae003c15149566d0c207361f7370d5a4e6288c355b09612", kill_on_drop: false }`
[INFO] [stderr]     Finished test [unoptimized + debuginfo] target(s) in 0.42s
[INFO] [stderr]      Running unittests src/lib.rs (/opt/rustwide/target/debug/deps/aws_parameters_and_secrets_lambda-b27c44b22ff1100d)
[INFO] [stdout] 
[INFO] [stdout] running 14 tests
[INFO] [stdout] test tests::test_manager_builder_fails_when_port_is_not_an_integer ... ok
[INFO] [stdout] test tests::test_manager_builder_no_session_token ... ok
[INFO] [stdout] test tests::test_manager_fails_when_port_is_not_a_u16 ... ok
[INFO] [stdout] test tests::test_manager_default_port_is_2773 ... ok
[INFO] [stdout] test tests::test_manager_get_raw_secret ... ok
[INFO] [stdout] test tests::test_manager_get_single_secret_not_found ... ok
[INFO] [stdout] test tests::test_manager_get_single_secret_incorrect_type ... ok
[INFO] [stdout] test tests::test_manager_get_single_secret ... ok
[INFO] [stdout] test tests::test_manager_get_raw_secret_from_version_id ... ok
[INFO] [stdout] test tests::test_manager_invalid_json ... ok
[INFO] [stdout] test tests::test_manager_no_extension ... ok
[INFO] [stdout] test tests::test_manager_get_typed_secret ... ok
[INFO] [stdout] test tests::test_manager_get_raw_secret_from_version_stage ... ok
[INFO] [stdout] test tests::test_manager_server_returns_non_200_status_code ... ok
[INFO] [stdout] 
[INFO] [stdout] test result: ok. 14 passed; 0 failed; 0 ignored; 0 measured; 0 filtered out; finished in 0.30s
[INFO] [stdout] 
[INFO] [stderr]    Doc-tests aws-parameters-and-secrets-lambda
[INFO] [stdout] 
[INFO] [stdout] running 5 tests
[INFO] [stdout] test src/lib.rs - (line 10) ... FAILED
[INFO] [stdout] test src/lib.rs - T (line 301) ... ok
[INFO] [stdout] test src/lib.rs - VersionIdQuery<'_> (line 327) ... ok
[INFO] [stdout] test src/lib.rs - VersionStageQuery<'_> (line 357) ... ok
[INFO] [stdout] test src/lib.rs - ManagerBuilder (line 77) ... ok
[INFO] [stdout] 
[INFO] [stdout] failures:
[INFO] [stdout] 
[INFO] [stdout] ---- src/lib.rs - (line 10) stdout ----
[INFO] [stdout] error: linking with `cc` failed: exit status: 1
[INFO] [stdout]   |
[INFO] [stdout]   = note: LC_ALL="C" PATH="/opt/rustwide/rustup-home/toolchains/1.69.0-x86_64-unknown-linux-gnu/lib/rustlib/x86_64-unknown-linux-gnu/bin:/opt/rustwide/cargo-home/bin:/usr/local/sbin:/usr/local/bin:/usr/sbin:/usr/bin:/sbin:/bin" VSLANG="1033" "cc" "-m64" "/tmp/rustcaiHgnX/symbols.o" "/tmp/rustdoctestmHVXFB/rust_out.rust_out.5bfee551-cgu.0.rcgu.o" "/tmp/rustdoctestmHVXFB/rust_out.j00p4ncf7xg64kg.rcgu.o" "-Wl,--as-needed" "-L" "/opt/rustwide/target/debug/deps" "-L" "/opt/rustwide/target/debug/deps" "-L" "/opt/rustwide/target/debug/build/curl-sys-c64326bc5dded4d6/out/build" "-L" "/opt/rustwide/target/debug/build/libnghttp2-sys-8acabce9d7ebd0a9/out/i/lib" "-L" "/opt/rustwide/target/debug/build/openssl-sys-56bd0f2845305ba0/out/openssl-build/install/lib" "-L" "/opt/rustwide/rustup-home/toolchains/1.69.0-x86_64-unknown-linux-gnu/lib/rustlib/x86_64-unknown-linux-gnu/lib" "-Wl,-Bstatic" "/opt/rustwide/target/debug/deps/libtokio_test-12e7e3bc7e55b1f7.rlib" "/opt/rustwide/target/debug/deps/libtokio_stream-90e0a513b22c9675.rlib" "/opt/rustwide/target/debug/deps/libtemp_env-d6b869f38c518687.rlib" "/opt/rustwide/target/debug/deps/libparking_lot-0c8f9524b562c19b.rlib" "/opt/rustwide/target/debug/deps/libparking_lot_core-4c61bf1d0fb1d4ae.rlib" "/opt/rustwide/target/debug/deps/libsmallvec-22f2447eab0ca59b.rlib" "/opt/rustwide/target/debug/deps/liblock_api-68f9f4627da435ce.rlib" "/opt/rustwide/target/debug/deps/libscopeguard-f471875f675163b5.rlib" "/opt/rustwide/target/debug/deps/libhttpmock-5e96714686eeb191.rlib" "/opt/rustwide/target/debug/deps/liblevenshtein-d0e70fd57187b976.rlib" "/opt/rustwide/target/debug/deps/libbase64-58bd2041a3052460.rlib" "/opt/rustwide/target/debug/deps/libassert_json_diff-df7ce4c5b5544d0c.rlib" "/opt/rustwide/target/debug/deps/libsimilar-4588cc9b1a586ee5.rlib" "/opt/rustwide/target/debug/deps/libbasic_cookies-1fb6fe4b12375e8a.rlib" "/opt/rustwide/target/debug/deps/liblalrpop_util-58f6b38e038869fc.rlib" "/opt/rustwide/target/debug/deps/libisahc-ecacc5534e9d01ac.rlib" "/opt/rustwide/target/debug/deps/libcastaway-2eddfaa2c2e32362.rlib" "/opt/rustwide/target/debug/deps/libtracing_futures-9f4e078e6027cdf3.rlib" "/opt/rustwide/target/debug/deps/libpin_project-498033f61e4eabfb.rlib" "/opt/rustwide/target/debug/deps/libsluice-bfac27ed1fb136a1.rlib" "/opt/rustwide/target/debug/deps/libcurl-42f0c03880743964.rlib" "/opt/rustwide/target/debug/deps/libcurl_sys-1cc925b0bcbc7de8.rlib" "/opt/rustwide/target/debug/deps/liblibz_sys-40ec75d71ca074b1.rlib" "/opt/rustwide/target/debug/deps/liblibnghttp2_sys-4720dbe5b2903d9a.rlib" "/opt/rustwide/target/debug/deps/libasync_object_pool-a437509b912f5491.rlib" "/opt/rustwide/target/debug/deps/libasync_std-d855368e64baffed.rlib" "/opt/rustwide/target/debug/deps/libasync_global_executor-97e8846645331022.rlib" "/opt/rustwide/target/debug/deps/libblocking-9968ffcef71798ba.rlib" "/opt/rustwide/target/debug/deps/libatomic_waker-58fe6133ed94dee6.rlib" "/opt/rustwide/target/debug/deps/libasync_executor-7c2b1d84d37b35f2.rlib" "/opt/rustwide/target/debug/deps/libasync_task-cd296f5e0f87da3e.rlib" "/opt/rustwide/target/debug/deps/libasync_process-056d281d29cafdf6.rlib" "/opt/rustwide/target/debug/deps/libsignal_hook-9ab4f7f54d9b310b.rlib" "/opt/rustwide/target/debug/deps/libasync_io-518902e9b8c24d51.rlib" "/opt/rustwide/target/debug/deps/librustix-8b803083901911ec.rlib" "/opt/rustwide/target/debug/deps/libio_lifetimes-668617dfda4e3933.rlib" "/opt/rustwide/target/debug/deps/liblinux_raw_sys-8cc4f4b00c14099c.rlib" "/opt/rustwide/target/debug/deps/libpolling-11736951a5c0a339.rlib" "/opt/rustwide/target/debug/deps/libfutures_lite-a7284902b1a200de.rlib" "/opt/rustwide/target/debug/deps/libfastrand-36b5f93a51c81f9b.rlib" "/opt/rustwide/target/debug/deps/libwaker_fn-2f3d6f488af88305.rlib" "/opt/rustwide/target/debug/deps/libparking-340cd510933614a9.rlib" "/opt/rustwide/target/debug/deps/libfutures_io-070173115ee54c21.rlib" "/opt/rustwide/target/debug/deps/libasync_channel-fc6b30f75d53213e.rlib" "/opt/rustwide/target/debug/deps/libconcurrent_queue-9b4ac4b9c7cc1c02.rlib" "/opt/rustwide/target/debug/deps/libcrossbeam_utils-3546b3b1c787b86b.rlib" "/opt/rustwide/target/debug/deps/libasync_lock-ac2a7c5b785a43a5.rlib" "/opt/rustwide/target/debug/deps/libevent_listener-b20ec52d1adf3fc8.rlib" "/opt/rustwide/target/debug/deps/libkv_log_macro-98e27552a13bf5f5.rlib" "/opt/rustwide/target/debug/deps/libserde_regex-c875b79e9dcd63e1.rlib" "/opt/rustwide/target/debug/deps/libregex-62f85974b4cf0dcb.rlib" "/opt/rustwide/target/debug/deps/libaho_corasick-6fc38c3e1c0e1b2d.rlib" "/opt/rustwide/target/debug/deps/libmemchr-b18e4aa3c7a38625.rlib" "/opt/rustwide/target/debug/deps/libregex_syntax-6ee924d67e38f866.rlib" "/opt/rustwide/target/debug/deps/liblazy_static-a15e1ed0a3c31761.rlib" "/opt/rustwide/target/debug/deps/libaws_parameters_and_secrets_lambda-2624904d49f0916c.rlib" "/opt/rustwide/target/debug/deps/libreqwest-51252fc8ea8afb92.rlib" "/opt/rustwide/target/debug/deps/libhyper_tls-98422ed72946ddd6.rlib" "/opt/rustwide/target/debug/deps/libserde_urlencoded-5fc12d5a2042448b.rlib" "/opt/rustwide/target/debug/deps/libbase64-8062ff4772a66de9.rlib" "/opt/rustwide/target/debug/deps/libipnet-c7c4785b48ce73f5.rlib" "/opt/rustwide/target/debug/deps/libtokio_native_tls-d0ae8321bd055f40.rlib" "/opt/rustwide/target/debug/deps/libmime-a79fe19129dcd0fb.rlib" "/opt/rustwide/target/debug/deps/libencoding_rs-73122f64baa7d749.rlib" "/opt/rustwide/target/debug/deps/libnative_tls-43aff379b9042536.rlib" "/opt/rustwide/target/debug/deps/libopenssl_probe-2d1cd15c290ad1de.rlib" "/opt/rustwide/target/debug/deps/libopenssl-563b40ade2967090.rlib" "/opt/rustwide/target/debug/deps/libbitflags-82cc2d155c6eb112.rlib" "/opt/rustwide/target/debug/deps/libforeign_types-f2b053f84105065c.rlib" "/opt/rustwide/target/debug/deps/libforeign_types_shared-48f8f1f9ea32d068.rlib" "/opt/rustwide/target/debug/deps/libopenssl_sys-364fd0ba65a536a0.rlib" "/opt/rustwide/target/debug/deps/libhyper-aa5aa412845adb48.rlib" "/opt/rustwide/target/debug/deps/libwant-e0dd3c7be448a5b3.rlib" "/opt/rustwide/target/debug/deps/libtry_lock-ec51eacf97b087e9.rlib" "/opt/rustwide/target/debug/deps/libhttparse-30fefae29fd53c2e.rlib" "/opt/rustwide/target/debug/deps/libh2-0fc57af6ab91c2c1.rlib" "/opt/rustwide/target/debug/deps/libindexmap-4a7e2da62b4b6cd1.rlib" "/opt/rustwide/target/debug/deps/libhashbrown-f669da50cece7aa5.rlib" "/opt/rustwide/target/debug/deps/libtokio_util-41d65fe4476799e3.rlib" "/opt/rustwide/target/debug/deps/libfutures_sink-0848eae0e91803d6.rlib" "/opt/rustwide/target/debug/deps/libtower_service-a82a463fea06a00e.rlib" "/opt/rustwide/target/debug/deps/libtracing-f478b8947b892c25.rlib" "/opt/rustwide/target/debug/deps/libtracing_core-259db95f475fb2a8.rlib" "/opt/rustwide/target/debug/deps/libonce_cell-7d2ec3fb6b6c5a4d.rlib" "/opt/rustwide/target/debug/deps/libfutures_channel-9c01e1ce72b61406.rlib" "/opt/rustwide/target/debug/deps/libhttpdate-fbb447b85a38529c.rlib" "/opt/rustwide/target/debug/deps/libfutures_util-e3d3cccfb239982a.rlib" "/opt/rustwide/target/debug/deps/libslab-8bb798f134a0a9e7.rlib" "/opt/rustwide/target/debug/deps/libfutures_task-b59556b3c537ad98.rlib" "/opt/rustwide/target/debug/deps/libpin_utils-0d8eaf4ac0fcb221.rlib" "/opt/rustwide/target/debug/deps/libtokio-cb2ac3e2b4eb54ef.rlib" "/opt/rustwide/target/debug/deps/libsignal_hook_registry-0519d59f93b4969e.rlib" "/opt/rustwide/target/debug/deps/libnum_cpus-955db27608b22469.rlib" "/opt/rustwide/target/debug/deps/libsocket2-809776a880009f42.rlib" "/opt/rustwide/target/debug/deps/libmio-a7925e93b86638b2.rlib" "/opt/rustwide/target/debug/deps/liblibc-b7b14a0fe316ec96.rlib" "/opt/rustwide/target/debug/deps/libhttp_body-1af96f59fded0cc1.rlib" "/opt/rustwide/target/debug/deps/libpin_project_lite-e66e1bab7310d569.rlib" "/opt/rustwide/target/debug/deps/liblog-0c1cb0b0b2cd1527.rlib" "/opt/rustwide/target/debug/deps/libvalue_bag-768ed279c3258705.rlib" "/opt/rustwide/target/debug/deps/libcfg_if-e5e118dd7d121aaa.rlib" "/opt/rustwide/target/debug/deps/libfutures_core-6002dc2ff0ad2c7a.rlib" "/opt/rustwide/target/debug/deps/liburl-25a81f6654f7c1c7.rlib" "/opt/rustwide/target/debug/deps/libidna-b865ee86652f4dd4.rlib" "/opt/rustwide/target/debug/deps/libunicode_normalization-65834209e2c3efa0.rlib" "/opt/rustwide/target/debug/deps/libtinyvec-4aa74f8a972e3d9d.rlib" "/opt/rustwide/target/debug/deps/libtinyvec_macros-8eb663675e81bb18.rlib" "/opt/rustwide/target/debug/deps/libunicode_bidi-df88d89b87cd1c3f.rlib" "/opt/rustwide/target/debug/deps/libform_urlencoded-4406ed733a551179.rlib" "/opt/rustwide/target/debug/deps/libpercent_encoding-5b4f3c280783d946.rlib" "/opt/rustwide/target/debug/deps/libhttp-1912e0b438bd2fae.rlib" "/opt/rustwide/target/debug/deps/libbytes-e760d6ac9a2f6963.rlib" "/opt/rustwide/target/debug/deps/libfnv-41a559218f992797.rlib" "/opt/rustwide/target/debug/deps/libstatic_assertions-9a9c2cb46fa7a0a6.rlib" "/opt/rustwide/target/debug/deps/libserde_json-741da006c32fff7c.rlib" "/opt/rustwide/target/debug/deps/libryu-87a43729435ac998.rlib" "/opt/rustwide/target/debug/deps/libitoa-12e0c769e046c1b6.rlib" "/opt/rustwide/target/debug/deps/libserde-af389c6551558296.rlib" "/opt/rustwide/target/debug/deps/libanyhow-2a8b4879abb5c883.rlib" "/opt/rustwide/rustup-home/toolchains/1.69.0-x86_64-unknown-linux-gnu/lib/rustlib/x86_64-unknown-linux-gnu/lib/libstd-89bc084783fdc439.rlib" "/opt/rustwide/rustup-home/toolchains/1.69.0-x86_64-unknown-linux-gnu/lib/rustlib/x86_64-unknown-linux-gnu/lib/libpanic_unwind-8bee4b287d4367c1.rlib" "/opt/rustwide/rustup-home/toolchains/1.69.0-x86_64-unknown-linux-gnu/lib/rustlib/x86_64-unknown-linux-gnu/lib/libobject-d61707aed80694c0.rlib" "/opt/rustwide/rustup-home/toolchains/1.69.0-x86_64-unknown-linux-gnu/lib/rustlib/x86_64-unknown-linux-gnu/lib/libmemchr-d85366256f22345b.rlib" "/opt/rustwide/rustup-home/toolchains/1.69.0-x86_64-unknown-linux-gnu/lib/rustlib/x86_64-unknown-linux-gnu/lib/libaddr2line-96069b86b8a8cae9.rlib" "/opt/rustwide/rustup-home/toolchains/1.69.0-x86_64-unknown-linux-gnu/lib/rustlib/x86_64-unknown-linux-gnu/lib/libgimli-d19d53abf68dfa6c.rlib" "/opt/rustwide/rustup-home/toolchains/1.69.0-x86_64-unknown-linux-gnu/lib/rustlib/x86_64-unknown-linux-gnu/lib/librustc_demangle-787cbccd19d64ac6.rlib" "/opt/rustwide/rustup-home/toolchains/1.69.0-x86_64-unknown-linux-gnu/lib/rustlib/x86_64-unknown-linux-gnu/lib/libstd_detect-b3837a36b830e0d0.rlib" "/opt/rustwide/rustup-home/toolchains/1.69.0-x86_64-unknown-linux-gnu/lib/rustlib/x86_64-unknown-linux-gnu/lib/libhashbrown-e3deb0e7e3f04966.rlib" "/opt/rustwide/rustup-home/toolchains/1.69.0-x86_64-unknown-linux-gnu/lib/rustlib/x86_64-unknown-linux-gnu/lib/libminiz_oxide-dabbb79c9815def4.rlib" "/opt/rustwide/rustup-home/toolchains/1.69.0-x86_64-unknown-linux-gnu/lib/rustlib/x86_64-unknown-linux-gnu/lib/libadler-305b01f34c9409f2.rlib" "/opt/rustwide/rustup-home/toolchains/1.69.0-x86_64-unknown-linux-gnu/lib/rustlib/x86_64-unknown-linux-gnu/lib/librustc_std_workspace_alloc-f833521df6074e73.rlib" "/opt/rustwide/rustup-home/toolchains/1.69.0-x86_64-unknown-linux-gnu/lib/rustlib/x86_64-unknown-linux-gnu/lib/libunwind-9ac333113350d171.rlib" "/opt/rustwide/rustup-home/toolchains/1.69.0-x86_64-unknown-linux-gnu/lib/rustlib/x86_64-unknown-linux-gnu/lib/libcfg_if-1c126114322d0eee.rlib" "/opt/rustwide/rustup-home/toolchains/1.69.0-x86_64-unknown-linux-gnu/lib/rustlib/x86_64-unknown-linux-gnu/lib/liblibc-bad9164fdeeecf92.rlib" "/opt/rustwide/rustup-home/toolchains/1.69.0-x86_64-unknown-linux-gnu/lib/rustlib/x86_64-unknown-linux-gnu/lib/liballoc-f9374b1e480fa681.rlib" "/opt/rustwide/rustup-home/toolchains/1.69.0-x86_64-unknown-linux-gnu/lib/rustlib/x86_64-unknown-linux-gnu/lib/librustc_std_workspace_core-207f06e41d9603af.rlib" "/opt/rustwide/rustup-home/toolchains/1.69.0-x86_64-unknown-linux-gnu/lib/rustlib/x86_64-unknown-linux-gnu/lib/libcore-7e2768e66e984e85.rlib" "/opt/rustwide/rustup-home/toolchains/1.69.0-x86_64-unknown-linux-gnu/lib/rustlib/x86_64-unknown-linux-gnu/lib/libcompiler_builtins-957b4aff41f8cd46.rlib" "-Wl,-Bdynamic" "-lz" "-lgcc_s" "-lutil" "-lrt" "-lpthread" "-lm" "-ldl" "-lc" "-Wl,--eh-frame-hdr" "-Wl,-z,noexecstack" "-L" "/opt/rustwide/rustup-home/toolchains/1.69.0-x86_64-unknown-linux-gnu/lib/rustlib/x86_64-unknown-linux-gnu/lib" "-o" "/tmp/rustdoctestmHVXFB/rust_out" "-Wl,--gc-sections" "-pie" "-Wl,-z,relro,-z,now" "-nodefaultlibs"
[INFO] [stdout]   = note: collect2: fatal error: ld terminated with signal 9 [Killed]
[INFO] [stdout]           compilation terminated.
[INFO] [stdout]           
[INFO] [stdout] 
[INFO] [stdout] error: aborting due to previous error
[INFO] [stdout] 
[INFO] [stdout] Couldn't compile the test.
[INFO] [stdout] 
[INFO] [stdout] failures:
[INFO] [stdout]     src/lib.rs - (line 10)
[INFO] [stdout] 
[INFO] [stdout] test result: FAILED. 4 passed; 1 failed; 0 ignored; 0 measured; 0 filtered out; finished in 11.26s
[INFO] [stdout] 
[INFO] [stderr] error: doctest failed, to rerun pass `--doc`
[INFO] running `Command { std: "docker" "inspect" "383e0600db89f73f0ae003c15149566d0c207361f7370d5a4e6288c355b09612", kill_on_drop: false }`
[INFO] running `Command { std: "docker" "rm" "-f" "383e0600db89f73f0ae003c15149566d0c207361f7370d5a4e6288c355b09612", kill_on_drop: false }`
[INFO] [stdout] 383e0600db89f73f0ae003c15149566d0c207361f7370d5a4e6288c355b09612
