[INFO] fetching crate avro-schema 0.3.0...
[INFO] testing avro-schema-0.3.0 against 1.69.0 for beta-1.70-1
[INFO] extracting crate avro-schema 0.3.0 into /workspace/builds/worker-7-tc1/source
[INFO] validating manifest of crates.io crate avro-schema 0.3.0 on toolchain 1.69.0
[INFO] running `Command { std: CARGO_HOME="/workspace/cargo-home" RUSTUP_HOME="/workspace/rustup-home" "/workspace/cargo-home/bin/cargo" "+1.69.0" "metadata" "--manifest-path" "Cargo.toml" "--no-deps", kill_on_drop: false }`
[INFO] started tweaking crates.io crate avro-schema 0.3.0
[INFO] finished tweaking crates.io crate avro-schema 0.3.0
[INFO] tweaked toml for crates.io crate avro-schema 0.3.0 written to /workspace/builds/worker-7-tc1/source/Cargo.toml
[INFO] running `Command { std: CARGO_HOME="/workspace/cargo-home" RUSTUP_HOME="/workspace/rustup-home" __CARGO_TEST_CHANNEL_OVERRIDE_DO_NOT_USE_THIS="nightly" "/workspace/cargo-home/bin/cargo" "+1.69.0" "generate-lockfile" "--manifest-path" "Cargo.toml" "-Zno-index-update", kill_on_drop: false }`
[INFO] running `Command { std: CARGO_HOME="/workspace/cargo-home" RUSTUP_HOME="/workspace/rustup-home" "/workspace/cargo-home/bin/cargo" "+1.69.0" "fetch" "--manifest-path" "Cargo.toml", kill_on_drop: false }`
[INFO] [stderr]  Downloading crates ...
[INFO] [stderr]   Downloaded libflate_lz77 v1.2.0
[INFO] [stderr]   Downloaded adler32 v1.2.0
[INFO] [stderr]   Downloaded rle-decode-fast v1.0.3
[INFO] [stderr]   Downloaded crc v2.1.0
[INFO] [stderr]   Downloaded fallible-streaming-iterator v0.1.9
[INFO] [stderr]   Downloaded async-stream-impl v0.3.5
[INFO] [stderr]   Downloaded crc-catalog v1.1.1
[INFO] [stderr]   Downloaded libflate v1.3.0
[INFO] [stderr]   Downloaded snap v1.1.0
[INFO] [stderr]   Downloaded async-stream v0.3.5
[INFO] running `Command { std: "docker" "create" "-v" "/var/lib/crater-agent-workspace/builds/worker-7-tc1/target:/opt/rustwide/target:rw,Z" "-v" "/var/lib/crater-agent-workspace/builds/worker-7-tc1/source:/opt/rustwide/workdir:ro,Z" "-v" "/var/lib/crater-agent-workspace/cargo-home:/opt/rustwide/cargo-home:ro,Z" "-v" "/var/lib/crater-agent-workspace/rustup-home:/opt/rustwide/rustup-home:ro,Z" "-e" "SOURCE_DIR=/opt/rustwide/workdir" "-e" "CARGO_TARGET_DIR=/opt/rustwide/target" "-e" "CARGO_HOME=/opt/rustwide/cargo-home" "-e" "RUSTUP_HOME=/opt/rustwide/rustup-home" "-w" "/opt/rustwide/workdir" "-m" "1610612736" "--user" "0:0" "--network" "none" "ghcr.io/rust-lang/crates-build-env/linux@sha256:5ff2268d62e97bff2cde7d5815dd6ed5b47097566f13b8d0ca110b04b60e07ed" "/opt/rustwide/cargo-home/bin/cargo" "+1.69.0" "metadata" "--no-deps" "--format-version=1", kill_on_drop: false }`
[INFO] [stdout] 2f6b7b2b278395e239eadc3d27937d398ee1c107c86afc9da7e68d72c023a56b
[INFO] running `Command { std: "docker" "start" "-a" "2f6b7b2b278395e239eadc3d27937d398ee1c107c86afc9da7e68d72c023a56b", kill_on_drop: false }`
[INFO] running `Command { std: "docker" "inspect" "2f6b7b2b278395e239eadc3d27937d398ee1c107c86afc9da7e68d72c023a56b", kill_on_drop: false }`
[INFO] running `Command { std: "docker" "rm" "-f" "2f6b7b2b278395e239eadc3d27937d398ee1c107c86afc9da7e68d72c023a56b", kill_on_drop: false }`
[INFO] [stdout] 2f6b7b2b278395e239eadc3d27937d398ee1c107c86afc9da7e68d72c023a56b
[INFO] running `Command { std: "docker" "create" "-v" "/var/lib/crater-agent-workspace/builds/worker-7-tc1/target:/opt/rustwide/target:rw,Z" "-v" "/var/lib/crater-agent-workspace/builds/worker-7-tc1/source:/opt/rustwide/workdir:ro,Z" "-v" "/var/lib/crater-agent-workspace/cargo-home:/opt/rustwide/cargo-home:ro,Z" "-v" "/var/lib/crater-agent-workspace/rustup-home:/opt/rustwide/rustup-home:ro,Z" "-e" "SOURCE_DIR=/opt/rustwide/workdir" "-e" "CARGO_TARGET_DIR=/opt/rustwide/target" "-e" "CARGO_INCREMENTAL=0" "-e" "RUST_BACKTRACE=full" "-e" "RUSTFLAGS=--cap-lints=warn" "-e" "RUSTDOCFLAGS=--cap-lints=warn" "-e" "CARGO_HOME=/opt/rustwide/cargo-home" "-e" "RUSTUP_HOME=/opt/rustwide/rustup-home" "-w" "/opt/rustwide/workdir" "-m" "1610612736" "--user" "0:0" "--network" "none" "ghcr.io/rust-lang/crates-build-env/linux@sha256:5ff2268d62e97bff2cde7d5815dd6ed5b47097566f13b8d0ca110b04b60e07ed" "/opt/rustwide/cargo-home/bin/cargo" "+1.69.0" "build" "--frozen" "--message-format=json", kill_on_drop: false }`
[INFO] [stdout] 7aa5ba7cb317dcd3ec8db35d0497b91fcaf15983dabc3a0263598fad630a1e09
[INFO] running `Command { std: "docker" "start" "-a" "7aa5ba7cb317dcd3ec8db35d0497b91fcaf15983dabc3a0263598fad630a1e09", kill_on_drop: false }`
[INFO] [stderr]    Compiling serde_json v1.0.96
[INFO] [stderr]    Compiling fallible-streaming-iterator v0.1.9
[INFO] [stderr]    Compiling avro-schema v0.3.0 (/opt/rustwide/workdir)
[INFO] [stderr]     Finished dev [unoptimized + debuginfo] target(s) in 1.55s
[INFO] running `Command { std: "docker" "inspect" "7aa5ba7cb317dcd3ec8db35d0497b91fcaf15983dabc3a0263598fad630a1e09", kill_on_drop: false }`
[INFO] running `Command { std: "docker" "rm" "-f" "7aa5ba7cb317dcd3ec8db35d0497b91fcaf15983dabc3a0263598fad630a1e09", kill_on_drop: false }`
[INFO] [stdout] 7aa5ba7cb317dcd3ec8db35d0497b91fcaf15983dabc3a0263598fad630a1e09
[INFO] running `Command { std: "docker" "create" "-v" "/var/lib/crater-agent-workspace/builds/worker-7-tc1/target:/opt/rustwide/target:rw,Z" "-v" "/var/lib/crater-agent-workspace/builds/worker-7-tc1/source:/opt/rustwide/workdir:ro,Z" "-v" "/var/lib/crater-agent-workspace/cargo-home:/opt/rustwide/cargo-home:ro,Z" "-v" "/var/lib/crater-agent-workspace/rustup-home:/opt/rustwide/rustup-home:ro,Z" "-e" "SOURCE_DIR=/opt/rustwide/workdir" "-e" "CARGO_TARGET_DIR=/opt/rustwide/target" "-e" "CARGO_INCREMENTAL=0" "-e" "RUST_BACKTRACE=full" "-e" "RUSTFLAGS=--cap-lints=warn" "-e" "RUSTDOCFLAGS=--cap-lints=warn" "-e" "CARGO_HOME=/opt/rustwide/cargo-home" "-e" "RUSTUP_HOME=/opt/rustwide/rustup-home" "-w" "/opt/rustwide/workdir" "-m" "1610612736" "--user" "0:0" "--network" "none" "ghcr.io/rust-lang/crates-build-env/linux@sha256:5ff2268d62e97bff2cde7d5815dd6ed5b47097566f13b8d0ca110b04b60e07ed" "/opt/rustwide/cargo-home/bin/cargo" "+1.69.0" "test" "--frozen" "--no-run" "--message-format=json", kill_on_drop: false }`
[INFO] [stdout] 882b40676cd7d088c94ccf0e2308f70d76453d2e88b839ab221bb0e79cad304a
[INFO] running `Command { std: "docker" "start" "-a" "882b40676cd7d088c94ccf0e2308f70d76453d2e88b839ab221bb0e79cad304a", kill_on_drop: false }`
[INFO] [stderr]    Compiling avro-schema v0.3.0 (/opt/rustwide/workdir)
[INFO] [stderr]     Finished test [unoptimized + debuginfo] target(s) in 0.51s
[INFO] running `Command { std: "docker" "inspect" "882b40676cd7d088c94ccf0e2308f70d76453d2e88b839ab221bb0e79cad304a", kill_on_drop: false }`
[INFO] running `Command { std: "docker" "rm" "-f" "882b40676cd7d088c94ccf0e2308f70d76453d2e88b839ab221bb0e79cad304a", kill_on_drop: false }`
[INFO] [stdout] 882b40676cd7d088c94ccf0e2308f70d76453d2e88b839ab221bb0e79cad304a
[INFO] running `Command { std: "docker" "create" "-v" "/var/lib/crater-agent-workspace/builds/worker-7-tc1/target:/opt/rustwide/target:rw,Z" "-v" "/var/lib/crater-agent-workspace/builds/worker-7-tc1/source:/opt/rustwide/workdir:ro,Z" "-v" "/var/lib/crater-agent-workspace/cargo-home:/opt/rustwide/cargo-home:ro,Z" "-v" "/var/lib/crater-agent-workspace/rustup-home:/opt/rustwide/rustup-home:ro,Z" "-e" "SOURCE_DIR=/opt/rustwide/workdir" "-e" "CARGO_TARGET_DIR=/opt/rustwide/target" "-e" "CARGO_INCREMENTAL=0" "-e" "RUST_BACKTRACE=full" "-e" "RUSTFLAGS=--cap-lints=warn" "-e" "RUSTDOCFLAGS=--cap-lints=warn" "-e" "CARGO_HOME=/opt/rustwide/cargo-home" "-e" "RUSTUP_HOME=/opt/rustwide/rustup-home" "-w" "/opt/rustwide/workdir" "-m" "1610612736" "--user" "0:0" "--network" "none" "ghcr.io/rust-lang/crates-build-env/linux@sha256:5ff2268d62e97bff2cde7d5815dd6ed5b47097566f13b8d0ca110b04b60e07ed" "/opt/rustwide/cargo-home/bin/cargo" "+1.69.0" "test" "--frozen", kill_on_drop: false }`
[INFO] [stdout] 93d0cc558668faacc8e6eb9f77149aa131a3251f7b077f266b31e30fc09b107a
[INFO] running `Command { std: "docker" "start" "-a" "93d0cc558668faacc8e6eb9f77149aa131a3251f7b077f266b31e30fc09b107a", kill_on_drop: false }`
[INFO] [stderr]     Blocking waiting for file lock on package cache
[INFO] [stderr]     Finished test [unoptimized + debuginfo] target(s) in 0.37s
[INFO] [stderr]      Running unittests src/lib.rs (/opt/rustwide/target/debug/deps/avro_schema-49a653e758d66c35)
[INFO] [stdout] 
[INFO] [stdout] running 0 tests
[INFO] [stdout] 
[INFO] [stdout] test result: ok. 0 passed; 0 failed; 0 ignored; 0 measured; 0 filtered out; finished in 0.00s
[INFO] [stdout] 
[INFO] [stderr]      Running tests/it/main.rs (/opt/rustwide/target/debug/deps/it-3887d07d8c26436e)
[INFO] [stdout] 
[INFO] [stdout] running 4 tests
[INFO] [stdout] test file::round_trip_snappy ... FAILED
[INFO] [stdout] test file::round_trip_deflate ... FAILED
[INFO] [stdout] test file::round_trip ... ok
[INFO] [stdout] test test_deserialize ... ok
[INFO] [stdout] 
[INFO] [stdout] failures:
[INFO] [stdout] 
[INFO] [stdout] ---- file::round_trip_snappy stdout ----
[INFO] [stdout] Error: RequiresCompression
[INFO] [stdout] 
[INFO] [stdout] ---- file::round_trip_deflate stdout ----
[INFO] [stdout] Error: RequiresCompression
[INFO] [stdout] 
[INFO] [stdout] 
[INFO] [stdout] failures:
[INFO] [stdout]     file::round_trip_deflate
[INFO] [stdout]     file::round_trip_snappy
[INFO] [stdout] 
[INFO] [stdout] test result: FAILED. 2 passed; 2 failed; 0 ignored; 0 measured; 0 filtered out; finished in 0.00s
[INFO] [stdout] 
[INFO] [stderr] error: test failed, to rerun pass `--test it`
[INFO] running `Command { std: "docker" "inspect" "93d0cc558668faacc8e6eb9f77149aa131a3251f7b077f266b31e30fc09b107a", kill_on_drop: false }`
[INFO] running `Command { std: "docker" "rm" "-f" "93d0cc558668faacc8e6eb9f77149aa131a3251f7b077f266b31e30fc09b107a", kill_on_drop: false }`
[INFO] [stdout] 93d0cc558668faacc8e6eb9f77149aa131a3251f7b077f266b31e30fc09b107a
