[INFO] fetching crate avalanche 0.1.0...
[INFO] testing avalanche-0.1.0 against 1.69.0 for beta-1.70-1
[INFO] extracting crate avalanche 0.1.0 into /workspace/builds/worker-0-tc1/source
[INFO] validating manifest of crates.io crate avalanche 0.1.0 on toolchain 1.69.0
[INFO] running `Command { std: CARGO_HOME="/workspace/cargo-home" RUSTUP_HOME="/workspace/rustup-home" "/workspace/cargo-home/bin/cargo" "+1.69.0" "metadata" "--manifest-path" "Cargo.toml" "--no-deps", kill_on_drop: false }`
[INFO] started tweaking crates.io crate avalanche 0.1.0
[INFO] finished tweaking crates.io crate avalanche 0.1.0
[INFO] tweaked toml for crates.io crate avalanche 0.1.0 written to /workspace/builds/worker-0-tc1/source/Cargo.toml
[INFO] running `Command { std: CARGO_HOME="/workspace/cargo-home" RUSTUP_HOME="/workspace/rustup-home" __CARGO_TEST_CHANNEL_OVERRIDE_DO_NOT_USE_THIS="nightly" "/workspace/cargo-home/bin/cargo" "+1.69.0" "generate-lockfile" "--manifest-path" "Cargo.toml" "-Zno-index-update", kill_on_drop: false }`
[INFO] running `Command { std: CARGO_HOME="/workspace/cargo-home" RUSTUP_HOME="/workspace/rustup-home" "/workspace/cargo-home/bin/cargo" "+1.69.0" "fetch" "--manifest-path" "Cargo.toml", kill_on_drop: false }`
[INFO] [stderr]  Downloading crates ...
[INFO] [stderr]   Downloaded avalanche v0.1.0
[INFO] [stderr]   Downloaded avalanche-web v0.1.0
[INFO] [stderr]   Downloaded avalanche-macro v0.1.0
[INFO] running `Command { std: "docker" "create" "-v" "/var/lib/crater-agent-workspace/builds/worker-0-tc1/target:/opt/rustwide/target:rw,Z" "-v" "/var/lib/crater-agent-workspace/builds/worker-0-tc1/source:/opt/rustwide/workdir:ro,Z" "-v" "/var/lib/crater-agent-workspace/cargo-home:/opt/rustwide/cargo-home:ro,Z" "-v" "/var/lib/crater-agent-workspace/rustup-home:/opt/rustwide/rustup-home:ro,Z" "-e" "SOURCE_DIR=/opt/rustwide/workdir" "-e" "CARGO_TARGET_DIR=/opt/rustwide/target" "-e" "CARGO_HOME=/opt/rustwide/cargo-home" "-e" "RUSTUP_HOME=/opt/rustwide/rustup-home" "-w" "/opt/rustwide/workdir" "-m" "1610612736" "--user" "0:0" "--network" "none" "ghcr.io/rust-lang/crates-build-env/linux@sha256:5ff2268d62e97bff2cde7d5815dd6ed5b47097566f13b8d0ca110b04b60e07ed" "/opt/rustwide/cargo-home/bin/cargo" "+1.69.0" "metadata" "--no-deps" "--format-version=1", kill_on_drop: false }`
[INFO] [stdout] 0771a6ab7844f8ed73c48a12ca13ea1e9aec47a6c20cd3c82638e2bcca2262e9
[INFO] running `Command { std: "docker" "start" "-a" "0771a6ab7844f8ed73c48a12ca13ea1e9aec47a6c20cd3c82638e2bcca2262e9", kill_on_drop: false }`
[INFO] running `Command { std: "docker" "inspect" "0771a6ab7844f8ed73c48a12ca13ea1e9aec47a6c20cd3c82638e2bcca2262e9", kill_on_drop: false }`
[INFO] running `Command { std: "docker" "rm" "-f" "0771a6ab7844f8ed73c48a12ca13ea1e9aec47a6c20cd3c82638e2bcca2262e9", kill_on_drop: false }`
[INFO] [stdout] 0771a6ab7844f8ed73c48a12ca13ea1e9aec47a6c20cd3c82638e2bcca2262e9
[INFO] running `Command { std: "docker" "create" "-v" "/var/lib/crater-agent-workspace/builds/worker-0-tc1/target:/opt/rustwide/target:rw,Z" "-v" "/var/lib/crater-agent-workspace/builds/worker-0-tc1/source:/opt/rustwide/workdir:ro,Z" "-v" "/var/lib/crater-agent-workspace/cargo-home:/opt/rustwide/cargo-home:ro,Z" "-v" "/var/lib/crater-agent-workspace/rustup-home:/opt/rustwide/rustup-home:ro,Z" "-e" "SOURCE_DIR=/opt/rustwide/workdir" "-e" "CARGO_TARGET_DIR=/opt/rustwide/target" "-e" "CARGO_INCREMENTAL=0" "-e" "RUST_BACKTRACE=full" "-e" "RUSTFLAGS=--cap-lints=warn" "-e" "RUSTDOCFLAGS=--cap-lints=warn" "-e" "CARGO_HOME=/opt/rustwide/cargo-home" "-e" "RUSTUP_HOME=/opt/rustwide/rustup-home" "-w" "/opt/rustwide/workdir" "-m" "1610612736" "--user" "0:0" "--network" "none" "ghcr.io/rust-lang/crates-build-env/linux@sha256:5ff2268d62e97bff2cde7d5815dd6ed5b47097566f13b8d0ca110b04b60e07ed" "/opt/rustwide/cargo-home/bin/cargo" "+1.69.0" "build" "--frozen" "--message-format=json", kill_on_drop: false }`
[INFO] [stdout] 6b0a5ecd44b0399246875af195515f9c3ec024a306ad23c9006c71ad0554de89
[INFO] running `Command { std: "docker" "start" "-a" "6b0a5ecd44b0399246875af195515f9c3ec024a306ad23c9006c71ad0554de89", kill_on_drop: false }`
[INFO] [stderr]    Compiling libc v0.2.142
[INFO] [stderr]    Compiling cfg-if v1.0.0
[INFO] [stderr]    Compiling syn v1.0.109
[INFO] [stderr]    Compiling ppv-lite86 v0.2.17
[INFO] [stderr]    Compiling downcast-rs v1.2.0
[INFO] [stderr]    Compiling getrandom v0.1.16
[INFO] [stderr]    Compiling proc-macro-error-attr v1.0.4
[INFO] [stderr]    Compiling proc-macro-error v1.0.4
[INFO] [stderr]    Compiling rand_core v0.5.1
[INFO] [stderr]    Compiling rand_chacha v0.2.2
[INFO] [stderr]    Compiling rand v0.7.3
[INFO] [stderr]    Compiling avalanche-macro v0.1.0
[INFO] [stderr]    Compiling avalanche v0.1.0 (/opt/rustwide/workdir)
[INFO] [stderr]     Finished dev [unoptimized + debuginfo] target(s) in 5.69s
[INFO] running `Command { std: "docker" "inspect" "6b0a5ecd44b0399246875af195515f9c3ec024a306ad23c9006c71ad0554de89", kill_on_drop: false }`
[INFO] running `Command { std: "docker" "rm" "-f" "6b0a5ecd44b0399246875af195515f9c3ec024a306ad23c9006c71ad0554de89", kill_on_drop: false }`
[INFO] [stdout] 6b0a5ecd44b0399246875af195515f9c3ec024a306ad23c9006c71ad0554de89
[INFO] running `Command { std: "docker" "create" "-v" "/var/lib/crater-agent-workspace/builds/worker-0-tc1/target:/opt/rustwide/target:rw,Z" "-v" "/var/lib/crater-agent-workspace/builds/worker-0-tc1/source:/opt/rustwide/workdir:ro,Z" "-v" "/var/lib/crater-agent-workspace/cargo-home:/opt/rustwide/cargo-home:ro,Z" "-v" "/var/lib/crater-agent-workspace/rustup-home:/opt/rustwide/rustup-home:ro,Z" "-e" "SOURCE_DIR=/opt/rustwide/workdir" "-e" "CARGO_TARGET_DIR=/opt/rustwide/target" "-e" "CARGO_INCREMENTAL=0" "-e" "RUST_BACKTRACE=full" "-e" "RUSTFLAGS=--cap-lints=warn" "-e" "RUSTDOCFLAGS=--cap-lints=warn" "-e" "CARGO_HOME=/opt/rustwide/cargo-home" "-e" "RUSTUP_HOME=/opt/rustwide/rustup-home" "-w" "/opt/rustwide/workdir" "-m" "1610612736" "--user" "0:0" "--network" "none" "ghcr.io/rust-lang/crates-build-env/linux@sha256:5ff2268d62e97bff2cde7d5815dd6ed5b47097566f13b8d0ca110b04b60e07ed" "/opt/rustwide/cargo-home/bin/cargo" "+1.69.0" "test" "--frozen" "--no-run" "--message-format=json", kill_on_drop: false }`
[INFO] [stdout] 4f24c5f49f1fa01ebc674ae2381dfe328f97052943d4957e1734a470e6d7f5c5
[INFO] running `Command { std: "docker" "start" "-a" "4f24c5f49f1fa01ebc674ae2381dfe328f97052943d4957e1734a470e6d7f5c5", kill_on_drop: false }`
[INFO] [stderr]     Blocking waiting for file lock on package cache
[INFO] [stderr]    Compiling syn v1.0.109
[INFO] [stderr]    Compiling wasm-bindgen-shared v0.2.84
[INFO] [stderr]    Compiling once_cell v1.17.1
[INFO] [stderr]    Compiling bumpalo v3.12.1
[INFO] [stderr]    Compiling wasm-bindgen v0.2.84
[INFO] [stderr]    Compiling log v0.4.17
[INFO] [stderr]    Compiling getrandom v0.1.16
[INFO] [stderr]    Compiling rand_core v0.5.1
[INFO] [stderr]    Compiling rand_chacha v0.2.2
[INFO] [stderr]    Compiling rand v0.7.3
[INFO] [stderr]    Compiling wasm-bindgen-backend v0.2.84
[INFO] [stderr]    Compiling proc-macro-error v1.0.4
[INFO] [stderr]    Compiling avalanche-macro v0.1.0
[INFO] [stderr]    Compiling wasm-bindgen-macro-support v0.2.84
[INFO] [stderr]    Compiling wasm-bindgen-macro v0.2.84
[INFO] [stderr]    Compiling avalanche v0.1.0
[INFO] [stderr]    Compiling avalanche v0.1.0 (/opt/rustwide/workdir)
[INFO] [stderr]    Compiling js-sys v0.3.61
[INFO] [stderr]    Compiling web-sys v0.3.61
[INFO] [stderr]    Compiling gloo-events v0.1.2
[INFO] [stderr]    Compiling avalanche-web v0.1.0
[INFO] [stderr]     Finished test [unoptimized + debuginfo] target(s) in 31.13s
[INFO] running `Command { std: "docker" "inspect" "4f24c5f49f1fa01ebc674ae2381dfe328f97052943d4957e1734a470e6d7f5c5", kill_on_drop: false }`
[INFO] running `Command { std: "docker" "rm" "-f" "4f24c5f49f1fa01ebc674ae2381dfe328f97052943d4957e1734a470e6d7f5c5", kill_on_drop: false }`
[INFO] [stdout] 4f24c5f49f1fa01ebc674ae2381dfe328f97052943d4957e1734a470e6d7f5c5
[INFO] running `Command { std: "docker" "create" "-v" "/var/lib/crater-agent-workspace/builds/worker-0-tc1/target:/opt/rustwide/target:rw,Z" "-v" "/var/lib/crater-agent-workspace/builds/worker-0-tc1/source:/opt/rustwide/workdir:ro,Z" "-v" "/var/lib/crater-agent-workspace/cargo-home:/opt/rustwide/cargo-home:ro,Z" "-v" "/var/lib/crater-agent-workspace/rustup-home:/opt/rustwide/rustup-home:ro,Z" "-e" "SOURCE_DIR=/opt/rustwide/workdir" "-e" "CARGO_TARGET_DIR=/opt/rustwide/target" "-e" "CARGO_INCREMENTAL=0" "-e" "RUST_BACKTRACE=full" "-e" "RUSTFLAGS=--cap-lints=warn" "-e" "RUSTDOCFLAGS=--cap-lints=warn" "-e" "CARGO_HOME=/opt/rustwide/cargo-home" "-e" "RUSTUP_HOME=/opt/rustwide/rustup-home" "-w" "/opt/rustwide/workdir" "-m" "1610612736" "--user" "0:0" "--network" "none" "ghcr.io/rust-lang/crates-build-env/linux@sha256:5ff2268d62e97bff2cde7d5815dd6ed5b47097566f13b8d0ca110b04b60e07ed" "/opt/rustwide/cargo-home/bin/cargo" "+1.69.0" "test" "--frozen", kill_on_drop: false }`
[INFO] [stdout] 6ae404095beb3113c04f48c633323357e06bf82d77a8864d9c9638ee9f7315f6
[INFO] running `Command { std: "docker" "start" "-a" "6ae404095beb3113c04f48c633323357e06bf82d77a8864d9c9638ee9f7315f6", kill_on_drop: false }`
[INFO] [stderr]     Finished test [unoptimized + debuginfo] target(s) in 0.04s
[INFO] [stderr]      Running unittests src/lib.rs (/opt/rustwide/target/debug/deps/avalanche-da9d1f09530903a5)
[INFO] [stdout] 
[INFO] [stdout] running 0 tests
[INFO] [stdout] 
[INFO] [stdout] test result: ok. 0 passed; 0 failed; 0 ignored; 0 measured; 0 filtered out; finished in 0.00s
[INFO] [stdout] 
[INFO] [stderr]    Doc-tests avalanche
[INFO] [stdout] 
[INFO] [stdout] running 7 tests
[INFO] [stdout] test src/hooks.rs - hooks::vec (line 228) ... FAILED
[INFO] [stdout] test src/lib.rs - component (line 40) ... FAILED
[INFO] [stdout] test src/hooks.rs - hooks::state (line 83) ... FAILED
[INFO] [stdout] test src/tracked.rs - tracked::tracked (line 51) ... ok
[INFO] [stdout] test src/lib.rs - enclose (line 87) ... ok
[INFO] [stdout] test src/shared.rs - shared::Shared<T>::exec_mut (line 60) ... ok
[INFO] [stderr] error: doctest failed, to rerun pass `--doc`
[INFO] [stdout] test src/shared.rs - shared::Shared<T>::exec (line 38) ... ok
[INFO] [stdout] 
[INFO] [stdout] failures:
[INFO] [stdout] 
[INFO] [stdout] ---- src/hooks.rs - hooks::vec (line 228) stdout ----
[INFO] [stdout] error[E0599]: no function or associated item named `new` found for type `_` in the current scope
[INFO] [stdout]  --> src/hooks.rs:232:1
[INFO] [stdout]   |
[INFO] [stdout] 7 | #[component]
[INFO] [stdout]   | ^^^^^^^^^^^^ function or associated item not found in `_`
[INFO] [stdout]   |
[INFO] [stdout]   = help: items from traits can only be used if the trait is in scope
[INFO] [stdout]   = note: this error originates in the attribute macro `component` (in Nightly builds, run with -Z macro-backtrace for more info)
[INFO] [stdout] help: the following trait is implemented but not in scope; perhaps add a `use` for it:
[INFO] [stdout]   |
[INFO] [stdout] 2 | use gimli::read::lookup::PubStuffEntry;
[INFO] [stdout]   |
[INFO] [stdout] 
[INFO] [stdout] error[E0277]: the trait bound `Text: avalanche::Component` is not satisfied
[INFO] [stdout]   --> src/hooks.rs:232:1
[INFO] [stdout]    |
[INFO] [stdout] 7  | #[component]
[INFO] [stdout]    | ^^^^^^^^^^^^ the trait `avalanche::Component` is not implemented for `Text`
[INFO] [stdout]    |
[INFO] [stdout] help: trait impl with same name found
[INFO] [stdout]   --> /opt/rustwide/cargo-home/registry/src/github.com-1ecc6299db9ec823/avalanche-web-0.1.0/src/components.rs:59:1
[INFO] [stdout]    |
[INFO] [stdout] 59 | impl Component for Text {
[INFO] [stdout]    | ^^^^^^^^^^^^^^^^^^^^^^^
[INFO] [stdout]    = note: perhaps two different versions of crate `avalanche` are being used?
[INFO] [stdout]    = help: the following other types implement trait `avalanche::Component`:
[INFO] [stdout]              ()
[INFO] [stdout]              DynamicChildren
[INFO] [stdout]              HasChildrenMarker
[INFO] [stdout]    = note: this error originates in the attribute macro `component` (in Nightly builds, run with -Z macro-backtrace for more info)
[INFO] [stdout] 
[INFO] [stdout] error[E0277]: the trait bound `avalanche_web::components::Div: avalanche::Component` is not satisfied
[INFO] [stdout]    --> src/hooks.rs:232:1
[INFO] [stdout]     |
[INFO] [stdout] 7   | #[component]
[INFO] [stdout]     | ^^^^^^^^^^^^ the trait `avalanche::Component` is not implemented for `avalanche_web::components::Div`
[INFO] [stdout]     |
[INFO] [stdout] help: trait impl with same name found
[INFO] [stdout]    --> /opt/rustwide/cargo-home/registry/src/github.com-1ecc6299db9ec823/avalanche-web-0.1.0/src/components.rs:489:1
[INFO] [stdout]     |
[INFO] [stdout] 489 | / def_component! {
[INFO] [stdout] 490 | |     "div";
[INFO] [stdout] 491 | |     web_sys::HtmlDivElement;
[INFO] [stdout] 492 | |     Div;
[INFO] [stdout] 493 | |     DivBuilder;
[INFO] [stdout] 494 | | }
[INFO] [stdout]     | |_^
[INFO] [stdout]     = note: perhaps two different versions of crate `avalanche` are being used?
[INFO] [stdout]     = help: the following other types implement trait `avalanche::Component`:
[INFO] [stdout]               ()
[INFO] [stdout]               DynamicChildren
[INFO] [stdout]               HasChildrenMarker
[INFO] [stdout]     = note: this error originates in the attribute macro `component` which comes from the expansion of the macro `def_component` (in Nightly builds, run with -Z macro-backtrace for more info)
[INFO] [stdout] 
[INFO] [stdout] error[E0277]: the trait bound `Button: avalanche::Component` is not satisfied
[INFO] [stdout]     --> src/hooks.rs:232:1
[INFO] [stdout]      |
[INFO] [stdout] 7    | #[component]
[INFO] [stdout]      | ^^^^^^^^^^^^ the trait `avalanche::Component` is not implemented for `Button`
[INFO] [stdout]      |
[INFO] [stdout] help: trait impl with same name found
[INFO] [stdout]     --> /opt/rustwide/cargo-home/registry/src/github.com-1ecc6299db9ec823/avalanche-web-0.1.0/src/components.rs:1411:1
[INFO] [stdout]      |
[INFO] [stdout] 1411 | / def_component! {
[INFO] [stdout] 1412 | |     "button";
[INFO] [stdout] 1413 | |     web_sys::HtmlButtonElement;
[INFO] [stdout] 1414 | |     Button;
[INFO] [stdout] 1415 | |     ButtonBuilder;
[INFO] [stdout] 1416 | | }
[INFO] [stdout]      | |_^
[INFO] [stdout]      = note: perhaps two different versions of crate `avalanche` are being used?
[INFO] [stdout]      = help: the following other types implement trait `avalanche::Component`:
[INFO] [stdout]                ()
[INFO] [stdout]                DynamicChildren
[INFO] [stdout]                HasChildrenMarker
[INFO] [stdout]      = note: this error originates in the attribute macro `component` which comes from the expansion of the macro `def_component` (in Nightly builds, run with -Z macro-backtrace for more info)
[INFO] [stdout] 
[INFO] [stdout] error: aborting due to 4 previous errors
[INFO] [stdout] 
[INFO] [stdout] Some errors have detailed explanations: E0277, E0599.
[INFO] [stdout] For more information about an error, try `rustc --explain E0277`.
[INFO] [stdout] Couldn't compile the test.
[INFO] [stdout] ---- src/lib.rs - component (line 40) stdout ----
[INFO] [stdout] error[E0599]: no function or associated item named `new` found for type `_` in the current scope
[INFO] [stdout]  --> src/lib.rs:46:1
[INFO] [stdout]   |
[INFO] [stdout] 9 | #[component]
[INFO] [stdout]   | ^^^^^^^^^^^^ function or associated item not found in `_`
[INFO] [stdout]   |
[INFO] [stdout]   = help: items from traits can only be used if the trait is in scope
[INFO] [stdout]   = note: this error originates in the attribute macro `component` (in Nightly builds, run with -Z macro-backtrace for more info)
[INFO] [stdout] help: the following trait is implemented but not in scope; perhaps add a `use` for it:
[INFO] [stdout]   |
[INFO] [stdout] 2 | use gimli::read::lookup::PubStuffEntry;
[INFO] [stdout]   |
[INFO] [stdout] 
[INFO] [stdout] error[E0277]: the trait bound `H1: avalanche::Component` is not satisfied
[INFO] [stdout]    --> src/lib.rs:46:1
[INFO] [stdout]     |
[INFO] [stdout] 9   | #[component]
[INFO] [stdout]     | ^^^^^^^^^^^^ the trait `avalanche::Component` is not implemented for `H1`
[INFO] [stdout]     |
[INFO] [stdout] help: trait impl with same name found
[INFO] [stdout]    --> /opt/rustwide/cargo-home/registry/src/github.com-1ecc6299db9ec823/avalanche-web-0.1.0/src/components.rs:496:1
[INFO] [stdout]     |
[INFO] [stdout] 496 | / def_component! {
[INFO] [stdout] 497 | |     "h1";
[INFO] [stdout] 498 | |     web_sys::HtmlHeadingElement;
[INFO] [stdout] 499 | |     H1;
[INFO] [stdout] 500 | |     H1Builder;
[INFO] [stdout] 501 | | }
[INFO] [stdout]     | |_^
[INFO] [stdout]     = note: perhaps two different versions of crate `avalanche` are being used?
[INFO] [stdout]     = help: the following other types implement trait `avalanche::Component`:
[INFO] [stdout]               ()
[INFO] [stdout]               HasChildrenMarker
[INFO] [stdout]               HelloWorld
[INFO] [stdout]     = note: this error originates in the attribute macro `component` which comes from the expansion of the macro `def_component` (in Nightly builds, run with -Z macro-backtrace for more info)
[INFO] [stdout] 
[INFO] [stdout] error[E0277]: the trait bound `Text: avalanche::Component` is not satisfied
[INFO] [stdout]   --> src/lib.rs:46:1
[INFO] [stdout]    |
[INFO] [stdout] 9  | #[component]
[INFO] [stdout]    | ^^^^^^^^^^^^ the trait `avalanche::Component` is not implemented for `Text`
[INFO] [stdout]    |
[INFO] [stdout] help: trait impl with same name found
[INFO] [stdout]   --> /opt/rustwide/cargo-home/registry/src/github.com-1ecc6299db9ec823/avalanche-web-0.1.0/src/components.rs:59:1
[INFO] [stdout]    |
[INFO] [stdout] 59 | impl Component for Text {
[INFO] [stdout]    | ^^^^^^^^^^^^^^^^^^^^^^^
[INFO] [stdout]    = note: perhaps two different versions of crate `avalanche` are being used?
[INFO] [stdout]    = help: the following other types implement trait `avalanche::Component`:
[INFO] [stdout]              ()
[INFO] [stdout]              HasChildrenMarker
[INFO] [stdout]              HelloWorld
[INFO] [stdout]    = note: this error originates in the attribute macro `component` (in Nightly builds, run with -Z macro-backtrace for more info)
[INFO] [stdout] 
[INFO] [stdout] error: aborting due to 3 previous errors
[INFO] [stdout] 
[INFO] [stdout] Some errors have detailed explanations: E0277, E0599.
[INFO] [stdout] For more information about an error, try `rustc --explain E0277`.
[INFO] [stdout] Couldn't compile the test.
[INFO] [stdout] ---- src/hooks.rs - hooks::state (line 83) stdout ----
[INFO] [stdout] error[E0599]: no function or associated item named `new` found for type `_` in the current scope
[INFO] [stdout]  --> src/hooks.rs:87:1
[INFO] [stdout]   |
[INFO] [stdout] 7 | #[component]
[INFO] [stdout]   | ^^^^^^^^^^^^ function or associated item not found in `_`
[INFO] [stdout]   |
[INFO] [stdout]   = help: items from traits can only be used if the trait is in scope
[INFO] [stdout]   = note: this error originates in the attribute macro `component` (in Nightly builds, run with -Z macro-backtrace for more info)
[INFO] [stdout] help: the following trait is implemented but not in scope; perhaps add a `use` for it:
[INFO] [stdout]   |
[INFO] [stdout] 2 | use gimli::read::lookup::PubStuffEntry;
[INFO] [stdout]   |
[INFO] [stdout] 
[INFO] [stdout] error[E0277]: the trait bound `avalanche_web::components::Div: avalanche::Component` is not satisfied
[INFO] [stdout]    --> src/hooks.rs:87:1
[INFO] [stdout]     |
[INFO] [stdout] 7   | #[component]
[INFO] [stdout]     | ^^^^^^^^^^^^ the trait `avalanche::Component` is not implemented for `avalanche_web::components::Div`
[INFO] [stdout]     |
[INFO] [stdout] help: trait impl with same name found
[INFO] [stdout]    --> /opt/rustwide/cargo-home/registry/src/github.com-1ecc6299db9ec823/avalanche-web-0.1.0/src/components.rs:489:1
[INFO] [stdout]     |
[INFO] [stdout] 489 | / def_component! {
[INFO] [stdout] 490 | |     "div";
[INFO] [stdout] 491 | |     web_sys::HtmlDivElement;
[INFO] [stdout] 492 | |     Div;
[INFO] [stdout] 493 | |     DivBuilder;
[INFO] [stdout] 494 | | }
[INFO] [stdout]     | |_^
[INFO] [stdout]     = note: perhaps two different versions of crate `avalanche` are being used?
[INFO] [stdout]     = help: the following other types implement trait `avalanche::Component`:
[INFO] [stdout]               ()
[INFO] [stdout]               Counter
[INFO] [stdout]               HasChildrenMarker
[INFO] [stdout]     = note: this error originates in the attribute macro `component` which comes from the expansion of the macro `def_component` (in Nightly builds, run with -Z macro-backtrace for more info)
[INFO] [stdout] 
[INFO] [stdout] error[E0277]: the trait bound `H2: avalanche::Component` is not satisfied
[INFO] [stdout]    --> src/hooks.rs:87:1
[INFO] [stdout]     |
[INFO] [stdout] 7   | #[component]
[INFO] [stdout]     | ^^^^^^^^^^^^ the trait `avalanche::Component` is not implemented for `H2`
[INFO] [stdout]     |
[INFO] [stdout] help: trait impl with same name found
[INFO] [stdout]    --> /opt/rustwide/cargo-home/registry/src/github.com-1ecc6299db9ec823/avalanche-web-0.1.0/src/components.rs:503:1
[INFO] [stdout]     |
[INFO] [stdout] 503 | / def_component! {
[INFO] [stdout] 504 | |     "h2";
[INFO] [stdout] 505 | |     web_sys::HtmlHeadingElement;
[INFO] [stdout] 506 | |     H2;
[INFO] [stdout] 507 | |     H2Builder;
[INFO] [stdout] 508 | | }
[INFO] [stdout]     | |_^
[INFO] [stdout]     = note: perhaps two different versions of crate `avalanche` are being used?
[INFO] [stdout]     = help: the following other types implement trait `avalanche::Component`:
[INFO] [stdout]               ()
[INFO] [stdout]               Counter
[INFO] [stdout]               HasChildrenMarker
[INFO] [stdout]     = note: this error originates in the attribute macro `component` which comes from the expansion of the macro `def_component` (in Nightly builds, run with -Z macro-backtrace for more info)
[INFO] [stdout] 
[INFO] [stdout] error[E0277]: the trait bound `Text: avalanche::Component` is not satisfied
[INFO] [stdout]   --> src/hooks.rs:87:1
[INFO] [stdout]    |
[INFO] [stdout] 7  | #[component]
[INFO] [stdout]    | ^^^^^^^^^^^^ the trait `avalanche::Component` is not implemented for `Text`
[INFO] [stdout]    |
[INFO] [stdout] help: trait impl with same name found
[INFO] [stdout]   --> /opt/rustwide/cargo-home/registry/src/github.com-1ecc6299db9ec823/avalanche-web-0.1.0/src/components.rs:59:1
[INFO] [stdout]    |
[INFO] [stdout] 59 | impl Component for Text {
[INFO] [stdout]    | ^^^^^^^^^^^^^^^^^^^^^^^
[INFO] [stdout]    = note: perhaps two different versions of crate `avalanche` are being used?
[INFO] [stdout]    = help: the following other types implement trait `avalanche::Component`:
[INFO] [stdout]              ()
[INFO] [stdout]              Counter
[INFO] [stdout]              HasChildrenMarker
[INFO] [stdout]    = note: this error originates in the attribute macro `component` (in Nightly builds, run with -Z macro-backtrace for more info)
[INFO] [stdout] 
[INFO] [stdout] error[E0277]: the trait bound `Button: avalanche::Component` is not satisfied
[INFO] [stdout]     --> src/hooks.rs:87:1
[INFO] [stdout]      |
[INFO] [stdout] 7    | #[component]
[INFO] [stdout]      | ^^^^^^^^^^^^ the trait `avalanche::Component` is not implemented for `Button`
[INFO] [stdout]      |
[INFO] [stdout] help: trait impl with same name found
[INFO] [stdout]     --> /opt/rustwide/cargo-home/registry/src/github.com-1ecc6299db9ec823/avalanche-web-0.1.0/src/components.rs:1411:1
[INFO] [stdout]      |
[INFO] [stdout] 1411 | / def_component! {
[INFO] [stdout] 1412 | |     "button";
[INFO] [stdout] 1413 | |     web_sys::HtmlButtonElement;
[INFO] [stdout] 1414 | |     Button;
[INFO] [stdout] 1415 | |     ButtonBuilder;
[INFO] [stdout] 1416 | | }
[INFO] [stdout]      | |_^
[INFO] [stdout]      = note: perhaps two different versions of crate `avalanche` are being used?
[INFO] [stdout]      = help: the following other types implement trait `avalanche::Component`:
[INFO] [stdout]                ()
[INFO] [stdout]                Counter
[INFO] [stdout]                HasChildrenMarker
[INFO] [stdout]      = note: this error originates in the attribute macro `component` which comes from the expansion of the macro `def_component` (in Nightly builds, run with -Z macro-backtrace for more info)
[INFO] [stdout] 
[INFO] [stdout] error: aborting due to 5 previous errors
[INFO] [stdout] 
[INFO] [stdout] Some errors have detailed explanations: E0277, E0599.
[INFO] [stdout] For more information about an error, try `rustc --explain E0277`.
[INFO] [stdout] Couldn't compile the test.
[INFO] [stdout] 
[INFO] [stdout] failures:
[INFO] [stdout]     src/hooks.rs - hooks::state (line 83)
[INFO] [stdout]     src/hooks.rs - hooks::vec (line 228)
[INFO] [stdout]     src/lib.rs - component (line 40)
[INFO] [stdout] 
[INFO] [stdout] test result: FAILED. 4 passed; 3 failed; 0 ignored; 0 measured; 0 filtered out; finished in 0.37s
[INFO] [stdout] 
[INFO] running `Command { std: "docker" "inspect" "6ae404095beb3113c04f48c633323357e06bf82d77a8864d9c9638ee9f7315f6", kill_on_drop: false }`
[INFO] running `Command { std: "docker" "rm" "-f" "6ae404095beb3113c04f48c633323357e06bf82d77a8864d9c9638ee9f7315f6", kill_on_drop: false }`
[INFO] [stdout] 6ae404095beb3113c04f48c633323357e06bf82d77a8864d9c9638ee9f7315f6
