[INFO] fetching crate autosurgeon-derive 0.6.0...
[INFO] testing autosurgeon-derive-0.6.0 against 1.69.0 for beta-1.70-1
[INFO] extracting crate autosurgeon-derive 0.6.0 into /workspace/builds/worker-2-tc1/source
[INFO] validating manifest of crates.io crate autosurgeon-derive 0.6.0 on toolchain 1.69.0
[INFO] running `Command { std: CARGO_HOME="/workspace/cargo-home" RUSTUP_HOME="/workspace/rustup-home" "/workspace/cargo-home/bin/cargo" "+1.69.0" "metadata" "--manifest-path" "Cargo.toml" "--no-deps", kill_on_drop: false }`
[INFO] started tweaking crates.io crate autosurgeon-derive 0.6.0
[INFO] finished tweaking crates.io crate autosurgeon-derive 0.6.0
[INFO] tweaked toml for crates.io crate autosurgeon-derive 0.6.0 written to /workspace/builds/worker-2-tc1/source/Cargo.toml
[INFO] running `Command { std: CARGO_HOME="/workspace/cargo-home" RUSTUP_HOME="/workspace/rustup-home" __CARGO_TEST_CHANNEL_OVERRIDE_DO_NOT_USE_THIS="nightly" "/workspace/cargo-home/bin/cargo" "+1.69.0" "generate-lockfile" "--manifest-path" "Cargo.toml" "-Zno-index-update", kill_on_drop: false }`
[INFO] running `Command { std: CARGO_HOME="/workspace/cargo-home" RUSTUP_HOME="/workspace/rustup-home" "/workspace/cargo-home/bin/cargo" "+1.69.0" "fetch" "--manifest-path" "Cargo.toml", kill_on_drop: false }`
[INFO] [stderr]  Downloading crates ...
[INFO] [stderr]   Downloaded decorum v0.3.1
[INFO] [stderr]   Downloaded leb128 v0.2.5
[INFO] [stderr]   Downloaded automerge-test v0.3.0
[INFO] [stderr]   Downloaded smol_str v0.1.24
[INFO] [stderr]   Downloaded automerge v0.4.1
[INFO] running `Command { std: "docker" "create" "-v" "/var/lib/crater-agent-workspace/builds/worker-2-tc1/target:/opt/rustwide/target:rw,Z" "-v" "/var/lib/crater-agent-workspace/builds/worker-2-tc1/source:/opt/rustwide/workdir:ro,Z" "-v" "/var/lib/crater-agent-workspace/cargo-home:/opt/rustwide/cargo-home:ro,Z" "-v" "/var/lib/crater-agent-workspace/rustup-home:/opt/rustwide/rustup-home:ro,Z" "-e" "SOURCE_DIR=/opt/rustwide/workdir" "-e" "CARGO_TARGET_DIR=/opt/rustwide/target" "-e" "CARGO_HOME=/opt/rustwide/cargo-home" "-e" "RUSTUP_HOME=/opt/rustwide/rustup-home" "-w" "/opt/rustwide/workdir" "-m" "1610612736" "--user" "0:0" "--network" "none" "ghcr.io/rust-lang/crates-build-env/linux@sha256:5ff2268d62e97bff2cde7d5815dd6ed5b47097566f13b8d0ca110b04b60e07ed" "/opt/rustwide/cargo-home/bin/cargo" "+1.69.0" "metadata" "--no-deps" "--format-version=1", kill_on_drop: false }`
[INFO] [stdout] e35bd30c1215b817ba9ea6514fe9d48091d334b63ee566bac8f19a19d5d698b5
[INFO] running `Command { std: "docker" "start" "-a" "e35bd30c1215b817ba9ea6514fe9d48091d334b63ee566bac8f19a19d5d698b5", kill_on_drop: false }`
[INFO] running `Command { std: "docker" "inspect" "e35bd30c1215b817ba9ea6514fe9d48091d334b63ee566bac8f19a19d5d698b5", kill_on_drop: false }`
[INFO] running `Command { std: "docker" "rm" "-f" "e35bd30c1215b817ba9ea6514fe9d48091d334b63ee566bac8f19a19d5d698b5", kill_on_drop: false }`
[INFO] [stdout] e35bd30c1215b817ba9ea6514fe9d48091d334b63ee566bac8f19a19d5d698b5
[INFO] running `Command { std: "docker" "create" "-v" "/var/lib/crater-agent-workspace/builds/worker-2-tc1/target:/opt/rustwide/target:rw,Z" "-v" "/var/lib/crater-agent-workspace/builds/worker-2-tc1/source:/opt/rustwide/workdir:ro,Z" "-v" "/var/lib/crater-agent-workspace/cargo-home:/opt/rustwide/cargo-home:ro,Z" "-v" "/var/lib/crater-agent-workspace/rustup-home:/opt/rustwide/rustup-home:ro,Z" "-e" "SOURCE_DIR=/opt/rustwide/workdir" "-e" "CARGO_TARGET_DIR=/opt/rustwide/target" "-e" "CARGO_INCREMENTAL=0" "-e" "RUST_BACKTRACE=full" "-e" "RUSTFLAGS=--cap-lints=warn" "-e" "RUSTDOCFLAGS=--cap-lints=warn" "-e" "CARGO_HOME=/opt/rustwide/cargo-home" "-e" "RUSTUP_HOME=/opt/rustwide/rustup-home" "-w" "/opt/rustwide/workdir" "-m" "1610612736" "--user" "0:0" "--network" "none" "ghcr.io/rust-lang/crates-build-env/linux@sha256:5ff2268d62e97bff2cde7d5815dd6ed5b47097566f13b8d0ca110b04b60e07ed" "/opt/rustwide/cargo-home/bin/cargo" "+1.69.0" "build" "--frozen" "--message-format=json", kill_on_drop: false }`
[INFO] [stdout] d5ca3061c59420b945cda548dd1c69c5718d8fe63a3973654e42d65ec837a0fd
[INFO] running `Command { std: "docker" "start" "-a" "d5ca3061c59420b945cda548dd1c69c5718d8fe63a3973654e42d65ec837a0fd", kill_on_drop: false }`
[INFO] [stderr]    Compiling serde v1.0.160
[INFO] [stderr]    Compiling thiserror v1.0.40
[INFO] [stderr]    Compiling syn v2.0.15
[INFO] [stderr]    Compiling serde_derive v1.0.160
[INFO] [stderr]    Compiling thiserror-impl v1.0.40
[INFO] [stderr]    Compiling smol_str v0.1.24
[INFO] [stderr]    Compiling autosurgeon-derive v0.6.0 (/opt/rustwide/workdir)
[INFO] [stderr]     Finished dev [unoptimized + debuginfo] target(s) in 9.47s
[INFO] running `Command { std: "docker" "inspect" "d5ca3061c59420b945cda548dd1c69c5718d8fe63a3973654e42d65ec837a0fd", kill_on_drop: false }`
[INFO] running `Command { std: "docker" "rm" "-f" "d5ca3061c59420b945cda548dd1c69c5718d8fe63a3973654e42d65ec837a0fd", kill_on_drop: false }`
[INFO] [stdout] d5ca3061c59420b945cda548dd1c69c5718d8fe63a3973654e42d65ec837a0fd
[INFO] running `Command { std: "docker" "create" "-v" "/var/lib/crater-agent-workspace/builds/worker-2-tc1/target:/opt/rustwide/target:rw,Z" "-v" "/var/lib/crater-agent-workspace/builds/worker-2-tc1/source:/opt/rustwide/workdir:ro,Z" "-v" "/var/lib/crater-agent-workspace/cargo-home:/opt/rustwide/cargo-home:ro,Z" "-v" "/var/lib/crater-agent-workspace/rustup-home:/opt/rustwide/rustup-home:ro,Z" "-e" "SOURCE_DIR=/opt/rustwide/workdir" "-e" "CARGO_TARGET_DIR=/opt/rustwide/target" "-e" "CARGO_INCREMENTAL=0" "-e" "RUST_BACKTRACE=full" "-e" "RUSTFLAGS=--cap-lints=warn" "-e" "RUSTDOCFLAGS=--cap-lints=warn" "-e" "CARGO_HOME=/opt/rustwide/cargo-home" "-e" "RUSTUP_HOME=/opt/rustwide/rustup-home" "-w" "/opt/rustwide/workdir" "-m" "1610612736" "--user" "0:0" "--network" "none" "ghcr.io/rust-lang/crates-build-env/linux@sha256:5ff2268d62e97bff2cde7d5815dd6ed5b47097566f13b8d0ca110b04b60e07ed" "/opt/rustwide/cargo-home/bin/cargo" "+1.69.0" "test" "--frozen" "--no-run" "--message-format=json", kill_on_drop: false }`
[INFO] [stdout] f628e2eb93b1698fd4e05a776214f5cb02dad07eca62b0a159df0982d0db0455
[INFO] running `Command { std: "docker" "start" "-a" "f628e2eb93b1698fd4e05a776214f5cb02dad07eca62b0a159df0982d0db0455", kill_on_drop: false }`
[INFO] [stderr]    Compiling proc-macro2 v1.0.56
[INFO] [stderr]    Compiling unicode-ident v1.0.8
[INFO] [stderr]    Compiling crc32fast v1.3.2
[INFO] [stderr]    Compiling serde_json v1.0.96
[INFO] [stderr]    Compiling quote v1.0.26
[INFO] [stderr]    Compiling num-traits v0.2.15
[INFO] [stderr]    Compiling miniz_oxide v0.7.1
[INFO] [stderr]    Compiling leb128 v0.2.5
[INFO] [stderr]    Compiling getrandom v0.2.9
[INFO] [stderr]    Compiling fxhash v0.2.1
[INFO] [stderr]    Compiling hex v0.4.3
[INFO] [stderr]    Compiling sha2 v0.10.6
[INFO] [stderr]    Compiling flate2 v1.0.26
[INFO] [stderr]    Compiling syn v2.0.15
[INFO] [stderr]    Compiling approx v0.3.2
[INFO] [stderr]    Compiling serde_derive v1.0.160
[INFO] [stderr]    Compiling thiserror-impl v1.0.40
[INFO] [stderr]    Compiling tracing-attributes v0.1.24
[INFO] [stderr]    Compiling thiserror v1.0.40
[INFO] [stderr]    Compiling tracing v0.1.37
[INFO] [stderr]    Compiling serde v1.0.160
[INFO] [stderr]    Compiling smol_str v0.1.24
[INFO] [stderr]    Compiling uuid v1.3.2
[INFO] [stderr]    Compiling decorum v0.3.1
[INFO] [stderr]    Compiling autosurgeon-derive v0.6.0 (/opt/rustwide/workdir)
[INFO] [stderr]    Compiling automerge v0.4.1
[INFO] [stderr]    Compiling automerge-test v0.3.0
[INFO] [stdout] error[E0433]: failed to resolve: use of undeclared crate or module `autosurgeon`
[INFO] [stdout]   --> tests/with.rs:16:9
[INFO] [stdout]    |
[INFO] [stdout] 16 |     use autosurgeon::{
[INFO] [stdout]    |         ^^^^^^^^^^^ use of undeclared crate or module `autosurgeon`
[INFO] [stdout] 
[INFO] [stdout] 
[INFO] [stdout] error[E0432]: unresolved import `autosurgeon`
[INFO] [stdout]  --> tests/with.rs:3:5
[INFO] [stdout]   |
[INFO] [stdout] 3 | use autosurgeon::{hydrate, hydrate_prop, reconcile, reconcile_prop, Hydrate, Reconcile};
[INFO] [stdout]   |     ^^^^^^^^^^^ use of undeclared crate or module `autosurgeon`
[INFO] [stdout] 
[INFO] [stdout] 
[INFO] [stdout] error[E0432]: unresolved import `autosurgeon`
[INFO] [stdout]  --> tests/hydrate.rs:2:5
[INFO] [stdout]   |
[INFO] [stdout] 2 | use autosurgeon::{hydrate, hydrate_prop, Hydrate};
[INFO] [stdout]   |     ^^^^^^^^^^^ use of undeclared crate or module `autosurgeon`
[INFO] [stdout] 
[INFO] [stdout] 
[INFO] [stdout] error[E0432]: unresolved import `autosurgeon`
[INFO] [stdout]   --> tests/with.rs:16:9
[INFO] [stdout]    |
[INFO] [stdout] 16 |     use autosurgeon::{
[INFO] [stdout]    |         ^^^^^^^^^^^ use of undeclared crate or module `autosurgeon`
[INFO] [stdout] 
[INFO] [stdout] 
[INFO] [stdout] error: cannot determine resolution for the derive macro `Hydrate`
[INFO] [stdout]  --> tests/with.rs:7:10
[INFO] [stdout]   |
[INFO] [stdout] 7 | #[derive(Hydrate, Reconcile)]
[INFO] [stdout]   |          ^^^^^^^
[INFO] [stdout]   |
[INFO] [stdout]   = note: import resolution is stuck, try simplifying macro imports
[INFO] [stdout] 
[INFO] [stdout] 
[INFO] [stdout] error: cannot determine resolution for the derive macro `Hydrate`
[INFO] [stdout]  --> tests/hydrate.rs:4:17
[INFO] [stdout]   |
[INFO] [stdout] 4 | #[derive(Debug, Hydrate, PartialEq)]
[INFO] [stdout]   |                 ^^^^^^^
[INFO] [stdout]   |
[INFO] [stdout]   = note: import resolution is stuck, try simplifying macro imports
[INFO] [stdout] 
[INFO] [stdout] 
[INFO] [stdout] error: cannot determine resolution for the derive macro `Reconcile`
[INFO] [stdout]  --> tests/with.rs:7:19
[INFO] [stdout]   |
[INFO] [stdout] 7 | #[derive(Hydrate, Reconcile)]
[INFO] [stdout]   |                   ^^^^^^^^^
[INFO] [stdout]   |
[INFO] [stdout]   = note: import resolution is stuck, try simplifying macro imports
[INFO] [stdout] 
[INFO] [stdout] 
[INFO] [stdout] error: cannot determine resolution for the derive macro `Hydrate`
[INFO] [stdout]   --> tests/hydrate.rs:10:17
[INFO] [stdout]    |
[INFO] [stdout] 10 | #[derive(Debug, Hydrate, PartialEq)]
[INFO] [stdout]    |                 ^^^^^^^
[INFO] [stdout]    |
[INFO] [stdout]    = note: import resolution is stuck, try simplifying macro imports
[INFO] [stdout] 
[INFO] [stdout] 
[INFO] [stdout] error: cannot determine resolution for the derive macro `Hydrate`
[INFO] [stdout]   --> tests/hydrate.rs:43:17
[INFO] [stdout]    |
[INFO] [stdout] 43 | #[derive(Debug, Hydrate, PartialEq)]
[INFO] [stdout]    |                 ^^^^^^^
[INFO] [stdout]    |
[INFO] [stdout]    = note: import resolution is stuck, try simplifying macro imports
[INFO] [stdout] 
[INFO] [stdout] 
[INFO] [stdout] error: cannot determine resolution for the derive macro `Hydrate`
[INFO] [stdout]   --> tests/hydrate.rs:55:10
[INFO] [stdout]    |
[INFO] [stdout] 55 | #[derive(Hydrate)]
[INFO] [stdout]    |          ^^^^^^^
[INFO] [stdout]    |
[INFO] [stdout]    = note: import resolution is stuck, try simplifying macro imports
[INFO] [stdout] 
[INFO] [stdout] 
[INFO] [stdout] error: cannot determine resolution for the derive macro `Hydrate`
[INFO] [stdout]   --> tests/hydrate.rs:58:17
[INFO] [stdout]    |
[INFO] [stdout] 58 | #[derive(Debug, Hydrate, PartialEq)]
[INFO] [stdout]    |                 ^^^^^^^
[INFO] [stdout]    |
[INFO] [stdout]    = note: import resolution is stuck, try simplifying macro imports
[INFO] [stdout] 
[INFO] [stdout] 
[INFO] [stdout] error: cannot determine resolution for the derive macro `Hydrate`
[INFO] [stdout]   --> tests/hydrate.rs:73:17
[INFO] [stdout]    |
[INFO] [stdout] 73 | #[derive(Debug, Hydrate, PartialEq)]
[INFO] [stdout]    |                 ^^^^^^^
[INFO] [stdout]    |
[INFO] [stdout]    = note: import resolution is stuck, try simplifying macro imports
[INFO] [stdout] 
[INFO] [stdout] 
[INFO] [stdout] error: cannot determine resolution for the derive macro `Hydrate`
[INFO] [stdout]   --> tests/hydrate.rs:87:17
[INFO] [stdout]    |
[INFO] [stdout] 87 | #[derive(Debug, Hydrate, PartialEq)]
[INFO] [stdout]    |                 ^^^^^^^
[INFO] [stdout]    |
[INFO] [stdout]    = note: import resolution is stuck, try simplifying macro imports
[INFO] [stdout] 
[INFO] [stdout] 
[INFO] [stdout] error: cannot determine resolution for the derive macro `Hydrate`
[INFO] [stdout]    --> tests/hydrate.rs:104:17
[INFO] [stdout]     |
[INFO] [stdout] 104 | #[derive(Debug, Hydrate, PartialEq)]
[INFO] [stdout]     |                 ^^^^^^^
[INFO] [stdout]     |
[INFO] [stdout]     = note: import resolution is stuck, try simplifying macro imports
[INFO] [stdout] 
[INFO] [stdout] 
[INFO] [stdout] error: cannot determine resolution for the derive macro `Hydrate`
[INFO] [stdout]    --> tests/hydrate.rs:117:17
[INFO] [stdout]     |
[INFO] [stdout] 117 | #[derive(Debug, Hydrate, PartialEq)]
[INFO] [stdout]     |                 ^^^^^^^
[INFO] [stdout]     |
[INFO] [stdout]     = note: import resolution is stuck, try simplifying macro imports
[INFO] [stdout] 
[INFO] [stdout] 
[INFO] [stdout] error[E0433]: failed to resolve: use of undeclared crate or module `autosurgeon`
[INFO] [stdout]   --> tests/reconcile_with.rs:77:9
[INFO] [stdout]    |
[INFO] [stdout] 77 |     use autosurgeon::{
[INFO] [stdout]    |         ^^^^^^^^^^^ use of undeclared crate or module `autosurgeon`
[INFO] [stdout] 
[INFO] [stdout] 
[INFO] [stdout] error[E0432]: unresolved import `autosurgeon`
[INFO] [stdout]  --> tests/reconcile_with.rs:3:5
[INFO] [stdout]   |
[INFO] [stdout] 3 | use autosurgeon::{reconcile_prop, Hydrate, Reconcile, Reconciler};
[INFO] [stdout]   |     ^^^^^^^^^^^ use of undeclared crate or module `autosurgeon`
[INFO] [stdout] 
[INFO] [stdout] 
[INFO] [stdout] error[E0432]: unresolved import `autosurgeon`
[INFO] [stdout]   --> tests/reconcile_with.rs:77:9
[INFO] [stdout]    |
[INFO] [stdout] 77 |     use autosurgeon::{
[INFO] [stdout]    |         ^^^^^^^^^^^ use of undeclared crate or module `autosurgeon`
[INFO] [stdout] 
[INFO] [stdout] 
[INFO] [stdout] error[E0432]: unresolved import `autosurgeon`
[INFO] [stdout]    --> tests/reconcile_with.rs:379:9
[INFO] [stdout]     |
[INFO] [stdout] 379 |     use autosurgeon::Reconcile;
[INFO] [stdout]     |         ^^^^^^^^^^^ use of undeclared crate or module `autosurgeon`
[INFO] [stdout] 
[INFO] [stdout] 
[INFO] [stdout] error[E0433]: failed to resolve: use of undeclared crate or module `autosurgeon`
[INFO] [stdout]  --> tests/reconcile.rs:3:5
[INFO] [stdout]   |
[INFO] [stdout] 3 | use autosurgeon::{reconcile, reconcile::reconcile_insert, reconcile::reconcile_prop, Reconcile};
[INFO] [stdout]   |     ^^^^^^^^^^^ use of undeclared crate or module `autosurgeon`
[INFO] [stdout] 
[INFO] [stdout] 
[INFO] [stdout] error: cannot determine resolution for the derive macro `Reconcile`
[INFO] [stdout]  --> tests/reconcile_with.rs:8:39
[INFO] [stdout]   |
[INFO] [stdout] 8 | #[derive(Debug, Clone, PartialEq, Eq, Reconcile)]
[INFO] [stdout]   |                                       ^^^^^^^^^
[INFO] [stdout]   |
[INFO] [stdout]   = note: import resolution is stuck, try simplifying macro imports
[INFO] [stdout] 
[INFO] [stdout] 
[INFO] [stdout] error[E0432]: unresolved import `autosurgeon`
[INFO] [stdout]  --> tests/reconcile.rs:3:5
[INFO] [stdout]   |
[INFO] [stdout] 3 | use autosurgeon::{reconcile, reconcile::reconcile_insert, reconcile::reconcile_prop, Reconcile};
[INFO] [stdout]   |     ^^^^^^^^^^^ use of undeclared crate or module `autosurgeon`
[INFO] [stdout] 
[INFO] [stdout] 
[INFO] [stdout] error[E0432]: unresolved import `autosurgeon`
[INFO] [stdout]    --> tests/reconcile.rs:514:9
[INFO] [stdout]     |
[INFO] [stdout] 514 |     use autosurgeon::Reconcile;
[INFO] [stdout]     |         ^^^^^^^^^^^ use of undeclared crate or module `autosurgeon`
[INFO] [stdout] 
[INFO] [stdout] 
[INFO] [stdout] error: cannot determine resolution for the derive macro `Reconcile`
[INFO] [stdout]  --> tests/reconcile.rs:5:10
[INFO] [stdout]   |
[INFO] [stdout] 5 | #[derive(Reconcile)]
[INFO] [stdout]   |          ^^^^^^^^^
[INFO] [stdout]   |
[INFO] [stdout]   = note: import resolution is stuck, try simplifying macro imports
[INFO] [stdout] 
[INFO] [stdout] 
[INFO] [stdout] error: cannot determine resolution for the derive macro `Reconcile`
[INFO] [stdout]   --> tests/reconcile.rs:11:10
[INFO] [stdout]    |
[INFO] [stdout] 11 | #[derive(Reconcile)]
[INFO] [stdout]    |          ^^^^^^^^^
[INFO] [stdout]    |
[INFO] [stdout]    = note: import resolution is stuck, try simplifying macro imports
[INFO] [stdout] 
[INFO] [stdout] 
[INFO] [stdout] error: cannot determine resolution for the derive macro `Reconcile`
[INFO] [stdout]   --> tests/reconcile.rs:42:10
[INFO] [stdout]    |
[INFO] [stdout] 42 | #[derive(Reconcile)]
[INFO] [stdout]    |          ^^^^^^^^^
[INFO] [stdout]    |
[INFO] [stdout]    = note: import resolution is stuck, try simplifying macro imports
[INFO] [stdout] 
[INFO] [stdout] 
[INFO] [stdout] error: cannot determine resolution for the derive macro `Reconcile`
[INFO] [stdout]   --> tests/reconcile.rs:63:10
[INFO] [stdout]    |
[INFO] [stdout] 63 | #[derive(Reconcile)]
[INFO] [stdout]    |          ^^^^^^^^^
[INFO] [stdout]    |
[INFO] [stdout]    = note: import resolution is stuck, try simplifying macro imports
[INFO] [stdout] 
[INFO] [stdout] 
[INFO] [stdout] error: cannot determine resolution for the derive macro `Reconcile`
[INFO] [stdout]   --> tests/reconcile.rs:84:10
[INFO] [stdout]    |
[INFO] [stdout] 84 | #[derive(Reconcile)]
[INFO] [stdout]    |          ^^^^^^^^^
[INFO] [stdout]    |
[INFO] [stdout]    = note: import resolution is stuck, try simplifying macro imports
[INFO] [stdout] 
[INFO] [stdout] 
[INFO] [stdout] error: cannot determine resolution for the derive macro `Reconcile`
[INFO] [stdout]    --> tests/reconcile.rs:106:10
[INFO] [stdout]     |
[INFO] [stdout] 106 | #[derive(Reconcile)]
[INFO] [stdout]     |          ^^^^^^^^^
[INFO] [stdout]     |
[INFO] [stdout]     = note: import resolution is stuck, try simplifying macro imports
[INFO] [stdout] 
[INFO] [stdout] 
[INFO] [stdout] error: cannot determine resolution for the derive macro `Reconcile`
[INFO] [stdout]    --> tests/reconcile.rs:125:10
[INFO] [stdout]     |
[INFO] [stdout] 125 | #[derive(Reconcile)]
[INFO] [stdout]     |          ^^^^^^^^^
[INFO] [stdout]     |
[INFO] [stdout]     = note: import resolution is stuck, try simplifying macro imports
[INFO] [stdout] 
[INFO] [stdout] 
[INFO] [stdout] error: cannot determine resolution for the derive macro `Reconcile`
[INFO] [stdout]    --> tests/reconcile.rs:144:10
[INFO] [stdout]     |
[INFO] [stdout] 144 | #[derive(Reconcile)]
[INFO] [stdout]     |          ^^^^^^^^^
[INFO] [stdout]     |
[INFO] [stdout]     = note: import resolution is stuck, try simplifying macro imports
[INFO] [stdout] 
[INFO] [stdout] 
[INFO] [stdout] error: cannot determine resolution for the derive macro `Reconcile`
[INFO] [stdout]    --> tests/reconcile.rs:161:10
[INFO] [stdout]     |
[INFO] [stdout] 161 | #[derive(Reconcile)]
[INFO] [stdout]     |          ^^^^^^^^^
[INFO] [stdout]     |
[INFO] [stdout]     = note: import resolution is stuck, try simplifying macro imports
[INFO] [stdout] 
[INFO] [stdout] 
[INFO] [stdout] error: cannot determine resolution for the derive macro `Reconcile`
[INFO] [stdout]    --> tests/reconcile.rs:178:10
[INFO] [stdout]     |
[INFO] [stdout] 178 | #[derive(Reconcile)]
[INFO] [stdout]     |          ^^^^^^^^^
[INFO] [stdout]     |
[INFO] [stdout]     = note: import resolution is stuck, try simplifying macro imports
[INFO] [stdout] 
[INFO] [stdout] 
[INFO] [stdout] error: cannot determine resolution for the derive macro `Reconcile`
[INFO] [stdout]    --> tests/reconcile.rs:195:17
[INFO] [stdout]     |
[INFO] [stdout] 195 | #[derive(Clone, Reconcile)]
[INFO] [stdout]     |                 ^^^^^^^^^
[INFO] [stdout]     |
[INFO] [stdout]     = note: import resolution is stuck, try simplifying macro imports
[INFO] [stdout] 
[INFO] [stdout] 
[INFO] [stdout] error: cannot find attribute `autosurgeon` in this scope
[INFO] [stdout]  --> tests/with.rs:9:7
[INFO] [stdout]   |
[INFO] [stdout] 9 |     #[autosurgeon(with = "autosurgeon_userid")]
[INFO] [stdout]   |       ^^^^^^^^^^^
[INFO] [stdout] 
[INFO] [stdout] 
[INFO] [stdout] error: cannot determine resolution for the derive macro `Reconcile`
[INFO] [stdout]   --> tests/with.rs:90:10
[INFO] [stdout]    |
[INFO] [stdout] 90 | #[derive(Reconcile, Hydrate)]
[INFO] [stdout]    |          ^^^^^^^^^
[INFO] [stdout]    |
[INFO] [stdout]    = note: import resolution is stuck, try simplifying macro imports
[INFO] [stdout] 
[INFO] [stdout] 
[INFO] [stdout] error: cannot determine resolution for the derive macro `Hydrate`
[INFO] [stdout]   --> tests/with.rs:90:21
[INFO] [stdout]    |
[INFO] [stdout] 90 | #[derive(Reconcile, Hydrate)]
[INFO] [stdout]    |                     ^^^^^^^
[INFO] [stdout]    |
[INFO] [stdout]    = note: import resolution is stuck, try simplifying macro imports
[INFO] [stdout] 
[INFO] [stdout] 
[INFO] [stdout] error: cannot find attribute `autosurgeon` in this scope
[INFO] [stdout]   --> tests/with.rs:91:24
[INFO] [stdout]    |
[INFO] [stdout] 91 | struct SpecialUserId(#[autosurgeon(with = "autosurgeon_userid")] UserId);
[INFO] [stdout]    |                        ^^^^^^^^^^^
[INFO] [stdout] 
[INFO] [stdout] 
[INFO] [stdout] error: cannot determine resolution for the derive macro `Reconcile`
[INFO] [stdout]    --> tests/with.rs:107:14
[INFO] [stdout]     |
[INFO] [stdout] 107 |     #[derive(Reconcile, Hydrate)]
[INFO] [stdout]     |              ^^^^^^^^^
[INFO] [stdout]     |
[INFO] [stdout]     = note: import resolution is stuck, try simplifying macro imports
[INFO] [stdout] 
[INFO] [stdout] 
[INFO] [stdout] error: cannot determine resolution for the derive macro `Hydrate`
[INFO] [stdout]    --> tests/with.rs:107:25
[INFO] [stdout]     |
[INFO] [stdout] 107 |     #[derive(Reconcile, Hydrate)]
[INFO] [stdout]     |                         ^^^^^^^
[INFO] [stdout]     |
[INFO] [stdout]     = note: import resolution is stuck, try simplifying macro imports
[INFO] [stdout] 
[INFO] [stdout] 
[INFO] [stdout] error: cannot find attribute `autosurgeon` in this scope
[INFO] [stdout]    --> tests/with.rs:109:11
[INFO] [stdout]     |
[INFO] [stdout] 109 |         #[autosurgeon(with = "autosurgeon::map_with_parseable_keys")]
[INFO] [stdout]     |           ^^^^^^^^^^^
[INFO] [stdout] 
[INFO] [stdout] 
[INFO] [stdout] error[E0433]: failed to resolve: use of undeclared crate or module `autosurgeon`
[INFO] [stdout]   --> tests/with.rs:30:15
[INFO] [stdout]    |
[INFO] [stdout] 30 |         prop: autosurgeon::Prop<'_>,
[INFO] [stdout]    |               ^^^^^^^^^^^ use of undeclared crate or module `autosurgeon`
[INFO] [stdout] 
[INFO] [stdout] 
[INFO] [stdout] error[E0433]: failed to resolve: use of undeclared crate or module `autosurgeon`
[INFO] [stdout]   --> tests/with.rs:31:17
[INFO] [stdout]    |
[INFO] [stdout] 31 |     ) -> Result<autosurgeon::reconcile::LoadKey<Key<'k>>, autosurgeon::ReconcileError> {
[INFO] [stdout]    |                 ^^^^^^^^^^^ use of undeclared crate or module `autosurgeon`
[INFO] [stdout] 
[INFO] [stdout] 
[INFO] [stdout] error[E0433]: failed to resolve: use of undeclared crate or module `autosurgeon`
[INFO] [stdout]   --> tests/with.rs:31:59
[INFO] [stdout]    |
[INFO] [stdout] 31 |     ) -> Result<autosurgeon::reconcile::LoadKey<Key<'k>>, autosurgeon::ReconcileError> {
[INFO] [stdout]    |                                                           ^^^^^^^^^^^ use of undeclared crate or module `autosurgeon`
[INFO] [stdout] 
[INFO] [stdout] 
[INFO] [stdout] error[E0433]: failed to resolve: use of undeclared crate or module `autosurgeon`
[INFO] [stdout]   --> tests/with.rs:45:15
[INFO] [stdout]    |
[INFO] [stdout] 45 |         prop: autosurgeon::Prop<'_>,
[INFO] [stdout]    |               ^^^^^^^^^^^ use of undeclared crate or module `autosurgeon`
[INFO] [stdout] 
[INFO] [stdout] 
[INFO] [stdout] error[E0433]: failed to resolve: use of undeclared crate or module `autosurgeon`
[INFO] [stdout]   --> tests/with.rs:46:25
[INFO] [stdout]    |
[INFO] [stdout] 46 |     ) -> Result<UserId, autosurgeon::HydrateError> {
[INFO] [stdout]    |                         ^^^^^^^^^^^ use of undeclared crate or module `autosurgeon`
[INFO] [stdout] 
[INFO] [stdout] 
[INFO] [stdout] error: cannot find attribute `autosurgeon` in this scope
[INFO] [stdout]  --> tests/reconcile_with.rs:9:3
[INFO] [stdout]   |
[INFO] [stdout] 9 | #[autosurgeon(reconcile = "reconcile_outer")]
[INFO] [stdout]   |   ^^^^^^^^^^^
[INFO] [stdout] 
[INFO] [stdout] 
[INFO] [stdout] error: cannot determine resolution for the derive macro `Reconcile`
[INFO] [stdout]   --> tests/reconcile_with.rs:66:35
[INFO] [stdout]    |
[INFO] [stdout] 66 | #[derive(Debug, Clone, PartialEq, Reconcile)]
[INFO] [stdout]    |                                   ^^^^^^^^^
[INFO] [stdout]    |
[INFO] [stdout]    = note: import resolution is stuck, try simplifying macro imports
[INFO] [stdout] 
[INFO] [stdout] 
[INFO] [stdout] error: cannot find attribute `autosurgeon` in this scope
[INFO] [stdout]   --> tests/reconcile_with.rs:67:3
[INFO] [stdout]    |
[INFO] [stdout] 67 | #[autosurgeon(reconcile_with = "autosurgeon_customerstring")]
[INFO] [stdout]    |   ^^^^^^^^^^^
[INFO] [stdout] 
[INFO] [stdout] 
[INFO] [stdout] error: cannot determine resolution for the derive macro `Hydrate`
[INFO] [stdout]    --> tests/reconcile_with.rs:145:39
[INFO] [stdout]     |
[INFO] [stdout] 145 | #[derive(Clone, Debug, PartialEq, Eq, Hydrate)]
[INFO] [stdout]     |                                       ^^^^^^^
[INFO] [stdout]     |
[INFO] [stdout]     = note: import resolution is stuck, try simplifying macro imports
[INFO] [stdout] 
[INFO] [stdout] 
[INFO] [stdout] error: cannot determine resolution for the derive macro `Hydrate`
[INFO] [stdout]    --> tests/reconcile_with.rs:147:39
[INFO] [stdout]     |
[INFO] [stdout] 147 | #[derive(Clone, Debug, PartialEq, Eq, Hydrate)]
[INFO] [stdout]     |                                       ^^^^^^^
[INFO] [stdout]     |
[INFO] [stdout]     = note: import resolution is stuck, try simplifying macro imports
[INFO] [stdout] 
[INFO] [stdout] 
[INFO] [stdout] error: cannot determine resolution for the derive macro `Reconcile`
[INFO] [stdout]    --> tests/reconcile_with.rs:150:35
[INFO] [stdout]     |
[INFO] [stdout] 150 | #[derive(Clone, Debug, PartialEq, Reconcile)]
[INFO] [stdout]     |                                   ^^^^^^^^^
[INFO] [stdout]     |
[INFO] [stdout]     = note: import resolution is stuck, try simplifying macro imports
[INFO] [stdout] 
[INFO] [stdout] 
[INFO] [stdout] error: cannot find attribute `key` in this scope
[INFO] [stdout]    --> tests/reconcile_with.rs:152:7
[INFO] [stdout]     |
[INFO] [stdout] 152 |     #[key]
[INFO] [stdout]     |       ^^^
[INFO] [stdout] 
[INFO] [stdout] 
[INFO] [stdout] error: cannot find attribute `key` in this scope
[INFO] [stdout]    --> tests/reconcile.rs:198:7
[INFO] [stdout]     |
[INFO] [stdout] 198 |     #[key]
[INFO] [stdout]     |       ^^^
[INFO] [stdout] 
[INFO] [stdout] 
[INFO] [stdout] error: cannot determine resolution for the derive macro `Reconcile`
[INFO] [stdout]    --> tests/reconcile.rs:250:17
[INFO] [stdout]     |
[INFO] [stdout] 250 | #[derive(Clone, Reconcile)]
[INFO] [stdout]     |                 ^^^^^^^^^
[INFO] [stdout]     |
[INFO] [stdout]     = note: import resolution is stuck, try simplifying macro imports
[INFO] [stdout] 
[INFO] [stdout] 
[INFO] [stdout] error: cannot determine resolution for the derive macro `Reconcile`
[INFO] [stdout]    --> tests/reconcile.rs:301:17
[INFO] [stdout]     |
[INFO] [stdout] 301 | #[derive(Clone, Reconcile)]
[INFO] [stdout]     |                 ^^^^^^^^^
[INFO] [stdout]     |
[INFO] [stdout]     = note: import resolution is stuck, try simplifying macro imports
[INFO] [stdout] 
[INFO] [stdout] 
[INFO] [stdout] error: cannot find attribute `autosurgeon` in this scope
[INFO] [stdout]    --> tests/reconcile_with.rs:153:7
[INFO] [stdout]     |
[INFO] [stdout] 153 |     #[autosurgeon(reconcile = "reconcile_productid")]
[INFO] [stdout]     |       ^^^^^^^^^^^
[INFO] [stdout] 
[INFO] [stdout] 
[INFO] [stdout] error: cannot determine resolution for the derive macro `Reconcile`
[INFO] [stdout]    --> tests/reconcile_with.rs:212:24
[INFO] [stdout]     |
[INFO] [stdout] 212 | #[derive(Debug, Clone, Reconcile)]
[INFO] [stdout]     |                        ^^^^^^^^^
[INFO] [stdout]     |
[INFO] [stdout]     = note: import resolution is stuck, try simplifying macro imports
[INFO] [stdout] 
[INFO] [stdout] 
[INFO] [stdout] error: cannot find attribute `key` in this scope
[INFO] [stdout]    --> tests/reconcile.rs:302:32
[INFO] [stdout]     |
[INFO] [stdout] 302 | struct NameWithIndex(String, #[key] u64);
[INFO] [stdout]     |                                ^^^
[INFO] [stdout] 
[INFO] [stdout] 
[INFO] [stdout] error: cannot determine resolution for the derive macro `Reconcile`
[INFO] [stdout]    --> tests/reconcile.rs:334:17
[INFO] [stdout]     |
[INFO] [stdout] 334 | #[derive(Clone, Reconcile)]
[INFO] [stdout]     |                 ^^^^^^^^^
[INFO] [stdout]     |
[INFO] [stdout]     = note: import resolution is stuck, try simplifying macro imports
[INFO] [stdout] 
[INFO] [stdout] 
[INFO] [stdout] error: cannot determine resolution for the derive macro `Reconcile`
[INFO] [stdout]    --> tests/reconcile.rs:368:17
[INFO] [stdout]     |
[INFO] [stdout] 368 | #[derive(Clone, Reconcile)]
[INFO] [stdout]     |                 ^^^^^^^^^
[INFO] [stdout]     |
[INFO] [stdout]     = note: import resolution is stuck, try simplifying macro imports
[INFO] [stdout] 
[INFO] [stdout] 
[INFO] [stdout] error: cannot find attribute `autosurgeon` in this scope
[INFO] [stdout]    --> tests/reconcile_with.rs:214:7
[INFO] [stdout]     |
[INFO] [stdout] 214 |     #[autosurgeon(reconcile = "reconcile_specialfloat")] SpecialFloat,
[INFO] [stdout]     |       ^^^^^^^^^^^
[INFO] [stdout] 
[INFO] [stdout] 
[INFO] [stdout] error: cannot find attribute `key` in this scope
[INFO] [stdout]    --> tests/reconcile.rs:371:11
[INFO] [stdout]     |
[INFO] [stdout] 371 |         #[key]
[INFO] [stdout]     |           ^^^
[INFO] [stdout] 
[INFO] [stdout] 
[INFO] [stdout] error: cannot find attribute `autosurgeon` in this scope
[INFO] [stdout]    --> tests/reconcile_with.rs:215:7
[INFO] [stdout]     |
[INFO] [stdout] 215 |     #[autosurgeon(reconcile = "reconcile_specialfloat")] SpecialFloat,
[INFO] [stdout]     |       ^^^^^^^^^^^
[INFO] [stdout] 
[INFO] [stdout] 
[INFO] [stdout] error: cannot determine resolution for the derive macro `Reconcile`
[INFO] [stdout]    --> tests/reconcile_with.rs:246:35
[INFO] [stdout]     |
[INFO] [stdout] 246 | #[derive(Clone, Debug, PartialEq, Reconcile)]
[INFO] [stdout]     |                                   ^^^^^^^^^
[INFO] [stdout]     |
[INFO] [stdout]     = note: import resolution is stuck, try simplifying macro imports
[INFO] [stdout] 
[INFO] [stdout] 
[INFO] [stdout] error: cannot find attribute `key` in this scope
[INFO] [stdout]    --> tests/reconcile.rs:376:11
[INFO] [stdout]     |
[INFO] [stdout] 376 |         #[key]
[INFO] [stdout]     |           ^^^
[INFO] [stdout] 
[INFO] [stdout] 
[INFO] [stdout] error: cannot determine resolution for the derive macro `Reconcile`
[INFO] [stdout]    --> tests/reconcile.rs:439:17
[INFO] [stdout]     |
[INFO] [stdout] 439 | #[derive(Clone, Reconcile)]
[INFO] [stdout]     |                 ^^^^^^^^^
[INFO] [stdout]     |
[INFO] [stdout]     = note: import resolution is stuck, try simplifying macro imports
[INFO] [stdout] 
[INFO] [stdout] 
[INFO] [stdout] error: cannot find attribute `key` in this scope
[INFO] [stdout]    --> tests/reconcile_with.rs:249:11
[INFO] [stdout]     |
[INFO] [stdout] 249 |         #[key]
[INFO] [stdout]     |           ^^^
[INFO] [stdout] 
[INFO] [stdout] 
[INFO] [stdout] error[E0432]: unresolved import `autosurgeon`
[INFO] [stdout]  --> tests/hydrate_with.rs:2:5
[INFO] [stdout]   |
[INFO] [stdout] 2 | use autosurgeon::{hydrate, hydrate_prop, Hydrate, HydrateError, Prop, ReadDoc};
[INFO] [stdout]   |     ^^^^^^^^^^^ use of undeclared crate or module `autosurgeon`
[INFO] [stdout] 
[INFO] [stdout] 
[INFO] [stdout] error: cannot find attribute `key` in this scope
[INFO] [stdout]    --> tests/reconcile.rs:441:15
[INFO] [stdout]     |
[INFO] [stdout] 441 |     Celsius(#[key] String, f64),
[INFO] [stdout]     |               ^^^
[INFO] [stdout] 
[INFO] [stdout] 
[INFO] [stdout] error: cannot determine resolution for the derive macro `Hydrate`
[INFO] [stdout]  --> tests/hydrate_with.rs:7:39
[INFO] [stdout]   |
[INFO] [stdout] 7 | #[derive(Clone, Debug, PartialEq, Eq, Hydrate)]
[INFO] [stdout]   |                                       ^^^^^^^
[INFO] [stdout]   |
[INFO] [stdout]   = note: import resolution is stuck, try simplifying macro imports
[INFO] [stdout] 
[INFO] [stdout] 
[INFO] [stdout] error[E0433]: failed to resolve: use of undeclared crate or module `autosurgeon`
[INFO] [stdout]   --> tests/reconcile_with_hydrate_with_key.rs:83:9
[INFO] [stdout]    |
[INFO] [stdout] 83 |     use autosurgeon::{
[INFO] [stdout]    |         ^^^^^^^^^^^ use of undeclared crate or module `autosurgeon`
[INFO] [stdout] 
[INFO] [stdout] 
[INFO] [stdout] error: cannot find attribute `autosurgeon` in this scope
[INFO] [stdout]    --> tests/reconcile_with.rs:250:11
[INFO] [stdout]     |
[INFO] [stdout] 250 |         #[autosurgeon(reconcile = "reconcile_productid")]
[INFO] [stdout]     |           ^^^^^^^^^^^
[INFO] [stdout] 
[INFO] [stdout] 
[INFO] [stdout] error[E0432]: unresolved import `autosurgeon`
[INFO] [stdout]  --> tests/reconcile_with_hydrate_with_key.rs:3:5
[INFO] [stdout]   |
[INFO] [stdout] 3 | use autosurgeon::{reconcile_prop, Hydrate, HydrateError, Prop, ReadDoc, Reconcile, Reconciler};
[INFO] [stdout]   |     ^^^^^^^^^^^ use of undeclared crate or module `autosurgeon`
[INFO] [stdout] 
[INFO] [stdout] 
[INFO] [stdout] error: cannot determine resolution for the derive macro `Hydrate`
[INFO] [stdout]    --> tests/reconcile_with.rs:308:39
[INFO] [stdout]     |
[INFO] [stdout] 308 | #[derive(Clone, PartialEq, Eq, Debug, Hydrate)]
[INFO] [stdout]     |                                       ^^^^^^^
[INFO] [stdout]     |
[INFO] [stdout]     = note: import resolution is stuck, try simplifying macro imports
[INFO] [stdout] 
[INFO] [stdout] 
[INFO] [stdout] error: cannot find attribute `key` in this scope
[INFO] [stdout]    --> tests/reconcile.rs:442:18
[INFO] [stdout]     |
[INFO] [stdout] 442 |     Fahrenheit(#[key] String, f64),
[INFO] [stdout]     |                  ^^^
[INFO] [stdout] 
[INFO] [stdout] 
[INFO] [stdout] error: cannot determine resolution for the derive macro `Hydrate`
[INFO] [stdout]    --> tests/reconcile_with.rs:310:39
[INFO] [stdout]     |
[INFO] [stdout] 310 | #[derive(Clone, PartialEq, Eq, Debug, Hydrate)]
[INFO] [stdout]     |                                       ^^^^^^^
[INFO] [stdout]     |
[INFO] [stdout]     = note: import resolution is stuck, try simplifying macro imports
[INFO] [stdout] 
[INFO] [stdout] 
[INFO] [stdout] error[E0432]: unresolved import `autosurgeon`
[INFO] [stdout]   --> tests/reconcile_with_hydrate_with_key.rs:83:9
[INFO] [stdout]    |
[INFO] [stdout] 83 |     use autosurgeon::{
[INFO] [stdout]    |         ^^^^^^^^^^^ use of undeclared crate or module `autosurgeon`
[INFO] [stdout] 
[INFO] [stdout] 
[INFO] [stdout] error: cannot determine resolution for the derive macro `Reconcile`
[INFO] [stdout]    --> tests/reconcile_with.rs:313:24
[INFO] [stdout]     |
[INFO] [stdout] 313 | #[derive(Clone, Debug, Reconcile)]
[INFO] [stdout]     |                        ^^^^^^^^^
[INFO] [stdout]     |
[INFO] [stdout]     = note: import resolution is stuck, try simplifying macro imports
[INFO] [stdout] 
[INFO] [stdout] 
[INFO] [stdout] error: cannot determine resolution for the derive macro `Reconcile`
[INFO] [stdout]    --> tests/reconcile.rs:517:14
[INFO] [stdout]     |
[INFO] [stdout] 517 |     #[derive(Reconcile)]
[INFO] [stdout]     |              ^^^^^^^^^
[INFO] [stdout]     |
[INFO] [stdout]     = note: import resolution is stuck, try simplifying macro imports
[INFO] [stdout] 
[INFO] [stdout] 
[INFO] [stdout] error: cannot determine resolution for the derive macro `Reconcile`
[INFO] [stdout]  --> tests/reconcile_with_hydrate_with_key.rs:8:17
[INFO] [stdout]   |
[INFO] [stdout] 8 | #[derive(Clone, Reconcile)]
[INFO] [stdout]   |                 ^^^^^^^^^
[INFO] [stdout]   |
[INFO] [stdout]   = note: import resolution is stuck, try simplifying macro imports
[INFO] [stdout] 
[INFO] [stdout] 
[INFO] [stdout] error: cannot determine resolution for the derive macro `Reconcile`
[INFO] [stdout]    --> tests/reconcile.rs:526:10
[INFO] [stdout]     |
[INFO] [stdout] 526 | #[derive(Reconcile)]
[INFO] [stdout]     |          ^^^^^^^^^
[INFO] [stdout]     |
[INFO] [stdout]     = note: import resolution is stuck, try simplifying macro imports
[INFO] [stdout] 
[INFO] [stdout] 
[INFO] [stdout] error: cannot find attribute `key` in this scope
[INFO] [stdout]    --> tests/reconcile_with.rs:316:11
[INFO] [stdout]     |
[INFO] [stdout] 316 |         #[key]
[INFO] [stdout]     |           ^^^
[INFO] [stdout] 
[INFO] [stdout] 
[INFO] [stdout] error: cannot find attribute `autosurgeon` in this scope
[INFO] [stdout]    --> tests/reconcile_with.rs:317:11
[INFO] [stdout]     |
[INFO] [stdout] 317 |         #[autosurgeon(reconcile = "reconcile_color")]
[INFO] [stdout]     |           ^^^^^^^^^^^
[INFO] [stdout] 
[INFO] [stdout] 
[INFO] [stdout] error: cannot find attribute `key` in this scope
[INFO] [stdout]    --> tests/reconcile_with.rs:323:11
[INFO] [stdout]     |
[INFO] [stdout] 323 |         #[key]
[INFO] [stdout]     |           ^^^
[INFO] [stdout] 
[INFO] [stdout] 
[INFO] [stdout] error: cannot find attribute `autosurgeon` in this scope
[INFO] [stdout]    --> tests/reconcile_with.rs:324:11
[INFO] [stdout]     |
[INFO] [stdout] 324 |         #[autosurgeon(reconcile = "reconcile_color")]
[INFO] [stdout]     |           ^^^^^^^^^^^
[INFO] [stdout] 
[INFO] [stdout] 
[INFO] [stdout] error: cannot determine resolution for the derive macro `Reconcile`
[INFO] [stdout]    --> tests/reconcile_with.rs:372:10
[INFO] [stdout]     |
[INFO] [stdout] 372 | #[derive(Reconcile)]
[INFO] [stdout]     |          ^^^^^^^^^
[INFO] [stdout]     |
[INFO] [stdout]     = note: import resolution is stuck, try simplifying macro imports
[INFO] [stdout] 
[INFO] [stdout] 
[INFO] [stdout] error: cannot find attribute `autosurgeon` in this scope
[INFO] [stdout]    --> tests/reconcile_with.rs:374:7
[INFO] [stdout]     |
[INFO] [stdout] 374 |     #[autosurgeon(with = "autosurgeon_customerid")]
[INFO] [stdout]     |       ^^^^^^^^^^^
[INFO] [stdout] 
[INFO] [stdout] 
[INFO] [stdout] error[E0433]: failed to resolve: use of undeclared crate or module `autosurgeon`
[INFO] [stdout]   --> tests/reconcile_with.rs:13:45
[INFO] [stdout]    |
[INFO] [stdout] 13 |     fn hydrate_uint(u: u64) -> Result<Self, autosurgeon::HydrateError> {
[INFO] [stdout]    |                                             ^^^^^^^^^^^ use of undeclared crate or module `autosurgeon`
[INFO] [stdout] 
[INFO] [stdout] 
[INFO] [stdout] error[E0433]: failed to resolve: use of undeclared crate or module `autosurgeon`
[INFO] [stdout]   --> tests/reconcile_with.rs:90:15
[INFO] [stdout]    |
[INFO] [stdout] 90 |         prop: autosurgeon::Prop<'_>,
[INFO] [stdout]    |               ^^^^^^^^^^^ use of undeclared crate or module `autosurgeon`
[INFO] [stdout] 
[INFO] [stdout] 
[INFO] [stdout] error[E0433]: failed to resolve: use of undeclared crate or module `autosurgeon`
[INFO] [stdout]   --> tests/reconcile_with.rs:91:17
[INFO] [stdout]    |
[INFO] [stdout] 91 |     ) -> Result<autosurgeon::reconcile::LoadKey<Key<'k>>, autosurgeon::ReconcileError> {
[INFO] [stdout]    |                 ^^^^^^^^^^^ use of undeclared crate or module `autosurgeon`
[INFO] [stdout] 
[INFO] [stdout] 
[INFO] [stdout] error: aborting due to 17 previous errors
[INFO] [stdout] 
[INFO] [stdout] 
[INFO] [stdout] Some errors have detailed explanations: E0432, E0433.
[INFO] [stdout] 
[INFO] [stdout] For more information about an error, try `rustc --explain E0432`.
[INFO] [stdout] 
[INFO] [stdout] error[E0433]: failed to resolve: use of undeclared crate or module `autosurgeon`
[INFO] [stdout]   --> tests/reconcile_with.rs:91:59
[INFO] [stdout]    |
[INFO] [stdout] 91 |     ) -> Result<autosurgeon::reconcile::LoadKey<Key<'k>>, autosurgeon::ReconcileError> {
[INFO] [stdout]    |                                                           ^^^^^^^^^^^ use of undeclared crate or module `autosurgeon`
[INFO] [stdout] 
[INFO] [stdout] 
[INFO] [stdout] error[E0433]: failed to resolve: use of undeclared crate or module `autosurgeon`
[INFO] [stdout]    --> tests/reconcile_with.rs:105:32
[INFO] [stdout]     |
[INFO] [stdout] 105 |     pub(crate) fn reconcile<R: autosurgeon::Reconciler>(
[INFO] [stdout]     |                                ^^^^^^^^^^^ use of undeclared crate or module `autosurgeon`
[INFO] [stdout] 
[INFO] [stdout] 
[INFO] [stdout] error[E0433]: failed to resolve: use of undeclared crate or module `autosurgeon`
[INFO] [stdout]    --> tests/reconcile_with.rs:381:32
[INFO] [stdout]     |
[INFO] [stdout] 381 |     pub(super) fn reconcile<R: autosurgeon::Reconciler>(
[INFO] [stdout]     |                                ^^^^^^^^^^^ use of undeclared crate or module `autosurgeon`
[INFO] [stdout] 
[INFO] [stdout] 
[INFO] [stderr] error: could not compile `autosurgeon-derive` due to 18 previous errors
[INFO] [stderr] warning: build failed, waiting for other jobs to finish...
[INFO] [stdout] error: aborting due to 10 previous errors
[INFO] [stdout] 
[INFO] [stdout] 
[INFO] [stdout] For more information about this error, try `rustc --explain E0432`.
[INFO] [stdout] 
[INFO] [stdout] error: cannot find attribute `autosurgeon` in this scope
[INFO] [stdout]  --> tests/hydrate_with.rs:8:3
[INFO] [stdout]   |
[INFO] [stdout] 8 | #[autosurgeon(hydrate = "hydrate_outer")]
[INFO] [stdout]   |   ^^^^^^^^^^^
[INFO] [stdout] 
[INFO] [stdout] 
[INFO] [stdout] error: cannot determine resolution for the derive macro `Hydrate`
[INFO] [stdout]   --> tests/hydrate_with.rs:30:28
[INFO] [stdout]    |
[INFO] [stdout] 30 | #[derive(Debug, PartialEq, Hydrate)]
[INFO] [stdout]    |                            ^^^^^^^
[INFO] [stdout]    |
[INFO] [stdout]    = note: import resolution is stuck, try simplifying macro imports
[INFO] [stdout] 
[INFO] [stdout] 
[INFO] [stdout] error: cannot find attribute `autosurgeon` in this scope
[INFO] [stdout]   --> tests/hydrate_with.rs:33:7
[INFO] [stdout]    |
[INFO] [stdout] 33 |     #[autosurgeon(hydrate = "hydrate_userid")]
[INFO] [stdout]    |       ^^^^^^^^^^^
[INFO] [stdout] 
[INFO] [stdout] 
[INFO] [stdout] error: cannot determine resolution for the derive macro `Hydrate`
[INFO] [stdout]   --> tests/hydrate_with.rs:60:28
[INFO] [stdout]    |
[INFO] [stdout] 60 | #[derive(Debug, PartialEq, Hydrate)]
[INFO] [stdout]    |                            ^^^^^^^
[INFO] [stdout]    |
[INFO] [stdout]    = note: import resolution is stuck, try simplifying macro imports
[INFO] [stdout] 
[INFO] [stdout] 
[INFO] [stdout] error: cannot find attribute `autosurgeon` in this scope
[INFO] [stdout]   --> tests/hydrate_with.rs:61:22
[INFO] [stdout]    |
[INFO] [stdout] 61 | struct UserAndName(#[autosurgeon(hydrate = "hydrate_userid")] UserId, String);
[INFO] [stdout]    |                      ^^^^^^^^^^^
[INFO] [stdout] 
[INFO] [stdout] 
[INFO] [stdout] error: cannot determine resolution for the derive macro `Hydrate`
[INFO] [stdout]   --> tests/hydrate_with.rs:81:28
[INFO] [stdout]    |
[INFO] [stdout] 81 | #[derive(Debug, PartialEq, Hydrate)]
[INFO] [stdout]    |                            ^^^^^^^
[INFO] [stdout]    |
[INFO] [stdout]    = note: import resolution is stuck, try simplifying macro imports
[INFO] [stdout] 
[INFO] [stdout] 
[INFO] [stdout] error: cannot find attribute `key` in this scope
[INFO] [stdout]   --> tests/reconcile_with_hydrate_with_key.rs:10:7
[INFO] [stdout]    |
[INFO] [stdout] 10 |     #[key]
[INFO] [stdout]    |       ^^^
[INFO] [stdout] 
[INFO] [stdout] 
[INFO] [stdout] error: cannot find attribute `autosurgeon` in this scope
[INFO] [stdout]   --> tests/hydrate_with.rs:83:15
[INFO] [stdout]    |
[INFO] [stdout] 83 |     Celsius(#[autosurgeon(hydrate = "hydrate_specialfloat")] SpecialFloat),
[INFO] [stdout]    |               ^^^^^^^^^^^
[INFO] [stdout] 
[INFO] [stdout] 
[INFO] [stdout] error: cannot determine resolution for the derive macro `Hydrate`
[INFO] [stdout]    --> tests/hydrate_with.rs:105:28
[INFO] [stdout]     |
[INFO] [stdout] 105 | #[derive(Debug, PartialEq, Hydrate)]
[INFO] [stdout]     |                            ^^^^^^^
[INFO] [stdout]     |
[INFO] [stdout]     = note: import resolution is stuck, try simplifying macro imports
[INFO] [stdout] 
[INFO] [stdout] 
[INFO] [stdout] error: cannot find attribute `autosurgeon` in this scope
[INFO] [stdout]   --> tests/reconcile_with_hydrate_with_key.rs:11:7
[INFO] [stdout]    |
[INFO] [stdout] 11 |     #[autosurgeon(reconcile = "reconcile_userid", hydrate = "hydrate_userid")]
[INFO] [stdout]    |       ^^^^^^^^^^^
[INFO] [stdout] 
[INFO] [stdout] 
[INFO] [stderr] error: could not compile `autosurgeon-derive` due to 11 previous errors
[INFO] [stdout] error: cannot determine resolution for the derive macro `Reconcile`
[INFO] [stdout]   --> tests/reconcile_with_hydrate_with_key.rs:76:35
[INFO] [stdout]    |
[INFO] [stdout] 76 | #[derive(Debug, PartialEq, Clone, Reconcile)]
[INFO] [stdout]    |                                   ^^^^^^^^^
[INFO] [stdout]    |
[INFO] [stdout]    = note: import resolution is stuck, try simplifying macro imports
[INFO] [stdout] 
[INFO] [stdout] 
[INFO] [stdout] error: cannot find attribute `autosurgeon` in this scope
[INFO] [stdout]    --> tests/hydrate_with.rs:108:11
[INFO] [stdout]     |
[INFO] [stdout] 108 |         #[autosurgeon(hydrate = "hydrate_userid")]
[INFO] [stdout]     |           ^^^^^^^^^^^
[INFO] [stdout] 
[INFO] [stdout] 
[INFO] [stdout] error: cannot determine resolution for the derive macro `Hydrate`
[INFO] [stdout]    --> tests/hydrate_with.rs:133:28
[INFO] [stdout]     |
[INFO] [stdout] 133 | #[derive(Debug, PartialEq, Hydrate)]
[INFO] [stdout]     |                            ^^^^^^^
[INFO] [stdout]     |
[INFO] [stdout]     = note: import resolution is stuck, try simplifying macro imports
[INFO] [stdout] 
[INFO] [stdout] 
[INFO] [stdout] error: cannot find attribute `autosurgeon` in this scope
[INFO] [stdout]   --> tests/reconcile_with_hydrate_with_key.rs:78:12
[INFO] [stdout]    |
[INFO] [stdout] 78 |     User(#[autosurgeon(reconcile_with = "reconcile_userid_mod")] UserId),
[INFO] [stdout]    |            ^^^^^^^^^^^
[INFO] [stdout] 
[INFO] [stdout] 
[INFO] [stdout] error: cannot find attribute `autosurgeon` in this scope
[INFO] [stdout]    --> tests/hydrate_with.rs:135:12
[INFO] [stdout]     |
[INFO] [stdout] 135 |     Name(#[autosurgeon(hydrate = "hydrate_userid")] UserId, String),
[INFO] [stdout]     |            ^^^^^^^^^^^
[INFO] [stdout] 
[INFO] [stdout] 
[INFO] [stdout] error[E0433]: failed to resolve: use of undeclared crate or module `autosurgeon`
[INFO] [stdout]    --> tests/reconcile_with.rs:395:5
[INFO] [stdout]     |
[INFO] [stdout] 395 |     autosurgeon::reconcile(&mut doc, &customer).unwrap();
[INFO] [stdout]     |     ^^^^^^^^^^^ use of undeclared crate or module `autosurgeon`
[INFO] [stdout] 
[INFO] [stdout] 
[INFO] [stdout] error: aborting due to 35 previous errors
[INFO] [stdout] 
[INFO] [stdout] 
[INFO] [stdout] Some errors have detailed explanations: E0432, E0433.
[INFO] [stdout] 
[INFO] [stdout] For more information about an error, try `rustc --explain E0432`.
[INFO] [stdout] 
[INFO] [stdout] error[E0433]: failed to resolve: use of undeclared crate or module `autosurgeon`
[INFO] [stdout]   --> tests/reconcile_with_hydrate_with_key.rs:97:15
[INFO] [stdout]    |
[INFO] [stdout] 97 |         prop: autosurgeon::Prop<'_>,
[INFO] [stdout]    |               ^^^^^^^^^^^ use of undeclared crate or module `autosurgeon`
[INFO] [stdout] 
[INFO] [stdout] 
[INFO] [stdout] error[E0433]: failed to resolve: use of undeclared crate or module `autosurgeon`
[INFO] [stdout]   --> tests/reconcile_with_hydrate_with_key.rs:98:17
[INFO] [stdout]    |
[INFO] [stdout] 98 |     ) -> Result<autosurgeon::reconcile::LoadKey<Key<'k>>, autosurgeon::ReconcileError> {
[INFO] [stdout]    |                 ^^^^^^^^^^^ use of undeclared crate or module `autosurgeon`
[INFO] [stdout] 
[INFO] [stdout] 
[INFO] [stdout] error[E0433]: failed to resolve: use of undeclared crate or module `autosurgeon`
[INFO] [stdout]   --> tests/reconcile_with_hydrate_with_key.rs:98:59
[INFO] [stdout]    |
[INFO] [stdout] 98 |     ) -> Result<autosurgeon::reconcile::LoadKey<Key<'k>>, autosurgeon::ReconcileError> {
[INFO] [stdout]    |                                                           ^^^^^^^^^^^ use of undeclared crate or module `autosurgeon`
[INFO] [stdout] 
[INFO] [stdout] 
[INFO] [stderr] error: could not compile `autosurgeon-derive` due to 36 previous errors
[INFO] [stdout] error: aborting due to 13 previous errors
[INFO] [stdout] 
[INFO] [stdout] 
[INFO] [stdout] For more information about this error, try `rustc --explain E0432`.
[INFO] [stdout] 
[INFO] [stdout] error: aborting due to 11 previous errors
[INFO] [stdout] 
[INFO] [stdout] 
[INFO] [stdout] Some errors have detailed explanations: E0432, E0433.
[INFO] [stdout] 
[INFO] [stdout] For more information about an error, try `rustc --explain E0432`.
[INFO] [stdout] 
[INFO] [stderr] error: could not compile `autosurgeon-derive` due to 14 previous errors
[INFO] [stderr] error: could not compile `autosurgeon-derive` due to 12 previous errors
[INFO] [stdout] error: aborting due to 27 previous errors
[INFO] [stdout] 
[INFO] [stdout] 
[INFO] [stdout] Some errors have detailed explanations: E0432, E0433.
[INFO] [stdout] 
[INFO] [stdout] For more information about an error, try `rustc --explain E0432`.
[INFO] [stdout] 
[INFO] [stderr] error: could not compile `autosurgeon-derive` due to 28 previous errors
[INFO] running `Command { std: "docker" "inspect" "f628e2eb93b1698fd4e05a776214f5cb02dad07eca62b0a159df0982d0db0455", kill_on_drop: false }`
[INFO] running `Command { std: "docker" "rm" "-f" "f628e2eb93b1698fd4e05a776214f5cb02dad07eca62b0a159df0982d0db0455", kill_on_drop: false }`
[INFO] [stdout] f628e2eb93b1698fd4e05a776214f5cb02dad07eca62b0a159df0982d0db0455
