[INFO] fetching crate autometrics 0.4.0...
[INFO] testing autometrics-0.4.0 against 1.69.0 for beta-1.70-1
[INFO] extracting crate autometrics 0.4.0 into /workspace/builds/worker-5-tc1/source
[INFO] validating manifest of crates.io crate autometrics 0.4.0 on toolchain 1.69.0
[INFO] running `Command { std: CARGO_HOME="/workspace/cargo-home" RUSTUP_HOME="/workspace/rustup-home" "/workspace/cargo-home/bin/cargo" "+1.69.0" "metadata" "--manifest-path" "Cargo.toml" "--no-deps", kill_on_drop: false }`
[INFO] started tweaking crates.io crate autometrics 0.4.0
[INFO] finished tweaking crates.io crate autometrics 0.4.0
[INFO] tweaked toml for crates.io crate autometrics 0.4.0 written to /workspace/builds/worker-5-tc1/source/Cargo.toml
[INFO] running `Command { std: CARGO_HOME="/workspace/cargo-home" RUSTUP_HOME="/workspace/rustup-home" __CARGO_TEST_CHANNEL_OVERRIDE_DO_NOT_USE_THIS="nightly" "/workspace/cargo-home/bin/cargo" "+1.69.0" "generate-lockfile" "--manifest-path" "Cargo.toml" "-Zno-index-update", kill_on_drop: false }`
[INFO] running `Command { std: CARGO_HOME="/workspace/cargo-home" RUSTUP_HOME="/workspace/rustup-home" "/workspace/cargo-home/bin/cargo" "+1.69.0" "fetch" "--manifest-path" "Cargo.toml", kill_on_drop: false }`
[INFO] [stderr]  Downloading crates ...
[INFO] [stderr]   Downloaded opentelemetry_sdk v0.18.0
[INFO] [stderr]   Downloaded autometrics-macros v0.4.0
[INFO] [stderr]   Downloaded prometheus v0.13.3
[INFO] [stderr]   Downloaded metrics-macros v0.7.0
[INFO] [stderr]   Downloaded const_format_proc_macros v0.2.29
[INFO] [stderr]   Downloaded opentelemetry v0.18.0
[INFO] [stderr]   Downloaded quanta v0.11.0
[INFO] [stderr]   Downloaded vergen v8.1.3
[INFO] [stderr]   Downloaded mach2 v0.4.1
[INFO] [stderr]   Downloaded metrics v0.21.0
[INFO] [stderr]   Downloaded opentelemetry-prometheus v0.11.0
[INFO] [stderr]   Downloaded const_format v0.2.30
[INFO] [stderr]   Downloaded portable-atomic v1.2.0
[INFO] [stderr]   Downloaded metrics-util v0.15.0
[INFO] [stderr]   Downloaded metrics-exporter-prometheus v0.12.0
[INFO] [stderr]   Downloaded opentelemetry_api v0.18.0
[INFO] running `Command { std: "docker" "create" "-v" "/var/lib/crater-agent-workspace/builds/worker-5-tc1/target:/opt/rustwide/target:rw,Z" "-v" "/var/lib/crater-agent-workspace/builds/worker-5-tc1/source:/opt/rustwide/workdir:ro,Z" "-v" "/var/lib/crater-agent-workspace/cargo-home:/opt/rustwide/cargo-home:ro,Z" "-v" "/var/lib/crater-agent-workspace/rustup-home:/opt/rustwide/rustup-home:ro,Z" "-e" "SOURCE_DIR=/opt/rustwide/workdir" "-e" "CARGO_TARGET_DIR=/opt/rustwide/target" "-e" "CARGO_HOME=/opt/rustwide/cargo-home" "-e" "RUSTUP_HOME=/opt/rustwide/rustup-home" "-w" "/opt/rustwide/workdir" "-m" "1610612736" "--user" "0:0" "--network" "none" "ghcr.io/rust-lang/crates-build-env/linux@sha256:5ff2268d62e97bff2cde7d5815dd6ed5b47097566f13b8d0ca110b04b60e07ed" "/opt/rustwide/cargo-home/bin/cargo" "+1.69.0" "metadata" "--no-deps" "--format-version=1", kill_on_drop: false }`
[INFO] [stdout] 573c2ed16fadeb9206c0ac59b5930701d306de5bceb640855df0e1b22753408b
[INFO] running `Command { std: "docker" "start" "-a" "573c2ed16fadeb9206c0ac59b5930701d306de5bceb640855df0e1b22753408b", kill_on_drop: false }`
[INFO] running `Command { std: "docker" "inspect" "573c2ed16fadeb9206c0ac59b5930701d306de5bceb640855df0e1b22753408b", kill_on_drop: false }`
[INFO] running `Command { std: "docker" "rm" "-f" "573c2ed16fadeb9206c0ac59b5930701d306de5bceb640855df0e1b22753408b", kill_on_drop: false }`
[INFO] [stdout] 573c2ed16fadeb9206c0ac59b5930701d306de5bceb640855df0e1b22753408b
[INFO] running `Command { std: "docker" "create" "-v" "/var/lib/crater-agent-workspace/builds/worker-5-tc1/target:/opt/rustwide/target:rw,Z" "-v" "/var/lib/crater-agent-workspace/builds/worker-5-tc1/source:/opt/rustwide/workdir:ro,Z" "-v" "/var/lib/crater-agent-workspace/cargo-home:/opt/rustwide/cargo-home:ro,Z" "-v" "/var/lib/crater-agent-workspace/rustup-home:/opt/rustwide/rustup-home:ro,Z" "-e" "SOURCE_DIR=/opt/rustwide/workdir" "-e" "CARGO_TARGET_DIR=/opt/rustwide/target" "-e" "CARGO_INCREMENTAL=0" "-e" "RUST_BACKTRACE=full" "-e" "RUSTFLAGS=--cap-lints=warn" "-e" "RUSTDOCFLAGS=--cap-lints=warn" "-e" "CARGO_HOME=/opt/rustwide/cargo-home" "-e" "RUSTUP_HOME=/opt/rustwide/rustup-home" "-w" "/opt/rustwide/workdir" "-m" "1610612736" "--user" "0:0" "--network" "none" "ghcr.io/rust-lang/crates-build-env/linux@sha256:5ff2268d62e97bff2cde7d5815dd6ed5b47097566f13b8d0ca110b04b60e07ed" "/opt/rustwide/cargo-home/bin/cargo" "+1.69.0" "build" "--frozen" "--message-format=json", kill_on_drop: false }`
[INFO] [stdout] 34cadb9b7061002a8f7be0b506ebd8af34feb1b0b94bf21ebfbaad64e8539246
[INFO] running `Command { std: "docker" "start" "-a" "34cadb9b7061002a8f7be0b506ebd8af34feb1b0b94bf21ebfbaad64e8539246", kill_on_drop: false }`
[INFO] [stderr]    Compiling futures-core v0.3.28
[INFO] [stderr]    Compiling indexmap v1.9.3
[INFO] [stderr]    Compiling syn v1.0.109
[INFO] [stderr]    Compiling futures-util v0.3.28
[INFO] [stderr]    Compiling futures-channel v0.3.28
[INFO] [stderr]    Compiling percent-encoding v2.2.0
[INFO] [stderr]    Compiling thiserror-impl v1.0.40
[INFO] [stderr]    Compiling thiserror v1.0.40
[INFO] [stderr]    Compiling opentelemetry_api v0.18.0
[INFO] [stderr]    Compiling autometrics-macros v0.4.0
[INFO] [stderr]    Compiling autometrics v0.4.0 (/opt/rustwide/workdir)
[INFO] [stderr]     Finished dev [unoptimized + debuginfo] target(s) in 6.04s
[INFO] running `Command { std: "docker" "inspect" "34cadb9b7061002a8f7be0b506ebd8af34feb1b0b94bf21ebfbaad64e8539246", kill_on_drop: false }`
[INFO] running `Command { std: "docker" "rm" "-f" "34cadb9b7061002a8f7be0b506ebd8af34feb1b0b94bf21ebfbaad64e8539246", kill_on_drop: false }`
[INFO] [stdout] 34cadb9b7061002a8f7be0b506ebd8af34feb1b0b94bf21ebfbaad64e8539246
[INFO] running `Command { std: "docker" "create" "-v" "/var/lib/crater-agent-workspace/builds/worker-5-tc1/target:/opt/rustwide/target:rw,Z" "-v" "/var/lib/crater-agent-workspace/builds/worker-5-tc1/source:/opt/rustwide/workdir:ro,Z" "-v" "/var/lib/crater-agent-workspace/cargo-home:/opt/rustwide/cargo-home:ro,Z" "-v" "/var/lib/crater-agent-workspace/rustup-home:/opt/rustwide/rustup-home:ro,Z" "-e" "SOURCE_DIR=/opt/rustwide/workdir" "-e" "CARGO_TARGET_DIR=/opt/rustwide/target" "-e" "CARGO_INCREMENTAL=0" "-e" "RUST_BACKTRACE=full" "-e" "RUSTFLAGS=--cap-lints=warn" "-e" "RUSTDOCFLAGS=--cap-lints=warn" "-e" "CARGO_HOME=/opt/rustwide/cargo-home" "-e" "RUSTUP_HOME=/opt/rustwide/rustup-home" "-w" "/opt/rustwide/workdir" "-m" "1610612736" "--user" "0:0" "--network" "none" "ghcr.io/rust-lang/crates-build-env/linux@sha256:5ff2268d62e97bff2cde7d5815dd6ed5b47097566f13b8d0ca110b04b60e07ed" "/opt/rustwide/cargo-home/bin/cargo" "+1.69.0" "test" "--frozen" "--no-run" "--message-format=json", kill_on_drop: false }`
[INFO] [stdout] 9d4716bc657ad74259a10262ff738bbb9106a60ea15811218e79f1b02e5b1da3
[INFO] running `Command { std: "docker" "start" "-a" "9d4716bc657ad74259a10262ff738bbb9106a60ea15811218e79f1b02e5b1da3", kill_on_drop: false }`
[INFO] [stderr]    Compiling vergen v8.1.3
[INFO] [stderr]    Compiling time v0.3.20
[INFO] [stderr]    Compiling autometrics v0.4.0 (/opt/rustwide/workdir)
[INFO] [stdout] warning: unused imports: `autometrics`, `objectives::*`
[INFO] [stdout]  --> tests/objectives_test.rs:1:19
[INFO] [stdout]   |
[INFO] [stdout] 1 | use autometrics::{autometrics, objectives::*};
[INFO] [stdout]   |                   ^^^^^^^^^^^  ^^^^^^^^^^^^^
[INFO] [stdout]   |
[INFO] [stdout]   = note: `#[warn(unused_imports)]` on by default
[INFO] [stdout] 
[INFO] [stdout] 
[INFO] [stdout] warning: unused import: `autometrics::autometrics`
[INFO] [stdout]  --> tests/integration_test.rs:1:5
[INFO] [stdout]   |
[INFO] [stdout] 1 | use autometrics::autometrics;
[INFO] [stdout]   |     ^^^^^^^^^^^^^^^^^^^^^^^^
[INFO] [stdout]   |
[INFO] [stdout]   = note: `#[warn(unused_imports)]` on by default
[INFO] [stdout] 
[INFO] [stdout] 
[INFO] [stdout] warning: unused import: `regex::Regex`
[INFO] [stdout]  --> tests/objectives_test.rs:2:5
[INFO] [stdout]   |
[INFO] [stdout] 2 | use regex::Regex;
[INFO] [stdout]   |     ^^^^^^^^^^^^
[INFO] [stdout] 
[INFO] [stdout] 
[INFO] [stdout] warning: unused import: `regex::Regex`
[INFO] [stdout]  --> tests/integration_test.rs:2:5
[INFO] [stdout]   |
[INFO] [stdout] 2 | use regex::Regex;
[INFO] [stdout]   |     ^^^^^^^^^^^^
[INFO] [stdout] 
[INFO] [stdout] 
[INFO] [stdout] warning: 2 warnings emitted
[INFO] [stdout] 
[INFO] [stdout] 
[INFO] [stdout] warning: 2 warnings emitted
[INFO] [stdout] 
[INFO] [stdout] 
[INFO] [stderr]     Finished test [unoptimized + debuginfo] target(s) in 3.26s
[INFO] running `Command { std: "docker" "inspect" "9d4716bc657ad74259a10262ff738bbb9106a60ea15811218e79f1b02e5b1da3", kill_on_drop: false }`
[INFO] running `Command { std: "docker" "rm" "-f" "9d4716bc657ad74259a10262ff738bbb9106a60ea15811218e79f1b02e5b1da3", kill_on_drop: false }`
[INFO] [stdout] 9d4716bc657ad74259a10262ff738bbb9106a60ea15811218e79f1b02e5b1da3
[INFO] running `Command { std: "docker" "create" "-v" "/var/lib/crater-agent-workspace/builds/worker-5-tc1/target:/opt/rustwide/target:rw,Z" "-v" "/var/lib/crater-agent-workspace/builds/worker-5-tc1/source:/opt/rustwide/workdir:ro,Z" "-v" "/var/lib/crater-agent-workspace/cargo-home:/opt/rustwide/cargo-home:ro,Z" "-v" "/var/lib/crater-agent-workspace/rustup-home:/opt/rustwide/rustup-home:ro,Z" "-e" "SOURCE_DIR=/opt/rustwide/workdir" "-e" "CARGO_TARGET_DIR=/opt/rustwide/target" "-e" "CARGO_INCREMENTAL=0" "-e" "RUST_BACKTRACE=full" "-e" "RUSTFLAGS=--cap-lints=warn" "-e" "RUSTDOCFLAGS=--cap-lints=warn" "-e" "CARGO_HOME=/opt/rustwide/cargo-home" "-e" "RUSTUP_HOME=/opt/rustwide/rustup-home" "-w" "/opt/rustwide/workdir" "-m" "1610612736" "--user" "0:0" "--network" "none" "ghcr.io/rust-lang/crates-build-env/linux@sha256:5ff2268d62e97bff2cde7d5815dd6ed5b47097566f13b8d0ca110b04b60e07ed" "/opt/rustwide/cargo-home/bin/cargo" "+1.69.0" "test" "--frozen", kill_on_drop: false }`
[INFO] [stdout] 843af8298fbfbfb2f8ba560d53bad26a909b5c1b54d571717202354d34c7e40d
[INFO] running `Command { std: "docker" "start" "-a" "843af8298fbfbfb2f8ba560d53bad26a909b5c1b54d571717202354d34c7e40d", kill_on_drop: false }`
[INFO] [stderr] warning: unused import: `autometrics::autometrics`
[INFO] [stderr]  --> tests/integration_test.rs:1:5
[INFO] [stderr]   |
[INFO] [stderr] 1 | use autometrics::autometrics;
[INFO] [stderr]   |     ^^^^^^^^^^^^^^^^^^^^^^^^
[INFO] [stderr]   |
[INFO] [stderr]   = note: `#[warn(unused_imports)]` on by default
[INFO] [stderr] 
[INFO] [stderr] warning: unused import: `regex::Regex`
[INFO] [stderr]  --> tests/integration_test.rs:2:5
[INFO] [stderr]   |
[INFO] [stderr] 2 | use regex::Regex;
[INFO] [stderr]   |     ^^^^^^^^^^^^
[INFO] [stderr] 
[INFO] [stderr] warning: unused imports: `autometrics`, `objectives::*`
[INFO] [stderr]  --> tests/objectives_test.rs:1:19
[INFO] [stderr]   |
[INFO] [stderr] 1 | use autometrics::{autometrics, objectives::*};
[INFO] [stderr]   |                   ^^^^^^^^^^^  ^^^^^^^^^^^^^
[INFO] [stderr]   |
[INFO] [stderr]   = note: `#[warn(unused_imports)]` on by default
[INFO] [stderr] 
[INFO] [stderr] warning: unused import: `regex::Regex`
[INFO] [stderr]  --> tests/objectives_test.rs:2:5
[INFO] [stderr]   |
[INFO] [stderr] 2 | use regex::Regex;
[INFO] [stderr]   |     ^^^^^^^^^^^^
[INFO] [stderr] 
[INFO] [stderr] warning: `autometrics` (test "integration_test") generated 2 warnings (run `cargo fix --test "integration_test"` to apply 2 suggestions)
[INFO] [stderr] warning: `autometrics` (test "objectives_test") generated 2 warnings (run `cargo fix --test "objectives_test"` to apply 2 suggestions)
[INFO] [stderr]     Finished test [unoptimized + debuginfo] target(s) in 0.09s
[INFO] [stderr]      Running unittests src/lib.rs (/opt/rustwide/target/debug/deps/autometrics-cd93da9d89b38045)
[INFO] [stdout] 
[INFO] [stdout] running 0 tests
[INFO] [stdout] 
[INFO] [stdout] test result: ok. 0 passed; 0 failed; 0 ignored; 0 measured; 0 filtered out; finished in 0.00s
[INFO] [stdout] 
[INFO] [stderr]      Running tests/integration_test.rs (/opt/rustwide/target/debug/deps/integration_test-a36e7327e6460b43)
[INFO] [stdout] 
[INFO] [stdout] running 0 tests
[INFO] [stdout] 
[INFO] [stdout] test result: ok. 0 passed; 0 failed; 0 ignored; 0 measured; 0 filtered out; finished in 0.00s
[INFO] [stdout] 
[INFO] [stderr]      Running tests/objectives_test.rs (/opt/rustwide/target/debug/deps/objectives_test-e40b6fb30e652e9a)
[INFO] [stdout] 
[INFO] [stdout] running 0 tests
[INFO] [stdout] 
[INFO] [stdout] test result: ok. 0 passed; 0 failed; 0 ignored; 0 measured; 0 filtered out; finished in 0.00s
[INFO] [stdout] 
[INFO] [stderr]    Doc-tests autometrics
[INFO] [stdout] 
[INFO] [stdout] running 13 tests
[INFO] [stdout] test src/lib.rs - (line 90) ... FAILED
[INFO] [stdout] test src/lib.rs - (line 81) ... FAILED
[INFO] [stdout] test src/lib.rs - autometrics (line 48) ... ok
[INFO] [stdout] test src/lib.rs - autometrics (line 116) ... ok
[INFO] [stdout] test src/lib.rs - autometrics (line 22) ... ok
[INFO] [stdout] test src/lib.rs - (line 173) ... ok
[INFO] [stdout] test src/lib.rs - autometrics (line 61) ... ok
[INFO] [stdout] test src/lib.rs - autometrics (line 82) ... ok
[INFO] [stdout] test src/objectives.rs - objectives::Objective (line 8) ... ok
[INFO] [stdout] test src/lib.rs - (line 151) ... ok
[INFO] [stdout] test src/lib.rs - autometrics (line 95) ... ok
[INFO] [stdout] test src/lib.rs - (line 18) ... ok
[INFO] [stdout] test src/lib.rs - (line 128) ... ok
[INFO] [stdout] 
[INFO] [stdout] failures:
[INFO] [stdout] 
[INFO] [stdout] ---- src/lib.rs - (line 90) stdout ----
[INFO] [stdout] error[E0425]: cannot find function `encode_global_metrics` in crate `autometrics`
[INFO] [stdout]  --> src/lib.rs:92:22
[INFO] [stdout]   |
[INFO] [stdout] 5 |   match autometrics::encode_global_metrics() {
[INFO] [stdout]   |                      ^^^^^^^^^^^^^^^^^^^^^ not found in `autometrics`
[INFO] [stdout] 
[INFO] [stdout] error: aborting due to previous error
[INFO] [stdout] 
[INFO] [stdout] For more information about this error, try `rustc --explain E0425`.
[INFO] [stdout] Couldn't compile the test.
[INFO] [stdout] ---- src/lib.rs - (line 81) stdout ----
[INFO] [stdout] error[E0425]: cannot find function `global_metrics_exporter` in crate `autometrics`
[INFO] [stdout]  --> src/lib.rs:83:32
[INFO] [stdout]   |
[INFO] [stdout] 4 |   let _exporter = autometrics::global_metrics_exporter();
[INFO] [stdout]   |                                ^^^^^^^^^^^^^^^^^^^^^^^ not found in `autometrics`
[INFO] [stdout] 
[INFO] [stdout] error: aborting due to previous error
[INFO] [stdout] 
[INFO] [stdout] For more information about this error, try `rustc --explain E0425`.
[INFO] [stdout] Couldn't compile the test.
[INFO] [stdout] 
[INFO] [stdout] failures:
[INFO] [stdout]     src/lib.rs - (line 81)
[INFO] [stdout]     src/lib.rs - (line 90)
[INFO] [stdout] 
[INFO] [stdout] test result: FAILED. 11 passed; 2 failed; 0 ignored; 0 measured; 0 filtered out; finished in 0.88s
[INFO] [stdout] 
[INFO] [stderr] error: doctest failed, to rerun pass `--doc`
[INFO] running `Command { std: "docker" "inspect" "843af8298fbfbfb2f8ba560d53bad26a909b5c1b54d571717202354d34c7e40d", kill_on_drop: false }`
[INFO] running `Command { std: "docker" "rm" "-f" "843af8298fbfbfb2f8ba560d53bad26a909b5c1b54d571717202354d34c7e40d", kill_on_drop: false }`
[INFO] [stdout] 843af8298fbfbfb2f8ba560d53bad26a909b5c1b54d571717202354d34c7e40d
