[INFO] fetching crate autocorrect 2.6.1...
[INFO] testing autocorrect-2.6.1 against 1.69.0 for beta-1.70-1
[INFO] extracting crate autocorrect 2.6.1 into /workspace/builds/worker-3-tc1/source
[INFO] validating manifest of crates.io crate autocorrect 2.6.1 on toolchain 1.69.0
[INFO] running `Command { std: CARGO_HOME="/workspace/cargo-home" RUSTUP_HOME="/workspace/rustup-home" "/workspace/cargo-home/bin/cargo" "+1.69.0" "metadata" "--manifest-path" "Cargo.toml" "--no-deps", kill_on_drop: false }`
[INFO] started tweaking crates.io crate autocorrect 2.6.1
[INFO] finished tweaking crates.io crate autocorrect 2.6.1
[INFO] tweaked toml for crates.io crate autocorrect 2.6.1 written to /workspace/builds/worker-3-tc1/source/Cargo.toml
[INFO] running `Command { std: CARGO_HOME="/workspace/cargo-home" RUSTUP_HOME="/workspace/rustup-home" __CARGO_TEST_CHANNEL_OVERRIDE_DO_NOT_USE_THIS="nightly" "/workspace/cargo-home/bin/cargo" "+1.69.0" "generate-lockfile" "--manifest-path" "Cargo.toml" "-Zno-index-update", kill_on_drop: false }`
[INFO] running `Command { std: CARGO_HOME="/workspace/cargo-home" RUSTUP_HOME="/workspace/rustup-home" "/workspace/cargo-home/bin/cargo" "+1.69.0" "fetch" "--manifest-path" "Cargo.toml", kill_on_drop: false }`
[INFO] [stderr]  Downloading crates ...
[INFO] [stderr]   Downloaded pest_meta v2.6.0
[INFO] [stderr]   Downloaded pest_generator v2.6.0
[INFO] [stderr]   Downloaded pest_derive v2.6.0
[INFO] [stderr]   Downloaded autocorrect-derive v0.2.0
[INFO] [stderr]   Downloaded unsafe-libyaml v0.2.8
[INFO] [stderr]   Downloaded serde_yaml v0.9.21
[INFO] running `Command { std: "docker" "create" "-v" "/var/lib/crater-agent-workspace/builds/worker-3-tc1/target:/opt/rustwide/target:rw,Z" "-v" "/var/lib/crater-agent-workspace/builds/worker-3-tc1/source:/opt/rustwide/workdir:ro,Z" "-v" "/var/lib/crater-agent-workspace/cargo-home:/opt/rustwide/cargo-home:ro,Z" "-v" "/var/lib/crater-agent-workspace/rustup-home:/opt/rustwide/rustup-home:ro,Z" "-e" "SOURCE_DIR=/opt/rustwide/workdir" "-e" "CARGO_TARGET_DIR=/opt/rustwide/target" "-e" "CARGO_HOME=/opt/rustwide/cargo-home" "-e" "RUSTUP_HOME=/opt/rustwide/rustup-home" "-w" "/opt/rustwide/workdir" "-m" "1610612736" "--user" "0:0" "--network" "none" "ghcr.io/rust-lang/crates-build-env/linux@sha256:5ff2268d62e97bff2cde7d5815dd6ed5b47097566f13b8d0ca110b04b60e07ed" "/opt/rustwide/cargo-home/bin/cargo" "+1.69.0" "metadata" "--no-deps" "--format-version=1", kill_on_drop: false }`
[INFO] [stdout] 6fb13ff872f9ba3eea1947980a8da169a493e91fc009be19c96b788a04f9135d
[INFO] running `Command { std: "docker" "start" "-a" "6fb13ff872f9ba3eea1947980a8da169a493e91fc009be19c96b788a04f9135d", kill_on_drop: false }`
[INFO] running `Command { std: "docker" "inspect" "6fb13ff872f9ba3eea1947980a8da169a493e91fc009be19c96b788a04f9135d", kill_on_drop: false }`
[INFO] running `Command { std: "docker" "rm" "-f" "6fb13ff872f9ba3eea1947980a8da169a493e91fc009be19c96b788a04f9135d", kill_on_drop: false }`
[INFO] [stdout] 6fb13ff872f9ba3eea1947980a8da169a493e91fc009be19c96b788a04f9135d
[INFO] running `Command { std: "docker" "create" "-v" "/var/lib/crater-agent-workspace/builds/worker-3-tc1/target:/opt/rustwide/target:rw,Z" "-v" "/var/lib/crater-agent-workspace/builds/worker-3-tc1/source:/opt/rustwide/workdir:ro,Z" "-v" "/var/lib/crater-agent-workspace/cargo-home:/opt/rustwide/cargo-home:ro,Z" "-v" "/var/lib/crater-agent-workspace/rustup-home:/opt/rustwide/rustup-home:ro,Z" "-e" "SOURCE_DIR=/opt/rustwide/workdir" "-e" "CARGO_TARGET_DIR=/opt/rustwide/target" "-e" "CARGO_INCREMENTAL=0" "-e" "RUST_BACKTRACE=full" "-e" "RUSTFLAGS=--cap-lints=warn" "-e" "RUSTDOCFLAGS=--cap-lints=warn" "-e" "CARGO_HOME=/opt/rustwide/cargo-home" "-e" "RUSTUP_HOME=/opt/rustwide/rustup-home" "-w" "/opt/rustwide/workdir" "-m" "1610612736" "--user" "0:0" "--network" "none" "ghcr.io/rust-lang/crates-build-env/linux@sha256:5ff2268d62e97bff2cde7d5815dd6ed5b47097566f13b8d0ca110b04b60e07ed" "/opt/rustwide/cargo-home/bin/cargo" "+1.69.0" "build" "--frozen" "--message-format=json", kill_on_drop: false }`
[INFO] [stdout] d90f8af9de697f980c914f1177c44599d855f3042f9a4fc381e1bd50bc8018e8
[INFO] running `Command { std: "docker" "start" "-a" "d90f8af9de697f980c914f1177c44599d855f3042f9a4fc381e1bd50bc8018e8", kill_on_drop: false }`
[INFO] [stderr]    Compiling ucd-trie v0.1.5
[INFO] [stderr]    Compiling indexmap v1.9.3
[INFO] [stderr]    Compiling syn v1.0.109
[INFO] [stderr]    Compiling syn v2.0.15
[INFO] [stderr]    Compiling bstr v1.4.0
[INFO] [stderr]    Compiling aho-corasick v0.7.20
[INFO] [stderr]    Compiling same-file v1.0.6
[INFO] [stderr]    Compiling thread_local v1.1.7
[INFO] [stderr]    Compiling walkdir v2.3.3
[INFO] [stderr]    Compiling unsafe-libyaml v0.2.8
[INFO] [stderr]    Compiling diff v0.1.13
[INFO] [stderr]    Compiling globset v0.4.10
[INFO] [stderr]    Compiling owo-colors v3.5.0
[INFO] [stderr]    Compiling ignore v0.4.20
[INFO] [stderr]    Compiling thiserror-impl v1.0.40
[INFO] [stderr]    Compiling serde_derive v1.0.160
[INFO] [stderr]    Compiling serde_repr v0.1.12
[INFO] [stderr]    Compiling thiserror v1.0.40
[INFO] [stderr]    Compiling pest v2.6.0
[INFO] [stderr]    Compiling autocorrect-derive v0.2.0
[INFO] [stderr]    Compiling pest_meta v2.6.0
[INFO] [stderr]    Compiling serde v1.0.160
[INFO] [stderr]    Compiling pest_generator v2.6.0
[INFO] [stderr]    Compiling pest_derive v2.6.0
[INFO] [stderr]    Compiling serde_json v1.0.96
[INFO] [stderr]    Compiling serde_yaml v0.9.21
[INFO] [stderr]    Compiling autocorrect v2.6.1 (/opt/rustwide/workdir)
[INFO] [stderr]     Finished dev [unoptimized + debuginfo] target(s) in 20.53s
[INFO] running `Command { std: "docker" "inspect" "d90f8af9de697f980c914f1177c44599d855f3042f9a4fc381e1bd50bc8018e8", kill_on_drop: false }`
[INFO] running `Command { std: "docker" "rm" "-f" "d90f8af9de697f980c914f1177c44599d855f3042f9a4fc381e1bd50bc8018e8", kill_on_drop: false }`
[INFO] [stdout] d90f8af9de697f980c914f1177c44599d855f3042f9a4fc381e1bd50bc8018e8
[INFO] running `Command { std: "docker" "create" "-v" "/var/lib/crater-agent-workspace/builds/worker-3-tc1/target:/opt/rustwide/target:rw,Z" "-v" "/var/lib/crater-agent-workspace/builds/worker-3-tc1/source:/opt/rustwide/workdir:ro,Z" "-v" "/var/lib/crater-agent-workspace/cargo-home:/opt/rustwide/cargo-home:ro,Z" "-v" "/var/lib/crater-agent-workspace/rustup-home:/opt/rustwide/rustup-home:ro,Z" "-e" "SOURCE_DIR=/opt/rustwide/workdir" "-e" "CARGO_TARGET_DIR=/opt/rustwide/target" "-e" "CARGO_INCREMENTAL=0" "-e" "RUST_BACKTRACE=full" "-e" "RUSTFLAGS=--cap-lints=warn" "-e" "RUSTDOCFLAGS=--cap-lints=warn" "-e" "CARGO_HOME=/opt/rustwide/cargo-home" "-e" "RUSTUP_HOME=/opt/rustwide/rustup-home" "-w" "/opt/rustwide/workdir" "-m" "1610612736" "--user" "0:0" "--network" "none" "ghcr.io/rust-lang/crates-build-env/linux@sha256:5ff2268d62e97bff2cde7d5815dd6ed5b47097566f13b8d0ca110b04b60e07ed" "/opt/rustwide/cargo-home/bin/cargo" "+1.69.0" "test" "--frozen" "--no-run" "--message-format=json", kill_on_drop: false }`
[INFO] [stdout] f3b8e3313d8d1ead5d69e5771b16b6d540e2baec53df1b0a107f471f31a55c72
[INFO] running `Command { std: "docker" "start" "-a" "f3b8e3313d8d1ead5d69e5771b16b6d540e2baec53df1b0a107f471f31a55c72", kill_on_drop: false }`
[INFO] [stderr]    Compiling crossbeam-utils v0.8.15
[INFO] [stderr]    Compiling memoffset v0.8.0
[INFO] [stderr]    Compiling crossbeam-epoch v0.9.14
[INFO] [stderr]    Compiling scopeguard v1.1.0
[INFO] [stderr]    Compiling rayon-core v1.11.0
[INFO] [stderr]    Compiling either v1.8.1
[INFO] [stderr]    Compiling num_cpus v1.15.0
[INFO] [stderr]    Compiling unicode-width v0.1.10
[INFO] [stderr]    Compiling plotters-backend v0.3.4
[INFO] [stderr]    Compiling textwrap v0.11.0
[INFO] [stderr]    Compiling itertools v0.10.5
[INFO] [stderr]    Compiling csv-core v0.1.10
[INFO] [stderr]    Compiling plotters-svg v0.3.3
[INFO] [stderr]    Compiling cast v0.3.0
[INFO] [stderr]    Compiling csv v1.2.1
[INFO] [stderr]    Compiling serde_cbor v0.11.2
[INFO] [stderr]    Compiling clap v2.34.0
[INFO] [stderr]    Compiling tinytemplate v1.2.1
[INFO] [stderr]    Compiling plotters v0.3.4
[INFO] [stderr]    Compiling crossbeam-deque v0.8.3
[INFO] [stderr]    Compiling crossbeam-channel v0.5.8
[INFO] [stderr]    Compiling atty v0.2.14
[INFO] [stderr]    Compiling yansi v0.5.1
[INFO] [stderr]    Compiling oorandom v11.1.3
[INFO] [stderr]    Compiling criterion-plot v0.4.5
[INFO] [stderr]    Compiling indoc v1.0.9
[INFO] [stderr]    Compiling pretty_assertions v1.3.0
[INFO] [stderr]    Compiling rayon v1.7.0
[INFO] [stderr]    Compiling criterion v0.3.6
[INFO] [stderr]    Compiling autocorrect v2.6.1 (/opt/rustwide/workdir)
[INFO] [stderr]     Finished test [unoptimized + debuginfo] target(s) in 33.23s
[INFO] running `Command { std: "docker" "inspect" "f3b8e3313d8d1ead5d69e5771b16b6d540e2baec53df1b0a107f471f31a55c72", kill_on_drop: false }`
[INFO] running `Command { std: "docker" "rm" "-f" "f3b8e3313d8d1ead5d69e5771b16b6d540e2baec53df1b0a107f471f31a55c72", kill_on_drop: false }`
[INFO] [stdout] f3b8e3313d8d1ead5d69e5771b16b6d540e2baec53df1b0a107f471f31a55c72
[INFO] running `Command { std: "docker" "create" "-v" "/var/lib/crater-agent-workspace/builds/worker-3-tc1/target:/opt/rustwide/target:rw,Z" "-v" "/var/lib/crater-agent-workspace/builds/worker-3-tc1/source:/opt/rustwide/workdir:ro,Z" "-v" "/var/lib/crater-agent-workspace/cargo-home:/opt/rustwide/cargo-home:ro,Z" "-v" "/var/lib/crater-agent-workspace/rustup-home:/opt/rustwide/rustup-home:ro,Z" "-e" "SOURCE_DIR=/opt/rustwide/workdir" "-e" "CARGO_TARGET_DIR=/opt/rustwide/target" "-e" "CARGO_INCREMENTAL=0" "-e" "RUST_BACKTRACE=full" "-e" "RUSTFLAGS=--cap-lints=warn" "-e" "RUSTDOCFLAGS=--cap-lints=warn" "-e" "CARGO_HOME=/opt/rustwide/cargo-home" "-e" "RUSTUP_HOME=/opt/rustwide/rustup-home" "-w" "/opt/rustwide/workdir" "-m" "1610612736" "--user" "0:0" "--network" "none" "ghcr.io/rust-lang/crates-build-env/linux@sha256:5ff2268d62e97bff2cde7d5815dd6ed5b47097566f13b8d0ca110b04b60e07ed" "/opt/rustwide/cargo-home/bin/cargo" "+1.69.0" "test" "--frozen", kill_on_drop: false }`
[INFO] [stdout] 807c88b164ef525ce8c51ff84d16849d4d70665d67b5e23261de23369d0a422b
[INFO] running `Command { std: "docker" "start" "-a" "807c88b164ef525ce8c51ff84d16849d4d70665d67b5e23261de23369d0a422b", kill_on_drop: false }`
[INFO] [stderr]     Finished test [unoptimized + debuginfo] target(s) in 0.10s
[INFO] [stderr]      Running unittests src/lib.rs (/opt/rustwide/target/debug/deps/autocorrect-c05bdbadaafdbf66)
[INFO] [stdout] 
[INFO] [stdout] running 96 tests
[INFO] [stdout] test code::code::tests::test_codeblock ... ok
[INFO] [stdout] test code::code::tests::test_format_for ... ok
[INFO] [stdout] test code::conf::tests::it_format_conf ... ok
[INFO] [stdout] test code::dart::tests::it_format_dart ... ok
[INFO] [stdout] test code::csharp::tests::it_format_csharp ... ok
[INFO] [stdout] test code::c::tests::it_format_c ... ok
[INFO] [stdout] test code::code::tests::test_lint_for ... ok
[INFO] [stdout] test code::css::tests::it_format_css_pair ... ok
[INFO] [stdout] test code::elixir::tests::it_format_elixir ... ok
[INFO] [stdout] test code::gettext::tests::it_format_gettext ... ok
[INFO] [stdout] test code::html::tests::test_format_html_with_fullpage ... ok
[INFO] [stdout] test code::go::tests::it_format_go ... ok
[INFO] [stdout] test code::java::tests::it_format_java ... ok
[INFO] [stdout] test code::asciidoc::tests::test_format_latex ... ok
[INFO] [stdout] test code::javascript::tests::it_format_javascript_without_any_string ... ok
[INFO] [stdout] test code::json::tests::it_format_json ... ok
[INFO] [stdout] test code::javascript::tests::it_format_javascript ... ok
[INFO] [stdout] test code::jupyter::tests::test_parse_jupyter ... FAILED
[INFO] [stdout] test code::code::tests::test_inline_script_line_number ... ok
[INFO] [stdout] test code::html::tests::test_format_html ... ok
[INFO] [stdout] test code::kotlin::tests::it_format_kotlin ... ok
[INFO] [stdout] test code::html::tests::test_lint_html ... ok
[INFO] [stdout] test code::code::tests::test_disable_rules_all ... ok
[INFO] [stdout] test code::objective_c::tests::it_format_objective_c ... ok
[INFO] [stdout] test code::php::tests::it_format_php ... ok
[INFO] [stdout] test code::ruby::tests::it_format_ruby ... ok
[INFO] [stdout] test code::latex::tests::test_format_latex ... ok
[INFO] [stdout] test code::python::tests::it_format_python ... ok
[INFO] [stdout] test code::markdown::tests::test_lint_for_inline_code ... ok
[INFO] [stdout] test code::strings::tests::it_format_javascript ... ok
[INFO] [stdout] test code::sql::tests::it_format_sql ... ok
[INFO] [stdout] test code::swift::tests::it_format_swift ... ok
[INFO] [stdout] test code::scala::tests::it_format_scala ... ok
[INFO] [stdout] test code::rust::tests::it_format_rust ... ok
[INFO] [stdout] test code::types::tests::is_get_file_extension ... ok
[INFO] [stdout] test code::yaml::tests::it_format_yaml ... ok
[INFO] [stdout] test code::types::tests::is_is_support_type ... ok
[INFO] [stdout] test code::xml::tests::it_format_xml ... ok
[INFO] [stdout] test config::tests::test_file_types_get_ext ... ok
[INFO] [stdout] test config::severity::tests::test_severity_mode_parse ... ok
[INFO] [stdout] test code::types::tests::test_match_filename ... ok
[INFO] [stdout] test config::tests::test_current_config_with_default_config_file ... ok
[INFO] [stdout] test code::jupyter::tests::test_format ... FAILED
[INFO] [stdout] test config::toggle::tests::it_parse ... ok
[INFO] [stdout] test config::toggle::tests::it_parse_with_rules ... ok
[INFO] [stdout] test config::toggle::tests::it_match_rule ... ok
[INFO] [stdout] test code::javascript::tests::it_lint_javascript ... ok
[INFO] [stdout] test config::tests::test_parse_json ... ok
[INFO] [stdout] test config::toggle::tests::test_merge ... ok
[INFO] [stdout] test config::toggle::tests::test_disable_rules ... ok
[INFO] [stdout] test diff::tests::test_color_output ... ok
[INFO] [stdout] test format::tests::it_format_for ... ok
[INFO] [stdout] test config::tests::test_spellcheck_parse_yaml ... ok
[INFO] [stdout] test format::tests::it_format_for_fullwidth_symbols ... ok
[INFO] [stdout] test config::tests::test_merge_config ... ok
[INFO] [stdout] test format::tests::it_format_for_date ... ok
[INFO] [stdout] test format::tests::it_format_for_programming ... ok
[INFO] [stdout] test format::tests::it_format_for_number ... ok
[INFO] [stdout] test format::tests::it_format ... ok
[INFO] [stdout] test format::tests::it_format_for_special_symbols ... ok
[INFO] [stdout] test format::tests::it_format_for_remove_spaces_with_punctuation ... ok
[INFO] [stdout] test format::tests::it_format_with_markdown_td ... ok
[INFO] [stdout] test format::tests::it_format_for_url ... ok
[INFO] [stdout] test format::tests::test_format_halfwidth ... ok
[INFO] [stdout] test format::tests::it_lint_for ... ok
[INFO] [stdout] test ignorer::tests::test_is_ignored ... FAILED
[INFO] [stdout] test result::tests::test_move_cursor ... ok
[INFO] [stdout] test format::tests::it_format_for_space_dash_with_hans ... ok
[INFO] [stdout] test result::tests::test_severity ... ok
[INFO] [stdout] test format::tests::test_format_with_text_rules ... ok
[INFO] [stdout] test rule::halfwidth::tests::test_halfwidth_alphabetic_numbers ... ok
[INFO] [stdout] test rule::fullwidth::tests::test_fullwidth ... ok
[INFO] [stdout] test rule::fullwidth::tests::test_fullwidth_with_cjk ... ok
[INFO] [stdout] test format::tests::it_format_for_specials ... ok
[INFO] [stdout] test format::tests::it_format_for_cjk ... ok
[INFO] [stdout] test rule::halfwidth::tests::test_halfwidth_punctuation_ignores ... ok
[INFO] [stdout] test rule::halfwidth::tests::test_halfwidth_punctuation ... ok
[INFO] [stdout] test rule::rule::tests::test_rule_not_pass ... ok
[INFO] [stdout] test rule::rule::tests::test_rule_pass ... ok
[INFO] [stdout] test rule::halfwidth::tests::test_ignore_left_quote_in_last ... ok
[INFO] [stdout] test rule::halfwidth::tests::test_halfwidth_punctuation_with_in_quote ... ok
[INFO] [stdout] test rule::tests::test_default_rule_names ... ok
[INFO] [stdout] test rule::tests::test_format_after_rules ... ok
[INFO] [stdout] test rule::tests::test_is_match_path ... ok
[INFO] [stdout] test rule::tests::test_is_match_path_hash ... ok
[INFO] [stdout] test rule::tests::test_format_or_lint ... ok
[INFO] [stdout] test rule::tests::test_format_part ... ok
[INFO] [stdout] test tests::test_format ... ok
[INFO] [stdout] test serde_any::de::tests::test_from_str_any ... ok
[INFO] [stdout] test tests::test_format_for ... ok
[INFO] [stdout] test rule::tests::test_rules ... ok
[INFO] [stdout] test rule::spellcheck::tests::test_spellcheck_for_special_cases ... ok
[INFO] [stdout] test rule::spellcheck::tests::test_spellcheck_all ... ok
[INFO] [stdout] test rule::spellcheck::tests::test_spellcheck_basic ... ok
[INFO] [stdout] test code::markdown::tests::test_format_markdown ... ok
[INFO] [stdout] test code::html::tests::test_bad_html ... ok
[INFO] [stderr] error: test failed, to rerun pass `--lib`
[INFO] [stdout] 
[INFO] [stdout] failures:
[INFO] [stdout] 
[INFO] [stdout] ---- code::jupyter::tests::test_parse_jupyter stdout ----
[INFO] [stdout] thread 'code::jupyter::tests::test_parse_jupyter' panicked at 'assertion failed: `(left == right)`
[INFO] [stdout] 
[INFO] [stdout] [1mDiff[0m [31m< left[0m / [32mright >[0m :
[INFO] [stdout]  Array [
[INFO] [stdout]      Object {
[INFO] [stdout]          "cell_type": String("markdown"),
[INFO] [stdout]          "sources": Array [
[INFO] [stdout]              Object {
[INFO] [stdout]                  "end": Number(126),
[INFO] [stdout]                  "input": String("# CHAPTER 1时间序列\\n"),
[INFO] [stdout]                  "line_col": Array [
[INFO] [stdout]                      Number(7),
[INFO] [stdout] [31m<                    Number([0m[1;48;5;52;31m9[0m[31m),[0m
[INFO] [stdout] [32m>                    Number([0m[1;48;5;22;32m10[0m[32m),[0m
[INFO] [stdout]                  ],
[INFO] [stdout]                  "start": Number(101),
[INFO] [stdout]              },
[INFO] [stdout]              Object {
[INFO] [stdout]                  "end": Number(243),
[INFO] [stdout]                  "input": String("python有标准包用来表示时间和日期数据datetime, time, calendar这些模块经常被使用。"),
[INFO] [stdout]                  "line_col": Array [
[INFO] [stdout]                      Number(8),
[INFO] [stdout] [31m<                    Number([0m[1;48;5;52;31m9[0m[31m),[0m
[INFO] [stdout] [32m>                    Number([0m[1;48;5;22;32m10[0m[32m),[0m
[INFO] [stdout]                  ],
[INFO] [stdout]                  "start": Number(138),
[INFO] [stdout]              },
[INFO] [stdout]          ],
[INFO] [stdout]      },
[INFO] [stdout]      Object {
[INFO] [stdout]          "cell_type": String("code"),
[INFO] [stdout]          "sources": Array [
[INFO] [stdout]              Object {
[INFO] [stdout]                  "end": Number(449),
[INFO] [stdout]                  "input": String("# 这里是comment注释"),
[INFO] [stdout]                  "line_col": Array [
[INFO] [stdout]                      Number(19),
[INFO] [stdout] [31m<                    Number([0m[1;48;5;52;31m9[0m[31m),[0m
[INFO] [stdout] [32m>                    Number([0m[1;48;5;22;32m10[0m[32m),[0m
[INFO] [stdout]                  ],
[INFO] [stdout]                  "start": Number(425),
[INFO] [stdout]              },
[INFO] [stdout]              Object {
[INFO] [stdout]                  "end": Number(480),
[INFO] [stdout]                  "input": String("import pandas as pd"),
[INFO] [stdout]                  "line_col": Array [
[INFO] [stdout]                      Number(20),
[INFO] [stdout] [31m<                    Number([0m[1;48;5;52;31m9[0m[31m),[0m
[INFO] [stdout] [32m>                    Number([0m[1;48;5;22;32m10[0m[32m),[0m
[INFO] [stdout]                  ],
[INFO] [stdout]                  "start": Number(461),
[INFO] [stdout]              },
[INFO] [stdout]          ],
[INFO] [stdout]      },
[INFO] [stdout]      Object {
[INFO] [stdout]          "cell_type": String("md"),
[INFO] [stdout]          "sources": Array [
[INFO] [stdout]              Object {
[INFO] [stdout]                  "end": Number(546),
[INFO] [stdout]                  "input": String("## Hello世界\\n"),
[INFO] [stdout]                  "line_col": Array [
[INFO] [stdout]                      Number(25),
[INFO] [stdout] [31m<                    Number([0m[1;48;5;52;31m9[0m[31m),[0m
[INFO] [stdout] [32m>                    Number([0m[1;48;5;22;32m10[0m[32m),[0m
[INFO] [stdout]                  ],
[INFO] [stdout]                  "start": Number(530),
[INFO] [stdout]              },
[INFO] [stdout]              Object {
[INFO] [stdout]                  "end": Number(637),
[INFO] [stdout]                  "input": String("Fixed periods固定的时期,比如2007年的一月，或者2010年整整一年"),
[INFO] [stdout]                  "line_col": Array [
[INFO] [stdout]                      Number(26),
[INFO] [stdout] [31m<                    Number([0m[1;48;5;52;31m9[0m[31m),[0m
[INFO] [stdout] [32m>                    Number([0m[1;48;5;22;32m10[0m[32m),[0m
[INFO] [stdout]                  ],
[INFO] [stdout]                  "start": Number(558),
[INFO] [stdout]              },
[INFO] [stdout]          ],
[INFO] [stdout]      },
[INFO] [stdout]      Object {
[INFO] [stdout]          "cell_type": String("md"),
[INFO] [stdout]          "sources": Array [
[INFO] [stdout]              Object {
[INFO] [stdout]                  "end": Number(756),
[INFO] [stdout]                  "input": String("## Hello世界1\\n"),
[INFO] [stdout]                  "line_col": Array [
[INFO] [stdout]                      Number(33),
[INFO] [stdout] [31m<                    Number([0m[1;48;5;52;31m9[0m[31m),[0m
[INFO] [stdout] [32m>                    Number([0m[1;48;5;22;32m10[0m[32m),[0m
[INFO] [stdout]                  ],
[INFO] [stdout]                  "start": Number(739),
[INFO] [stdout]              },
[INFO] [stdout]              Object {
[INFO] [stdout]                  "end": Number(820),
[INFO] [stdout]                  "input": String("比如2007年的一月，或者2010年整整一年"),
[INFO] [stdout]                  "line_col": Array [
[INFO] [stdout]                      Number(34),
[INFO] [stdout] [31m<                    Number(1[0m[1;48;5;52;31m1[0m[31m),[0m
[INFO] [stdout] [32m>                    Number(1[0m[1;48;5;22;32m2[0m[32m),[0m
[INFO] [stdout]                  ],
[INFO] [stdout]                  "start": Number(770),
[INFO] [stdout]              },
[INFO] [stdout]          ],
[INFO] [stdout]      },
[INFO] [stdout]  ]
[INFO] [stdout] 
[INFO] [stdout] ', src/code/jupyter.rs:295:9
[INFO] [stdout] stack backtrace:
[INFO] [stdout]    0:     0x55c901187ada - std::backtrace_rs::backtrace::libunwind::trace::ha9053a9a07ca49cb
[INFO] [stdout]                                at /rustc/84c898d65adf2f39a5a98507f1fe0ce10a2b8dbc/library/std/src/../../backtrace/src/backtrace/libunwind.rs:93:5
[INFO] [stdout]    1:     0x55c901187ada - std::backtrace_rs::backtrace::trace_unsynchronized::h9c2852a457ad564e
[INFO] [stdout]                                at /rustc/84c898d65adf2f39a5a98507f1fe0ce10a2b8dbc/library/std/src/../../backtrace/src/backtrace/mod.rs:66:5
[INFO] [stdout]    2:     0x55c901187ada - std::sys_common::backtrace::_print_fmt::h457936fbfaa0070f
[INFO] [stdout]                                at /rustc/84c898d65adf2f39a5a98507f1fe0ce10a2b8dbc/library/std/src/sys_common/backtrace.rs:65:5
[INFO] [stdout]    3:     0x55c901187ada - <std::sys_common::backtrace::_print::DisplayBacktrace as core::fmt::Display>::fmt::h5779d7bf7f70cb0c
[INFO] [stdout]                                at /rustc/84c898d65adf2f39a5a98507f1fe0ce10a2b8dbc/library/std/src/sys_common/backtrace.rs:44:22
[INFO] [stdout]    4:     0x55c9011ae4be - core::fmt::write::h5a4baaff1bcd3eb5
[INFO] [stdout]                                at /rustc/84c898d65adf2f39a5a98507f1fe0ce10a2b8dbc/library/core/src/fmt/mod.rs:1232:17
[INFO] [stdout]    5:     0x55c901184c95 - std::io::Write::write_fmt::h478f79c628ef31d1
[INFO] [stdout]                                at /rustc/84c898d65adf2f39a5a98507f1fe0ce10a2b8dbc/library/std/src/io/mod.rs:1684:15
[INFO] [stdout]    6:     0x55c9011878a5 - std::sys_common::backtrace::_print::h5fcdc36060f177e8
[INFO] [stdout]                                at /rustc/84c898d65adf2f39a5a98507f1fe0ce10a2b8dbc/library/std/src/sys_common/backtrace.rs:47:5
[INFO] [stdout]    7:     0x55c9011878a5 - std::sys_common::backtrace::print::h54ca9458b876c8bf
[INFO] [stdout]                                at /rustc/84c898d65adf2f39a5a98507f1fe0ce10a2b8dbc/library/std/src/sys_common/backtrace.rs:34:9
[INFO] [stdout]    8:     0x55c90118966f - std::panicking::default_hook::{{closure}}::hbe471161c7664ed6
[INFO] [stdout]                                at /rustc/84c898d65adf2f39a5a98507f1fe0ce10a2b8dbc/library/std/src/panicking.rs:271:22
[INFO] [stdout]    9:     0x55c90118932f - std::panicking::default_hook::ha3500da57aa4ac4f
[INFO] [stdout]                                at /rustc/84c898d65adf2f39a5a98507f1fe0ce10a2b8dbc/library/std/src/panicking.rs:287:9
[INFO] [stdout]   10:     0x55c900f17407 - <alloc::boxed::Box<F,A> as core::ops::function::Fn<Args>>::call::hdf1b89dd137ece34
[INFO] [stdout]                                at /rustc/84c898d65adf2f39a5a98507f1fe0ce10a2b8dbc/library/alloc/src/boxed.rs:2001:9
[INFO] [stdout]   11:     0x55c900f17407 - test::test_main::{{closure}}::h9081a79f20e75698
[INFO] [stdout]                                at /rustc/84c898d65adf2f39a5a98507f1fe0ce10a2b8dbc/library/test/src/lib.rs:135:21
[INFO] [stdout]   12:     0x55c901189d9d - <alloc::boxed::Box<F,A> as core::ops::function::Fn<Args>>::call::h6507bddc3eebb4a5
[INFO] [stdout]                                at /rustc/84c898d65adf2f39a5a98507f1fe0ce10a2b8dbc/library/alloc/src/boxed.rs:2001:9
[INFO] [stdout]   13:     0x55c901189d9d - std::panicking::rust_panic_with_hook::h50c09d000dc561d2
[INFO] [stdout]                                at /rustc/84c898d65adf2f39a5a98507f1fe0ce10a2b8dbc/library/std/src/panicking.rs:696:13
[INFO] [stdout]   14:     0x55c901189b19 - std::panicking::begin_panic_handler::{{closure}}::h9e2b2176e00e0d9c
[INFO] [stdout]                                at /rustc/84c898d65adf2f39a5a98507f1fe0ce10a2b8dbc/library/std/src/panicking.rs:583:13
[INFO] [stdout]   15:     0x55c901187f46 - std::sys_common::backtrace::__rust_end_short_backtrace::h5739b8e512c09d02
[INFO] [stdout]                                at /rustc/84c898d65adf2f39a5a98507f1fe0ce10a2b8dbc/library/std/src/sys_common/backtrace.rs:150:18
[INFO] [stdout]   16:     0x55c901189822 - rust_begin_unwind
[INFO] [stdout]                                at /rustc/84c898d65adf2f39a5a98507f1fe0ce10a2b8dbc/library/std/src/panicking.rs:579:5
[INFO] [stdout]   17:     0x55c90082a0b3 - core::panicking::panic_fmt::hf33a1475b4dc5c3e
[INFO] [stdout]                                at /rustc/84c898d65adf2f39a5a98507f1fe0ce10a2b8dbc/library/core/src/panicking.rs:64:14
[INFO] [stdout]   18:     0x55c900ab5cb4 - autocorrect::code::jupyter::tests::test_parse_jupyter::h4a585c61d7ab8d9c
[INFO] [stdout]                                at /opt/rustwide/workdir/src/code/jupyter.rs:295:9
[INFO] [stdout]   19:     0x55c900ab57b7 - autocorrect::code::jupyter::tests::test_parse_jupyter::{{closure}}::h189f4f9d5b742864
[INFO] [stdout]                                at /opt/rustwide/workdir/src/code/jupyter.rs:176:29
[INFO] [stdout]   20:     0x55c900a96a75 - core::ops::function::FnOnce::call_once::hb42ba58f060c7974
[INFO] [stdout]                                at /rustc/84c898d65adf2f39a5a98507f1fe0ce10a2b8dbc/library/core/src/ops/function.rs:250:5
[INFO] [stdout]   21:     0x55c900f1c7ef - core::ops::function::FnOnce::call_once::h7d969581be7d0075
[INFO] [stdout]                                at /rustc/84c898d65adf2f39a5a98507f1fe0ce10a2b8dbc/library/core/src/ops/function.rs:250:5
[INFO] [stdout]   22:     0x55c900f1c7ef - test::__rust_begin_short_backtrace::hca25a52684e56655
[INFO] [stdout]                                at /rustc/84c898d65adf2f39a5a98507f1fe0ce10a2b8dbc/library/test/src/lib.rs:656:18
[INFO] [stdout]   23:     0x55c900eede0c - test::run_test::{{closure}}::ha8ac744c4af1a4bb
[INFO] [stdout]                                at /rustc/84c898d65adf2f39a5a98507f1fe0ce10a2b8dbc/library/test/src/lib.rs:647:30
[INFO] [stdout]   24:     0x55c900eede0c - core::ops::function::FnOnce::call_once{{vtable.shim}}::h7b411a9ed45bdecf
[INFO] [stdout]                                at /rustc/84c898d65adf2f39a5a98507f1fe0ce10a2b8dbc/library/core/src/ops/function.rs:250:5
[INFO] [stdout]   25:     0x55c900f1b7b6 - <alloc::boxed::Box<F,A> as core::ops::function::FnOnce<Args>>::call_once::hd05328869a8ed200
[INFO] [stdout]                                at /rustc/84c898d65adf2f39a5a98507f1fe0ce10a2b8dbc/library/alloc/src/boxed.rs:1987:9
[INFO] [stdout]   26:     0x55c900f1b7b6 - <core::panic::unwind_safe::AssertUnwindSafe<F> as core::ops::function::FnOnce<()>>::call_once::h0c601ce20bd5b2be
[INFO] [stdout]                                at /rustc/84c898d65adf2f39a5a98507f1fe0ce10a2b8dbc/library/core/src/panic/unwind_safe.rs:271:9
[INFO] [stdout]   27:     0x55c900f1b7b6 - std::panicking::try::do_call::ha4be5c164fe30854
[INFO] [stdout]                                at /rustc/84c898d65adf2f39a5a98507f1fe0ce10a2b8dbc/library/std/src/panicking.rs:487:40
[INFO] [stdout]   28:     0x55c900f1b7b6 - std::panicking::try::h604546f3609af05f
[INFO] [stdout]                                at /rustc/84c898d65adf2f39a5a98507f1fe0ce10a2b8dbc/library/std/src/panicking.rs:451:19
[INFO] [stdout]   29:     0x55c900f1b7b6 - std::panic::catch_unwind::h5bfa8afe44c9c2f9
[INFO] [stdout]                                at /rustc/84c898d65adf2f39a5a98507f1fe0ce10a2b8dbc/library/std/src/panic.rs:140:14
[INFO] [stdout]   30:     0x55c900f1b7b6 - test::run_test_in_process::hd50dee55dd63e6aa
[INFO] [stdout]                                at /rustc/84c898d65adf2f39a5a98507f1fe0ce10a2b8dbc/library/test/src/lib.rs:679:27
[INFO] [stdout]   31:     0x55c900f1b7b6 - test::run_test::run_test_inner::{{closure}}::h4aa0f433aa85cea8
[INFO] [stdout]                                at /rustc/84c898d65adf2f39a5a98507f1fe0ce10a2b8dbc/library/test/src/lib.rs:573:39
[INFO] [stdout]   32:     0x55c900ee8481 - test::run_test::run_test_inner::{{closure}}::had56431adf24b4d6
[INFO] [stdout]                                at /rustc/84c898d65adf2f39a5a98507f1fe0ce10a2b8dbc/library/test/src/lib.rs:600:37
[INFO] [stdout]   33:     0x55c900ee8481 - std::sys_common::backtrace::__rust_begin_short_backtrace::ha8d9890e0c73bf13
[INFO] [stdout]                                at /rustc/84c898d65adf2f39a5a98507f1fe0ce10a2b8dbc/library/std/src/sys_common/backtrace.rs:134:18
[INFO] [stdout]   34:     0x55c900eede9b - std::thread::Builder::spawn_unchecked_::{{closure}}::{{closure}}::h251832bcb4a95327
[INFO] [stdout]                                at /rustc/84c898d65adf2f39a5a98507f1fe0ce10a2b8dbc/library/std/src/thread/mod.rs:560:17
[INFO] [stdout]   35:     0x55c900eede9b - <core::panic::unwind_safe::AssertUnwindSafe<F> as core::ops::function::FnOnce<()>>::call_once::h8fdff598fa414831
[INFO] [stdout]                                at /rustc/84c898d65adf2f39a5a98507f1fe0ce10a2b8dbc/library/core/src/panic/unwind_safe.rs:271:9
[INFO] [stdout]   36:     0x55c900eede9b - std::panicking::try::do_call::h455dd2f7764a950f
[INFO] [stdout]                                at /rustc/84c898d65adf2f39a5a98507f1fe0ce10a2b8dbc/library/std/src/panicking.rs:487:40
[INFO] [stdout]   37:     0x55c900eede9b - std::panicking::try::had6f23b7b73ae72a
[INFO] [stdout]                                at /rustc/84c898d65adf2f39a5a98507f1fe0ce10a2b8dbc/library/std/src/panicking.rs:451:19
[INFO] [stdout]   38:     0x55c900eede9b - std::panic::catch_unwind::ha6a5ca3915b4dad0
[INFO] [stdout]                                at /rustc/84c898d65adf2f39a5a98507f1fe0ce10a2b8dbc/library/std/src/panic.rs:140:14
[INFO] [stdout]   39:     0x55c900eede9b - std::thread::Builder::spawn_unchecked_::{{closure}}::h883b72ef75da6231
[INFO] [stdout]                                at /rustc/84c898d65adf2f39a5a98507f1fe0ce10a2b8dbc/library/std/src/thread/mod.rs:559:30
[INFO] [stdout]   40:     0x55c900eede9b - core::ops::function::FnOnce::call_once{{vtable.shim}}::hb7dff73dc8bd2ccb
[INFO] [stdout]                                at /rustc/84c898d65adf2f39a5a98507f1fe0ce10a2b8dbc/library/core/src/ops/function.rs:250:5
[INFO] [stdout]   41:     0x55c90118e133 - <alloc::boxed::Box<F,A> as core::ops::function::FnOnce<Args>>::call_once::h39990b24eedef2ab
[INFO] [stdout]                                at /rustc/84c898d65adf2f39a5a98507f1fe0ce10a2b8dbc/library/alloc/src/boxed.rs:1987:9
[INFO] [stdout]   42:     0x55c90118e133 - <alloc::boxed::Box<F,A> as core::ops::function::FnOnce<Args>>::call_once::h01a027258444143b
[INFO] [stdout]                                at /rustc/84c898d65adf2f39a5a98507f1fe0ce10a2b8dbc/library/alloc/src/boxed.rs:1987:9
[INFO] [stdout]   43:     0x55c90118e133 - std::sys::unix::thread::Thread::new::thread_start::ha4f1cdd9c25884ba
[INFO] [stdout]                                at /rustc/84c898d65adf2f39a5a98507f1fe0ce10a2b8dbc/library/std/src/sys/unix/thread.rs:108:17
[INFO] [stdout]   44:     0x7f18696d3b43 - <unknown>
[INFO] [stdout]   45:     0x7f1869764bb4 - __clone
[INFO] [stdout]   46:                0x0 - <unknown>
[INFO] [stdout] 
[INFO] [stdout] ---- code::jupyter::tests::test_format stdout ----
[INFO] [stdout] thread 'code::jupyter::tests::test_format' panicked at 'assertion failed: `(left == right)`
[INFO] [stdout] 
[INFO] [stdout] [1mDiff[0m [31m< left[0m / [32mright >[0m :
[INFO] [stdout]  {
[INFO] [stdout]    "filepath": "",
[INFO] [stdout]    "lines": [
[INFO] [stdout]      {
[INFO] [stdout]        "l": 7,
[INFO] [stdout] [31m<      "c": 1[0m[1;48;5;52;31m2[0m[31m,[0m
[INFO] [stdout] [32m>      "c": 1[0m[1;48;5;22;32m3[0m[32m,[0m
[INFO] [stdout]        "new": "CHAPTER 1 时间序列\\n",
[INFO] [stdout]        "old": "CHAPTER 1时间序列\\n",
[INFO] [stdout]        "severity": 1
[INFO] [stdout]      },
[INFO] [stdout]      {
[INFO] [stdout]        "l": 8,
[INFO] [stdout] [31m<      "c": 1[0m[1;48;5;52;31m0[0m[31m,[0m
[INFO] [stdout] [32m>      "c": 1[0m[1;48;5;22;32m1[0m[32m,[0m
[INFO] [stdout]        "new": "python 有标准包用来表示时间和日期数据 datetime, time, calendar 这些模块经常被使用。",
[INFO] [stdout]        "old": "python有标准包用来表示时间和日期数据datetime, time, calendar这些模块经常被使用。",
[INFO] [stdout]        "severity": 1
[INFO] [stdout]      },
[INFO] [stdout]      {
[INFO] [stdout]        "l": 25,
[INFO] [stdout] [31m<      "c": 1[0m[1;48;5;52;31m3[0m[31m,[0m
[INFO] [stdout] [32m>      "c": 1[0m[1;48;5;22;32m4[0m[32m,[0m
[INFO] [stdout]        "new": "Hello 世界\\n",
[INFO] [stdout]        "old": "Hello世界\\n",
[INFO] [stdout]        "severity": 1
[INFO] [stdout]      },
[INFO] [stdout]      {
[INFO] [stdout]        "l": 26,
[INFO] [stdout] [31m<      "c": 1[0m[1;48;5;52;31m0[0m[31m,[0m
[INFO] [stdout] [32m>      "c": 1[0m[1;48;5;22;32m1[0m[32m,[0m
[INFO] [stdout]        "new": "Fixed periods 固定的时期，比如 2007 年的一月，或者 2010 年整整一年",
[INFO] [stdout]        "old": "Fixed periods固定的时期,比如2007年的一月，或者2010年整整一年",
[INFO] [stdout]        "severity": 1
[INFO] [stdout]      },
[INFO] [stdout]      {
[INFO] [stdout]        "l": 33,
[INFO] [stdout] [31m<      "c": 1[0m[1;48;5;52;31m3[0m[31m,[0m
[INFO] [stdout] [32m>      "c": 1[0m[1;48;5;22;32m4[0m[32m,[0m
[INFO] [stdout]        "new": "Hello 世界 1\\n",
[INFO] [stdout]        "old": "Hello世界1\\n",
[INFO] [stdout]        "severity": 1
[INFO] [stdout]      },
[INFO] [stdout]      {
[INFO] [stdout]        "l": 34,
[INFO] [stdout] [31m<      "c": 1[0m[1;48;5;52;31m0[0m[31m,[0m
[INFO] [stdout] [32m>      "c": 1[0m[1;48;5;22;32m1[0m[32m,[0m
[INFO] [stdout]        "new": "比如 2007 年的一月，或者 2010 年整整一年",
[INFO] [stdout]        "old": "比如2007年的一月，或者2010年整整一年",
[INFO] [stdout]        "severity": 1
[INFO] [stdout]      }
[INFO] [stdout]    ],
[INFO] [stdout]    "error": ""
[INFO] [stdout]  }
[INFO] [stdout] 
[INFO] [stdout] ', src/code/jupyter.rs:398:9
[INFO] [stdout] stack backtrace:
[INFO] [stdout]    0:     0x55c901187ada - std::backtrace_rs::backtrace::libunwind::trace::ha9053a9a07ca49cb
[INFO] [stdout]                                at /rustc/84c898d65adf2f39a5a98507f1fe0ce10a2b8dbc/library/std/src/../../backtrace/src/backtrace/libunwind.rs:93:5
[INFO] [stdout]    1:     0x55c901187ada - std::backtrace_rs::backtrace::trace_unsynchronized::h9c2852a457ad564e
[INFO] [stdout]                                at /rustc/84c898d65adf2f39a5a98507f1fe0ce10a2b8dbc/library/std/src/../../backtrace/src/backtrace/mod.rs:66:5
[INFO] [stdout]    2:     0x55c901187ada - std::sys_common::backtrace::_print_fmt::h457936fbfaa0070f
[INFO] [stdout]                                at /rustc/84c898d65adf2f39a5a98507f1fe0ce10a2b8dbc/library/std/src/sys_common/backtrace.rs:65:5
[INFO] [stdout]    3:     0x55c901187ada - <std::sys_common::backtrace::_print::DisplayBacktrace as core::fmt::Display>::fmt::h5779d7bf7f70cb0c
[INFO] [stdout]                                at /rustc/84c898d65adf2f39a5a98507f1fe0ce10a2b8dbc/library/std/src/sys_common/backtrace.rs:44:22
[INFO] [stdout]    4:     0x55c9011ae4be - core::fmt::write::h5a4baaff1bcd3eb5
[INFO] [stdout]                                at /rustc/84c898d65adf2f39a5a98507f1fe0ce10a2b8dbc/library/core/src/fmt/mod.rs:1232:17
[INFO] [stdout]    5:     0x55c901184c95 - std::io::Write::write_fmt::h478f79c628ef31d1
[INFO] [stdout]                                at /rustc/84c898d65adf2f39a5a98507f1fe0ce10a2b8dbc/library/std/src/io/mod.rs:1684:15
[INFO] [stdout]    6:     0x55c9011878a5 - std::sys_common::backtrace::_print::h5fcdc36060f177e8
[INFO] [stdout]                                at /rustc/84c898d65adf2f39a5a98507f1fe0ce10a2b8dbc/library/std/src/sys_common/backtrace.rs:47:5
[INFO] [stdout]    7:     0x55c9011878a5 - std::sys_common::backtrace::print::h54ca9458b876c8bf
[INFO] [stdout]                                at /rustc/84c898d65adf2f39a5a98507f1fe0ce10a2b8dbc/library/std/src/sys_common/backtrace.rs:34:9
[INFO] [stdout]    8:     0x55c90118966f - std::panicking::default_hook::{{closure}}::hbe471161c7664ed6
[INFO] [stdout]                                at /rustc/84c898d65adf2f39a5a98507f1fe0ce10a2b8dbc/library/std/src/panicking.rs:271:22
[INFO] [stdout]    9:     0x55c90118932f - std::panicking::default_hook::ha3500da57aa4ac4f
[INFO] [stdout]                                at /rustc/84c898d65adf2f39a5a98507f1fe0ce10a2b8dbc/library/std/src/panicking.rs:287:9
[INFO] [stdout]   10:     0x55c900f17407 - <alloc::boxed::Box<F,A> as core::ops::function::Fn<Args>>::call::hdf1b89dd137ece34
[INFO] [stdout]                                at /rustc/84c898d65adf2f39a5a98507f1fe0ce10a2b8dbc/library/alloc/src/boxed.rs:2001:9
[INFO] [stdout]   11:     0x55c900f17407 - test::test_main::{{closure}}::h9081a79f20e75698
[INFO] [stdout]                                at /rustc/84c898d65adf2f39a5a98507f1fe0ce10a2b8dbc/library/test/src/lib.rs:135:21
[INFO] [stdout]   12:     0x55c901189d9d - <alloc::boxed::Box<F,A> as core::ops::function::Fn<Args>>::call::h6507bddc3eebb4a5
[INFO] [stdout]                                at /rustc/84c898d65adf2f39a5a98507f1fe0ce10a2b8dbc/library/alloc/src/boxed.rs:2001:9
[INFO] [stdout]   13:     0x55c901189d9d - std::panicking::rust_panic_with_hook::h50c09d000dc561d2
[INFO] [stdout]                                at /rustc/84c898d65adf2f39a5a98507f1fe0ce10a2b8dbc/library/std/src/panicking.rs:696:13
[INFO] [stdout]   14:     0x55c901189b19 - std::panicking::begin_panic_handler::{{closure}}::h9e2b2176e00e0d9c
[INFO] [stdout]                                at /rustc/84c898d65adf2f39a5a98507f1fe0ce10a2b8dbc/library/std/src/panicking.rs:583:13
[INFO] [stdout]   15:     0x55c901187f46 - std::sys_common::backtrace::__rust_end_short_backtrace::h5739b8e512c09d02
[INFO] [stdout]                                at /rustc/84c898d65adf2f39a5a98507f1fe0ce10a2b8dbc/library/std/src/sys_common/backtrace.rs:150:18
[INFO] [stdout]   16:     0x55c901189822 - rust_begin_unwind
[INFO] [stdout]                                at /rustc/84c898d65adf2f39a5a98507f1fe0ce10a2b8dbc/library/std/src/panicking.rs:579:5
[INFO] [stdout]   17:     0x55c90082a0b3 - core::panicking::panic_fmt::hf33a1475b4dc5c3e
[INFO] [stdout]                                at /rustc/84c898d65adf2f39a5a98507f1fe0ce10a2b8dbc/library/core/src/panicking.rs:64:14
[INFO] [stdout]   18:     0x55c900ab63e6 - autocorrect::code::jupyter::tests::test_format::hf0e93c2f9a0e05de
[INFO] [stdout]                                at /opt/rustwide/workdir/src/code/jupyter.rs:398:9
[INFO] [stdout]   19:     0x55c900ab5d27 - autocorrect::code::jupyter::tests::test_format::{{closure}}::h6eede5d2442a0190
[INFO] [stdout]                                at /opt/rustwide/workdir/src/code/jupyter.rs:299:22
[INFO] [stdout]   20:     0x55c900a914c5 - core::ops::function::FnOnce::call_once::h3187897cdd8ba6ea
[INFO] [stdout]                                at /rustc/84c898d65adf2f39a5a98507f1fe0ce10a2b8dbc/library/core/src/ops/function.rs:250:5
[INFO] [stdout]   21:     0x55c900f1c7ef - core::ops::function::FnOnce::call_once::h7d969581be7d0075
[INFO] [stdout]                                at /rustc/84c898d65adf2f39a5a98507f1fe0ce10a2b8dbc/library/core/src/ops/function.rs:250:5
[INFO] [stdout]   22:     0x55c900f1c7ef - test::__rust_begin_short_backtrace::hca25a52684e56655
[INFO] [stdout]                                at /rustc/84c898d65adf2f39a5a98507f1fe0ce10a2b8dbc/library/test/src/lib.rs:656:18
[INFO] [stdout]   23:     0x55c900eede0c - test::run_test::{{closure}}::ha8ac744c4af1a4bb
[INFO] [stdout]                                at /rustc/84c898d65adf2f39a5a98507f1fe0ce10a2b8dbc/library/test/src/lib.rs:647:30
[INFO] [stdout]   24:     0x55c900eede0c - core::ops::function::FnOnce::call_once{{vtable.shim}}::h7b411a9ed45bdecf
[INFO] [stdout]                                at /rustc/84c898d65adf2f39a5a98507f1fe0ce10a2b8dbc/library/core/src/ops/function.rs:250:5
[INFO] [stdout]   25:     0x55c900f1b7b6 - <alloc::boxed::Box<F,A> as core::ops::function::FnOnce<Args>>::call_once::hd05328869a8ed200
[INFO] [stdout]                                at /rustc/84c898d65adf2f39a5a98507f1fe0ce10a2b8dbc/library/alloc/src/boxed.rs:1987:9
[INFO] [stdout]   26:     0x55c900f1b7b6 - <core::panic::unwind_safe::AssertUnwindSafe<F> as core::ops::function::FnOnce<()>>::call_once::h0c601ce20bd5b2be
[INFO] [stdout]                                at /rustc/84c898d65adf2f39a5a98507f1fe0ce10a2b8dbc/library/core/src/panic/unwind_safe.rs:271:9
[INFO] [stdout]   27:     0x55c900f1b7b6 - std::panicking::try::do_call::ha4be5c164fe30854
[INFO] [stdout]                                at /rustc/84c898d65adf2f39a5a98507f1fe0ce10a2b8dbc/library/std/src/panicking.rs:487:40
[INFO] [stdout]   28:     0x55c900f1b7b6 - std::panicking::try::h604546f3609af05f
[INFO] [stdout]                                at /rustc/84c898d65adf2f39a5a98507f1fe0ce10a2b8dbc/library/std/src/panicking.rs:451:19
[INFO] [stdout]   29:     0x55c900f1b7b6 - std::panic::catch_unwind::h5bfa8afe44c9c2f9
[INFO] [stdout]                                at /rustc/84c898d65adf2f39a5a98507f1fe0ce10a2b8dbc/library/std/src/panic.rs:140:14
[INFO] [stdout]   30:     0x55c900f1b7b6 - test::run_test_in_process::hd50dee55dd63e6aa
[INFO] [stdout]                                at /rustc/84c898d65adf2f39a5a98507f1fe0ce10a2b8dbc/library/test/src/lib.rs:679:27
[INFO] [stdout]   31:     0x55c900f1b7b6 - test::run_test::run_test_inner::{{closure}}::h4aa0f433aa85cea8
[INFO] [stdout]                                at /rustc/84c898d65adf2f39a5a98507f1fe0ce10a2b8dbc/library/test/src/lib.rs:573:39
[INFO] [stdout]   32:     0x55c900ee8481 - test::run_test::run_test_inner::{{closure}}::had56431adf24b4d6
[INFO] [stdout]                                at /rustc/84c898d65adf2f39a5a98507f1fe0ce10a2b8dbc/library/test/src/lib.rs:600:37
[INFO] [stdout]   33:     0x55c900ee8481 - std::sys_common::backtrace::__rust_begin_short_backtrace::ha8d9890e0c73bf13
[INFO] [stdout]                                at /rustc/84c898d65adf2f39a5a98507f1fe0ce10a2b8dbc/library/std/src/sys_common/backtrace.rs:134:18
[INFO] [stdout]   34:     0x55c900eede9b - std::thread::Builder::spawn_unchecked_::{{closure}}::{{closure}}::h251832bcb4a95327
[INFO] [stdout]                                at /rustc/84c898d65adf2f39a5a98507f1fe0ce10a2b8dbc/library/std/src/thread/mod.rs:560:17
[INFO] [stdout]   35:     0x55c900eede9b - <core::panic::unwind_safe::AssertUnwindSafe<F> as core::ops::function::FnOnce<()>>::call_once::h8fdff598fa414831
[INFO] [stdout]                                at /rustc/84c898d65adf2f39a5a98507f1fe0ce10a2b8dbc/library/core/src/panic/unwind_safe.rs:271:9
[INFO] [stdout]   36:     0x55c900eede9b - std::panicking::try::do_call::h455dd2f7764a950f
[INFO] [stdout]                                at /rustc/84c898d65adf2f39a5a98507f1fe0ce10a2b8dbc/library/std/src/panicking.rs:487:40
[INFO] [stdout]   37:     0x55c900eede9b - std::panicking::try::had6f23b7b73ae72a
[INFO] [stdout]                                at /rustc/84c898d65adf2f39a5a98507f1fe0ce10a2b8dbc/library/std/src/panicking.rs:451:19
[INFO] [stdout]   38:     0x55c900eede9b - std::panic::catch_unwind::ha6a5ca3915b4dad0
[INFO] [stdout]                                at /rustc/84c898d65adf2f39a5a98507f1fe0ce10a2b8dbc/library/std/src/panic.rs:140:14
[INFO] [stdout]   39:     0x55c900eede9b - std::thread::Builder::spawn_unchecked_::{{closure}}::h883b72ef75da6231
[INFO] [stdout]                                at /rustc/84c898d65adf2f39a5a98507f1fe0ce10a2b8dbc/library/std/src/thread/mod.rs:559:30
[INFO] [stdout]   40:     0x55c900eede9b - core::ops::function::FnOnce::call_once{{vtable.shim}}::hb7dff73dc8bd2ccb
[INFO] [stdout]                                at /rustc/84c898d65adf2f39a5a98507f1fe0ce10a2b8dbc/library/core/src/ops/function.rs:250:5
[INFO] [stdout]   41:     0x55c90118e133 - <alloc::boxed::Box<F,A> as core::ops::function::FnOnce<Args>>::call_once::h39990b24eedef2ab
[INFO] [stdout]                                at /rustc/84c898d65adf2f39a5a98507f1fe0ce10a2b8dbc/library/alloc/src/boxed.rs:1987:9
[INFO] [stdout]   42:     0x55c90118e133 - <alloc::boxed::Box<F,A> as core::ops::function::FnOnce<Args>>::call_once::h01a027258444143b
[INFO] [stdout]                                at /rustc/84c898d65adf2f39a5a98507f1fe0ce10a2b8dbc/library/alloc/src/boxed.rs:1987:9
[INFO] [stdout]   43:     0x55c90118e133 - std::sys::unix::thread::Thread::new::thread_start::ha4f1cdd9c25884ba
[INFO] [stdout]                                at /rustc/84c898d65adf2f39a5a98507f1fe0ce10a2b8dbc/library/std/src/sys/unix/thread.rs:108:17
[INFO] [stdout]   44:     0x7f18696d3b43 - <unknown>
[INFO] [stdout]   45:     0x7f1869764bb4 - __clone
[INFO] [stdout]   46:                0x0 - <unknown>
[INFO] [stdout] 
[INFO] [stdout] ---- ignorer::tests::test_is_ignored stdout ----
[INFO] [stdout] thread 'ignorer::tests::test_is_ignored' panicked at 'assertion failed: ignorer.is_ignored(\"src/main.rs\")', src/ignorer.rs:43:9
[INFO] [stdout] stack backtrace:
[INFO] [stdout]    0:     0x55c901187ada - std::backtrace_rs::backtrace::libunwind::trace::ha9053a9a07ca49cb
[INFO] [stdout]                                at /rustc/84c898d65adf2f39a5a98507f1fe0ce10a2b8dbc/library/std/src/../../backtrace/src/backtrace/libunwind.rs:93:5
[INFO] [stdout]    1:     0x55c901187ada - std::backtrace_rs::backtrace::trace_unsynchronized::h9c2852a457ad564e
[INFO] [stdout]                                at /rustc/84c898d65adf2f39a5a98507f1fe0ce10a2b8dbc/library/std/src/../../backtrace/src/backtrace/mod.rs:66:5
[INFO] [stdout]    2:     0x55c901187ada - std::sys_common::backtrace::_print_fmt::h457936fbfaa0070f
[INFO] [stdout]                                at /rustc/84c898d65adf2f39a5a98507f1fe0ce10a2b8dbc/library/std/src/sys_common/backtrace.rs:65:5
[INFO] [stdout]    3:     0x55c901187ada - <std::sys_common::backtrace::_print::DisplayBacktrace as core::fmt::Display>::fmt::h5779d7bf7f70cb0c
[INFO] [stdout]                                at /rustc/84c898d65adf2f39a5a98507f1fe0ce10a2b8dbc/library/std/src/sys_common/backtrace.rs:44:22
[INFO] [stdout]    4:     0x55c9011ae4be - core::fmt::write::h5a4baaff1bcd3eb5
[INFO] [stdout]                                at /rustc/84c898d65adf2f39a5a98507f1fe0ce10a2b8dbc/library/core/src/fmt/mod.rs:1232:17
[INFO] [stdout]    5:     0x55c901184c95 - std::io::Write::write_fmt::h478f79c628ef31d1
[INFO] [stdout]                                at /rustc/84c898d65adf2f39a5a98507f1fe0ce10a2b8dbc/library/std/src/io/mod.rs:1684:15
[INFO] [stdout]    6:     0x55c9011878a5 - std::sys_common::backtrace::_print::h5fcdc36060f177e8
[INFO] [stdout]                                at /rustc/84c898d65adf2f39a5a98507f1fe0ce10a2b8dbc/library/std/src/sys_common/backtrace.rs:47:5
[INFO] [stdout]    7:     0x55c9011878a5 - std::sys_common::backtrace::print::h54ca9458b876c8bf
[INFO] [stdout]                                at /rustc/84c898d65adf2f39a5a98507f1fe0ce10a2b8dbc/library/std/src/sys_common/backtrace.rs:34:9
[INFO] [stdout]    8:     0x55c90118966f - std::panicking::default_hook::{{closure}}::hbe471161c7664ed6
[INFO] [stdout]                                at /rustc/84c898d65adf2f39a5a98507f1fe0ce10a2b8dbc/library/std/src/panicking.rs:271:22
[INFO] [stdout]    9:     0x55c90118932f - std::panicking::default_hook::ha3500da57aa4ac4f
[INFO] [stdout]                                at /rustc/84c898d65adf2f39a5a98507f1fe0ce10a2b8dbc/library/std/src/panicking.rs:287:9
[INFO] [stdout]   10:     0x55c900f17407 - <alloc::boxed::Box<F,A> as core::ops::function::Fn<Args>>::call::hdf1b89dd137ece34
[INFO] [stdout]                                at /rustc/84c898d65adf2f39a5a98507f1fe0ce10a2b8dbc/library/alloc/src/boxed.rs:2001:9
[INFO] [stdout]   11:     0x55c900f17407 - test::test_main::{{closure}}::h9081a79f20e75698
[INFO] [stdout]                                at /rustc/84c898d65adf2f39a5a98507f1fe0ce10a2b8dbc/library/test/src/lib.rs:135:21
[INFO] [stdout]   12:     0x55c901189d9d - <alloc::boxed::Box<F,A> as core::ops::function::Fn<Args>>::call::h6507bddc3eebb4a5
[INFO] [stdout]                                at /rustc/84c898d65adf2f39a5a98507f1fe0ce10a2b8dbc/library/alloc/src/boxed.rs:2001:9
[INFO] [stdout]   13:     0x55c901189d9d - std::panicking::rust_panic_with_hook::h50c09d000dc561d2
[INFO] [stdout]                                at /rustc/84c898d65adf2f39a5a98507f1fe0ce10a2b8dbc/library/std/src/panicking.rs:696:13
[INFO] [stdout]   14:     0x55c901189ad2 - std::panicking::begin_panic_handler::{{closure}}::h9e2b2176e00e0d9c
[INFO] [stdout]                                at /rustc/84c898d65adf2f39a5a98507f1fe0ce10a2b8dbc/library/std/src/panicking.rs:581:13
[INFO] [stdout]   15:     0x55c901187f46 - std::sys_common::backtrace::__rust_end_short_backtrace::h5739b8e512c09d02
[INFO] [stdout]                                at /rustc/84c898d65adf2f39a5a98507f1fe0ce10a2b8dbc/library/std/src/sys_common/backtrace.rs:150:18
[INFO] [stdout]   16:     0x55c901189822 - rust_begin_unwind
[INFO] [stdout]                                at /rustc/84c898d65adf2f39a5a98507f1fe0ce10a2b8dbc/library/std/src/panicking.rs:579:5
[INFO] [stdout]   17:     0x55c90082a0b3 - core::panicking::panic_fmt::hf33a1475b4dc5c3e
[INFO] [stdout]                                at /rustc/84c898d65adf2f39a5a98507f1fe0ce10a2b8dbc/library/core/src/panicking.rs:64:14
[INFO] [stdout]   18:     0x55c90082a14d - core::panicking::panic::h9533b2fee90b999e
[INFO] [stdout]                                at /rustc/84c898d65adf2f39a5a98507f1fe0ce10a2b8dbc/library/core/src/panicking.rs:114:5
[INFO] [stdout]   19:     0x55c900b181ea - autocorrect::ignorer::tests::test_is_ignored::ha9ffc9d0e737c380
[INFO] [stdout]                                at /opt/rustwide/workdir/src/ignorer.rs:43:9
[INFO] [stdout]   20:     0x55c900b18027 - autocorrect::ignorer::tests::test_is_ignored::{{closure}}::h5bb2bf572b7c5e53
[INFO] [stdout]                                at /opt/rustwide/workdir/src/ignorer.rs:38:26
[INFO] [stdout]   21:     0x55c900a940f5 - core::ops::function::FnOnce::call_once::h9325bd956c96954b
[INFO] [stdout]                                at /rustc/84c898d65adf2f39a5a98507f1fe0ce10a2b8dbc/library/core/src/ops/function.rs:250:5
[INFO] [stdout]   22:     0x55c900f1c7ef - core::ops::function::FnOnce::call_once::h7d969581be7d0075
[INFO] [stdout]                                at /rustc/84c898d65adf2f39a5a98507f1fe0ce10a2b8dbc/library/core/src/ops/function.rs:250:5
[INFO] [stdout]   23:     0x55c900f1c7ef - test::__rust_begin_short_backtrace::hca25a52684e56655
[INFO] [stdout]                                at /rustc/84c898d65adf2f39a5a98507f1fe0ce10a2b8dbc/library/test/src/lib.rs:656:18
[INFO] [stdout]   24:     0x55c900eede0c - test::run_test::{{closure}}::ha8ac744c4af1a4bb
[INFO] [stdout]                                at /rustc/84c898d65adf2f39a5a98507f1fe0ce10a2b8dbc/library/test/src/lib.rs:647:30
[INFO] [stdout]   25:     0x55c900eede0c - core::ops::function::FnOnce::call_once{{vtable.shim}}::h7b411a9ed45bdecf
[INFO] [stdout]                                at /rustc/84c898d65adf2f39a5a98507f1fe0ce10a2b8dbc/library/core/src/ops/function.rs:250:5
[INFO] [stdout]   26:     0x55c900f1b7b6 - <alloc::boxed::Box<F,A> as core::ops::function::FnOnce<Args>>::call_once::hd05328869a8ed200
[INFO] [stdout]                                at /rustc/84c898d65adf2f39a5a98507f1fe0ce10a2b8dbc/library/alloc/src/boxed.rs:1987:9
[INFO] [stdout]   27:     0x55c900f1b7b6 - <core::panic::unwind_safe::AssertUnwindSafe<F> as core::ops::function::FnOnce<()>>::call_once::h0c601ce20bd5b2be
[INFO] [stdout]                                at /rustc/84c898d65adf2f39a5a98507f1fe0ce10a2b8dbc/library/core/src/panic/unwind_safe.rs:271:9
[INFO] [stdout]   28:     0x55c900f1b7b6 - std::panicking::try::do_call::ha4be5c164fe30854
[INFO] [stdout]                                at /rustc/84c898d65adf2f39a5a98507f1fe0ce10a2b8dbc/library/std/src/panicking.rs:487:40
[INFO] [stdout]   29:     0x55c900f1b7b6 - std::panicking::try::h604546f3609af05f
[INFO] [stdout]                                at /rustc/84c898d65adf2f39a5a98507f1fe0ce10a2b8dbc/library/std/src/panicking.rs:451:19
[INFO] [stdout]   30:     0x55c900f1b7b6 - std::panic::catch_unwind::h5bfa8afe44c9c2f9
[INFO] [stdout]                                at /rustc/84c898d65adf2f39a5a98507f1fe0ce10a2b8dbc/library/std/src/panic.rs:140:14
[INFO] [stdout]   31:     0x55c900f1b7b6 - test::run_test_in_process::hd50dee55dd63e6aa
[INFO] [stdout]                                at /rustc/84c898d65adf2f39a5a98507f1fe0ce10a2b8dbc/library/test/src/lib.rs:679:27
[INFO] [stdout]   32:     0x55c900f1b7b6 - test::run_test::run_test_inner::{{closure}}::h4aa0f433aa85cea8
[INFO] [stdout]                                at /rustc/84c898d65adf2f39a5a98507f1fe0ce10a2b8dbc/library/test/src/lib.rs:573:39
[INFO] [stdout]   33:     0x55c900ee8481 - test::run_test::run_test_inner::{{closure}}::had56431adf24b4d6
[INFO] [stdout]                                at /rustc/84c898d65adf2f39a5a98507f1fe0ce10a2b8dbc/library/test/src/lib.rs:600:37
[INFO] [stdout]   34:     0x55c900ee8481 - std::sys_common::backtrace::__rust_begin_short_backtrace::ha8d9890e0c73bf13
[INFO] [stdout]                                at /rustc/84c898d65adf2f39a5a98507f1fe0ce10a2b8dbc/library/std/src/sys_common/backtrace.rs:134:18
[INFO] [stdout]   35:     0x55c900eede9b - std::thread::Builder::spawn_unchecked_::{{closure}}::{{closure}}::h251832bcb4a95327
[INFO] [stdout]                                at /rustc/84c898d65adf2f39a5a98507f1fe0ce10a2b8dbc/library/std/src/thread/mod.rs:560:17
[INFO] [stdout]   36:     0x55c900eede9b - <core::panic::unwind_safe::AssertUnwindSafe<F> as core::ops::function::FnOnce<()>>::call_once::h8fdff598fa414831
[INFO] [stdout]                                at /rustc/84c898d65adf2f39a5a98507f1fe0ce10a2b8dbc/library/core/src/panic/unwind_safe.rs:271:9
[INFO] [stdout]   37:     0x55c900eede9b - std::panicking::try::do_call::h455dd2f7764a950f
[INFO] [stdout]                                at /rustc/84c898d65adf2f39a5a98507f1fe0ce10a2b8dbc/library/std/src/panicking.rs:487:40
[INFO] [stdout]   38:     0x55c900eede9b - std::panicking::try::had6f23b7b73ae72a
[INFO] [stdout]                                at /rustc/84c898d65adf2f39a5a98507f1fe0ce10a2b8dbc/library/std/src/panicking.rs:451:19
[INFO] [stdout]   39:     0x55c900eede9b - std::panic::catch_unwind::ha6a5ca3915b4dad0
[INFO] [stdout]                                at /rustc/84c898d65adf2f39a5a98507f1fe0ce10a2b8dbc/library/std/src/panic.rs:140:14
[INFO] [stdout]   40:     0x55c900eede9b - std::thread::Builder::spawn_unchecked_::{{closure}}::h883b72ef75da6231
[INFO] [stdout]                                at /rustc/84c898d65adf2f39a5a98507f1fe0ce10a2b8dbc/library/std/src/thread/mod.rs:559:30
[INFO] [stdout]   41:     0x55c900eede9b - core::ops::function::FnOnce::call_once{{vtable.shim}}::hb7dff73dc8bd2ccb
[INFO] [stdout]                                at /rustc/84c898d65adf2f39a5a98507f1fe0ce10a2b8dbc/library/core/src/ops/function.rs:250:5
[INFO] [stdout]   42:     0x55c90118e133 - <alloc::boxed::Box<F,A> as core::ops::function::FnOnce<Args>>::call_once::h39990b24eedef2ab
[INFO] [stdout]                                at /rustc/84c898d65adf2f39a5a98507f1fe0ce10a2b8dbc/library/alloc/src/boxed.rs:1987:9
[INFO] [stdout]   43:     0x55c90118e133 - <alloc::boxed::Box<F,A> as core::ops::function::FnOnce<Args>>::call_once::h01a027258444143b
[INFO] [stdout]                                at /rustc/84c898d65adf2f39a5a98507f1fe0ce10a2b8dbc/library/alloc/src/boxed.rs:1987:9
[INFO] [stdout]   44:     0x55c90118e133 - std::sys::unix::thread::Thread::new::thread_start::ha4f1cdd9c25884ba
[INFO] [stdout]                                at /rustc/84c898d65adf2f39a5a98507f1fe0ce10a2b8dbc/library/std/src/sys/unix/thread.rs:108:17
[INFO] [stdout]   45:     0x7f18696d3b43 - <unknown>
[INFO] [stdout]   46:     0x7f1869764bb4 - __clone
[INFO] [stdout]   47:                0x0 - <unknown>
[INFO] [stdout] 
[INFO] [stdout] 
[INFO] [stdout] failures:
[INFO] [stdout]     code::jupyter::tests::test_format
[INFO] [stdout]     code::jupyter::tests::test_parse_jupyter
[INFO] [stdout]     ignorer::tests::test_is_ignored
[INFO] [stdout] 
[INFO] [stdout] test result: FAILED. 93 passed; 3 failed; 0 ignored; 0 measured; 0 filtered out; finished in 2.63s
[INFO] [stdout] 
[INFO] running `Command { std: "docker" "inspect" "807c88b164ef525ce8c51ff84d16849d4d70665d67b5e23261de23369d0a422b", kill_on_drop: false }`
[INFO] running `Command { std: "docker" "rm" "-f" "807c88b164ef525ce8c51ff84d16849d4d70665d67b5e23261de23369d0a422b", kill_on_drop: false }`
[INFO] [stdout] 807c88b164ef525ce8c51ff84d16849d4d70665d67b5e23261de23369d0a422b
