[INFO] fetching crate authenticator-rs 0.2.0...
[INFO] testing authenticator-rs-0.2.0 against 1.69.0 for beta-1.70-1
[INFO] extracting crate authenticator-rs 0.2.0 into /workspace/builds/worker-3-tc1/source
[INFO] validating manifest of crates.io crate authenticator-rs 0.2.0 on toolchain 1.69.0
[INFO] running `Command { std: CARGO_HOME="/workspace/cargo-home" RUSTUP_HOME="/workspace/rustup-home" "/workspace/cargo-home/bin/cargo" "+1.69.0" "metadata" "--manifest-path" "Cargo.toml" "--no-deps", kill_on_drop: false }`
[INFO] started tweaking crates.io crate authenticator-rs 0.2.0
[INFO] finished tweaking crates.io crate authenticator-rs 0.2.0
[INFO] tweaked toml for crates.io crate authenticator-rs 0.2.0 written to /workspace/builds/worker-3-tc1/source/Cargo.toml
[INFO] running `Command { std: CARGO_HOME="/workspace/cargo-home" RUSTUP_HOME="/workspace/rustup-home" __CARGO_TEST_CHANNEL_OVERRIDE_DO_NOT_USE_THIS="nightly" "/workspace/cargo-home/bin/cargo" "+1.69.0" "generate-lockfile" "--manifest-path" "Cargo.toml" "-Zno-index-update", kill_on_drop: false }`
[INFO] running `Command { std: CARGO_HOME="/workspace/cargo-home" RUSTUP_HOME="/workspace/rustup-home" "/workspace/cargo-home/bin/cargo" "+1.69.0" "fetch" "--manifest-path" "Cargo.toml", kill_on_drop: false }`
[INFO] [stderr]  Downloading crates ...
[INFO] [stderr]   Downloaded base32 v0.4.0
[INFO] [stderr]   Downloaded checked_int_cast v1.0.0
[INFO] [stderr]   Downloaded image v0.23.14
[INFO] [stderr]   Downloaded qrcode v0.12.0
[INFO] running `Command { std: "docker" "create" "-v" "/var/lib/crater-agent-workspace/builds/worker-3-tc1/target:/opt/rustwide/target:rw,Z" "-v" "/var/lib/crater-agent-workspace/builds/worker-3-tc1/source:/opt/rustwide/workdir:ro,Z" "-v" "/var/lib/crater-agent-workspace/cargo-home:/opt/rustwide/cargo-home:ro,Z" "-v" "/var/lib/crater-agent-workspace/rustup-home:/opt/rustwide/rustup-home:ro,Z" "-e" "SOURCE_DIR=/opt/rustwide/workdir" "-e" "CARGO_TARGET_DIR=/opt/rustwide/target" "-e" "CARGO_HOME=/opt/rustwide/cargo-home" "-e" "RUSTUP_HOME=/opt/rustwide/rustup-home" "-w" "/opt/rustwide/workdir" "-m" "1610612736" "--user" "0:0" "--network" "none" "ghcr.io/rust-lang/crates-build-env/linux@sha256:5ff2268d62e97bff2cde7d5815dd6ed5b47097566f13b8d0ca110b04b60e07ed" "/opt/rustwide/cargo-home/bin/cargo" "+1.69.0" "metadata" "--no-deps" "--format-version=1", kill_on_drop: false }`
[INFO] [stdout] b6fb20b5b276dbb42f607e73dff1879a886e7c4761d70f97ef92e126bc8aaeca
[INFO] running `Command { std: "docker" "start" "-a" "b6fb20b5b276dbb42f607e73dff1879a886e7c4761d70f97ef92e126bc8aaeca", kill_on_drop: false }`
[INFO] running `Command { std: "docker" "inspect" "b6fb20b5b276dbb42f607e73dff1879a886e7c4761d70f97ef92e126bc8aaeca", kill_on_drop: false }`
[INFO] running `Command { std: "docker" "rm" "-f" "b6fb20b5b276dbb42f607e73dff1879a886e7c4761d70f97ef92e126bc8aaeca", kill_on_drop: false }`
[INFO] [stdout] b6fb20b5b276dbb42f607e73dff1879a886e7c4761d70f97ef92e126bc8aaeca
[INFO] running `Command { std: "docker" "create" "-v" "/var/lib/crater-agent-workspace/builds/worker-3-tc1/target:/opt/rustwide/target:rw,Z" "-v" "/var/lib/crater-agent-workspace/builds/worker-3-tc1/source:/opt/rustwide/workdir:ro,Z" "-v" "/var/lib/crater-agent-workspace/cargo-home:/opt/rustwide/cargo-home:ro,Z" "-v" "/var/lib/crater-agent-workspace/rustup-home:/opt/rustwide/rustup-home:ro,Z" "-e" "SOURCE_DIR=/opt/rustwide/workdir" "-e" "CARGO_TARGET_DIR=/opt/rustwide/target" "-e" "CARGO_INCREMENTAL=0" "-e" "RUST_BACKTRACE=full" "-e" "RUSTFLAGS=--cap-lints=warn" "-e" "RUSTDOCFLAGS=--cap-lints=warn" "-e" "CARGO_HOME=/opt/rustwide/cargo-home" "-e" "RUSTUP_HOME=/opt/rustwide/rustup-home" "-w" "/opt/rustwide/workdir" "-m" "1610612736" "--user" "0:0" "--network" "none" "ghcr.io/rust-lang/crates-build-env/linux@sha256:5ff2268d62e97bff2cde7d5815dd6ed5b47097566f13b8d0ca110b04b60e07ed" "/opt/rustwide/cargo-home/bin/cargo" "+1.69.0" "build" "--frozen" "--message-format=json", kill_on_drop: false }`
[INFO] [stdout] 9d90ff00fb9558ab6e78f9d75cc4c982085efbe841d44435a5d1c7f856ce2e46
[INFO] running `Command { std: "docker" "start" "-a" "9d90ff00fb9558ab6e78f9d75cc4c982085efbe841d44435a5d1c7f856ce2e46", kill_on_drop: false }`
[INFO] [stderr]    Compiling libc v0.2.142
[INFO] [stderr]    Compiling cc v1.0.79
[INFO] [stderr]    Compiling once_cell v1.17.1
[INFO] [stderr]    Compiling spin v0.5.2
[INFO] [stderr]    Compiling untrusted v0.7.1
[INFO] [stderr]    Compiling base32 v0.4.0
[INFO] [stderr]    Compiling ring v0.16.20
[INFO] [stderr]    Compiling getrandom v0.2.9
[INFO] [stderr]    Compiling rand_core v0.6.4
[INFO] [stderr]    Compiling rand_chacha v0.3.1
[INFO] [stderr]    Compiling rand v0.8.5
[INFO] [stderr]    Compiling authenticator-rs v0.2.0 (/opt/rustwide/workdir)
[INFO] [stdout] warning: unused import: `std::fmt::Error`
[INFO] [stdout]  --> src/authenticator.rs:1:5
[INFO] [stdout]   |
[INFO] [stdout] 1 | use std::fmt::Error;
[INFO] [stdout]   |     ^^^^^^^^^^^^^^^
[INFO] [stdout]   |
[INFO] [stdout]   = note: `#[warn(unused_imports)]` on by default
[INFO] [stdout] 
[INFO] [stdout] 
[INFO] [stdout] warning: unused import: `std::result`
[INFO] [stdout]  --> src/authenticator.rs:2:5
[INFO] [stdout]   |
[INFO] [stdout] 2 | use std::result;
[INFO] [stdout]   |     ^^^^^^^^^^^
[INFO] [stdout] 
[INFO] [stdout] 
[INFO] [stdout] warning: unused import: `Algorithm`
[INFO] [stdout]  --> src/authenticator.rs:5:18
[INFO] [stdout]   |
[INFO] [stdout] 5 | use ring::hmac::{Algorithm, HMAC_SHA1_FOR_LEGACY_USE_ONLY, Key};
[INFO] [stdout]   |                  ^^^^^^^^^
[INFO] [stdout] 
[INFO] [stdout] 
[INFO] [stdout] warning: value assigned to `output` is never read
[INFO] [stdout]   --> src/authenticator.rs:27:17
[INFO] [stdout]    |
[INFO] [stdout] 27 |         let mut output = Vec::new();
[INFO] [stdout]    |                 ^^^^^^
[INFO] [stdout]    |
[INFO] [stdout]    = help: maybe it is overwritten before being read?
[INFO] [stdout]    = note: `#[warn(unused_assignments)]` on by default
[INFO] [stdout] 
[INFO] [stdout] 
[INFO] [stdout] warning: constant `ALPHABET` is never used
[INFO] [stdout]  --> src/authenticator.rs:8:7
[INFO] [stdout]   |
[INFO] [stdout] 8 | const ALPHABET: [char; 32] = [
[INFO] [stdout]   |       ^^^^^^^^
[INFO] [stdout]   |
[INFO] [stdout]   = note: `#[warn(dead_code)]` on by default
[INFO] [stdout] 
[INFO] [stdout] 
[INFO] [stdout] warning: constant `MAX_PINCODE_LENGTH` is never used
[INFO] [stdout]   --> src/authenticator.rs:14:7
[INFO] [stdout]    |
[INFO] [stdout] 14 | const MAX_PINCODE_LENGTH: u16 = 9;
[INFO] [stdout]    |       ^^^^^^^^^^^^^^^^^^
[INFO] [stdout] 
[INFO] [stdout] 
[INFO] [stdout] warning: constant `SECRET_MAX_LEN` is never used
[INFO] [stdout]   --> src/authenticator.rs:16:7
[INFO] [stdout]    |
[INFO] [stdout] 16 | const SECRET_MAX_LEN: usize = 128;
[INFO] [stdout]    |       ^^^^^^^^^^^^^^
[INFO] [stdout] 
[INFO] [stdout] 
[INFO] [stdout] warning: constant `SECRET_MIN_LEN` is never used
[INFO] [stdout]   --> src/authenticator.rs:17:7
[INFO] [stdout]    |
[INFO] [stdout] 17 | const SECRET_MIN_LEN: usize = 16;
[INFO] [stdout]    |       ^^^^^^^^^^^^^^
[INFO] [stdout] 
[INFO] [stdout] 
[INFO] [stdout] warning: constant `DIGITS_POWER` is never used
[INFO] [stdout]   --> src/authenticator.rs:19:7
[INFO] [stdout]    |
[INFO] [stdout] 19 | const DIGITS_POWER: [i32; 10] = [1, 10, 100, 1000, 10000, 100000, 1000000, 10000000, 100000000, 1000000000];
[INFO] [stdout]    |       ^^^^^^^^^^^^
[INFO] [stdout] 
[INFO] [stdout] 
[INFO] [stdout] warning: function `create_secret` is never used
[INFO] [stdout]   --> src/authenticator.rs:34:8
[INFO] [stdout]    |
[INFO] [stdout] 34 | pub fn create_secret(length: u8) -> String {
[INFO] [stdout]    |        ^^^^^^^^^^^^^
[INFO] [stdout] 
[INFO] [stdout] 
[INFO] [stdout] warning: function `current_pin_code` is never used
[INFO] [stdout]   --> src/authenticator.rs:44:8
[INFO] [stdout]    |
[INFO] [stdout] 44 | pub fn current_pin_code(secret: &str, code_len: u16) -> Result<String, String> {
[INFO] [stdout]    |        ^^^^^^^^^^^^^^^^
[INFO] [stdout] 
[INFO] [stdout] 
[INFO] [stdout] warning: function `get_signer` is never used
[INFO] [stdout]   --> src/authenticator.rs:59:4
[INFO] [stdout]    |
[INFO] [stdout] 59 | fn get_signer(secret_key: &[u8]) -> Box<dyn Signer> {
[INFO] [stdout]    |    ^^^^^^^^^^
[INFO] [stdout] 
[INFO] [stdout] 
[INFO] [stdout] warning: function `base32_decode` is never used
[INFO] [stdout]   --> src/authenticator.rs:63:4
[INFO] [stdout]    |
[INFO] [stdout] 63 | fn base32_decode(secret: &str) -> Result<Vec<u8>, String> {
[INFO] [stdout]    |    ^^^^^^^^^^^^^
[INFO] [stdout] 
[INFO] [stdout] 
[INFO] [stdout] warning: struct `Authenticator` is never constructed
[INFO] [stdout]   --> src/authenticator.rs:70:12
[INFO] [stdout]    |
[INFO] [stdout] 70 | pub struct Authenticator {
[INFO] [stdout]    |            ^^^^^^^^^^^^^
[INFO] [stdout] 
[INFO] [stdout] 
[INFO] [stdout] warning: associated function `new` is never used
[INFO] [stdout]   --> src/authenticator.rs:76:12
[INFO] [stdout]    |
[INFO] [stdout] 76 |     pub fn new(signer: Box<dyn Signer>, code_len: u16) -> Result<Self, String> {
[INFO] [stdout]    |            ^^^
[INFO] [stdout] 
[INFO] [stdout] 
[INFO] [stdout] warning: method `generate_response_code` is never used
[INFO] [stdout]   --> src/authenticator.rs:84:12
[INFO] [stdout]    |
[INFO] [stdout] 84 |     pub fn generate_response_code(&self, otp_state: u64) -> Result<String, String> {
[INFO] [stdout]    |            ^^^^^^^^^^^^^^^^^^^^^^
[INFO] [stdout] 
[INFO] [stdout] 
[INFO] [stdout] warning: 16 warnings emitted
[INFO] [stdout] 
[INFO] [stdout] 
[INFO] [stderr]     Finished dev [unoptimized + debuginfo] target(s) in 6.79s
[INFO] running `Command { std: "docker" "inspect" "9d90ff00fb9558ab6e78f9d75cc4c982085efbe841d44435a5d1c7f856ce2e46", kill_on_drop: false }`
[INFO] running `Command { std: "docker" "rm" "-f" "9d90ff00fb9558ab6e78f9d75cc4c982085efbe841d44435a5d1c7f856ce2e46", kill_on_drop: false }`
[INFO] [stdout] 9d90ff00fb9558ab6e78f9d75cc4c982085efbe841d44435a5d1c7f856ce2e46
[INFO] running `Command { std: "docker" "create" "-v" "/var/lib/crater-agent-workspace/builds/worker-3-tc1/target:/opt/rustwide/target:rw,Z" "-v" "/var/lib/crater-agent-workspace/builds/worker-3-tc1/source:/opt/rustwide/workdir:ro,Z" "-v" "/var/lib/crater-agent-workspace/cargo-home:/opt/rustwide/cargo-home:ro,Z" "-v" "/var/lib/crater-agent-workspace/rustup-home:/opt/rustwide/rustup-home:ro,Z" "-e" "SOURCE_DIR=/opt/rustwide/workdir" "-e" "CARGO_TARGET_DIR=/opt/rustwide/target" "-e" "CARGO_INCREMENTAL=0" "-e" "RUST_BACKTRACE=full" "-e" "RUSTFLAGS=--cap-lints=warn" "-e" "RUSTDOCFLAGS=--cap-lints=warn" "-e" "CARGO_HOME=/opt/rustwide/cargo-home" "-e" "RUSTUP_HOME=/opt/rustwide/rustup-home" "-w" "/opt/rustwide/workdir" "-m" "1610612736" "--user" "0:0" "--network" "none" "ghcr.io/rust-lang/crates-build-env/linux@sha256:5ff2268d62e97bff2cde7d5815dd6ed5b47097566f13b8d0ca110b04b60e07ed" "/opt/rustwide/cargo-home/bin/cargo" "+1.69.0" "test" "--frozen" "--no-run" "--message-format=json", kill_on_drop: false }`
[INFO] [stdout] 6110a228af7de915251d947a3e2ab6ec8c9af5511bbfdb662dcc527d4780bbed
[INFO] running `Command { std: "docker" "start" "-a" "6110a228af7de915251d947a3e2ab6ec8c9af5511bbfdb662dcc527d4780bbed", kill_on_drop: false }`
[INFO] [stderr]    Compiling standback v0.2.17
[INFO] [stderr]    Compiling syn v1.0.109
[INFO] [stderr]    Compiling cookie v0.14.4
[INFO] [stderr]    Compiling matches v0.1.10
[INFO] [stderr]    Compiling ring v0.16.20
[INFO] [stderr]    Compiling qstring v0.7.2
[INFO] [stderr]    Compiling chunked_transfer v1.4.1
[INFO] [stderr]    Compiling serde_json v1.0.96
[INFO] [stderr]    Compiling idna v0.2.3
[INFO] [stderr]    Compiling publicsuffix v1.5.6
[INFO] [stderr]    Compiling webpki v0.21.4
[INFO] [stderr]    Compiling sct v0.6.1
[INFO] [stderr]    Compiling authenticator-rs v0.2.0 (/opt/rustwide/workdir)
[INFO] [stdout] warning: unused import: `std::fmt::Error`
[INFO] [stdout]  --> src/authenticator.rs:1:5
[INFO] [stdout]   |
[INFO] [stdout] 1 | use std::fmt::Error;
[INFO] [stdout]   |     ^^^^^^^^^^^^^^^
[INFO] [stdout]   |
[INFO] [stdout]   = note: `#[warn(unused_imports)]` on by default
[INFO] [stdout] 
[INFO] [stdout] 
[INFO] [stdout] warning: unused import: `std::result`
[INFO] [stdout]  --> src/authenticator.rs:2:5
[INFO] [stdout]   |
[INFO] [stdout] 2 | use std::result;
[INFO] [stdout]   |     ^^^^^^^^^^^
[INFO] [stdout] 
[INFO] [stdout] 
[INFO] [stdout] warning: unused import: `Algorithm`
[INFO] [stdout]  --> src/authenticator.rs:5:18
[INFO] [stdout]   |
[INFO] [stdout] 5 | use ring::hmac::{Algorithm, HMAC_SHA1_FOR_LEGACY_USE_ONLY, Key};
[INFO] [stdout]   |                  ^^^^^^^^^
[INFO] [stdout] 
[INFO] [stdout] 
[INFO] [stdout] warning: value assigned to `output` is never read
[INFO] [stdout]   --> src/authenticator.rs:27:17
[INFO] [stdout]    |
[INFO] [stdout] 27 |         let mut output = Vec::new();
[INFO] [stdout]    |                 ^^^^^^
[INFO] [stdout]    |
[INFO] [stdout]    = help: maybe it is overwritten before being read?
[INFO] [stdout]    = note: `#[warn(unused_assignments)]` on by default
[INFO] [stdout] 
[INFO] [stdout] 
[INFO] [stdout] warning: constant `ALPHABET` is never used
[INFO] [stdout]  --> src/authenticator.rs:8:7
[INFO] [stdout]   |
[INFO] [stdout] 8 | const ALPHABET: [char; 32] = [
[INFO] [stdout]   |       ^^^^^^^^
[INFO] [stdout]   |
[INFO] [stdout]   = note: `#[warn(dead_code)]` on by default
[INFO] [stdout] 
[INFO] [stdout] 
[INFO] [stdout] warning: constant `MAX_PINCODE_LENGTH` is never used
[INFO] [stdout]   --> src/authenticator.rs:14:7
[INFO] [stdout]    |
[INFO] [stdout] 14 | const MAX_PINCODE_LENGTH: u16 = 9;
[INFO] [stdout]    |       ^^^^^^^^^^^^^^^^^^
[INFO] [stdout] 
[INFO] [stdout] 
[INFO] [stdout] warning: constant `SECRET_MAX_LEN` is never used
[INFO] [stdout]   --> src/authenticator.rs:16:7
[INFO] [stdout]    |
[INFO] [stdout] 16 | const SECRET_MAX_LEN: usize = 128;
[INFO] [stdout]    |       ^^^^^^^^^^^^^^
[INFO] [stdout] 
[INFO] [stdout] 
[INFO] [stdout] warning: constant `SECRET_MIN_LEN` is never used
[INFO] [stdout]   --> src/authenticator.rs:17:7
[INFO] [stdout]    |
[INFO] [stdout] 17 | const SECRET_MIN_LEN: usize = 16;
[INFO] [stdout]    |       ^^^^^^^^^^^^^^
[INFO] [stdout] 
[INFO] [stdout] 
[INFO] [stderr]    Compiling time-macros-impl v0.1.2
[INFO] [stdout] warning: constant `DIGITS_POWER` is never used
[INFO] [stdout]   --> src/authenticator.rs:19:7
[INFO] [stdout]    |
[INFO] [stdout] 19 | const DIGITS_POWER: [i32; 10] = [1, 10, 100, 1000, 10000, 100000, 1000000, 10000000, 100000000, 1000000000];
[INFO] [stdout]    |       ^^^^^^^^^^^^
[INFO] [stdout] 
[INFO] [stdout] 
[INFO] [stdout] warning: function `create_secret` is never used
[INFO] [stdout]   --> src/authenticator.rs:34:8
[INFO] [stdout]    |
[INFO] [stdout] 34 | pub fn create_secret(length: u8) -> String {
[INFO] [stdout]    |        ^^^^^^^^^^^^^
[INFO] [stdout] 
[INFO] [stdout] 
[INFO] [stdout] warning: function `current_pin_code` is never used
[INFO] [stdout]   --> src/authenticator.rs:44:8
[INFO] [stdout]    |
[INFO] [stdout] 44 | pub fn current_pin_code(secret: &str, code_len: u16) -> Result<String, String> {
[INFO] [stdout]    |        ^^^^^^^^^^^^^^^^
[INFO] [stdout] 
[INFO] [stdout] 
[INFO] [stdout] warning: function `get_signer` is never used
[INFO] [stdout]   --> src/authenticator.rs:59:4
[INFO] [stdout]    |
[INFO] [stdout] 59 | fn get_signer(secret_key: &[u8]) -> Box<dyn Signer> {
[INFO] [stdout]    |    ^^^^^^^^^^
[INFO] [stdout] 
[INFO] [stdout] 
[INFO] [stdout] warning: function `base32_decode` is never used
[INFO] [stdout]   --> src/authenticator.rs:63:4
[INFO] [stdout]    |
[INFO] [stdout] 63 | fn base32_decode(secret: &str) -> Result<Vec<u8>, String> {
[INFO] [stdout]    |    ^^^^^^^^^^^^^
[INFO] [stdout] 
[INFO] [stdout] 
[INFO] [stdout] warning: struct `Authenticator` is never constructed
[INFO] [stdout]   --> src/authenticator.rs:70:12
[INFO] [stdout]    |
[INFO] [stdout] 70 | pub struct Authenticator {
[INFO] [stdout]    |            ^^^^^^^^^^^^^
[INFO] [stdout] 
[INFO] [stdout] 
[INFO] [stdout] warning: associated function `new` is never used
[INFO] [stdout]   --> src/authenticator.rs:76:12
[INFO] [stdout]    |
[INFO] [stdout] 76 |     pub fn new(signer: Box<dyn Signer>, code_len: u16) -> Result<Self, String> {
[INFO] [stdout]    |            ^^^
[INFO] [stdout] 
[INFO] [stdout] 
[INFO] [stdout] warning: method `generate_response_code` is never used
[INFO] [stdout]   --> src/authenticator.rs:84:12
[INFO] [stdout]    |
[INFO] [stdout] 84 |     pub fn generate_response_code(&self, otp_state: u64) -> Result<String, String> {
[INFO] [stdout]    |            ^^^^^^^^^^^^^^^^^^^^^^
[INFO] [stdout] 
[INFO] [stdout] 
[INFO] [stdout] warning: 16 warnings emitted
[INFO] [stdout] 
[INFO] [stdout] 
[INFO] [stderr]    Compiling rustls v0.19.1
[INFO] [stderr]    Compiling webpki-roots v0.21.1
[INFO] [stderr]    Compiling time-macros v0.1.1
[INFO] [stderr]    Compiling time v0.2.27
[INFO] [stderr]    Compiling cookie_store v0.12.0
[INFO] [stderr]    Compiling ureq v1.5.5
[INFO] [stdout] warning: unused import: `std::fmt::Error`
[INFO] [stdout]  --> src/authenticator.rs:1:5
[INFO] [stdout]   |
[INFO] [stdout] 1 | use std::fmt::Error;
[INFO] [stdout]   |     ^^^^^^^^^^^^^^^
[INFO] [stdout]   |
[INFO] [stdout]   = note: `#[warn(unused_imports)]` on by default
[INFO] [stdout] 
[INFO] [stdout] 
[INFO] [stdout] warning: unused import: `std::result`
[INFO] [stdout]  --> src/authenticator.rs:2:5
[INFO] [stdout]   |
[INFO] [stdout] 2 | use std::result;
[INFO] [stdout]   |     ^^^^^^^^^^^
[INFO] [stdout] 
[INFO] [stdout] 
[INFO] [stdout] warning: unused import: `Algorithm`
[INFO] [stdout]  --> src/authenticator.rs:5:18
[INFO] [stdout]   |
[INFO] [stdout] 5 | use ring::hmac::{Algorithm, HMAC_SHA1_FOR_LEGACY_USE_ONLY, Key};
[INFO] [stdout]   |                  ^^^^^^^^^
[INFO] [stdout] 
[INFO] [stdout] 
[INFO] [stdout] warning: value assigned to `output` is never read
[INFO] [stdout]   --> src/authenticator.rs:27:17
[INFO] [stdout]    |
[INFO] [stdout] 27 |         let mut output = Vec::new();
[INFO] [stdout]    |                 ^^^^^^
[INFO] [stdout]    |
[INFO] [stdout]    = help: maybe it is overwritten before being read?
[INFO] [stdout]    = note: `#[warn(unused_assignments)]` on by default
[INFO] [stdout] 
[INFO] [stdout] 
[INFO] [stdout] warning: 4 warnings emitted
[INFO] [stdout] 
[INFO] [stdout] 
[INFO] [stderr]     Finished test [unoptimized + debuginfo] target(s) in 9.22s
[INFO] running `Command { std: "docker" "inspect" "6110a228af7de915251d947a3e2ab6ec8c9af5511bbfdb662dcc527d4780bbed", kill_on_drop: false }`
[INFO] running `Command { std: "docker" "rm" "-f" "6110a228af7de915251d947a3e2ab6ec8c9af5511bbfdb662dcc527d4780bbed", kill_on_drop: false }`
[INFO] [stdout] 6110a228af7de915251d947a3e2ab6ec8c9af5511bbfdb662dcc527d4780bbed
[INFO] running `Command { std: "docker" "create" "-v" "/var/lib/crater-agent-workspace/builds/worker-3-tc1/target:/opt/rustwide/target:rw,Z" "-v" "/var/lib/crater-agent-workspace/builds/worker-3-tc1/source:/opt/rustwide/workdir:ro,Z" "-v" "/var/lib/crater-agent-workspace/cargo-home:/opt/rustwide/cargo-home:ro,Z" "-v" "/var/lib/crater-agent-workspace/rustup-home:/opt/rustwide/rustup-home:ro,Z" "-e" "SOURCE_DIR=/opt/rustwide/workdir" "-e" "CARGO_TARGET_DIR=/opt/rustwide/target" "-e" "CARGO_INCREMENTAL=0" "-e" "RUST_BACKTRACE=full" "-e" "RUSTFLAGS=--cap-lints=warn" "-e" "RUSTDOCFLAGS=--cap-lints=warn" "-e" "CARGO_HOME=/opt/rustwide/cargo-home" "-e" "RUSTUP_HOME=/opt/rustwide/rustup-home" "-w" "/opt/rustwide/workdir" "-m" "1610612736" "--user" "0:0" "--network" "none" "ghcr.io/rust-lang/crates-build-env/linux@sha256:5ff2268d62e97bff2cde7d5815dd6ed5b47097566f13b8d0ca110b04b60e07ed" "/opt/rustwide/cargo-home/bin/cargo" "+1.69.0" "test" "--frozen", kill_on_drop: false }`
[INFO] [stdout] 7847eeba400d86feab55d689aeec972c12a19d15b959a7d34178d66e2b08dd2c
[INFO] running `Command { std: "docker" "start" "-a" "7847eeba400d86feab55d689aeec972c12a19d15b959a7d34178d66e2b08dd2c", kill_on_drop: false }`
[INFO] [stderr] warning: unused import: `std::fmt::Error`
[INFO] [stderr]  --> src/authenticator.rs:1:5
[INFO] [stderr]   |
[INFO] [stderr] 1 | use std::fmt::Error;
[INFO] [stderr]   |     ^^^^^^^^^^^^^^^
[INFO] [stderr]   |
[INFO] [stderr]   = note: `#[warn(unused_imports)]` on by default
[INFO] [stderr] 
[INFO] [stderr] warning: unused import: `std::result`
[INFO] [stderr]  --> src/authenticator.rs:2:5
[INFO] [stderr]   |
[INFO] [stderr] 2 | use std::result;
[INFO] [stderr]   |     ^^^^^^^^^^^
[INFO] [stderr] 
[INFO] [stderr] warning: unused import: `Algorithm`
[INFO] [stderr]  --> src/authenticator.rs:5:18
[INFO] [stderr]   |
[INFO] [stderr] 5 | use ring::hmac::{Algorithm, HMAC_SHA1_FOR_LEGACY_USE_ONLY, Key};
[INFO] [stderr]   |                  ^^^^^^^^^
[INFO] [stderr] 
[INFO] [stderr] warning: value assigned to `output` is never read
[INFO] [stderr]   --> src/authenticator.rs:27:17
[INFO] [stderr]    |
[INFO] [stderr] 27 |         let mut output = Vec::new();
[INFO] [stderr]    |                 ^^^^^^
[INFO] [stderr]    |
[INFO] [stderr]    = help: maybe it is overwritten before being read?
[INFO] [stderr]    = note: `#[warn(unused_assignments)]` on by default
[INFO] [stderr] 
[INFO] [stderr] warning: constant `ALPHABET` is never used
[INFO] [stderr]  --> src/authenticator.rs:8:7
[INFO] [stderr]   |
[INFO] [stderr] 8 | const ALPHABET: [char; 32] = [
[INFO] [stderr]   |       ^^^^^^^^
[INFO] [stderr]   |
[INFO] [stderr]   = note: `#[warn(dead_code)]` on by default
[INFO] [stderr] 
[INFO] [stderr] warning: constant `MAX_PINCODE_LENGTH` is never used
[INFO] [stderr]   --> src/authenticator.rs:14:7
[INFO] [stderr]    |
[INFO] [stderr] 14 | const MAX_PINCODE_LENGTH: u16 = 9;
[INFO] [stderr]    |       ^^^^^^^^^^^^^^^^^^
[INFO] [stderr] 
[INFO] [stderr] warning: constant `SECRET_MAX_LEN` is never used
[INFO] [stderr]   --> src/authenticator.rs:16:7
[INFO] [stderr]    |
[INFO] [stderr] 16 | const SECRET_MAX_LEN: usize = 128;
[INFO] [stderr]    |       ^^^^^^^^^^^^^^
[INFO] [stderr] 
[INFO] [stderr] warning: constant `SECRET_MIN_LEN` is never used
[INFO] [stderr]   --> src/authenticator.rs:17:7
[INFO] [stderr]    |
[INFO] [stderr] 17 | const SECRET_MIN_LEN: usize = 16;
[INFO] [stderr]    |       ^^^^^^^^^^^^^^
[INFO] [stderr] 
[INFO] [stderr] warning: constant `DIGITS_POWER` is never used
[INFO] [stderr]   --> src/authenticator.rs:19:7
[INFO] [stderr]    |
[INFO] [stderr] 19 | const DIGITS_POWER: [i32; 10] = [1, 10, 100, 1000, 10000, 100000, 1000000, 10000000, 100000000, 1000000000];
[INFO] [stderr]    |       ^^^^^^^^^^^^
[INFO] [stderr] 
[INFO] [stderr] warning: function `create_secret` is never used
[INFO] [stderr]   --> src/authenticator.rs:34:8
[INFO] [stderr]    |
[INFO] [stderr] 34 | pub fn create_secret(length: u8) -> String {
[INFO] [stderr]    |        ^^^^^^^^^^^^^
[INFO] [stderr] 
[INFO] [stderr] warning: function `current_pin_code` is never used
[INFO] [stderr]   --> src/authenticator.rs:44:8
[INFO] [stderr]    |
[INFO] [stderr] 44 | pub fn current_pin_code(secret: &str, code_len: u16) -> Result<String, String> {
[INFO] [stderr]    |        ^^^^^^^^^^^^^^^^
[INFO] [stderr] 
[INFO] [stderr] warning: function `get_signer` is never used
[INFO] [stderr]   --> src/authenticator.rs:59:4
[INFO] [stderr]    |
[INFO] [stderr] 59 | fn get_signer(secret_key: &[u8]) -> Box<dyn Signer> {
[INFO] [stderr]    |    ^^^^^^^^^^
[INFO] [stderr] 
[INFO] [stderr] warning: function `base32_decode` is never used
[INFO] [stderr]   --> src/authenticator.rs:63:4
[INFO] [stderr]    |
[INFO] [stderr] 63 | fn base32_decode(secret: &str) -> Result<Vec<u8>, String> {
[INFO] [stderr]    |    ^^^^^^^^^^^^^
[INFO] [stderr] 
[INFO] [stderr] warning: struct `Authenticator` is never constructed
[INFO] [stderr]   --> src/authenticator.rs:70:12
[INFO] [stderr]    |
[INFO] [stderr] 70 | pub struct Authenticator {
[INFO] [stderr]    |            ^^^^^^^^^^^^^
[INFO] [stderr] 
[INFO] [stderr] warning: associated function `new` is never used
[INFO] [stderr]   --> src/authenticator.rs:76:12
[INFO] [stderr]    |
[INFO] [stderr] 76 |     pub fn new(signer: Box<dyn Signer>, code_len: u16) -> Result<Self, String> {
[INFO] [stderr]    |            ^^^
[INFO] [stderr] 
[INFO] [stderr] warning: method `generate_response_code` is never used
[INFO] [stderr]   --> src/authenticator.rs:84:12
[INFO] [stderr]    |
[INFO] [stderr] 84 |     pub fn generate_response_code(&self, otp_state: u64) -> Result<String, String> {
[INFO] [stderr]    |            ^^^^^^^^^^^^^^^^^^^^^^
[INFO] [stderr] 
[INFO] [stderr] warning: `authenticator-rs` (lib) generated 16 warnings (run `cargo fix --lib -p authenticator-rs` to apply 3 suggestions)
[INFO] [stderr] warning: `authenticator-rs` (lib test) generated 4 warnings (4 duplicates)
[INFO] [stderr]     Finished test [unoptimized + debuginfo] target(s) in 0.08s
[INFO] [stderr]      Running unittests src/lib.rs (/opt/rustwide/target/debug/deps/authenticator_rs-7d30a3f0a4aa4af5)
[INFO] [stdout] 
[INFO] [stdout] running 2 tests
[INFO] [stdout] test test::test_create_secret ... ok
[INFO] [stdout] test test::test_pin_code ... ok
[INFO] [stdout] 
[INFO] [stdout] test result: ok. 2 passed; 0 failed; 0 ignored; 0 measured; 0 filtered out; finished in 0.00s
[INFO] [stdout] 
[INFO] [stderr]    Doc-tests authenticator-rs
[INFO] [stdout] 
[INFO] [stdout] running 1 test
[INFO] [stdout] test src/lib.rs - (line 3) ... FAILED
[INFO] [stdout] 
[INFO] [stdout] failures:
[INFO] [stdout] 
[INFO] [stdout] ---- src/lib.rs - (line 3) stdout ----
[INFO] [stdout] error[E0432]: unresolved import `crate::authenticator`
[INFO] [stdout]  --> src/lib.rs:4:5
[INFO] [stdout]   |
[INFO] [stdout] 2 | use crate::authenticator;
[INFO] [stdout]   |     ^^^^^^^^^^^^^^^^^^^^ no `authenticator` in the root
[INFO] [stdout] 
[INFO] [stdout] error: aborting due to previous error
[INFO] [stdout] 
[INFO] [stdout] For more information about this error, try `rustc --explain E0432`.
[INFO] [stdout] Couldn't compile the test.
[INFO] [stdout] 
[INFO] [stdout] failures:
[INFO] [stdout]     src/lib.rs - (line 3)
[INFO] [stdout] 
[INFO] [stdout] test result: FAILED. 0 passed; 1 failed; 0 ignored; 0 measured; 0 filtered out; finished in 0.05s
[INFO] [stdout] 
[INFO] [stderr] error: doctest failed, to rerun pass `--doc`
[INFO] running `Command { std: "docker" "inspect" "7847eeba400d86feab55d689aeec972c12a19d15b959a7d34178d66e2b08dd2c", kill_on_drop: false }`
[INFO] running `Command { std: "docker" "rm" "-f" "7847eeba400d86feab55d689aeec972c12a19d15b959a7d34178d66e2b08dd2c", kill_on_drop: false }`
[INFO] [stdout] 7847eeba400d86feab55d689aeec972c12a19d15b959a7d34178d66e2b08dd2c
