[INFO] fetching crate auth 0.1.0...
[INFO] testing auth-0.1.0 against 1.69.0 for beta-1.70-1
[INFO] extracting crate auth 0.1.0 into /workspace/builds/worker-4-tc1/source
[INFO] validating manifest of crates.io crate auth 0.1.0 on toolchain 1.69.0
[INFO] running `Command { std: CARGO_HOME="/workspace/cargo-home" RUSTUP_HOME="/workspace/rustup-home" "/workspace/cargo-home/bin/cargo" "+1.69.0" "metadata" "--manifest-path" "Cargo.toml" "--no-deps", kill_on_drop: false }`
[INFO] started tweaking crates.io crate auth 0.1.0
[INFO] finished tweaking crates.io crate auth 0.1.0
[INFO] tweaked toml for crates.io crate auth 0.1.0 written to /workspace/builds/worker-4-tc1/source/Cargo.toml
[INFO] running `Command { std: CARGO_HOME="/workspace/cargo-home" RUSTUP_HOME="/workspace/rustup-home" __CARGO_TEST_CHANNEL_OVERRIDE_DO_NOT_USE_THIS="nightly" "/workspace/cargo-home/bin/cargo" "+1.69.0" "generate-lockfile" "--manifest-path" "Cargo.toml" "-Zno-index-update", kill_on_drop: false }`
[INFO] running `Command { std: CARGO_HOME="/workspace/cargo-home" RUSTUP_HOME="/workspace/rustup-home" "/workspace/cargo-home/bin/cargo" "+1.69.0" "fetch" "--manifest-path" "Cargo.toml", kill_on_drop: false }`
[INFO] [stderr]  Downloading crates ...
[INFO] [stderr]   Downloaded tls-api v0.1.22
[INFO] [stderr]   Downloaded tokio-tls-api v0.1.22
[INFO] [stderr]   Downloaded tokio-uds v0.2.7
[INFO] [stderr]   Downloaded bytes v0.6.0
[INFO] [stderr]   Downloaded tokio-threadpool v0.1.18
[INFO] [stderr]   Downloaded tokio v0.1.22
[INFO] [stderr]   Downloaded unix_socket v0.5.0
[INFO] [stderr]   Downloaded tokio-fs v0.1.7
[INFO] [stderr]   Downloaded base64 v0.9.3
[INFO] [stderr]   Downloaded slab v0.3.0
[INFO] [stderr]   Downloaded futures-cpupool v0.1.8
[INFO] [stderr]   Downloaded scoped-tls v0.1.2
[INFO] [stderr]   Downloaded tls-api-stub v0.1.22
[INFO] [stderr]   Downloaded tokio-timer v0.1.2
[INFO] [stderr]   Downloaded tokio-uds v0.1.7
[INFO] [stderr]   Downloaded tokio-core v0.1.18
[INFO] [stderr]   Downloaded grpc v0.3.1
[INFO] [stderr]   Downloaded httpbis v0.5.0
[INFO] [stderr]   Downloaded protobuf v1.5.1
[INFO] running `Command { std: "docker" "create" "-v" "/var/lib/crater-agent-workspace/builds/worker-4-tc1/target:/opt/rustwide/target:rw,Z" "-v" "/var/lib/crater-agent-workspace/builds/worker-4-tc1/source:/opt/rustwide/workdir:ro,Z" "-v" "/var/lib/crater-agent-workspace/cargo-home:/opt/rustwide/cargo-home:ro,Z" "-v" "/var/lib/crater-agent-workspace/rustup-home:/opt/rustwide/rustup-home:ro,Z" "-e" "SOURCE_DIR=/opt/rustwide/workdir" "-e" "CARGO_TARGET_DIR=/opt/rustwide/target" "-e" "CARGO_HOME=/opt/rustwide/cargo-home" "-e" "RUSTUP_HOME=/opt/rustwide/rustup-home" "-w" "/opt/rustwide/workdir" "-m" "1610612736" "--user" "0:0" "--network" "none" "ghcr.io/rust-lang/crates-build-env/linux@sha256:5ff2268d62e97bff2cde7d5815dd6ed5b47097566f13b8d0ca110b04b60e07ed" "/opt/rustwide/cargo-home/bin/cargo" "+1.69.0" "metadata" "--no-deps" "--format-version=1", kill_on_drop: false }`
[INFO] [stdout] 256904db453524eb23ca704fc00201301e780dabe6839ea0874558c55d81c7f8
[INFO] running `Command { std: "docker" "start" "-a" "256904db453524eb23ca704fc00201301e780dabe6839ea0874558c55d81c7f8", kill_on_drop: false }`
[INFO] running `Command { std: "docker" "inspect" "256904db453524eb23ca704fc00201301e780dabe6839ea0874558c55d81c7f8", kill_on_drop: false }`
[INFO] running `Command { std: "docker" "rm" "-f" "256904db453524eb23ca704fc00201301e780dabe6839ea0874558c55d81c7f8", kill_on_drop: false }`
[INFO] [stdout] 256904db453524eb23ca704fc00201301e780dabe6839ea0874558c55d81c7f8
[INFO] running `Command { std: "docker" "create" "-v" "/var/lib/crater-agent-workspace/builds/worker-4-tc1/target:/opt/rustwide/target:rw,Z" "-v" "/var/lib/crater-agent-workspace/builds/worker-4-tc1/source:/opt/rustwide/workdir:ro,Z" "-v" "/var/lib/crater-agent-workspace/cargo-home:/opt/rustwide/cargo-home:ro,Z" "-v" "/var/lib/crater-agent-workspace/rustup-home:/opt/rustwide/rustup-home:ro,Z" "-e" "SOURCE_DIR=/opt/rustwide/workdir" "-e" "CARGO_TARGET_DIR=/opt/rustwide/target" "-e" "CARGO_INCREMENTAL=0" "-e" "RUST_BACKTRACE=full" "-e" "RUSTFLAGS=--cap-lints=warn" "-e" "RUSTDOCFLAGS=--cap-lints=warn" "-e" "CARGO_HOME=/opt/rustwide/cargo-home" "-e" "RUSTUP_HOME=/opt/rustwide/rustup-home" "-w" "/opt/rustwide/workdir" "-m" "1610612736" "--user" "0:0" "--network" "none" "ghcr.io/rust-lang/crates-build-env/linux@sha256:5ff2268d62e97bff2cde7d5815dd6ed5b47097566f13b8d0ca110b04b60e07ed" "/opt/rustwide/cargo-home/bin/cargo" "+1.69.0" "build" "--frozen" "--message-format=json", kill_on_drop: false }`
[INFO] [stdout] 906e270fb1e6d0be70d2ece5ecad887401831e5d6f0c0a8143157085558ca172
[INFO] running `Command { std: "docker" "start" "-a" "906e270fb1e6d0be70d2ece5ecad887401831e5d6f0c0a8143157085558ca172", kill_on_drop: false }`
[INFO] [stderr]    Compiling futures v0.1.31
[INFO] [stderr]    Compiling memoffset v0.5.6
[INFO] [stderr]    Compiling crossbeam-epoch v0.8.2
[INFO] [stderr]    Compiling scoped-tls v0.1.2
[INFO] [stderr]    Compiling slab v0.3.0
[INFO] [stderr]    Compiling bytes v0.6.0
[INFO] [stderr]    Compiling safemem v0.3.3
[INFO] [stderr]    Compiling unix_socket v0.5.0
[INFO] [stderr]    Compiling bytes v0.4.12
[INFO] [stderr]    Compiling parking_lot_core v0.6.3
[INFO] [stderr]    Compiling parking_lot v0.9.0
[INFO] [stderr]    Compiling smallvec v0.6.14
[INFO] [stderr]    Compiling mio v0.6.23
[INFO] [stderr]    Compiling tls-api v0.1.22
[INFO] [stderr]    Compiling log v0.3.9
[INFO] [stderr]    Compiling base64 v0.9.3
[INFO] [stderr]    Compiling tls-api-stub v0.1.22
[INFO] [stderr]    Compiling protobuf v1.5.1
[INFO] [stderr]    Compiling mio-uds v0.6.8
[INFO] [stderr]    Compiling crossbeam-deque v0.7.4
[INFO] [stderr]    Compiling tokio-executor v0.1.10
[INFO] [stderr]    Compiling tokio-io v0.1.13
[INFO] [stderr]    Compiling tokio-sync v0.1.8
[INFO] [stderr]    Compiling tokio-timer v0.1.2
[INFO] [stderr]    Compiling futures-cpupool v0.1.8
[INFO] [stderr]    Compiling tokio-threadpool v0.1.18
[INFO] [stderr]    Compiling tokio-timer v0.2.13
[INFO] [stderr]    Compiling tokio-current-thread v0.1.7
[INFO] [stderr]    Compiling tokio-codec v0.1.2
[INFO] [stderr]    Compiling tokio-tls-api v0.1.22
[INFO] [stderr]    Compiling tokio-reactor v0.1.12
[INFO] [stdout] error[E0277]: the trait bound `usize: RangeBounds<usize>` is not satisfied
[INFO] [stdout]    --> /opt/rustwide/cargo-home/registry/src/github.com-1ecc6299db9ec823/protobuf-1.5.1/src/buf_read_iter.rs:230:33
[INFO] [stdout]     |
[INFO] [stdout] 230 |             let r = bytes.slice(self.pos_within_buf, self.pos_within_buf + len);
[INFO] [stdout]     |                           ----- ^^^^^^^^^^^^^^^^^^^ the trait `RangeBounds<usize>` is not implemented for `usize`
[INFO] [stdout]     |                           |
[INFO] [stdout]     |                           required by a bound introduced by this call
[INFO] [stdout]     |
[INFO] [stdout]     = help: the following other types implement trait `RangeBounds<T>`:
[INFO] [stdout]               (Bound<&'a T>, Bound<&'a T>)
[INFO] [stdout]               (Bound<T>, Bound<T>)
[INFO] [stdout]               RangeFrom<&T>
[INFO] [stdout]               RangeFrom<T>
[INFO] [stdout]               RangeFull
[INFO] [stdout]               RangeInclusive<&T>
[INFO] [stdout]               RangeInclusive<T>
[INFO] [stdout]               RangeTo<&T>
[INFO] [stdout]             and 5 others
[INFO] [stdout] note: required by a bound in `bytes::Bytes::slice`
[INFO] [stdout]    --> /opt/rustwide/cargo-home/registry/src/github.com-1ecc6299db9ec823/bytes-0.6.0/src/bytes.rs:228:37
[INFO] [stdout]     |
[INFO] [stdout] 228 |     pub fn slice(&self, range: impl RangeBounds<usize>) -> Bytes {
[INFO] [stdout]     |                                     ^^^^^^^^^^^^^^^^^^ required by this bound in `Bytes::slice`
[INFO] [stdout] 
[INFO] [stdout] 
[INFO] [stdout] error[E0061]: this method takes 1 argument but 2 arguments were supplied
[INFO] [stdout]    --> /opt/rustwide/cargo-home/registry/src/github.com-1ecc6299db9ec823/protobuf-1.5.1/src/buf_read_iter.rs:230:27
[INFO] [stdout]     |
[INFO] [stdout] 230 |             let r = bytes.slice(self.pos_within_buf, self.pos_within_buf + len);
[INFO] [stdout]     |                           ^^^^^                    ---------------------------
[INFO] [stdout]     |                                                    | |
[INFO] [stdout]     |                                                    | unexpected argument of type `usize`
[INFO] [stdout]     |                                                    help: remove the extra argument
[INFO] [stdout]     |
[INFO] [stdout] note: method defined here
[INFO] [stdout]    --> /opt/rustwide/cargo-home/registry/src/github.com-1ecc6299db9ec823/bytes-0.6.0/src/bytes.rs:228:12
[INFO] [stdout]     |
[INFO] [stdout] 228 |     pub fn slice(&self, range: impl RangeBounds<usize>) -> Bytes {
[INFO] [stdout]     |            ^^^^^
[INFO] [stdout] 
[INFO] [stdout] 
[INFO] [stderr]    Compiling tokio-fs v0.1.7
[INFO] [stdout] error[E0308]: mismatched types
[INFO] [stdout]    --> /opt/rustwide/cargo-home/registry/src/github.com-1ecc6299db9ec823/protobuf-1.5.1/src/buf_read_iter.rs:238:37
[INFO] [stdout]     |
[INFO] [stdout] 238 |                     self.read_exact(buf)?;
[INFO] [stdout]     |                          ---------- ^^^ expected `&mut [u8]`, found `&mut UninitSlice`
[INFO] [stdout]     |                          |
[INFO] [stdout]     |                          arguments to this method are incorrect
[INFO] [stdout]     |
[INFO] [stdout]     = note: expected mutable reference `&mut [u8]`
[INFO] [stdout]                found mutable reference `&mut UninitSlice`
[INFO] [stdout] note: method defined here
[INFO] [stdout]    --> /opt/rustwide/cargo-home/registry/src/github.com-1ecc6299db9ec823/protobuf-1.5.1/src/buf_read_iter.rs:257:12
[INFO] [stdout]     |
[INFO] [stdout] 257 |     pub fn read_exact(&mut self, mut buf: &mut [u8]) -> ProtobufResult<()> {
[INFO] [stdout]     |            ^^^^^^^^^^            ------------------
[INFO] [stdout] 
[INFO] [stdout] 
[INFO] [stdout] error: aborting due to 3 previous errors
[INFO] [stdout] 
[INFO] [stdout] 
[INFO] [stdout] Some errors have detailed explanations: E0061, E0277, E0308.
[INFO] [stdout] 
[INFO] [stdout] For more information about an error, try `rustc --explain E0061`.
[INFO] [stdout] 
[INFO] [stderr] error: could not compile `protobuf` due to 4 previous errors
[INFO] [stderr] warning: build failed, waiting for other jobs to finish...
[INFO] running `Command { std: "docker" "inspect" "906e270fb1e6d0be70d2ece5ecad887401831e5d6f0c0a8143157085558ca172", kill_on_drop: false }`
[INFO] running `Command { std: "docker" "rm" "-f" "906e270fb1e6d0be70d2ece5ecad887401831e5d6f0c0a8143157085558ca172", kill_on_drop: false }`
[INFO] [stdout] 906e270fb1e6d0be70d2ece5ecad887401831e5d6f0c0a8143157085558ca172
