[INFO] fetching crate autd3-link-emulator 2.3.1...
[INFO] testing autd3-link-emulator-2.3.1 against 1.69.0 for beta-1.70-1
[INFO] extracting crate autd3-link-emulator 2.3.1 into /workspace/builds/worker-2-tc1/source
[INFO] validating manifest of crates.io crate autd3-link-emulator 2.3.1 on toolchain 1.69.0
[INFO] running `Command { std: CARGO_HOME="/workspace/cargo-home" RUSTUP_HOME="/workspace/rustup-home" "/workspace/cargo-home/bin/cargo" "+1.69.0" "metadata" "--manifest-path" "Cargo.toml" "--no-deps", kill_on_drop: false }`
[INFO] started tweaking crates.io crate autd3-link-emulator 2.3.1
[INFO] finished tweaking crates.io crate autd3-link-emulator 2.3.1
[INFO] tweaked toml for crates.io crate autd3-link-emulator 2.3.1 written to /workspace/builds/worker-2-tc1/source/Cargo.toml
[INFO] running `Command { std: CARGO_HOME="/workspace/cargo-home" RUSTUP_HOME="/workspace/rustup-home" __CARGO_TEST_CHANNEL_OVERRIDE_DO_NOT_USE_THIS="nightly" "/workspace/cargo-home/bin/cargo" "+1.69.0" "generate-lockfile" "--manifest-path" "Cargo.toml" "-Zno-index-update", kill_on_drop: false }`
[INFO] running `Command { std: CARGO_HOME="/workspace/cargo-home" RUSTUP_HOME="/workspace/rustup-home" "/workspace/cargo-home/bin/cargo" "+1.69.0" "fetch" "--manifest-path" "Cargo.toml", kill_on_drop: false }`
[INFO] [stderr]  Downloading crates ...
[INFO] [stderr]   Downloaded nalgebra-macros v0.1.0
[INFO] [stderr]   Downloaded nalgebra v0.31.4
[INFO] [stderr]   Downloaded autd3-driver v2.8.0
[INFO] [stderr]   Downloaded matrixmultiply v0.3.4
[INFO] [stderr]   Downloaded autd3-core v2.8.0
[INFO] running `Command { std: "docker" "create" "-v" "/var/lib/crater-agent-workspace/builds/worker-2-tc1/target:/opt/rustwide/target:rw,Z" "-v" "/var/lib/crater-agent-workspace/builds/worker-2-tc1/source:/opt/rustwide/workdir:ro,Z" "-v" "/var/lib/crater-agent-workspace/cargo-home:/opt/rustwide/cargo-home:ro,Z" "-v" "/var/lib/crater-agent-workspace/rustup-home:/opt/rustwide/rustup-home:ro,Z" "-e" "SOURCE_DIR=/opt/rustwide/workdir" "-e" "CARGO_TARGET_DIR=/opt/rustwide/target" "-e" "CARGO_HOME=/opt/rustwide/cargo-home" "-e" "RUSTUP_HOME=/opt/rustwide/rustup-home" "-w" "/opt/rustwide/workdir" "-m" "1610612736" "--user" "0:0" "--network" "none" "ghcr.io/rust-lang/crates-build-env/linux@sha256:5ff2268d62e97bff2cde7d5815dd6ed5b47097566f13b8d0ca110b04b60e07ed" "/opt/rustwide/cargo-home/bin/cargo" "+1.69.0" "metadata" "--no-deps" "--format-version=1", kill_on_drop: false }`
[INFO] [stdout] 89deca7adc8a75a09af856444b761a8348f99e735923c3583e624fb493979eb3
[INFO] running `Command { std: "docker" "start" "-a" "89deca7adc8a75a09af856444b761a8348f99e735923c3583e624fb493979eb3", kill_on_drop: false }`
[INFO] running `Command { std: "docker" "inspect" "89deca7adc8a75a09af856444b761a8348f99e735923c3583e624fb493979eb3", kill_on_drop: false }`
[INFO] running `Command { std: "docker" "rm" "-f" "89deca7adc8a75a09af856444b761a8348f99e735923c3583e624fb493979eb3", kill_on_drop: false }`
[INFO] [stdout] 89deca7adc8a75a09af856444b761a8348f99e735923c3583e624fb493979eb3
[INFO] running `Command { std: "docker" "create" "-v" "/var/lib/crater-agent-workspace/builds/worker-2-tc1/target:/opt/rustwide/target:rw,Z" "-v" "/var/lib/crater-agent-workspace/builds/worker-2-tc1/source:/opt/rustwide/workdir:ro,Z" "-v" "/var/lib/crater-agent-workspace/cargo-home:/opt/rustwide/cargo-home:ro,Z" "-v" "/var/lib/crater-agent-workspace/rustup-home:/opt/rustwide/rustup-home:ro,Z" "-e" "SOURCE_DIR=/opt/rustwide/workdir" "-e" "CARGO_TARGET_DIR=/opt/rustwide/target" "-e" "CARGO_INCREMENTAL=0" "-e" "RUST_BACKTRACE=full" "-e" "RUSTFLAGS=--cap-lints=warn" "-e" "RUSTDOCFLAGS=--cap-lints=warn" "-e" "CARGO_HOME=/opt/rustwide/cargo-home" "-e" "RUSTUP_HOME=/opt/rustwide/rustup-home" "-w" "/opt/rustwide/workdir" "-m" "1610612736" "--user" "0:0" "--network" "none" "ghcr.io/rust-lang/crates-build-env/linux@sha256:5ff2268d62e97bff2cde7d5815dd6ed5b47097566f13b8d0ca110b04b60e07ed" "/opt/rustwide/cargo-home/bin/cargo" "+1.69.0" "build" "--frozen" "--message-format=json", kill_on_drop: false }`
[INFO] [stdout] 83a4c5e72d9e65c23b21edbaa19dc7294970622eb5627fb3e4dfdb2fe52d75e9
[INFO] running `Command { std: "docker" "start" "-a" "83a4c5e72d9e65c23b21edbaa19dc7294970622eb5627fb3e4dfdb2fe52d75e9", kill_on_drop: false }`
[INFO] [stderr]    Compiling num-traits v0.2.15
[INFO] [stderr]    Compiling num-integer v0.1.45
[INFO] [stderr]    Compiling num-bigint v0.4.3
[INFO] [stderr]    Compiling num-rational v0.4.1
[INFO] [stderr]    Compiling num-iter v0.1.43
[INFO] [stderr]    Compiling syn v1.0.109
[INFO] [stderr]    Compiling paste v1.0.12
[INFO] [stderr]    Compiling bytemuck v1.13.1
[INFO] [stderr]    Compiling matrixmultiply v0.3.4
[INFO] [stderr]    Compiling rawpointer v0.2.1
[INFO] [stderr]    Compiling either v1.8.1
[INFO] [stderr]    Compiling itertools v0.10.5
[INFO] [stderr]    Compiling safe_arch v0.6.0
[INFO] [stderr]    Compiling wide v0.7.8
[INFO] [stderr]    Compiling num-complex v0.4.3
[INFO] [stderr]    Compiling approx v0.5.1
[INFO] [stderr]    Compiling simba v0.7.3
[INFO] [stderr]    Compiling num v0.4.0
[INFO] [stderr]    Compiling nalgebra-macros v0.1.0
[INFO] [stderr]    Compiling autd3-driver v2.8.0
[INFO] [stderr]    Compiling nalgebra v0.31.4
[INFO] [stderr]    Compiling autd3-core v2.8.0
[INFO] [stderr]    Compiling autd3-link-emulator v2.3.1 (/opt/rustwide/workdir)
[INFO] [stdout] error[E0432]: unresolved import `autd3_core::MSG_EMU_GEOMETRY_SET`
[INFO] [stdout]   --> src/emulator_link.rs:19:64
[INFO] [stdout]    |
[INFO] [stdout] 19 |     CPUControlFlags, FPGAControlFlags, RxDatagram, TxDatagram, MSG_EMU_GEOMETRY_SET,
[INFO] [stdout]    |                                                                ^^^^^^^^^^^^^^^^^^^^ no `MSG_EMU_GEOMETRY_SET` in the root
[INFO] [stdout] 
[INFO] [stdout] 
[INFO] [stdout] error[E0308]: mismatched types
[INFO] [stdout]   --> src/emulator_link.rs:41:48
[INFO] [stdout]    |
[INFO] [stdout] 41 |         let mut geometry_buf = TxDatagram::new(geometry.num_devices());
[INFO] [stdout]    |                                --------------- ^^^^^^^^^^^^^^^^^^^^^^ expected `&[usize]`, found `usize`
[INFO] [stdout]    |                                |
[INFO] [stdout]    |                                arguments to this function are incorrect
[INFO] [stdout]    |
[INFO] [stdout] note: associated function defined here
[INFO] [stdout]   --> /opt/rustwide/cargo-home/registry/src/github.com-1ecc6299db9ec823/autd3-driver-2.8.0/src/cpu/datagram.rs:28:12
[INFO] [stdout]    |
[INFO] [stdout] 28 |     pub fn new(device_map: &[usize]) -> Self {
[INFO] [stdout]    |            ^^^
[INFO] [stdout] 
[INFO] [stdout] 
[INFO] [stdout] error[E0599]: no method named `devices` found for reference `&Geometry<T>` in the current scope
[INFO] [stdout]   --> src/emulator_link.rs:51:14
[INFO] [stdout]    |
[INFO] [stdout] 50 | /         geometry
[INFO] [stdout] 51 | |             .devices()
[INFO] [stdout]    | |             -^^^^^^^ help: there is a method with a similar name: `num_devices`
[INFO] [stdout]    | |_____________|
[INFO] [stdout]    | 
[INFO] [stdout] 
[INFO] [stdout] 
[INFO] [stdout] error[E0061]: this method takes 1 argument but 0 arguments were supplied
[INFO] [stdout]    --> src/emulator_link.rs:53:31
[INFO] [stdout]     |
[INFO] [stdout] 53  |             .zip(geometry_buf.body_mut())
[INFO] [stdout]     |                               ^^^^^^^^-- an argument of type `usize` is missing
[INFO] [stdout]     |
[INFO] [stdout] note: method defined here
[INFO] [stdout]    --> /opt/rustwide/cargo-home/registry/src/github.com-1ecc6299db9ec823/autd3-driver-2.8.0/src/cpu/datagram.rs:167:12
[INFO] [stdout]     |
[INFO] [stdout] 167 |     pub fn body_mut(&mut self, idx: usize) -> &mut Body<[u16]> {
[INFO] [stdout]     |            ^^^^^^^^
[INFO] [stdout] help: provide the argument
[INFO] [stdout]     |
[INFO] [stdout] 53  |             .zip(geometry_buf.body_mut(/* usize */))
[INFO] [stdout]     |                                       ~~~~~~~~~~~~~
[INFO] [stdout] 
[INFO] [stdout] 
[INFO] [stdout] error: aborting due to 4 previous errors
[INFO] [stdout] 
[INFO] [stdout] 
[INFO] [stdout] Some errors have detailed explanations: E0061, E0308, E0432, E0599.
[INFO] [stdout] 
[INFO] [stdout] For more information about an error, try `rustc --explain E0061`.
[INFO] [stdout] 
[INFO] [stderr] error: could not compile `autd3-link-emulator` due to 5 previous errors
[INFO] [stderr] warning: build failed, waiting for other jobs to finish...
[INFO] running `Command { std: "docker" "inspect" "83a4c5e72d9e65c23b21edbaa19dc7294970622eb5627fb3e4dfdb2fe52d75e9", kill_on_drop: false }`
[INFO] running `Command { std: "docker" "rm" "-f" "83a4c5e72d9e65c23b21edbaa19dc7294970622eb5627fb3e4dfdb2fe52d75e9", kill_on_drop: false }`
[INFO] [stdout] 83a4c5e72d9e65c23b21edbaa19dc7294970622eb5627fb3e4dfdb2fe52d75e9
