[INFO] fetching crate atsam4-hal 0.3.0...
[INFO] testing atsam4-hal-0.3.0 against 1.69.0 for beta-1.70-1
[INFO] extracting crate atsam4-hal 0.3.0 into /workspace/builds/worker-4-tc1/source
[INFO] validating manifest of crates.io crate atsam4-hal 0.3.0 on toolchain 1.69.0
[INFO] running `Command { std: CARGO_HOME="/workspace/cargo-home" RUSTUP_HOME="/workspace/rustup-home" "/workspace/cargo-home/bin/cargo" "+1.69.0" "metadata" "--manifest-path" "Cargo.toml" "--no-deps", kill_on_drop: false }`
[INFO] removed /workspace/builds/worker-4-tc1/source/.cargo/config
[INFO] started tweaking crates.io crate atsam4-hal 0.3.0
[INFO] finished tweaking crates.io crate atsam4-hal 0.3.0
[INFO] tweaked toml for crates.io crate atsam4-hal 0.3.0 written to /workspace/builds/worker-4-tc1/source/Cargo.toml
[INFO] running `Command { std: CARGO_HOME="/workspace/cargo-home" RUSTUP_HOME="/workspace/rustup-home" __CARGO_TEST_CHANNEL_OVERRIDE_DO_NOT_USE_THIS="nightly" "/workspace/cargo-home/bin/cargo" "+1.69.0" "generate-lockfile" "--manifest-path" "Cargo.toml" "-Zno-index-update", kill_on_drop: false }`
[INFO] running `Command { std: CARGO_HOME="/workspace/cargo-home" RUSTUP_HOME="/workspace/rustup-home" "/workspace/cargo-home/bin/cargo" "+1.69.0" "fetch" "--manifest-path" "Cargo.toml", kill_on_drop: false }`
[INFO] [stderr]  Downloading crates ...
[INFO] [stderr]   Downloaded defmt-macros v0.3.4
[INFO] [stderr]   Downloaded gcd v2.3.0
[INFO] [stderr]   Downloaded embedded-dma v0.2.0
[INFO] [stderr]   Downloaded critical-section v1.1.1
[INFO] [stderr]   Downloaded embedded-storage v0.3.0
[INFO] [stderr]   Downloaded defmt v0.3.4
[INFO] [stderr]   Downloaded defmt-parser v0.3.2
[INFO] [stderr]   Downloaded usb-device v0.2.9
[INFO] [stderr]   Downloaded fugit v0.3.6
[INFO] [stderr]   Downloaded fugit-timer v0.1.3
[INFO] [stderr]   Downloaded atsam4s2b-pac v0.3.1
[INFO] [stderr]   Downloaded atsam4n16c-pac v0.3.1
[INFO] [stderr]   Downloaded atsam4sd16b-pac v0.3.1
[INFO] [stderr]   Downloaded atsam4s2a-pac v0.3.1
[INFO] [stderr]   Downloaded atsam4n8a-pac v0.3.1
[INFO] [stderr]   Downloaded atsam4s4a-pac v0.3.1
[INFO] [stderr]   Downloaded atsam4n8b-pac v0.3.1
[INFO] [stderr]   Downloaded atsam4s4b-pac v0.3.1
[INFO] [stderr]   Downloaded atsam4sd32c-pac v0.3.1
[INFO] [stderr]   Downloaded atsam4n8c-pac v0.3.1
[INFO] [stderr]   Downloaded atsam4e16c-pac v0.3.1
[INFO] [stderr]   Downloaded atsam4sa16c-pac v0.3.1
[INFO] [stderr]   Downloaded atsam4e8c-pac v0.3.1
[INFO] [stderr]   Downloaded atsam4s4c-pac v0.3.1
[INFO] [stderr]   Downloaded atsam4n16b-pac v0.3.1
[INFO] [stderr]   Downloaded atsam4sd16c-pac v0.3.1
[INFO] [stderr]   Downloaded atsam4e16e-pac v0.3.1
[INFO] [stderr]   Downloaded atsam4s8b-pac v0.3.1
[INFO] [stderr]   Downloaded atsam4s8c-pac v0.3.1
[INFO] [stderr]   Downloaded atsam4e8e-pac v0.3.1
[INFO] [stderr]   Downloaded atsam4s2c-pac v0.3.1
[INFO] [stderr]   Downloaded atsam4sd32b-pac v0.3.1
[INFO] [stderr]   Downloaded atsam4sa16b-pac v0.3.1
[INFO] running `Command { std: "docker" "create" "-v" "/var/lib/crater-agent-workspace/builds/worker-4-tc1/target:/opt/rustwide/target:rw,Z" "-v" "/var/lib/crater-agent-workspace/builds/worker-4-tc1/source:/opt/rustwide/workdir:ro,Z" "-v" "/var/lib/crater-agent-workspace/cargo-home:/opt/rustwide/cargo-home:ro,Z" "-v" "/var/lib/crater-agent-workspace/rustup-home:/opt/rustwide/rustup-home:ro,Z" "-e" "SOURCE_DIR=/opt/rustwide/workdir" "-e" "CARGO_TARGET_DIR=/opt/rustwide/target" "-e" "CARGO_HOME=/opt/rustwide/cargo-home" "-e" "RUSTUP_HOME=/opt/rustwide/rustup-home" "-w" "/opt/rustwide/workdir" "-m" "1610612736" "--user" "0:0" "--network" "none" "ghcr.io/rust-lang/crates-build-env/linux@sha256:5ff2268d62e97bff2cde7d5815dd6ed5b47097566f13b8d0ca110b04b60e07ed" "/opt/rustwide/cargo-home/bin/cargo" "+1.69.0" "metadata" "--no-deps" "--format-version=1", kill_on_drop: false }`
[INFO] [stdout] bfd7b5cf67640ac0d1f9e39fe4d6fcedf1abaca8dffe9dc8c0e80a7c96e793f1
[INFO] running `Command { std: "docker" "start" "-a" "bfd7b5cf67640ac0d1f9e39fe4d6fcedf1abaca8dffe9dc8c0e80a7c96e793f1", kill_on_drop: false }`
[INFO] running `Command { std: "docker" "inspect" "bfd7b5cf67640ac0d1f9e39fe4d6fcedf1abaca8dffe9dc8c0e80a7c96e793f1", kill_on_drop: false }`
[INFO] running `Command { std: "docker" "rm" "-f" "bfd7b5cf67640ac0d1f9e39fe4d6fcedf1abaca8dffe9dc8c0e80a7c96e793f1", kill_on_drop: false }`
[INFO] [stdout] bfd7b5cf67640ac0d1f9e39fe4d6fcedf1abaca8dffe9dc8c0e80a7c96e793f1
[INFO] running `Command { std: "docker" "create" "-v" "/var/lib/crater-agent-workspace/builds/worker-4-tc1/target:/opt/rustwide/target:rw,Z" "-v" "/var/lib/crater-agent-workspace/builds/worker-4-tc1/source:/opt/rustwide/workdir:ro,Z" "-v" "/var/lib/crater-agent-workspace/cargo-home:/opt/rustwide/cargo-home:ro,Z" "-v" "/var/lib/crater-agent-workspace/rustup-home:/opt/rustwide/rustup-home:ro,Z" "-e" "SOURCE_DIR=/opt/rustwide/workdir" "-e" "CARGO_TARGET_DIR=/opt/rustwide/target" "-e" "CARGO_INCREMENTAL=0" "-e" "RUST_BACKTRACE=full" "-e" "RUSTFLAGS=--cap-lints=warn" "-e" "RUSTDOCFLAGS=--cap-lints=warn" "-e" "CARGO_HOME=/opt/rustwide/cargo-home" "-e" "RUSTUP_HOME=/opt/rustwide/rustup-home" "-w" "/opt/rustwide/workdir" "-m" "1610612736" "--user" "0:0" "--network" "none" "ghcr.io/rust-lang/crates-build-env/linux@sha256:5ff2268d62e97bff2cde7d5815dd6ed5b47097566f13b8d0ca110b04b60e07ed" "/opt/rustwide/cargo-home/bin/cargo" "+1.69.0" "build" "--frozen" "--message-format=json", kill_on_drop: false }`
[INFO] [stdout] 39e02cc0c348069a5bd07cfdfa4b2986dee7b35d8c077823fa1a326a811b0dad
[INFO] running `Command { std: "docker" "start" "-a" "39e02cc0c348069a5bd07cfdfa4b2986dee7b35d8c077823fa1a326a811b0dad", kill_on_drop: false }`
[INFO] [stderr]    Compiling syn v1.0.109
[INFO] [stderr]    Compiling semver-parser v0.7.0
[INFO] [stderr]    Compiling defmt v0.3.4
[INFO] [stderr]    Compiling defmt-macros v0.3.4
[INFO] [stderr]    Compiling cortex-m v0.7.7
[INFO] [stderr]    Compiling cortex-m-rt v0.7.3
[INFO] [stderr]    Compiling vcell v0.1.3
[INFO] [stderr]    Compiling paste v1.0.12
[INFO] [stderr]    Compiling nb v0.1.3
[INFO] [stderr]    Compiling atsam4e16e-pac v0.3.1
[INFO] [stderr]    Compiling critical-section v1.1.1
[INFO] [stderr]    Compiling gcd v2.3.0
[INFO] [stderr]    Compiling bitfield v0.13.2
[INFO] [stderr]    Compiling proc-macro-error-attr v1.0.4
[INFO] [stderr]    Compiling atsam4-hal v0.3.0 (/opt/rustwide/workdir)
[INFO] [stderr]    Compiling thiserror-impl v1.0.40
[INFO] [stderr]    Compiling embedded-hal v0.2.7
[INFO] [stderr]    Compiling stable_deref_trait v1.2.0
[INFO] [stderr]    Compiling volatile-register v0.2.1
[INFO] [stderr]    Compiling embedded-storage v0.3.0
[INFO] [stderr]    Compiling semver v0.9.0
[INFO] [stderr]    Compiling embedded-dma v0.2.0
[INFO] [stderr]    Compiling rustc_version v0.2.3
[INFO] [stderr]    Compiling bare-metal v0.2.5
[INFO] [stderr]    Compiling thiserror v1.0.40
[INFO] [stderr]    Compiling defmt-parser v0.3.2
[INFO] [stderr]    Compiling proc-macro-error v1.0.4
[INFO] [stderr]    Compiling cortex-m-rt-macros v0.7.0
[INFO] [stderr]    Compiling fugit v0.3.6
[INFO] [stderr]    Compiling fugit-timer v0.1.3
[INFO] [stderr]     Finished dev [unoptimized + debuginfo] target(s) in 27.86s
[INFO] running `Command { std: "docker" "inspect" "39e02cc0c348069a5bd07cfdfa4b2986dee7b35d8c077823fa1a326a811b0dad", kill_on_drop: false }`
[INFO] running `Command { std: "docker" "rm" "-f" "39e02cc0c348069a5bd07cfdfa4b2986dee7b35d8c077823fa1a326a811b0dad", kill_on_drop: false }`
[INFO] [stdout] 39e02cc0c348069a5bd07cfdfa4b2986dee7b35d8c077823fa1a326a811b0dad
[INFO] running `Command { std: "docker" "create" "-v" "/var/lib/crater-agent-workspace/builds/worker-4-tc1/target:/opt/rustwide/target:rw,Z" "-v" "/var/lib/crater-agent-workspace/builds/worker-4-tc1/source:/opt/rustwide/workdir:ro,Z" "-v" "/var/lib/crater-agent-workspace/cargo-home:/opt/rustwide/cargo-home:ro,Z" "-v" "/var/lib/crater-agent-workspace/rustup-home:/opt/rustwide/rustup-home:ro,Z" "-e" "SOURCE_DIR=/opt/rustwide/workdir" "-e" "CARGO_TARGET_DIR=/opt/rustwide/target" "-e" "CARGO_INCREMENTAL=0" "-e" "RUST_BACKTRACE=full" "-e" "RUSTFLAGS=--cap-lints=warn" "-e" "RUSTDOCFLAGS=--cap-lints=warn" "-e" "CARGO_HOME=/opt/rustwide/cargo-home" "-e" "RUSTUP_HOME=/opt/rustwide/rustup-home" "-w" "/opt/rustwide/workdir" "-m" "1610612736" "--user" "0:0" "--network" "none" "ghcr.io/rust-lang/crates-build-env/linux@sha256:5ff2268d62e97bff2cde7d5815dd6ed5b47097566f13b8d0ca110b04b60e07ed" "/opt/rustwide/cargo-home/bin/cargo" "+1.69.0" "test" "--frozen" "--no-run" "--message-format=json", kill_on_drop: false }`
[INFO] [stdout] ba75d5b04aa63183943da24151ad7184d57de83b25598ef70884fe37efbbf38c
[INFO] running `Command { std: "docker" "start" "-a" "ba75d5b04aa63183943da24151ad7184d57de83b25598ef70884fe37efbbf38c", kill_on_drop: false }`
[INFO] [stderr]    Compiling atsam4-hal v0.3.0 (/opt/rustwide/workdir)
[INFO] [stderr]     Finished test [unoptimized + debuginfo] target(s) in 6.69s
[INFO] running `Command { std: "docker" "inspect" "ba75d5b04aa63183943da24151ad7184d57de83b25598ef70884fe37efbbf38c", kill_on_drop: false }`
[INFO] running `Command { std: "docker" "rm" "-f" "ba75d5b04aa63183943da24151ad7184d57de83b25598ef70884fe37efbbf38c", kill_on_drop: false }`
[INFO] [stdout] ba75d5b04aa63183943da24151ad7184d57de83b25598ef70884fe37efbbf38c
[INFO] running `Command { std: "docker" "create" "-v" "/var/lib/crater-agent-workspace/builds/worker-4-tc1/target:/opt/rustwide/target:rw,Z" "-v" "/var/lib/crater-agent-workspace/builds/worker-4-tc1/source:/opt/rustwide/workdir:ro,Z" "-v" "/var/lib/crater-agent-workspace/cargo-home:/opt/rustwide/cargo-home:ro,Z" "-v" "/var/lib/crater-agent-workspace/rustup-home:/opt/rustwide/rustup-home:ro,Z" "-e" "SOURCE_DIR=/opt/rustwide/workdir" "-e" "CARGO_TARGET_DIR=/opt/rustwide/target" "-e" "CARGO_INCREMENTAL=0" "-e" "RUST_BACKTRACE=full" "-e" "RUSTFLAGS=--cap-lints=warn" "-e" "RUSTDOCFLAGS=--cap-lints=warn" "-e" "CARGO_HOME=/opt/rustwide/cargo-home" "-e" "RUSTUP_HOME=/opt/rustwide/rustup-home" "-w" "/opt/rustwide/workdir" "-m" "1610612736" "--user" "0:0" "--network" "none" "ghcr.io/rust-lang/crates-build-env/linux@sha256:5ff2268d62e97bff2cde7d5815dd6ed5b47097566f13b8d0ca110b04b60e07ed" "/opt/rustwide/cargo-home/bin/cargo" "+1.69.0" "test" "--frozen", kill_on_drop: false }`
[INFO] [stdout] 6a8da5a78576420b049a12eb52508bfd0fe149f3057581652b2233c4d016471b
[INFO] running `Command { std: "docker" "start" "-a" "6a8da5a78576420b049a12eb52508bfd0fe149f3057581652b2233c4d016471b", kill_on_drop: false }`
[INFO] [stderr]     Finished test [unoptimized + debuginfo] target(s) in 0.03s
[INFO] [stderr]      Running unittests src/lib.rs (/opt/rustwide/target/debug/deps/atsam4_hal-f579065f52fc4708)
[INFO] [stdout] 
[INFO] [stdout] running 0 tests
[INFO] [stdout] 
[INFO] [stdout] test result: ok. 0 passed; 0 failed; 0 ignored; 0 measured; 0 filtered out; finished in 0.00s
[INFO] [stdout] 
[INFO] [stderr]    Doc-tests atsam4-hal
[INFO] [stdout] 
[INFO] [stdout] running 10 tests
[INFO] [stdout] test src/timer.rs - timer::TimerCounter<TC0>::new (line 307) ... FAILED
[INFO] [stdout] test src/efc.rs - efc::Efc (line 150) ... FAILED
[INFO] [stdout] test src/efc.rs - efc::Efc (line 164) ... FAILED
[INFO] [stdout] test src/timer.rs - timer::TimerCounter<TC1>::new (line 312) ... FAILED
[INFO] [stdout] test src/timer.rs - timer::TimerCounter<TC2>::new (line 317) ... FAILED
[INFO] [stdout] test src/spi.rs - spi::SpiMaster<u32>::with_pdc_rxtx (line 1017) ... FAILED
[INFO] [stdout] test src/rtt.rs - rtt::RealTimeTimer<PRESCALER,RTC1HZ>::new (line 140) ... FAILED
[INFO] [stdout] test src/spi.rs - spi::SpiMaster<u8>::with_pdc_rxtx (line 1015) ... FAILED
[INFO] [stdout] test src/spi.rs - spi::SpiMaster<u16>::with_pdc_rxtx (line 1016) ... FAILED
[INFO] [stdout] test src/spi.rs - spi::SpiMaster (line 198) ... FAILED
[INFO] [stdout] 
[INFO] [stdout] failures:
[INFO] [stdout] 
[INFO] [stdout] ---- src/timer.rs - timer::TimerCounter<TC0>::new (line 307) stdout ----
[INFO] [stdout] error[E0433]: failed to resolve: use of undeclared type `MainClock`
[INFO] [stdout]  --> src/timer.rs:312:5
[INFO] [stdout]   |
[INFO] [stdout] 7 |     MainClock::Crystal12Mhz,
[INFO] [stdout]   |     ^^^^^^^^^ use of undeclared type `MainClock`
[INFO] [stdout] 
[INFO] [stdout] error[E0433]: failed to resolve: use of undeclared type `SlowClock`
[INFO] [stdout]  --> src/timer.rs:313:5
[INFO] [stdout]   |
[INFO] [stdout] 8 |     SlowClock::RcOscillator32Khz,
[INFO] [stdout]   |     ^^^^^^^^^ use of undeclared type `SlowClock`
[INFO] [stdout] 
[INFO] [stdout] error[E0433]: failed to resolve: use of undeclared type `ClockSource`
[INFO] [stdout]   --> src/timer.rs:324:18
[INFO] [stdout]    |
[INFO] [stdout] 19 | tcc0.clock_input(ClockSource::Slck32768Hz);
[INFO] [stdout]    |                  ^^^^^^^^^^^ use of undeclared type `ClockSource`
[INFO] [stdout] 
[INFO] [stdout] error[E0433]: failed to resolve: use of undeclared type `ClockSource`
[INFO] [stdout]   --> src/timer.rs:329:18
[INFO] [stdout]    |
[INFO] [stdout] 24 | tcc1.clock_input(ClockSource::MckDiv2);
[INFO] [stdout]    |                  ^^^^^^^^^^^ use of undeclared type `ClockSource`
[INFO] [stdout] 
[INFO] [stdout] error[E0433]: failed to resolve: use of undeclared type `ClockController`
[INFO] [stdout]  --> src/timer.rs:308:14
[INFO] [stdout]   |
[INFO] [stdout] 3 | let clocks = ClockController::new(
[INFO] [stdout]   |              ^^^^^^^^^^^^^^^ use of undeclared type `ClockController`
[INFO] [stdout]   |
[INFO] [stdout] help: consider importing this struct
[INFO] [stdout]   |
[INFO] [stdout] 2 | use atsam4_hal::clock::ClockController;
[INFO] [stdout]   |
[INFO] [stdout] 
[INFO] [stdout] error[E0425]: cannot find value `cx` in this scope
[INFO] [stdout]  --> src/timer.rs:309:5
[INFO] [stdout]   |
[INFO] [stdout] 4 |     cx.device.PMC,
[INFO] [stdout]   |     ^^ not found in this scope
[INFO] [stdout] 
[INFO] [stdout] error[E0425]: cannot find value `cx` in this scope
[INFO] [stdout]  --> src/timer.rs:310:6
[INFO] [stdout]   |
[INFO] [stdout] 5 |     &cx.device.SUPC,
[INFO] [stdout]   |      ^^ not found in this scope
[INFO] [stdout] 
[INFO] [stdout] error[E0425]: cannot find value `cx` in this scope
[INFO] [stdout]  --> src/timer.rs:311:6
[INFO] [stdout]   |
[INFO] [stdout] 6 |     &cx.device.EFC0,
[INFO] [stdout]   |      ^^ not found in this scope
[INFO] [stdout] 
[INFO] [stdout] error[E0433]: failed to resolve: use of undeclared type `TimerCounter`
[INFO] [stdout]   --> src/timer.rs:316:15
[INFO] [stdout]    |
[INFO] [stdout] 11 | let mut tc0 = TimerCounter::new(TC0);
[INFO] [stdout]    |               ^^^^^^^^^^^^ use of undeclared type `TimerCounter`
[INFO] [stdout]    |
[INFO] [stdout] help: consider importing this struct
[INFO] [stdout]    |
[INFO] [stdout] 2  | use atsam4_hal::timer::TimerCounter;
[INFO] [stdout]    |
[INFO] [stdout] 
[INFO] [stdout] error[E0425]: cannot find value `TC0` in this scope
[INFO] [stdout]   --> src/timer.rs:316:33
[INFO] [stdout]    |
[INFO] [stdout] 11 | let mut tc0 = TimerCounter::new(TC0);
[INFO] [stdout]    |                                 ^^^ not found in this scope
[INFO] [stdout]    |
[INFO] [stdout] help: consider importing this unit variant
[INFO] [stdout]    |
[INFO] [stdout] 2  | use atsam4e16e_pac::Interrupt::TC0;
[INFO] [stdout]    |
[INFO] [stdout] 
[INFO] [stdout] error[E0599]: no method named `millis` found for type `u32` in the current scope
[INFO] [stdout]    --> src/timer.rs:325:20
[INFO] [stdout]     |
[INFO] [stdout] 20  | tcc0.start(500_u32.millis());
[INFO] [stdout]     |                    ^^^^^^ method not found in `u32`
[INFO] [stdout]     |
[INFO] [stdout]    ::: /opt/rustwide/cargo-home/registry/src/github.com-1ecc6299db9ec823/fugit-0.3.6/src/duration.rs:733:8
[INFO] [stdout]     |
[INFO] [stdout] 733 |     fn millis<const NOM: u32, const DENOM: u32>(self) -> Duration<u32, NOM, DENOM>;
[INFO] [stdout]     |        ------ the method is available for `u32` here
[INFO] [stdout]     |
[INFO] [stdout]     = help: items from traits can only be used if the trait is in scope
[INFO] [stdout] help: the following trait is implemented but not in scope; perhaps add a `use` for it:
[INFO] [stdout]     |
[INFO] [stdout] 2   | use fugit::ExtU32;
[INFO] [stdout]     |
[INFO] [stdout] 
[INFO] [stdout] error[E0599]: no method named `nanos` found for type `u32` in the current scope
[INFO] [stdout]    --> src/timer.rs:330:19
[INFO] [stdout]     |
[INFO] [stdout] 25  | tcc1.start(17_u32.nanos()); // Assuming MCK is 120 MHz or faster
[INFO] [stdout]     |                   ^^^^^ method not found in `u32`
[INFO] [stdout]     |
[INFO] [stdout]    ::: /opt/rustwide/cargo-home/registry/src/github.com-1ecc6299db9ec823/fugit-0.3.6/src/duration.rs:727:8
[INFO] [stdout]     |
[INFO] [stdout] 727 |     fn nanos<const NOM: u32, const DENOM: u32>(self) -> Duration<u32, NOM, DENOM>;
[INFO] [stdout]     |        ----- the method is available for `u32` here
[INFO] [stdout]     |
[INFO] [stdout]     = help: items from traits can only be used if the trait is in scope
[INFO] [stdout] help: the following trait is implemented but not in scope; perhaps add a `use` for it:
[INFO] [stdout]     |
[INFO] [stdout] 2   | use fugit::ExtU32;
[INFO] [stdout]     |
[INFO] [stdout] 
[INFO] [stdout] error: aborting due to 12 previous errors
[INFO] [stdout] 
[INFO] [stdout] Some errors have detailed explanations: E0425, E0433, E0599.
[INFO] [stdout] For more information about an error, try `rustc --explain E0425`.
[INFO] [stdout] Couldn't compile the test.
[INFO] [stdout] ---- src/efc.rs - efc::Efc (line 150) stdout ----
[INFO] [stdout] error: expected one of `,`, `:`, or `}`, found `(`
[INFO] [stdout]  --> src/efc.rs:153:9
[INFO] [stdout]   |
[INFO] [stdout] 3 | MEMORY
[INFO] [stdout]   | ------ while parsing this struct
[INFO] [stdout] 4 | {
[INFO] [stdout] 5 |   FLASH (rx) : ORIGIN = 0x00400000, LENGTH = 512K
[INFO] [stdout]   |   -     ^ expected one of `,`, `:`, or `}`
[INFO] [stdout]   |   |
[INFO] [stdout]   |   help: try naming a field: `FLASH:`
[INFO] [stdout] 
[INFO] [stdout] error: expected `:`, found `=`
[INFO] [stdout]  --> src/efc.rs:153:44
[INFO] [stdout]   |
[INFO] [stdout] 5 |   FLASH (rx) : ORIGIN = 0x00400000, LENGTH = 512K
[INFO] [stdout]   |                                           -^
[INFO] [stdout]   |                                           |
[INFO] [stdout]   |                                           help: replace equals symbol with a colon: `:`
[INFO] [stdout] 
[INFO] [stdout] error: expected one of `,`, `.`, `?`, `}`, or an operator, found `RAM`
[INFO] [stdout]  --> src/efc.rs:154:3
[INFO] [stdout]   |
[INFO] [stdout] 3 | MEMORY
[INFO] [stdout]   | ------ while parsing this struct
[INFO] [stdout] 4 | {
[INFO] [stdout] 5 |   FLASH (rx) : ORIGIN = 0x00400000, LENGTH = 512K
[INFO] [stdout]   |                                                  - expected one of `,`, `.`, `?`, `}`, or an operator
[INFO] [stdout] 6 |   RAM (xrw)  : ORIGIN = 0x20000000, LENGTH = 128K
[INFO] [stdout]   |   ^^^ unexpected token
[INFO] [stdout] 
[INFO] [stdout] error: expected `:`, found `=`
[INFO] [stdout]  --> src/efc.rs:154:44
[INFO] [stdout]   |
[INFO] [stdout] 6 |   RAM (xrw)  : ORIGIN = 0x20000000, LENGTH = 128K
[INFO] [stdout]   |                                           -^
[INFO] [stdout]   |                                           |
[INFO] [stdout]   |                                           help: replace equals symbol with a colon: `:`
[INFO] [stdout] 
[INFO] [stdout] error: expected one of `,`, `.`, `?`, `}`, or an operator, found `CS0`
[INFO] [stdout]  --> src/efc.rs:155:3
[INFO] [stdout]   |
[INFO] [stdout] 3 | MEMORY
[INFO] [stdout]   | ------ while parsing this struct
[INFO] [stdout] ...
[INFO] [stdout] 6 |   RAM (xrw)  : ORIGIN = 0x20000000, LENGTH = 128K
[INFO] [stdout]   |                                                  - expected one of `,`, `.`, `?`, `}`, or an operator
[INFO] [stdout] 7 |   CS0 (xrw)  : ORIGIN = 0x60000000, LENGTH = 16M
[INFO] [stdout]   |   ^^^ unexpected token
[INFO] [stdout] 
[INFO] [stdout] error: expected `:`, found `=`
[INFO] [stdout]  --> src/efc.rs:155:44
[INFO] [stdout]   |
[INFO] [stdout] 7 |   CS0 (xrw)  : ORIGIN = 0x60000000, LENGTH = 16M
[INFO] [stdout]   |                                           -^
[INFO] [stdout]   |                                           |
[INFO] [stdout]   |                                           help: replace equals symbol with a colon: `:`
[INFO] [stdout] 
[INFO] [stdout] error: expected one of `,`, `.`, `?`, `}`, or an operator, found `CS1`
[INFO] [stdout]  --> src/efc.rs:156:3
[INFO] [stdout]   |
[INFO] [stdout] 3 | MEMORY
[INFO] [stdout]   | ------ while parsing this struct
[INFO] [stdout] ...
[INFO] [stdout] 7 |   CS0 (xrw)  : ORIGIN = 0x60000000, LENGTH = 16M
[INFO] [stdout]   |                                                 - expected one of `,`, `.`, `?`, `}`, or an operator
[INFO] [stdout] 8 |   CS1 (xrw)  : ORIGIN = 0x61000000, LENGTH = 16M
[INFO] [stdout]   |   ^^^ unexpected token
[INFO] [stdout] 
[INFO] [stdout] error: expected `:`, found `=`
[INFO] [stdout]  --> src/efc.rs:156:44
[INFO] [stdout]   |
[INFO] [stdout] 8 |   CS1 (xrw)  : ORIGIN = 0x61000000, LENGTH = 16M
[INFO] [stdout]   |                                           -^
[INFO] [stdout]   |                                           |
[INFO] [stdout]   |                                           help: replace equals symbol with a colon: `:`
[INFO] [stdout] 
[INFO] [stdout] error: expected one of `,`, `.`, `?`, `}`, or an operator, found `CS2`
[INFO] [stdout]  --> src/efc.rs:157:3
[INFO] [stdout]   |
[INFO] [stdout] 3 | MEMORY
[INFO] [stdout]   | ------ while parsing this struct
[INFO] [stdout] ...
[INFO] [stdout] 8 |   CS1 (xrw)  : ORIGIN = 0x61000000, LENGTH = 16M
[INFO] [stdout]   |                                                 - expected one of `,`, `.`, `?`, `}`, or an operator
[INFO] [stdout] 9 |   CS2 (xrw)  : ORIGIN = 0x62000000, LENGTH = 16M
[INFO] [stdout]   |   ^^^ unexpected token
[INFO] [stdout] 
[INFO] [stdout] error: expected `:`, found `=`
[INFO] [stdout]  --> src/efc.rs:157:44
[INFO] [stdout]   |
[INFO] [stdout] 9 |   CS2 (xrw)  : ORIGIN = 0x62000000, LENGTH = 16M
[INFO] [stdout]   |                                           -^
[INFO] [stdout]   |                                           |
[INFO] [stdout]   |                                           help: replace equals symbol with a colon: `:`
[INFO] [stdout] 
[INFO] [stdout] error: expected one of `,`, `.`, `?`, `}`, or an operator, found `CS3`
[INFO] [stdout]   --> src/efc.rs:158:3
[INFO] [stdout]    |
[INFO] [stdout] 3  | MEMORY
[INFO] [stdout]    | ------ while parsing this struct
[INFO] [stdout] ...
[INFO] [stdout] 9  |   CS2 (xrw)  : ORIGIN = 0x62000000, LENGTH = 16M
[INFO] [stdout]    |                                                 - expected one of `,`, `.`, `?`, `}`, or an operator
[INFO] [stdout] 10 |   CS3 (xrw)  : ORIGIN = 0x63000000, LENGTH = 16M
[INFO] [stdout]    |   ^^^ unexpected token
[INFO] [stdout] 
[INFO] [stdout] error: expected `:`, found `=`
[INFO] [stdout]   --> src/efc.rs:158:44
[INFO] [stdout]    |
[INFO] [stdout] 10 |   CS3 (xrw)  : ORIGIN = 0x63000000, LENGTH = 16M
[INFO] [stdout]    |                                           -^
[INFO] [stdout]    |                                           |
[INFO] [stdout]    |                                           help: replace equals symbol with a colon: `:`
[INFO] [stdout] 
[INFO] [stdout] error: expected `;`, found `_flash`
[INFO] [stdout]   --> src/efc.rs:159:2
[INFO] [stdout]    |
[INFO] [stdout] 11 | }
[INFO] [stdout]    |  ^ help: add `;` here
[INFO] [stdout] 12 |
[INFO] [stdout] 13 | _flash = ORIGIN(FLASH);
[INFO] [stdout]    | ------ unexpected token
[INFO] [stdout] 
[INFO] [stdout] error[E0425]: cannot find value `_flash` in this scope
[INFO] [stdout]   --> src/efc.rs:161:1
[INFO] [stdout]    |
[INFO] [stdout] 13 | _flash = ORIGIN(FLASH);
[INFO] [stdout]    | ^^^^^^
[INFO] [stdout]    |
[INFO] [stdout] help: you might have meant to introduce a new binding
[INFO] [stdout]    |
[INFO] [stdout] 13 | let _flash = ORIGIN(FLASH);
[INFO] [stdout]    | +++
[INFO] [stdout] 
[INFO] [stdout] error[E0425]: cannot find value `FLASH` in this scope
[INFO] [stdout]   --> src/efc.rs:161:17
[INFO] [stdout]    |
[INFO] [stdout] 13 | _flash = ORIGIN(FLASH);
[INFO] [stdout]    |                 ^^^^^ not found in this scope
[INFO] [stdout]    |
[INFO] [stdout] help: consider importing this unit variant
[INFO] [stdout]    |
[INFO] [stdout] 2  | use atsam4e16e_pac::chipid::cidr::NVPTYP_A::FLASH;
[INFO] [stdout]    |
[INFO] [stdout] 
[INFO] [stdout] error[E0425]: cannot find function, tuple struct or tuple variant `ORIGIN` in this scope
[INFO] [stdout]   --> src/efc.rs:161:10
[INFO] [stdout]    |
[INFO] [stdout] 13 | _flash = ORIGIN(FLASH);
[INFO] [stdout]    |          ^^^^^^ not found in this scope
[INFO] [stdout] 
[INFO] [stdout] error: aborting due to 16 previous errors
[INFO] [stdout] 
[INFO] [stdout] For more information about this error, try `rustc --explain E0425`.
[INFO] [stdout] Couldn't compile the test.
[INFO] [stdout] ---- src/efc.rs - efc::Efc (line 164) stdout ----
[INFO] [stdout] error[E0433]: failed to resolve: use of undeclared crate or module `hal`
[INFO] [stdout]   --> src/efc.rs:172:5
[INFO] [stdout]    |
[INFO] [stdout] 11 | use hal::efc::Efc;
[INFO] [stdout]    |     ^^^ use of undeclared crate or module `hal`
[INFO] [stdout] 
[INFO] [stdout] error[E0433]: failed to resolve: use of undeclared type `MainClock`
[INFO] [stdout]   --> src/efc.rs:181:5
[INFO] [stdout]    |
[INFO] [stdout] 20 |     MainClock::Crystal12Mhz,
[INFO] [stdout]    |     ^^^^^^^^^ use of undeclared type `MainClock`
[INFO] [stdout] 
[INFO] [stdout] error[E0433]: failed to resolve: use of undeclared type `SlowClock`
[INFO] [stdout]   --> src/efc.rs:182:5
[INFO] [stdout]    |
[INFO] [stdout] 21 |     SlowClock::RcOscillator32Khz,
[INFO] [stdout]    |     ^^^^^^^^^ use of undeclared type `SlowClock`
[INFO] [stdout] 
[INFO] [stdout] error[E0433]: failed to resolve: use of undeclared type `ClockController`
[INFO] [stdout]   --> src/efc.rs:177:15
[INFO] [stdout]    |
[INFO] [stdout] 16 | let _clocks = ClockController::new(
[INFO] [stdout]    |               ^^^^^^^^^^^^^^^ use of undeclared type `ClockController`
[INFO] [stdout]    |
[INFO] [stdout] help: consider importing this struct
[INFO] [stdout]    |
[INFO] [stdout] 3  | use atsam4_hal::clock::ClockController;
[INFO] [stdout]    |
[INFO] [stdout] 
[INFO] [stdout] error[E0425]: cannot find value `cx` in this scope
[INFO] [stdout]   --> src/efc.rs:187:24
[INFO] [stdout]    |
[INFO] [stdout] 26 | let mut efc = Efc::new(cx.device.EFC0, unsafe { &mut FLASH_CONFIG });
[INFO] [stdout]    |                        ^^ not found in this scope
[INFO] [stdout] 
[INFO] [stdout] error[E0609]: no field `EFC0` on type `Peripherals`
[INFO] [stdout]   --> src/efc.rs:180:18
[INFO] [stdout]    |
[INFO] [stdout] 19 |     &peripherals.EFC0,
[INFO] [stdout]    |                  ^^^^ help: a field with a similar name exists: `EFC`
[INFO] [stdout] 
[INFO] [stdout] error: aborting due to 6 previous errors
[INFO] [stdout] 
[INFO] [stdout] Some errors have detailed explanations: E0425, E0433, E0609.
[INFO] [stdout] For more information about an error, try `rustc --explain E0425`.
[INFO] [stdout] Couldn't compile the test.
[INFO] [stdout] ---- src/timer.rs - timer::TimerCounter<TC1>::new (line 312) stdout ----
[INFO] [stdout] error[E0433]: failed to resolve: use of undeclared type `MainClock`
[INFO] [stdout]  --> src/timer.rs:317:5
[INFO] [stdout]   |
[INFO] [stdout] 7 |     MainClock::Crystal12Mhz,
[INFO] [stdout]   |     ^^^^^^^^^ use of undeclared type `MainClock`
[INFO] [stdout] 
[INFO] [stdout] error[E0433]: failed to resolve: use of undeclared type `SlowClock`
[INFO] [stdout]  --> src/timer.rs:318:5
[INFO] [stdout]   |
[INFO] [stdout] 8 |     SlowClock::RcOscillator32Khz,
[INFO] [stdout]   |     ^^^^^^^^^ use of undeclared type `SlowClock`
[INFO] [stdout] 
[INFO] [stdout] error[E0433]: failed to resolve: use of undeclared type `ClockSource`
[INFO] [stdout]   --> src/timer.rs:329:18
[INFO] [stdout]    |
[INFO] [stdout] 19 | tcc0.clock_input(ClockSource::Slck32768Hz);
[INFO] [stdout]    |                  ^^^^^^^^^^^ use of undeclared type `ClockSource`
[INFO] [stdout] 
[INFO] [stdout] error[E0433]: failed to resolve: use of undeclared type `ClockSource`
[INFO] [stdout]   --> src/timer.rs:334:18
[INFO] [stdout]    |
[INFO] [stdout] 24 | tcc1.clock_input(ClockSource::MckDiv2);
[INFO] [stdout]    |                  ^^^^^^^^^^^ use of undeclared type `ClockSource`
[INFO] [stdout] 
[INFO] [stdout] error[E0433]: failed to resolve: use of undeclared type `ClockController`
[INFO] [stdout]  --> src/timer.rs:313:14
[INFO] [stdout]   |
[INFO] [stdout] 3 | let clocks = ClockController::new(
[INFO] [stdout]   |              ^^^^^^^^^^^^^^^ use of undeclared type `ClockController`
[INFO] [stdout]   |
[INFO] [stdout] help: consider importing this struct
[INFO] [stdout]   |
[INFO] [stdout] 2 | use atsam4_hal::clock::ClockController;
[INFO] [stdout]   |
[INFO] [stdout] 
[INFO] [stdout] error[E0425]: cannot find value `cx` in this scope
[INFO] [stdout]  --> src/timer.rs:314:5
[INFO] [stdout]   |
[INFO] [stdout] 4 |     cx.device.PMC,
[INFO] [stdout]   |     ^^ not found in this scope
[INFO] [stdout] 
[INFO] [stdout] error[E0425]: cannot find value `cx` in this scope
[INFO] [stdout]  --> src/timer.rs:315:6
[INFO] [stdout]   |
[INFO] [stdout] 5 |     &cx.device.SUPC,
[INFO] [stdout]   |      ^^ not found in this scope
[INFO] [stdout] 
[INFO] [stdout] error[E0425]: cannot find value `cx` in this scope
[INFO] [stdout]  --> src/timer.rs:316:6
[INFO] [stdout]   |
[INFO] [stdout] 6 |     &cx.device.EFC0,
[INFO] [stdout]   |      ^^ not found in this scope
[INFO] [stdout] 
[INFO] [stdout] error[E0433]: failed to resolve: use of undeclared type `TimerCounter`
[INFO] [stdout]   --> src/timer.rs:321:15
[INFO] [stdout]    |
[INFO] [stdout] 11 | let mut tc0 = TimerCounter::new(TC0);
[INFO] [stdout]    |               ^^^^^^^^^^^^ use of undeclared type `TimerCounter`
[INFO] [stdout]    |
[INFO] [stdout] help: consider importing this struct
[INFO] [stdout]    |
[INFO] [stdout] 2  | use atsam4_hal::timer::TimerCounter;
[INFO] [stdout]    |
[INFO] [stdout] 
[INFO] [stdout] error[E0425]: cannot find value `TC0` in this scope
[INFO] [stdout]   --> src/timer.rs:321:33
[INFO] [stdout]    |
[INFO] [stdout] 11 | let mut tc0 = TimerCounter::new(TC0);
[INFO] [stdout]    |                                 ^^^ not found in this scope
[INFO] [stdout]    |
[INFO] [stdout] help: consider importing this unit variant
[INFO] [stdout]    |
[INFO] [stdout] 2  | use atsam4e16e_pac::Interrupt::TC0;
[INFO] [stdout]    |
[INFO] [stdout] 
[INFO] [stdout] error[E0599]: no method named `millis` found for type `u32` in the current scope
[INFO] [stdout]    --> src/timer.rs:330:20
[INFO] [stdout]     |
[INFO] [stdout] 20  | tcc0.start(500_u32.millis());
[INFO] [stdout]     |                    ^^^^^^ method not found in `u32`
[INFO] [stdout]     |
[INFO] [stdout]    ::: /opt/rustwide/cargo-home/registry/src/github.com-1ecc6299db9ec823/fugit-0.3.6/src/duration.rs:733:8
[INFO] [stdout]     |
[INFO] [stdout] 733 |     fn millis<const NOM: u32, const DENOM: u32>(self) -> Duration<u32, NOM, DENOM>;
[INFO] [stdout]     |        ------ the method is available for `u32` here
[INFO] [stdout]     |
[INFO] [stdout]     = help: items from traits can only be used if the trait is in scope
[INFO] [stdout] help: the following trait is implemented but not in scope; perhaps add a `use` for it:
[INFO] [stdout]     |
[INFO] [stdout] 2   | use fugit::ExtU32;
[INFO] [stdout]     |
[INFO] [stdout] 
[INFO] [stdout] error[E0599]: no method named `nanos` found for type `u32` in the current scope
[INFO] [stdout]    --> src/timer.rs:335:19
[INFO] [stdout]     |
[INFO] [stdout] 25  | tcc1.start(17_u32.nanos()); // Assuming MCK is 120 MHz or faster
[INFO] [stdout]     |                   ^^^^^ method not found in `u32`
[INFO] [stdout]     |
[INFO] [stdout]    ::: /opt/rustwide/cargo-home/registry/src/github.com-1ecc6299db9ec823/fugit-0.3.6/src/duration.rs:727:8
[INFO] [stdout]     |
[INFO] [stdout] 727 |     fn nanos<const NOM: u32, const DENOM: u32>(self) -> Duration<u32, NOM, DENOM>;
[INFO] [stdout]     |        ----- the method is available for `u32` here
[INFO] [stdout]     |
[INFO] [stdout]     = help: items from traits can only be used if the trait is in scope
[INFO] [stdout] help: the following trait is implemented but not in scope; perhaps add a `use` for it:
[INFO] [stdout]     |
[INFO] [stdout] 2   | use fugit::ExtU32;
[INFO] [stdout]     |
[INFO] [stdout] 
[INFO] [stdout] error: aborting due to 12 previous errors
[INFO] [stdout] 
[INFO] [stdout] Some errors have detailed explanations: E0425, E0433, E0599.
[INFO] [stdout] For more information about an error, try `rustc --explain E0425`.
[INFO] [stdout] Couldn't compile the test.
[INFO] [stdout] ---- src/timer.rs - timer::TimerCounter<TC2>::new (line 317) stdout ----
[INFO] [stdout] error[E0433]: failed to resolve: use of undeclared type `MainClock`
[INFO] [stdout]  --> src/timer.rs:322:5
[INFO] [stdout]   |
[INFO] [stdout] 7 |     MainClock::Crystal12Mhz,
[INFO] [stdout]   |     ^^^^^^^^^ use of undeclared type `MainClock`
[INFO] [stdout] 
[INFO] [stdout] error[E0433]: failed to resolve: use of undeclared type `SlowClock`
[INFO] [stdout]  --> src/timer.rs:323:5
[INFO] [stdout]   |
[INFO] [stdout] 8 |     SlowClock::RcOscillator32Khz,
[INFO] [stdout]   |     ^^^^^^^^^ use of undeclared type `SlowClock`
[INFO] [stdout] 
[INFO] [stdout] error[E0433]: failed to resolve: use of undeclared type `ClockSource`
[INFO] [stdout]   --> src/timer.rs:334:18
[INFO] [stdout]    |
[INFO] [stdout] 19 | tcc0.clock_input(ClockSource::Slck32768Hz);
[INFO] [stdout]    |                  ^^^^^^^^^^^ use of undeclared type `ClockSource`
[INFO] [stdout] 
[INFO] [stdout] error[E0433]: failed to resolve: use of undeclared type `ClockSource`
[INFO] [stdout]   --> src/timer.rs:339:18
[INFO] [stdout]    |
[INFO] [stdout] 24 | tcc1.clock_input(ClockSource::MckDiv2);
[INFO] [stdout]    |                  ^^^^^^^^^^^ use of undeclared type `ClockSource`
[INFO] [stdout] 
[INFO] [stdout] error[E0433]: failed to resolve: use of undeclared type `ClockController`
[INFO] [stdout]  --> src/timer.rs:318:14
[INFO] [stdout]   |
[INFO] [stdout] 3 | let clocks = ClockController::new(
[INFO] [stdout]   |              ^^^^^^^^^^^^^^^ use of undeclared type `ClockController`
[INFO] [stdout]   |
[INFO] [stdout] help: consider importing this struct
[INFO] [stdout]   |
[INFO] [stdout] 2 | use atsam4_hal::clock::ClockController;
[INFO] [stdout]   |
[INFO] [stdout] 
[INFO] [stdout] error[E0425]: cannot find value `cx` in this scope
[INFO] [stdout]  --> src/timer.rs:319:5
[INFO] [stdout]   |
[INFO] [stdout] 4 |     cx.device.PMC,
[INFO] [stdout]   |     ^^ not found in this scope
[INFO] [stdout] 
[INFO] [stdout] error[E0425]: cannot find value `cx` in this scope
[INFO] [stdout]  --> src/timer.rs:320:6
[INFO] [stdout]   |
[INFO] [stdout] 5 |     &cx.device.SUPC,
[INFO] [stdout]   |      ^^ not found in this scope
[INFO] [stdout] 
[INFO] [stdout] error[E0425]: cannot find value `cx` in this scope
[INFO] [stdout]  --> src/timer.rs:321:6
[INFO] [stdout]   |
[INFO] [stdout] 6 |     &cx.device.EFC0,
[INFO] [stdout]   |      ^^ not found in this scope
[INFO] [stdout] 
[INFO] [stdout] error[E0433]: failed to resolve: use of undeclared type `TimerCounter`
[INFO] [stdout]   --> src/timer.rs:326:15
[INFO] [stdout]    |
[INFO] [stdout] 11 | let mut tc0 = TimerCounter::new(TC0);
[INFO] [stdout]    |               ^^^^^^^^^^^^ use of undeclared type `TimerCounter`
[INFO] [stdout]    |
[INFO] [stdout] help: consider importing this struct
[INFO] [stdout]    |
[INFO] [stdout] 2  | use atsam4_hal::timer::TimerCounter;
[INFO] [stdout]    |
[INFO] [stdout] 
[INFO] [stdout] error[E0425]: cannot find value `TC0` in this scope
[INFO] [stdout]   --> src/timer.rs:326:33
[INFO] [stdout]    |
[INFO] [stdout] 11 | let mut tc0 = TimerCounter::new(TC0);
[INFO] [stdout]    |                                 ^^^ not found in this scope
[INFO] [stdout]    |
[INFO] [stdout] help: consider importing this unit variant
[INFO] [stdout]    |
[INFO] [stdout] 2  | use atsam4e16e_pac::Interrupt::TC0;
[INFO] [stdout]    |
[INFO] [stdout] 
[INFO] [stdout] error[E0599]: no method named `millis` found for type `u32` in the current scope
[INFO] [stdout]    --> src/timer.rs:335:20
[INFO] [stdout]     |
[INFO] [stdout] 20  | tcc0.start(500_u32.millis());
[INFO] [stdout]     |                    ^^^^^^ method not found in `u32`
[INFO] [stdout]     |
[INFO] [stdout]    ::: /opt/rustwide/cargo-home/registry/src/github.com-1ecc6299db9ec823/fugit-0.3.6/src/duration.rs:733:8
[INFO] [stdout]     |
[INFO] [stdout] 733 |     fn millis<const NOM: u32, const DENOM: u32>(self) -> Duration<u32, NOM, DENOM>;
[INFO] [stdout]     |        ------ the method is available for `u32` here
[INFO] [stdout]     |
[INFO] [stdout]     = help: items from traits can only be used if the trait is in scope
[INFO] [stdout] help: the following trait is implemented but not in scope; perhaps add a `use` for it:
[INFO] [stdout]     |
[INFO] [stdout] 2   | use fugit::ExtU32;
[INFO] [stdout]     |
[INFO] [stdout] 
[INFO] [stdout] error[E0599]: no method named `nanos` found for type `u32` in the current scope
[INFO] [stdout]    --> src/timer.rs:340:19
[INFO] [stdout]     |
[INFO] [stdout] 25  | tcc1.start(17_u32.nanos()); // Assuming MCK is 120 MHz or faster
[INFO] [stdout]     |                   ^^^^^ method not found in `u32`
[INFO] [stdout]     |
[INFO] [stdout]    ::: /opt/rustwide/cargo-home/registry/src/github.com-1ecc6299db9ec823/fugit-0.3.6/src/duration.rs:727:8
[INFO] [stdout]     |
[INFO] [stdout] 727 |     fn nanos<const NOM: u32, const DENOM: u32>(self) -> Duration<u32, NOM, DENOM>;
[INFO] [stdout]     |        ----- the method is available for `u32` here
[INFO] [stdout]     |
[INFO] [stdout]     = help: items from traits can only be used if the trait is in scope
[INFO] [stdout] help: the following trait is implemented but not in scope; perhaps add a `use` for it:
[INFO] [stdout]     |
[INFO] [stdout] 2   | use fugit::ExtU32;
[INFO] [stdout]     |
[INFO] [stdout] 
[INFO] [stdout] error: aborting due to 12 previous errors
[INFO] [stdout] 
[INFO] [stdout] Some errors have detailed explanations: E0425, E0433, E0599.
[INFO] [stdout] For more information about an error, try `rustc --explain E0425`.
[INFO] [stdout] Couldn't compile the test.
[INFO] [stdout] ---- src/spi.rs - spi::SpiMaster<u32>::with_pdc_rxtx (line 1017) stdout ----
[INFO] [stdout] error: expected `;`, found keyword `let`
[INFO] [stdout]   --> src/spi.rs:1039:58
[INFO] [stdout]    |
[INFO] [stdout] 25 | let mut pins = Pins::new(gpio_ports, &peripherals.MATRIX)
[INFO] [stdout]    |                                                          ^ help: add `;` here
[INFO] [stdout] ...
[INFO] [stdout] 28 | let wdrbt = false; // Wait data read before transfer enabled
[INFO] [stdout]    | --- unexpected token
[INFO] [stdout] 
[INFO] [stdout] error: expected one of `.`, `;`, `?`, `else`, or an operator, found `,`
[INFO] [stdout]   --> src/spi.rs:1061:36
[INFO] [stdout]    |
[INFO] [stdout] 47 | let spi_tx_buf: [u32; 10] = [5; 10],
[INFO] [stdout]    |                                    ^ expected one of `.`, `;`, `?`, `else`, or an operator
[INFO] [stdout] 
[INFO] [stdout] error[E0433]: failed to resolve: use of undeclared crate or module `spi`
[INFO] [stdout]   --> src/spi.rs:1054:5
[INFO] [stdout]    |
[INFO] [stdout] 40 |     spi::PeripheralSelectMode::Variable,
[INFO] [stdout]    |     ^^^ use of undeclared crate or module `spi`
[INFO] [stdout] 
[INFO] [stdout] error[E0433]: failed to resolve: use of undeclared type `Ports`
[INFO] [stdout]   --> src/spi.rs:1029:18
[INFO] [stdout]    |
[INFO] [stdout] 15 | let gpio_ports = Ports::new(
[INFO] [stdout]    |                  ^^^^^ use of undeclared type `Ports`
[INFO] [stdout]    |
[INFO] [stdout] help: consider importing this struct
[INFO] [stdout]    |
[INFO] [stdout] 2  | use atsam4_hal::gpio::Ports;
[INFO] [stdout]    |
[INFO] [stdout] 
[INFO] [stdout] error[E0433]: failed to resolve: use of undeclared type `Pins`
[INFO] [stdout]   --> src/spi.rs:1039:16
[INFO] [stdout]    |
[INFO] [stdout] 25 | let mut pins = Pins::new(gpio_ports, &peripherals.MATRIX)
[INFO] [stdout]    |                ^^^^ use of undeclared type `Pins`
[INFO] [stdout]    |
[INFO] [stdout] help: consider importing this struct
[INFO] [stdout]    |
[INFO] [stdout] 2  | use atsam4_hal::gpio::Pins;
[INFO] [stdout]    |
[INFO] [stdout] 
[INFO] [stdout] error[E0433]: failed to resolve: use of undeclared type `SpiMaster`
[INFO] [stdout]   --> src/spi.rs:1048:15
[INFO] [stdout]    |
[INFO] [stdout] 34 | let mut spi = SpiMaster::<SpiU8>::new(
[INFO] [stdout]    |               ^^^^^^^^^ use of undeclared type `SpiMaster`
[INFO] [stdout]    |
[INFO] [stdout] help: consider importing this struct
[INFO] [stdout]    |
[INFO] [stdout] 2  | use atsam4_hal::spi::SpiMaster;
[INFO] [stdout]    |
[INFO] [stdout] 
[INFO] [stdout] error[E0412]: cannot find type `SpiU8` in this scope
[INFO] [stdout]   --> src/spi.rs:1048:27
[INFO] [stdout]    |
[INFO] [stdout] 34 | let mut spi = SpiMaster::<SpiU8>::new(
[INFO] [stdout]    |                           ^^^^^ not found in this scope
[INFO] [stdout]    |
[INFO] [stdout] help: consider importing this struct
[INFO] [stdout]    |
[INFO] [stdout] 2  | use atsam4_hal::spi::SpiU8;
[INFO] [stdout]    |
[INFO] [stdout] 
[INFO] [stdout] error[E0425]: cannot find value `cx` in this scope
[INFO] [stdout]   --> src/spi.rs:1049:5
[INFO] [stdout]    |
[INFO] [stdout] 35 |     cx.device.SPI,
[INFO] [stdout]    |     ^^ not found in this scope
[INFO] [stdout] 
[INFO] [stdout] error[E0609]: no field `EFC0` on type `Peripherals`
[INFO] [stdout]   --> src/spi.rs:1025:18
[INFO] [stdout]    |
[INFO] [stdout] 11 |     &peripherals.EFC0,
[INFO] [stdout]    |                  ^^^^ help: a field with a similar name exists: `EFC`
[INFO] [stdout] 
[INFO] [stdout] error: aborting due to 9 previous errors
[INFO] [stdout] 
[INFO] [stdout] Some errors have detailed explanations: E0412, E0425, E0433, E0609.
[INFO] [stdout] For more information about an error, try `rustc --explain E0412`.
[INFO] [stdout] Couldn't compile the test.
[INFO] [stdout] ---- src/rtt.rs - rtt::RealTimeTimer<PRESCALER,RTC1HZ>::new (line 140) stdout ----
[INFO] [stdout] error[E0433]: failed to resolve: use of undeclared type `RealTimeTimer`
[INFO] [stdout]  --> src/rtt.rs:142:15
[INFO] [stdout]   |
[INFO] [stdout] 4 | let mut rtt = RealTimeTimer::<PRESCALER, false>::new(peripherals.RTT);
[INFO] [stdout]   |               ^^^^^^^^^^^^^ use of undeclared type `RealTimeTimer`
[INFO] [stdout]   |
[INFO] [stdout] help: consider importing this struct
[INFO] [stdout]   |
[INFO] [stdout] 2 | use atsam4_hal::rtt::RealTimeTimer;
[INFO] [stdout]   |
[INFO] [stdout] 
[INFO] [stdout] error[E0425]: cannot find value `peripherals` in this scope
[INFO] [stdout]  --> src/rtt.rs:142:54
[INFO] [stdout]   |
[INFO] [stdout] 4 | let mut rtt = RealTimeTimer::<PRESCALER, false>::new(peripherals.RTT);
[INFO] [stdout]   |                                                      ^^^^^^^^^^^ not found in this scope
[INFO] [stdout] 
[INFO] [stdout] error[E0599]: no method named `micros` found for type `u32` in the current scope
[INFO] [stdout]    --> src/rtt.rs:144:24
[INFO] [stdout]     |
[INFO] [stdout] 6   | rtt.start(1_000_000u32.micros());
[INFO] [stdout]     |                        ^^^^^^ method not found in `u32`
[INFO] [stdout]     |
[INFO] [stdout]    ::: /opt/rustwide/cargo-home/registry/src/github.com-1ecc6299db9ec823/fugit-0.3.6/src/duration.rs:730:8
[INFO] [stdout]     |
[INFO] [stdout] 730 |     fn micros<const NOM: u32, const DENOM: u32>(self) -> Duration<u32, NOM, DENOM>;
[INFO] [stdout]     |        ------ the method is available for `u32` here
[INFO] [stdout]     |
[INFO] [stdout]     = help: items from traits can only be used if the trait is in scope
[INFO] [stdout] help: the following trait is implemented but not in scope; perhaps add a `use` for it:
[INFO] [stdout]     |
[INFO] [stdout] 2   | use fugit::ExtU32;
[INFO] [stdout]     |
[INFO] [stdout] 
[INFO] [stdout] error: aborting due to 3 previous errors
[INFO] [stdout] 
[INFO] [stdout] Some errors have detailed explanations: E0425, E0433, E0599.
[INFO] [stdout] For more information about an error, try `rustc --explain E0425`.
[INFO] [stdout] Couldn't compile the test.
[INFO] [stdout] ---- src/spi.rs - spi::SpiMaster<u8>::with_pdc_rxtx (line 1015) stdout ----
[INFO] [stdout] error: expected `;`, found keyword `let`
[INFO] [stdout]   --> src/spi.rs:1037:58
[INFO] [stdout]    |
[INFO] [stdout] 25 | let mut pins = Pins::new(gpio_ports, &peripherals.MATRIX)
[INFO] [stdout]    |                                                          ^ help: add `;` here
[INFO] [stdout] ...
[INFO] [stdout] 28 | let wdrbt = false; // Wait data read before transfer enabled
[INFO] [stdout]    | --- unexpected token
[INFO] [stdout] 
[INFO] [stdout] error: expected one of `.`, `;`, `?`, `else`, or an operator, found `,`
[INFO] [stdout]   --> src/spi.rs:1059:36
[INFO] [stdout]    |
[INFO] [stdout] 47 | let spi_tx_buf: [u32; 10] = [5; 10],
[INFO] [stdout]    |                                    ^ expected one of `.`, `;`, `?`, `else`, or an operator
[INFO] [stdout] 
[INFO] [stdout] error[E0433]: failed to resolve: use of undeclared crate or module `spi`
[INFO] [stdout]   --> src/spi.rs:1052:5
[INFO] [stdout]    |
[INFO] [stdout] 40 |     spi::PeripheralSelectMode::Variable,
[INFO] [stdout]    |     ^^^ use of undeclared crate or module `spi`
[INFO] [stdout] 
[INFO] [stdout] error[E0433]: failed to resolve: use of undeclared type `Ports`
[INFO] [stdout]   --> src/spi.rs:1027:18
[INFO] [stdout]    |
[INFO] [stdout] 15 | let gpio_ports = Ports::new(
[INFO] [stdout]    |                  ^^^^^ use of undeclared type `Ports`
[INFO] [stdout]    |
[INFO] [stdout] help: consider importing this struct
[INFO] [stdout]    |
[INFO] [stdout] 2  | use atsam4_hal::gpio::Ports;
[INFO] [stdout]    |
[INFO] [stdout] 
[INFO] [stdout] error[E0433]: failed to resolve: use of undeclared type `Pins`
[INFO] [stdout]   --> src/spi.rs:1037:16
[INFO] [stdout]    |
[INFO] [stdout] 25 | let mut pins = Pins::new(gpio_ports, &peripherals.MATRIX)
[INFO] [stdout]    |                ^^^^ use of undeclared type `Pins`
[INFO] [stdout]    |
[INFO] [stdout] help: consider importing this struct
[INFO] [stdout]    |
[INFO] [stdout] 2  | use atsam4_hal::gpio::Pins;
[INFO] [stdout]    |
[INFO] [stdout] 
[INFO] [stdout] error[E0433]: failed to resolve: use of undeclared type `SpiMaster`
[INFO] [stdout]   --> src/spi.rs:1046:15
[INFO] [stdout]    |
[INFO] [stdout] 34 | let mut spi = SpiMaster::<SpiU8>::new(
[INFO] [stdout]    |               ^^^^^^^^^ use of undeclared type `SpiMaster`
[INFO] [stdout]    |
[INFO] [stdout] help: consider importing this struct
[INFO] [stdout]    |
[INFO] [stdout] 2  | use atsam4_hal::spi::SpiMaster;
[INFO] [stdout]    |
[INFO] [stdout] 
[INFO] [stdout] error[E0412]: cannot find type `SpiU8` in this scope
[INFO] [stdout]   --> src/spi.rs:1046:27
[INFO] [stdout]    |
[INFO] [stdout] 34 | let mut spi = SpiMaster::<SpiU8>::new(
[INFO] [stdout]    |                           ^^^^^ not found in this scope
[INFO] [stdout]    |
[INFO] [stdout] help: consider importing this struct
[INFO] [stdout]    |
[INFO] [stdout] 2  | use atsam4_hal::spi::SpiU8;
[INFO] [stdout]    |
[INFO] [stdout] 
[INFO] [stdout] error[E0425]: cannot find value `cx` in this scope
[INFO] [stdout]   --> src/spi.rs:1047:5
[INFO] [stdout]    |
[INFO] [stdout] 35 |     cx.device.SPI,
[INFO] [stdout]    |     ^^ not found in this scope
[INFO] [stdout] 
[INFO] [stdout] error[E0609]: no field `EFC0` on type `Peripherals`
[INFO] [stdout]   --> src/spi.rs:1023:18
[INFO] [stdout]    |
[INFO] [stdout] 11 |     &peripherals.EFC0,
[INFO] [stdout]    |                  ^^^^ help: a field with a similar name exists: `EFC`
[INFO] [stdout] 
[INFO] [stdout] error: aborting due to 9 previous errors
[INFO] [stdout] 
[INFO] [stdout] Some errors have detailed explanations: E0412, E0425, E0433, E0609.
[INFO] [stdout] For more information about an error, try `rustc --explain E0412`.
[INFO] [stdout] Couldn't compile the test.
[INFO] [stdout] ---- src/spi.rs - spi::SpiMaster<u16>::with_pdc_rxtx (line 1016) stdout ----
[INFO] [stdout] error: expected `;`, found keyword `let`
[INFO] [stdout]   --> src/spi.rs:1038:58
[INFO] [stdout]    |
[INFO] [stdout] 25 | let mut pins = Pins::new(gpio_ports, &peripherals.MATRIX)
[INFO] [stdout]    |                                                          ^ help: add `;` here
[INFO] [stdout] ...
[INFO] [stdout] 28 | let wdrbt = false; // Wait data read before transfer enabled
[INFO] [stdout]    | --- unexpected token
[INFO] [stdout] 
[INFO] [stdout] error: expected one of `.`, `;`, `?`, `else`, or an operator, found `,`
[INFO] [stdout]   --> src/spi.rs:1060:36
[INFO] [stdout]    |
[INFO] [stdout] 47 | let spi_tx_buf: [u32; 10] = [5; 10],
[INFO] [stdout]    |                                    ^ expected one of `.`, `;`, `?`, `else`, or an operator
[INFO] [stdout] 
[INFO] [stdout] error[E0433]: failed to resolve: use of undeclared crate or module `spi`
[INFO] [stdout]   --> src/spi.rs:1053:5
[INFO] [stdout]    |
[INFO] [stdout] 40 |     spi::PeripheralSelectMode::Variable,
[INFO] [stdout]    |     ^^^ use of undeclared crate or module `spi`
[INFO] [stdout] 
[INFO] [stdout] error[E0433]: failed to resolve: use of undeclared type `Ports`
[INFO] [stdout]   --> src/spi.rs:1028:18
[INFO] [stdout]    |
[INFO] [stdout] 15 | let gpio_ports = Ports::new(
[INFO] [stdout]    |                  ^^^^^ use of undeclared type `Ports`
[INFO] [stdout]    |
[INFO] [stdout] help: consider importing this struct
[INFO] [stdout]    |
[INFO] [stdout] 2  | use atsam4_hal::gpio::Ports;
[INFO] [stdout]    |
[INFO] [stdout] 
[INFO] [stdout] error[E0433]: failed to resolve: use of undeclared type `Pins`
[INFO] [stdout]   --> src/spi.rs:1038:16
[INFO] [stdout]    |
[INFO] [stdout] 25 | let mut pins = Pins::new(gpio_ports, &peripherals.MATRIX)
[INFO] [stdout]    |                ^^^^ use of undeclared type `Pins`
[INFO] [stdout]    |
[INFO] [stdout] help: consider importing this struct
[INFO] [stdout]    |
[INFO] [stdout] 2  | use atsam4_hal::gpio::Pins;
[INFO] [stdout]    |
[INFO] [stdout] 
[INFO] [stdout] error[E0433]: failed to resolve: use of undeclared type `SpiMaster`
[INFO] [stdout]   --> src/spi.rs:1047:15
[INFO] [stdout]    |
[INFO] [stdout] 34 | let mut spi = SpiMaster::<SpiU8>::new(
[INFO] [stdout]    |               ^^^^^^^^^ use of undeclared type `SpiMaster`
[INFO] [stdout]    |
[INFO] [stdout] help: consider importing this struct
[INFO] [stdout]    |
[INFO] [stdout] 2  | use atsam4_hal::spi::SpiMaster;
[INFO] [stdout]    |
[INFO] [stdout] 
[INFO] [stdout] error[E0412]: cannot find type `SpiU8` in this scope
[INFO] [stdout]   --> src/spi.rs:1047:27
[INFO] [stdout]    |
[INFO] [stdout] 34 | let mut spi = SpiMaster::<SpiU8>::new(
[INFO] [stdout]    |                           ^^^^^ not found in this scope
[INFO] [stdout]    |
[INFO] [stdout] help: consider importing this struct
[INFO] [stdout]    |
[INFO] [stdout] 2  | use atsam4_hal::spi::SpiU8;
[INFO] [stdout]    |
[INFO] [stdout] 
[INFO] [stdout] error[E0425]: cannot find value `cx` in this scope
[INFO] [stdout]   --> src/spi.rs:1048:5
[INFO] [stdout]    |
[INFO] [stdout] 35 |     cx.device.SPI,
[INFO] [stdout]    |     ^^ not found in this scope
[INFO] [stdout] 
[INFO] [stdout] error[E0609]: no field `EFC0` on type `Peripherals`
[INFO] [stdout]   --> src/spi.rs:1024:18
[INFO] [stdout]    |
[INFO] [stdout] 11 |     &peripherals.EFC0,
[INFO] [stdout]    |                  ^^^^ help: a field with a similar name exists: `EFC`
[INFO] [stdout] 
[INFO] [stdout] error: aborting due to 9 previous errors
[INFO] [stdout] 
[INFO] [stdout] Some errors have detailed explanations: E0412, E0425, E0433, E0609.
[INFO] [stdout] For more information about an error, try `rustc --explain E0412`.
[INFO] [stdout] Couldn't compile the test.
[INFO] [stdout] ---- src/spi.rs - spi::SpiMaster (line 198) stdout ----
[INFO] [stdout] error: expected `;`, found keyword `let`
[INFO] [stdout]   --> src/spi.rs:220:58
[INFO] [stdout]    |
[INFO] [stdout] 25 | let mut pins = Pins::new(gpio_ports, &peripherals.MATRIX)
[INFO] [stdout]    |                                                          ^ help: add `;` here
[INFO] [stdout] ...
[INFO] [stdout] 28 | let wdrbt = false; // Wait data read before transfer enabled
[INFO] [stdout]    | --- unexpected token
[INFO] [stdout] 
[INFO] [stdout] error[E0433]: failed to resolve: use of undeclared crate or module `spi`
[INFO] [stdout]   --> src/spi.rs:235:5
[INFO] [stdout]    |
[INFO] [stdout] 40 |     spi::PeripheralSelectMode::Variable,
[INFO] [stdout]    |     ^^^ use of undeclared crate or module `spi`
[INFO] [stdout] 
[INFO] [stdout] error[E0433]: failed to resolve: use of undeclared crate or module `spi`
[INFO] [stdout]   --> src/spi.rs:242:12
[INFO] [stdout]    |
[INFO] [stdout] 47 | let mode = spi::spi::MODE_3;
[INFO] [stdout]    |            ^^^ use of undeclared crate or module `spi`
[INFO] [stdout] 
[INFO] [stdout] error[E0433]: failed to resolve: use of undeclared crate or module `spi`
[INFO] [stdout]   --> src/spi.rs:243:11
[INFO] [stdout]    |
[INFO] [stdout] 48 | let csa = spi::ChipSelectActive::ActiveAfterTransfer;
[INFO] [stdout]    |           ^^^ use of undeclared crate or module `spi`
[INFO] [stdout] 
[INFO] [stdout] error[E0433]: failed to resolve: use of undeclared crate or module `spi`
[INFO] [stdout]   --> src/spi.rs:244:12
[INFO] [stdout]    |
[INFO] [stdout] 49 | let bits = spi::BitWidth::Width8Bit;
[INFO] [stdout]    |            ^^^ use of undeclared crate or module `spi`
[INFO] [stdout] 
[INFO] [stdout] error[E0433]: failed to resolve: use of undeclared type `Ports`
[INFO] [stdout]   --> src/spi.rs:210:18
[INFO] [stdout]    |
[INFO] [stdout] 15 | let gpio_ports = Ports::new(
[INFO] [stdout]    |                  ^^^^^ use of undeclared type `Ports`
[INFO] [stdout]    |
[INFO] [stdout] help: consider importing this struct
[INFO] [stdout]    |
[INFO] [stdout] 2  | use atsam4_hal::gpio::Ports;
[INFO] [stdout]    |
[INFO] [stdout] 
[INFO] [stdout] error[E0433]: failed to resolve: use of undeclared type `Pins`
[INFO] [stdout]   --> src/spi.rs:220:16
[INFO] [stdout]    |
[INFO] [stdout] 25 | let mut pins = Pins::new(gpio_ports, &peripherals.MATRIX)
[INFO] [stdout]    |                ^^^^ use of undeclared type `Pins`
[INFO] [stdout]    |
[INFO] [stdout] help: consider importing this struct
[INFO] [stdout]    |
[INFO] [stdout] 2  | use atsam4_hal::gpio::Pins;
[INFO] [stdout]    |
[INFO] [stdout] 
[INFO] [stdout] error[E0433]: failed to resolve: use of undeclared type `SpiMaster`
[INFO] [stdout]   --> src/spi.rs:229:15
[INFO] [stdout]    |
[INFO] [stdout] 34 | let mut spi = SpiMaster::<SpiU8>::new(
[INFO] [stdout]    |               ^^^^^^^^^ use of undeclared type `SpiMaster`
[INFO] [stdout]    |
[INFO] [stdout] help: consider importing this struct
[INFO] [stdout]    |
[INFO] [stdout] 2  | use atsam4_hal::spi::SpiMaster;
[INFO] [stdout]    |
[INFO] [stdout] 
[INFO] [stdout] error[E0412]: cannot find type `SpiU8` in this scope
[INFO] [stdout]   --> src/spi.rs:229:27
[INFO] [stdout]    |
[INFO] [stdout] 34 | let mut spi = SpiMaster::<SpiU8>::new(
[INFO] [stdout]    |                           ^^^^^ not found in this scope
[INFO] [stdout]    |
[INFO] [stdout] help: consider importing this struct
[INFO] [stdout]    |
[INFO] [stdout] 2  | use atsam4_hal::spi::SpiU8;
[INFO] [stdout]    |
[INFO] [stdout] 
[INFO] [stdout] error[E0425]: cannot find value `cx` in this scope
[INFO] [stdout]   --> src/spi.rs:230:5
[INFO] [stdout]    |
[INFO] [stdout] 35 |     cx.device.SPI,
[INFO] [stdout]    |     ^^ not found in this scope
[INFO] [stdout] 
[INFO] [stdout] error[E0433]: failed to resolve: use of undeclared crate or module `spi`
[INFO] [stdout]   --> src/spi.rs:248:19
[INFO] [stdout]    |
[INFO] [stdout] 53 | let cs_settings = spi::ChipSelectSettings::new(mode, csa, bits, baud, dlybs, dlybct);
[INFO] [stdout]    |                   ^^^ use of undeclared crate or module `spi`
[INFO] [stdout]    |
[INFO] [stdout] help: consider importing this struct
[INFO] [stdout]    |
[INFO] [stdout] 2  | use atsam4_hal::spi::ChipSelectSettings;
[INFO] [stdout]    |
[INFO] [stdout] help: if you import `ChipSelectSettings`, refer to it directly
[INFO] [stdout]    |
[INFO] [stdout] 53 - let cs_settings = spi::ChipSelectSettings::new(mode, csa, bits, baud, dlybs, dlybct);
[INFO] [stdout] 53 + let cs_settings = ChipSelectSettings::new(mode, csa, bits, baud, dlybs, dlybct);
[INFO] [stdout]    |
[INFO] [stdout] 
[INFO] [stdout] error[E0609]: no field `EFC0` on type `Peripherals`
[INFO] [stdout]   --> src/spi.rs:206:18
[INFO] [stdout]    |
[INFO] [stdout] 11 |     &peripherals.EFC0,
[INFO] [stdout]    |                  ^^^^ help: a field with a similar name exists: `EFC`
[INFO] [stdout] 
[INFO] [stdout] error[E0433]: failed to resolve: use of undeclared crate or module `spi`
[INFO] [stdout]   --> src/spi.rs:245:12
[INFO] [stdout]    |
[INFO] [stdout] 50 | let baud = spi::Hertz(12_000_000_u32); // 12 MHz
[INFO] [stdout]    |            ^^^ use of undeclared crate or module `spi`
[INFO] [stdout] 
[INFO] [stdout] error: aborting due to 13 previous errors
[INFO] [stdout] 
[INFO] [stdout] Some errors have detailed explanations: E0412, E0425, E0433, E0609.
[INFO] [stdout] For more information about an error, try `rustc --explain E0412`.
[INFO] [stdout] Couldn't compile the test.
[INFO] [stdout] 
[INFO] [stdout] failures:
[INFO] [stdout]     src/efc.rs - efc::Efc (line 150)
[INFO] [stdout]     src/efc.rs - efc::Efc (line 164)
[INFO] [stdout]     src/rtt.rs - rtt::RealTimeTimer<PRESCALER,RTC1HZ>::new (line 140)
[INFO] [stdout]     src/spi.rs - spi::SpiMaster (line 198)
[INFO] [stdout]     src/spi.rs - spi::SpiMaster<u16>::with_pdc_rxtx (line 1016)
[INFO] [stdout]     src/spi.rs - spi::SpiMaster<u32>::with_pdc_rxtx (line 1017)
[INFO] [stdout]     src/spi.rs - spi::SpiMaster<u8>::with_pdc_rxtx (line 1015)
[INFO] [stdout]     src/timer.rs - timer::TimerCounter<TC0>::new (line 307)
[INFO] [stdout]     src/timer.rs - timer::TimerCounter<TC1>::new (line 312)
[INFO] [stdout]     src/timer.rs - timer::TimerCounter<TC2>::new (line 317)
[INFO] [stdout] 
[INFO] [stdout] test result: FAILED. 0 passed; 10 failed; 0 ignored; 0 measured; 0 filtered out; finished in 0.12s
[INFO] [stdout] 
[INFO] [stderr] error: doctest failed, to rerun pass `--doc`
[INFO] running `Command { std: "docker" "inspect" "6a8da5a78576420b049a12eb52508bfd0fe149f3057581652b2233c4d016471b", kill_on_drop: false }`
[INFO] running `Command { std: "docker" "rm" "-f" "6a8da5a78576420b049a12eb52508bfd0fe149f3057581652b2233c4d016471b", kill_on_drop: false }`
[INFO] [stdout] 6a8da5a78576420b049a12eb52508bfd0fe149f3057581652b2233c4d016471b
