[INFO] fetching crate atomic-file 1.0.0...
[INFO] testing atomic-file-1.0.0 against 1.69.0 for beta-1.70-1
[INFO] extracting crate atomic-file 1.0.0 into /workspace/builds/worker-4-tc1/source
[INFO] validating manifest of crates.io crate atomic-file 1.0.0 on toolchain 1.69.0
[INFO] running `Command { std: CARGO_HOME="/workspace/cargo-home" RUSTUP_HOME="/workspace/rustup-home" "/workspace/cargo-home/bin/cargo" "+1.69.0" "metadata" "--manifest-path" "Cargo.toml" "--no-deps", kill_on_drop: false }`
[INFO] started tweaking crates.io crate atomic-file 1.0.0
[INFO] finished tweaking crates.io crate atomic-file 1.0.0
[INFO] tweaked toml for crates.io crate atomic-file 1.0.0 written to /workspace/builds/worker-4-tc1/source/Cargo.toml
[INFO] running `Command { std: CARGO_HOME="/workspace/cargo-home" RUSTUP_HOME="/workspace/rustup-home" __CARGO_TEST_CHANNEL_OVERRIDE_DO_NOT_USE_THIS="nightly" "/workspace/cargo-home/bin/cargo" "+1.69.0" "generate-lockfile" "--manifest-path" "Cargo.toml" "-Zno-index-update", kill_on_drop: false }`
[INFO] running `Command { std: CARGO_HOME="/workspace/cargo-home" RUSTUP_HOME="/workspace/rustup-home" "/workspace/cargo-home/bin/cargo" "+1.69.0" "fetch" "--manifest-path" "Cargo.toml", kill_on_drop: false }`
[INFO] [stderr]  Downloading crates ...
[INFO] [stderr]   Downloaded cargo-platform v0.1.2
[INFO] [stderr]   Downloaded ntapi v0.4.1
[INFO] [stderr]   Downloaded camino v1.1.4
[INFO] [stderr]   Downloaded cargo_metadata v0.14.2
[INFO] [stderr]   Downloaded sysinfo v0.26.9
[INFO] [stderr]   Downloaded testdir v0.7.3
[INFO] running `Command { std: "docker" "create" "-v" "/var/lib/crater-agent-workspace/builds/worker-4-tc1/target:/opt/rustwide/target:rw,Z" "-v" "/var/lib/crater-agent-workspace/builds/worker-4-tc1/source:/opt/rustwide/workdir:ro,Z" "-v" "/var/lib/crater-agent-workspace/cargo-home:/opt/rustwide/cargo-home:ro,Z" "-v" "/var/lib/crater-agent-workspace/rustup-home:/opt/rustwide/rustup-home:ro,Z" "-e" "SOURCE_DIR=/opt/rustwide/workdir" "-e" "CARGO_TARGET_DIR=/opt/rustwide/target" "-e" "CARGO_HOME=/opt/rustwide/cargo-home" "-e" "RUSTUP_HOME=/opt/rustwide/rustup-home" "-w" "/opt/rustwide/workdir" "-m" "1610612736" "--user" "0:0" "--network" "none" "ghcr.io/rust-lang/crates-build-env/linux@sha256:5ff2268d62e97bff2cde7d5815dd6ed5b47097566f13b8d0ca110b04b60e07ed" "/opt/rustwide/cargo-home/bin/cargo" "+1.69.0" "metadata" "--no-deps" "--format-version=1", kill_on_drop: false }`
[INFO] [stdout] d83de8753ab23b631a796aa272c3b5526aa5effb43e082371154a758424acd8d
[INFO] running `Command { std: "docker" "start" "-a" "d83de8753ab23b631a796aa272c3b5526aa5effb43e082371154a758424acd8d", kill_on_drop: false }`
[INFO] running `Command { std: "docker" "inspect" "d83de8753ab23b631a796aa272c3b5526aa5effb43e082371154a758424acd8d", kill_on_drop: false }`
[INFO] running `Command { std: "docker" "rm" "-f" "d83de8753ab23b631a796aa272c3b5526aa5effb43e082371154a758424acd8d", kill_on_drop: false }`
[INFO] [stdout] d83de8753ab23b631a796aa272c3b5526aa5effb43e082371154a758424acd8d
[INFO] running `Command { std: "docker" "create" "-v" "/var/lib/crater-agent-workspace/builds/worker-4-tc1/target:/opt/rustwide/target:rw,Z" "-v" "/var/lib/crater-agent-workspace/builds/worker-4-tc1/source:/opt/rustwide/workdir:ro,Z" "-v" "/var/lib/crater-agent-workspace/cargo-home:/opt/rustwide/cargo-home:ro,Z" "-v" "/var/lib/crater-agent-workspace/rustup-home:/opt/rustwide/rustup-home:ro,Z" "-e" "SOURCE_DIR=/opt/rustwide/workdir" "-e" "CARGO_TARGET_DIR=/opt/rustwide/target" "-e" "CARGO_INCREMENTAL=0" "-e" "RUST_BACKTRACE=full" "-e" "RUSTFLAGS=--cap-lints=warn" "-e" "RUSTDOCFLAGS=--cap-lints=warn" "-e" "CARGO_HOME=/opt/rustwide/cargo-home" "-e" "RUSTUP_HOME=/opt/rustwide/rustup-home" "-w" "/opt/rustwide/workdir" "-m" "1610612736" "--user" "0:0" "--network" "none" "ghcr.io/rust-lang/crates-build-env/linux@sha256:5ff2268d62e97bff2cde7d5815dd6ed5b47097566f13b8d0ca110b04b60e07ed" "/opt/rustwide/cargo-home/bin/cargo" "+1.69.0" "build" "--frozen" "--message-format=json", kill_on_drop: false }`
[INFO] [stdout] 3ba66130987f06fb44aabd1a0056812a01784bd43bdeceb6284207ae4c563b6e
[INFO] running `Command { std: "docker" "start" "-a" "3ba66130987f06fb44aabd1a0056812a01784bd43bdeceb6284207ae4c563b6e", kill_on_drop: false }`
[INFO] [stderr]    Compiling proc-macro2 v1.0.56
[INFO] [stderr]    Compiling syn v1.0.109
[INFO] [stderr]    Compiling value-bag v1.0.0-alpha.9
[INFO] [stderr]    Compiling futures-core v0.3.28
[INFO] [stderr]    Compiling libc v0.2.142
[INFO] [stderr]    Compiling log v0.4.17
[INFO] [stderr]    Compiling event-listener v2.5.3
[INFO] [stderr]    Compiling generic-array v0.14.7
[INFO] [stderr]    Compiling waker-fn v1.1.0
[INFO] [stderr]    Compiling futures-io v0.3.28
[INFO] [stderr]    Compiling pin-project-lite v0.2.9
[INFO] [stderr]    Compiling parking v2.1.0
[INFO] [stderr]    Compiling concurrent-queue v2.2.0
[INFO] [stderr]    Compiling polling v2.8.0
[INFO] [stderr]    Compiling rustix v0.37.18
[INFO] [stderr]    Compiling async-io v1.13.0
[INFO] [stderr]    Compiling async-lock v2.7.0
[INFO] [stderr]    Compiling async-task v4.4.0
[INFO] [stderr]    Compiling atomic-waker v1.1.1
[INFO] [stderr]    Compiling anyhow v1.0.71
[INFO] [stderr]    Compiling pin-utils v0.1.0
[INFO] [stderr]    Compiling cpufeatures v0.2.7
[INFO] [stderr]    Compiling futures-lite v1.13.0
[INFO] [stderr]    Compiling async-channel v1.8.0
[INFO] [stderr]    Compiling quote v1.0.26
[INFO] [stderr]    Compiling block-buffer v0.10.4
[INFO] [stderr]    Compiling crypto-common v0.1.6
[INFO] [stderr]    Compiling io-lifetimes v1.0.10
[INFO] [stderr]    Compiling socket2 v0.4.9
[INFO] [stderr]    Compiling digest v0.10.6
[INFO] [stderr]    Compiling async-executor v1.5.1
[INFO] [stderr]    Compiling sha2 v0.10.6
[INFO] [stderr]    Compiling ctor v0.1.26
[INFO] [stderr]    Compiling async-attributes v1.1.2
[INFO] [stderr]    Compiling blocking v1.3.1
[INFO] [stderr]    Compiling kv-log-macro v1.0.7
[INFO] [stderr]    Compiling async-global-executor v2.3.1
[INFO] [stderr]    Compiling async-std v1.12.0
[INFO] [stderr]    Compiling atomic-file v1.0.0 (/opt/rustwide/workdir)
[INFO] [stderr]     Finished dev [unoptimized + debuginfo] target(s) in 10.55s
[INFO] running `Command { std: "docker" "inspect" "3ba66130987f06fb44aabd1a0056812a01784bd43bdeceb6284207ae4c563b6e", kill_on_drop: false }`
[INFO] running `Command { std: "docker" "rm" "-f" "3ba66130987f06fb44aabd1a0056812a01784bd43bdeceb6284207ae4c563b6e", kill_on_drop: false }`
[INFO] [stdout] 3ba66130987f06fb44aabd1a0056812a01784bd43bdeceb6284207ae4c563b6e
[INFO] running `Command { std: "docker" "create" "-v" "/var/lib/crater-agent-workspace/builds/worker-4-tc1/target:/opt/rustwide/target:rw,Z" "-v" "/var/lib/crater-agent-workspace/builds/worker-4-tc1/source:/opt/rustwide/workdir:ro,Z" "-v" "/var/lib/crater-agent-workspace/cargo-home:/opt/rustwide/cargo-home:ro,Z" "-v" "/var/lib/crater-agent-workspace/rustup-home:/opt/rustwide/rustup-home:ro,Z" "-e" "SOURCE_DIR=/opt/rustwide/workdir" "-e" "CARGO_TARGET_DIR=/opt/rustwide/target" "-e" "CARGO_INCREMENTAL=0" "-e" "RUST_BACKTRACE=full" "-e" "RUSTFLAGS=--cap-lints=warn" "-e" "RUSTDOCFLAGS=--cap-lints=warn" "-e" "CARGO_HOME=/opt/rustwide/cargo-home" "-e" "RUSTUP_HOME=/opt/rustwide/rustup-home" "-w" "/opt/rustwide/workdir" "-m" "1610612736" "--user" "0:0" "--network" "none" "ghcr.io/rust-lang/crates-build-env/linux@sha256:5ff2268d62e97bff2cde7d5815dd6ed5b47097566f13b8d0ca110b04b60e07ed" "/opt/rustwide/cargo-home/bin/cargo" "+1.69.0" "test" "--frozen" "--no-run" "--message-format=json", kill_on_drop: false }`
[INFO] [stdout] 315a075fb811ec4ff20ea44f8d83575754fe993ab893e633fdfda13851fdcfe8
[INFO] running `Command { std: "docker" "start" "-a" "315a075fb811ec4ff20ea44f8d83575754fe993ab893e633fdfda13851fdcfe8", kill_on_drop: false }`
[INFO] [stderr]     Blocking waiting for file lock on package cache
[INFO] [stderr]    Compiling syn v1.0.109
[INFO] [stderr]    Compiling syn v2.0.15
[INFO] [stderr]    Compiling semver v1.0.17
[INFO] [stderr]    Compiling camino v1.1.4
[INFO] [stderr]    Compiling serde_json v1.0.96
[INFO] [stderr]    Compiling tokio v1.28.0
[INFO] [stderr]    Compiling sysinfo v0.26.9
[INFO] [stderr]    Compiling num_cpus v1.15.0
[INFO] [stderr]    Compiling whoami v1.4.0
[INFO] [stderr]    Compiling backtrace v0.3.67
[INFO] [stderr]    Compiling ctor v0.1.26
[INFO] [stderr]    Compiling async-attributes v1.1.2
[INFO] [stderr]    Compiling serde_derive v1.0.160
[INFO] [stderr]    Compiling tokio-macros v2.1.0
[INFO] [stderr]    Compiling value-bag v1.0.0-alpha.9
[INFO] [stderr]    Compiling log v0.4.17
[INFO] [stderr]    Compiling polling v2.8.0
[INFO] [stderr]    Compiling blocking v1.3.1
[INFO] [stderr]    Compiling kv-log-macro v1.0.7
[INFO] [stderr]    Compiling async-io v1.13.0
[INFO] [stderr]    Compiling async-global-executor v2.3.1
[INFO] [stderr]    Compiling async-std v1.12.0
[INFO] [stderr]    Compiling serde v1.0.160
[INFO] [stderr]    Compiling atomic-file v1.0.0 (/opt/rustwide/workdir)
[INFO] [stderr]    Compiling cargo-platform v0.1.2
[INFO] [stderr]    Compiling cargo_metadata v0.14.2
[INFO] [stderr]    Compiling testdir v0.7.3
[INFO] [stderr]     Finished test [unoptimized + debuginfo] target(s) in 17.92s
[INFO] running `Command { std: "docker" "inspect" "315a075fb811ec4ff20ea44f8d83575754fe993ab893e633fdfda13851fdcfe8", kill_on_drop: false }`
[INFO] running `Command { std: "docker" "rm" "-f" "315a075fb811ec4ff20ea44f8d83575754fe993ab893e633fdfda13851fdcfe8", kill_on_drop: false }`
[INFO] [stdout] 315a075fb811ec4ff20ea44f8d83575754fe993ab893e633fdfda13851fdcfe8
[INFO] running `Command { std: "docker" "create" "-v" "/var/lib/crater-agent-workspace/builds/worker-4-tc1/target:/opt/rustwide/target:rw,Z" "-v" "/var/lib/crater-agent-workspace/builds/worker-4-tc1/source:/opt/rustwide/workdir:ro,Z" "-v" "/var/lib/crater-agent-workspace/cargo-home:/opt/rustwide/cargo-home:ro,Z" "-v" "/var/lib/crater-agent-workspace/rustup-home:/opt/rustwide/rustup-home:ro,Z" "-e" "SOURCE_DIR=/opt/rustwide/workdir" "-e" "CARGO_TARGET_DIR=/opt/rustwide/target" "-e" "CARGO_INCREMENTAL=0" "-e" "RUST_BACKTRACE=full" "-e" "RUSTFLAGS=--cap-lints=warn" "-e" "RUSTDOCFLAGS=--cap-lints=warn" "-e" "CARGO_HOME=/opt/rustwide/cargo-home" "-e" "RUSTUP_HOME=/opt/rustwide/rustup-home" "-w" "/opt/rustwide/workdir" "-m" "1610612736" "--user" "0:0" "--network" "none" "ghcr.io/rust-lang/crates-build-env/linux@sha256:5ff2268d62e97bff2cde7d5815dd6ed5b47097566f13b8d0ca110b04b60e07ed" "/opt/rustwide/cargo-home/bin/cargo" "+1.69.0" "test" "--frozen", kill_on_drop: false }`
[INFO] [stdout] 6b592b48b3827f4c0530ce940e39a36c9f690ca6d708a9a913765e8730ce224b
[INFO] running `Command { std: "docker" "start" "-a" "6b592b48b3827f4c0530ce940e39a36c9f690ca6d708a9a913765e8730ce224b", kill_on_drop: false }`
[INFO] [stderr]     Blocking waiting for file lock on package cache
[INFO] [stderr]     Blocking waiting for file lock on package cache
[INFO] [stderr]     Finished test [unoptimized + debuginfo] target(s) in 0.19s
[INFO] [stderr]      Running unittests src/lib.rs (/opt/rustwide/target/debug/deps/atomic_file-0d7a7f2142787f7b)
[INFO] [stdout] 
[INFO] [stdout] running 4 tests
[INFO] [stdout] test tests::test_verify_upgrade_paths ... ok
[INFO] [stdout] test tests::test_version_to_bytes ... ok
[INFO] [stdout] test tests::smoke_test_async_std ... ok
[INFO] [stderr]    Doc-tests atomic-file
[INFO] [stdout] test tests::smoke_test_tokio ... ok
[INFO] [stdout] 
[INFO] [stdout] test result: ok. 4 passed; 0 failed; 0 ignored; 0 measured; 0 filtered out; finished in 0.51s
[INFO] [stdout] 
[INFO] [stdout] 
[INFO] [stdout] running 2 tests
[INFO] [stdout] test src/lib.rs - (line 77) ... FAILED
[INFO] [stdout] test src/lib.rs - (line 38) ... FAILED
[INFO] [stdout] 
[INFO] [stdout] failures:
[INFO] [stdout] 
[INFO] [stdout] ---- src/lib.rs - (line 77) stdout ----
[INFO] [stdout] Test executable failed (exit status: 101).
[INFO] [stdout] 
[INFO] [stdout] stderr:
[INFO] [stdout] thread 'main' panicked at 'called `Result::unwrap()` on an `Err` value: unable to open versioned file
[INFO] [stdout] 
[INFO] [stdout] Caused by:
[INFO] [stdout]     No such file or directory (os error 2)', src/lib.rs:33:84
[INFO] [stdout] stack backtrace:
[INFO] [stdout]    0:     0x55bd043fa8ca - std::backtrace_rs::backtrace::libunwind::trace::ha9053a9a07ca49cb
[INFO] [stdout]                                at /rustc/84c898d65adf2f39a5a98507f1fe0ce10a2b8dbc/library/std/src/../../backtrace/src/backtrace/libunwind.rs:93:5
[INFO] [stdout]    1:     0x55bd043fa8ca - std::backtrace_rs::backtrace::trace_unsynchronized::h9c2852a457ad564e
[INFO] [stdout]                                at /rustc/84c898d65adf2f39a5a98507f1fe0ce10a2b8dbc/library/std/src/../../backtrace/src/backtrace/mod.rs:66:5
[INFO] [stdout]    2:     0x55bd043fa8ca - std::sys_common::backtrace::_print_fmt::h457936fbfaa0070f
[INFO] [stdout]                                at /rustc/84c898d65adf2f39a5a98507f1fe0ce10a2b8dbc/library/std/src/sys_common/backtrace.rs:65:5
[INFO] [stdout]    3:     0x55bd043fa8ca - <std::sys_common::backtrace::_print::DisplayBacktrace as core::fmt::Display>::fmt::h5779d7bf7f70cb0c
[INFO] [stdout]                                at /rustc/84c898d65adf2f39a5a98507f1fe0ce10a2b8dbc/library/std/src/sys_common/backtrace.rs:44:22
[INFO] [stdout]    4:     0x55bd04416dde - core::fmt::write::h5a4baaff1bcd3eb5
[INFO] [stdout]                                at /rustc/84c898d65adf2f39a5a98507f1fe0ce10a2b8dbc/library/core/src/fmt/mod.rs:1232:17
[INFO] [stdout]    5:     0x55bd043f8195 - std::io::Write::write_fmt::h4bc1f301cb9e9cce
[INFO] [stdout]                                at /rustc/84c898d65adf2f39a5a98507f1fe0ce10a2b8dbc/library/std/src/io/mod.rs:1684:15
[INFO] [stdout]    6:     0x55bd043fa695 - std::sys_common::backtrace::_print::h5fcdc36060f177e8
[INFO] [stdout]                                at /rustc/84c898d65adf2f39a5a98507f1fe0ce10a2b8dbc/library/std/src/sys_common/backtrace.rs:47:5
[INFO] [stdout]    7:     0x55bd043fa695 - std::sys_common::backtrace::print::h54ca9458b876c8bf
[INFO] [stdout]                                at /rustc/84c898d65adf2f39a5a98507f1fe0ce10a2b8dbc/library/std/src/sys_common/backtrace.rs:34:9
[INFO] [stdout]    8:     0x55bd043fbf6f - std::panicking::default_hook::{{closure}}::hbe471161c7664ed6
[INFO] [stdout]                                at /rustc/84c898d65adf2f39a5a98507f1fe0ce10a2b8dbc/library/std/src/panicking.rs:271:22
[INFO] [stdout]    9:     0x55bd043fbcab - std::panicking::default_hook::ha3500da57aa4ac4f
[INFO] [stdout]                                at /rustc/84c898d65adf2f39a5a98507f1fe0ce10a2b8dbc/library/std/src/panicking.rs:290:9
[INFO] [stdout]   10:     0x55bd043fc518 - std::panicking::rust_panic_with_hook::h50c09d000dc561d2
[INFO] [stdout]                                at /rustc/84c898d65adf2f39a5a98507f1fe0ce10a2b8dbc/library/std/src/panicking.rs:692:13
[INFO] [stdout]   11:     0x55bd043fc419 - std::panicking::begin_panic_handler::{{closure}}::h9e2b2176e00e0d9c
[INFO] [stdout]                                at /rustc/84c898d65adf2f39a5a98507f1fe0ce10a2b8dbc/library/std/src/panicking.rs:583:13
[INFO] [stdout]   12:     0x55bd043fad36 - std::sys_common::backtrace::__rust_end_short_backtrace::h5739b8e512c09d02
[INFO] [stdout]                                at /rustc/84c898d65adf2f39a5a98507f1fe0ce10a2b8dbc/library/std/src/sys_common/backtrace.rs:150:18
[INFO] [stdout]   13:     0x55bd043fc122 - rust_begin_unwind
[INFO] [stdout]                                at /rustc/84c898d65adf2f39a5a98507f1fe0ce10a2b8dbc/library/std/src/panicking.rs:579:5
[INFO] [stdout]   14:     0x55bd042ac223 - core::panicking::panic_fmt::hf33a1475b4dc5c3e
[INFO] [stdout]                                at /rustc/84c898d65adf2f39a5a98507f1fe0ce10a2b8dbc/library/core/src/panicking.rs:64:14
[INFO] [stdout]   15:     0x55bd042ac613 - core::result::unwrap_failed::hdff5465d74574b44
[INFO] [stdout]                                at /rustc/84c898d65adf2f39a5a98507f1fe0ce10a2b8dbc/library/core/src/result.rs:1750:5
[INFO] [stdout]   16:     0x55bd042ed6a0 - core::result::Result<T,E>::unwrap::he510bcd1aa319f44
[INFO] [stdout]   17:     0x55bd042fa0f4 - rust_out::main::main::{{closure}}::h7aac55a123af097a
[INFO] [stdout]   18:     0x55bd042fab62 - rust_out::main::{{closure}}::h64cda2456f258d8d
[INFO] [stdout]   19:     0x55bd042ad3a8 - <async_std::task::builder::SupportTaskLocals<F> as core::future::future::Future>::poll::{{closure}}::h9940c0b03823945e
[INFO] [stdout]   20:     0x55bd042f75d0 - async_std::task::task_locals_wrapper::TaskLocalsWrapper::set_current::{{closure}}::h8fe949ffa9ded8e1
[INFO] [stdout]   21:     0x55bd042e4a5e - std::thread::local::LocalKey<T>::try_with::h922f81875565cb4c
[INFO] [stdout]   22:     0x55bd042e3d46 - std::thread::local::LocalKey<T>::with::h9a88fce68079f318
[INFO] [stdout]   23:     0x55bd042f736e - async_std::task::task_locals_wrapper::TaskLocalsWrapper::set_current::h7ecbfed68edb9d8e
[INFO] [stdout]   24:     0x55bd042ad26e - <async_std::task::builder::SupportTaskLocals<F> as core::future::future::Future>::poll::ha54f880bdc2d6882
[INFO] [stdout]   25:     0x55bd042f24ee - <futures_lite::future::Or<F1,F2> as core::future::future::Future>::poll::h541d64c80a883ddc
[INFO] [stdout]   26:     0x55bd042e14a6 - async_executor::Executor::run::{{closure}}::hc87227936e9ec4aa
[INFO] [stdout]   27:     0x55bd042e1038 - async_executor::LocalExecutor::run::{{closure}}::h7318a8e5dd732100
[INFO] [stdout]   28:     0x55bd042f29e9 - async_io::driver::block_on::h30b9fc78d683f44e
[INFO] [stdout]   29:     0x55bd042e32c9 - async_global_executor::reactor::block_on::{{closure}}::heba32bfb3dc5cbf8
[INFO] [stdout]   30:     0x55bd042e3289 - async_global_executor::reactor::block_on::h1683e308c57e8d05
[INFO] [stdout]   31:     0x55bd042e35c9 - async_global_executor::executor::block_on::{{closure}}::h3ba079e110359af0
[INFO] [stdout]   32:     0x55bd042e4df5 - std::thread::local::LocalKey<T>::try_with::hae41fd4bfa04ed07
[INFO] [stdout]   33:     0x55bd042e3e26 - std::thread::local::LocalKey<T>::with::hf00659cb90400d95
[INFO] [stdout]   34:     0x55bd042e356a - async_global_executor::executor::block_on::h407da1d14b8bcdec
[INFO] [stdout]   35:     0x55bd042f954c - async_std::task::builder::Builder::blocking::{{closure}}::{{closure}}::he1a47d8925c2f6b9
[INFO] [stdout]   36:     0x55bd042f783e - async_std::task::task_locals_wrapper::TaskLocalsWrapper::set_current::{{closure}}::hce3d36f357dcda32
[INFO] [stdout]   37:     0x55bd042e4f77 - std::thread::local::LocalKey<T>::try_with::hb61c3f7b6a905347
[INFO] [stdout]   38:     0x55bd042e3cb6 - std::thread::local::LocalKey<T>::with::h551e307d23e6f5db
[INFO] [stdout]   39:     0x55bd042f73b9 - async_std::task::task_locals_wrapper::TaskLocalsWrapper::set_current::h8d7096d3cd9b69a2
[INFO] [stdout]   40:     0x55bd042f94ab - async_std::task::builder::Builder::blocking::{{closure}}::h4db24e3624d07620
[INFO] [stdout]   41:     0x55bd042e4085 - std::thread::local::LocalKey<T>::try_with::h0f657c9d5e012a92
[INFO] [stdout]   42:     0x55bd042e3d16 - std::thread::local::LocalKey<T>::with::h82ba5542e5ced296
[INFO] [stdout]   43:     0x55bd042f91bc - async_std::task::builder::Builder::blocking::h90767a71c5fdb059
[INFO] [stdout]   44:     0x55bd042f966c - async_std::task::block_on::block_on::h1765730b4b56dfad
[INFO] [stdout]   45:     0x55bd042f9c1b - rust_out::main::h045d0fd74ed7290e
[INFO] [stdout]   46:     0x55bd042e7743 - core::ops::function::FnOnce::call_once::h5b89dea722ea21ad
[INFO] [stdout]   47:     0x55bd042e3699 - std::sys_common::backtrace::__rust_begin_short_backtrace::hc178e4cfacf1803d
[INFO] [stdout]   48:     0x55bd042e37e9 - std::rt::lang_start::{{closure}}::he8c5d60628d06093
[INFO] [stdout]   49:     0x55bd043f377c - core::ops::function::impls::<impl core::ops::function::FnOnce<A> for &F>::call_once::hd6efcd3bec896f2c
[INFO] [stdout]                                at /rustc/84c898d65adf2f39a5a98507f1fe0ce10a2b8dbc/library/core/src/ops/function.rs:287:13
[INFO] [stdout]   50:     0x55bd043f377c - std::panicking::try::do_call::hce04e543bb1f4cbb
[INFO] [stdout]                                at /rustc/84c898d65adf2f39a5a98507f1fe0ce10a2b8dbc/library/std/src/panicking.rs:487:40
[INFO] [stdout]   51:     0x55bd043f377c - std::panicking::try::h3342dd4e1f680968
[INFO] [stdout]                                at /rustc/84c898d65adf2f39a5a98507f1fe0ce10a2b8dbc/library/std/src/panicking.rs:451:19
[INFO] [stdout]   52:     0x55bd043f377c - std::panic::catch_unwind::h148ce1e59ac0cee7
[INFO] [stdout]                                at /rustc/84c898d65adf2f39a5a98507f1fe0ce10a2b8dbc/library/std/src/panic.rs:140:14
[INFO] [stdout]   53:     0x55bd043f377c - std::rt::lang_start_internal::{{closure}}::h25f9dda2057a67fe
[INFO] [stdout]                                at /rustc/84c898d65adf2f39a5a98507f1fe0ce10a2b8dbc/library/std/src/rt.rs:148:48
[INFO] [stdout]   54:     0x55bd043f377c - std::panicking::try::do_call::h7caaaeaf9401650b
[INFO] [stdout]                                at /rustc/84c898d65adf2f39a5a98507f1fe0ce10a2b8dbc/library/std/src/panicking.rs:487:40
[INFO] [stdout]   55:     0x55bd043f377c - std::panicking::try::he7d15285746cbbc2
[INFO] [stdout]                                at /rustc/84c898d65adf2f39a5a98507f1fe0ce10a2b8dbc/library/std/src/panicking.rs:451:19
[INFO] [stdout]   56:     0x55bd043f377c - std::panic::catch_unwind::h89fb4f50c0301fe0
[INFO] [stdout]                                at /rustc/84c898d65adf2f39a5a98507f1fe0ce10a2b8dbc/library/std/src/panic.rs:140:14
[INFO] [stdout]   57:     0x55bd043f377c - std::rt::lang_start_internal::h078acd489417d3c1
[INFO] [stdout]                                at /rustc/84c898d65adf2f39a5a98507f1fe0ce10a2b8dbc/library/std/src/rt.rs:148:20
[INFO] [stdout]   58:     0x55bd042e37c7 - std::rt::lang_start::h335d6166ecad8ac7
[INFO] [stdout]   59:     0x55bd042fac45 - main
[INFO] [stdout]   60:     0x7fa18a8d8d90 - <unknown>
[INFO] [stdout]   61:     0x7fa18a8d8e40 - __libc_start_main
[INFO] [stdout]   62:     0x55bd042ad0b5 - _start
[INFO] [stdout]   63:                0x0 - <unknown>
[INFO] [stdout] 
[INFO] [stdout] 
[INFO] [stdout] ---- src/lib.rs - (line 38) stdout ----
[INFO] [stdout] Test executable failed (exit status: 101).
[INFO] [stdout] 
[INFO] [stdout] stderr:
[INFO] [stdout] thread 'main' panicked at 'called `Result::unwrap()` on an `Err` value: unable to open versioned file
[INFO] [stdout] 
[INFO] [stdout] Caused by:
[INFO] [stdout]     No such file or directory (os error 2)', src/lib.rs:19:90
[INFO] [stdout] stack backtrace:
[INFO] [stdout]    0:     0x557e8f885dfa - std::backtrace_rs::backtrace::libunwind::trace::ha9053a9a07ca49cb
[INFO] [stdout]                                at /rustc/84c898d65adf2f39a5a98507f1fe0ce10a2b8dbc/library/std/src/../../backtrace/src/backtrace/libunwind.rs:93:5
[INFO] [stdout]    1:     0x557e8f885dfa - std::backtrace_rs::backtrace::trace_unsynchronized::h9c2852a457ad564e
[INFO] [stdout]                                at /rustc/84c898d65adf2f39a5a98507f1fe0ce10a2b8dbc/library/std/src/../../backtrace/src/backtrace/mod.rs:66:5
[INFO] [stdout]    2:     0x557e8f885dfa - std::sys_common::backtrace::_print_fmt::h457936fbfaa0070f
[INFO] [stdout]                                at /rustc/84c898d65adf2f39a5a98507f1fe0ce10a2b8dbc/library/std/src/sys_common/backtrace.rs:65:5
[INFO] [stdout]    3:     0x557e8f885dfa - <std::sys_common::backtrace::_print::DisplayBacktrace as core::fmt::Display>::fmt::h5779d7bf7f70cb0c
[INFO] [stdout]                                at /rustc/84c898d65adf2f39a5a98507f1fe0ce10a2b8dbc/library/std/src/sys_common/backtrace.rs:44:22
[INFO] [stdout]    4:     0x557e8f8a230e - core::fmt::write::h5a4baaff1bcd3eb5
[INFO] [stdout]                                at /rustc/84c898d65adf2f39a5a98507f1fe0ce10a2b8dbc/library/core/src/fmt/mod.rs:1232:17
[INFO] [stdout]    5:     0x557e8f8836c5 - std::io::Write::write_fmt::h4bc1f301cb9e9cce
[INFO] [stdout]                                at /rustc/84c898d65adf2f39a5a98507f1fe0ce10a2b8dbc/library/std/src/io/mod.rs:1684:15
[INFO] [stdout]    6:     0x557e8f885bc5 - std::sys_common::backtrace::_print::h5fcdc36060f177e8
[INFO] [stdout]                                at /rustc/84c898d65adf2f39a5a98507f1fe0ce10a2b8dbc/library/std/src/sys_common/backtrace.rs:47:5
[INFO] [stdout]    7:     0x557e8f885bc5 - std::sys_common::backtrace::print::h54ca9458b876c8bf
[INFO] [stdout]                                at /rustc/84c898d65adf2f39a5a98507f1fe0ce10a2b8dbc/library/std/src/sys_common/backtrace.rs:34:9
[INFO] [stdout]    8:     0x557e8f88749f - std::panicking::default_hook::{{closure}}::hbe471161c7664ed6
[INFO] [stdout]                                at /rustc/84c898d65adf2f39a5a98507f1fe0ce10a2b8dbc/library/std/src/panicking.rs:271:22
[INFO] [stdout]    9:     0x557e8f8871db - std::panicking::default_hook::ha3500da57aa4ac4f
[INFO] [stdout]                                at /rustc/84c898d65adf2f39a5a98507f1fe0ce10a2b8dbc/library/std/src/panicking.rs:290:9
[INFO] [stdout]   10:     0x557e8f887a48 - std::panicking::rust_panic_with_hook::h50c09d000dc561d2
[INFO] [stdout]                                at /rustc/84c898d65adf2f39a5a98507f1fe0ce10a2b8dbc/library/std/src/panicking.rs:692:13
[INFO] [stdout]   11:     0x557e8f887949 - std::panicking::begin_panic_handler::{{closure}}::h9e2b2176e00e0d9c
[INFO] [stdout]                                at /rustc/84c898d65adf2f39a5a98507f1fe0ce10a2b8dbc/library/std/src/panicking.rs:583:13
[INFO] [stdout]   12:     0x557e8f886266 - std::sys_common::backtrace::__rust_end_short_backtrace::h5739b8e512c09d02
[INFO] [stdout]                                at /rustc/84c898d65adf2f39a5a98507f1fe0ce10a2b8dbc/library/std/src/sys_common/backtrace.rs:150:18
[INFO] [stdout]   13:     0x557e8f887652 - rust_begin_unwind
[INFO] [stdout]                                at /rustc/84c898d65adf2f39a5a98507f1fe0ce10a2b8dbc/library/std/src/panicking.rs:579:5
[INFO] [stdout]   14:     0x557e8f738223 - core::panicking::panic_fmt::hf33a1475b4dc5c3e
[INFO] [stdout]                                at /rustc/84c898d65adf2f39a5a98507f1fe0ce10a2b8dbc/library/core/src/panicking.rs:64:14
[INFO] [stdout]   15:     0x557e8f738613 - core::result::unwrap_failed::hdff5465d74574b44
[INFO] [stdout]                                at /rustc/84c898d65adf2f39a5a98507f1fe0ce10a2b8dbc/library/core/src/result.rs:1750:5
[INFO] [stdout]   16:     0x557e8f7795d0 - core::result::Result<T,E>::unwrap::he510bcd1aa319f44
[INFO] [stdout]   17:     0x557e8f785c87 - rust_out::main::main::{{closure}}::hb7f9d50ed34ffd4d
[INFO] [stdout]   18:     0x557e8f7862c2 - rust_out::main::{{closure}}::hd91575290bdebbbe
[INFO] [stdout]   19:     0x557e8f739358 - <async_std::task::builder::SupportTaskLocals<F> as core::future::future::Future>::poll::{{closure}}::h6d2f0e6a0fa56b1d
[INFO] [stdout]   20:     0x557e8f783640 - async_std::task::task_locals_wrapper::TaskLocalsWrapper::set_current::{{closure}}::hf288af6f1bb74a6b
[INFO] [stdout]   21:     0x557e8f77007e - std::thread::local::LocalKey<T>::try_with::h19de0ac176c1fe0d
[INFO] [stdout]   22:     0x557e8f76fce6 - std::thread::local::LocalKey<T>::with::h5e23565bb2aadf19
[INFO] [stdout]   23:     0x557e8f782fde - async_std::task::task_locals_wrapper::TaskLocalsWrapper::set_current::h29811e7edc57b967
[INFO] [stdout]   24:     0x557e8f73921e - <async_std::task::builder::SupportTaskLocals<F> as core::future::future::Future>::poll::h6a7f7a54a881c519
[INFO] [stdout]   25:     0x557e8f77e1de - <futures_lite::future::Or<F1,F2> as core::future::future::Future>::poll::hc7eef2c2b21d5332
[INFO] [stdout]   26:     0x557e8f76d4a6 - async_executor::Executor::run::{{closure}}::h4de73ed2fe79766e
[INFO] [stdout]   27:     0x557e8f76d03b - async_executor::LocalExecutor::run::{{closure}}::h1f17bf7fc7caa29a
[INFO] [stdout]   28:     0x557e8f77e6d9 - async_io::driver::block_on::h06781842417c8da8
[INFO] [stdout]   29:     0x557e8f76f2c9 - async_global_executor::reactor::block_on::{{closure}}::h141d0b0b3f6fd443
[INFO] [stdout]   30:     0x557e8f76f289 - async_global_executor::reactor::block_on::h416b8a365dbe81e8
[INFO] [stdout]   31:     0x557e8f76f5c9 - async_global_executor::executor::block_on::{{closure}}::h5dc930529c2cbb38
[INFO] [stdout]   32:     0x557e8f7710c5 - std::thread::local::LocalKey<T>::try_with::hdafc47e80ad2a85e
[INFO] [stdout]   33:     0x557e8f76fc86 - std::thread::local::LocalKey<T>::with::h218a10d8a7a5d06d
[INFO] [stdout]   34:     0x557e8f76f56a - async_global_executor::executor::block_on::ha1b149fc2fcac583
[INFO] [stdout]   35:     0x557e8f78523c - async_std::task::builder::Builder::blocking::{{closure}}::{{closure}}::haedb69ae84e70234
[INFO] [stdout]   36:     0x557e8f7832ee - async_std::task::task_locals_wrapper::TaskLocalsWrapper::set_current::{{closure}}::h9374ee409067f529
[INFO] [stdout]   37:     0x557e8f770ae7 - std::thread::local::LocalKey<T>::try_with::hac64918e1d1332f1
[INFO] [stdout]   38:     0x557e8f76fd46 - std::thread::local::LocalKey<T>::with::h7a6310f30733ffef
[INFO] [stdout]   39:     0x557e8f7830e9 - async_std::task::task_locals_wrapper::TaskLocalsWrapper::set_current::hfef461845f3c2a21
[INFO] [stdout]   40:     0x557e8f78519b - async_std::task::builder::Builder::blocking::{{closure}}::h34acd3497a9570f3
[INFO] [stdout]   41:     0x557e8f770465 - std::thread::local::LocalKey<T>::try_with::h6496185f3d53dd04
[INFO] [stdout]   42:     0x557e8f76fcb6 - std::thread::local::LocalKey<T>::with::h392f28dd82de6529
[INFO] [stdout]   43:     0x557e8f784eac - async_std::task::builder::Builder::blocking::h3ba24d981afb9bf4
[INFO] [stdout]   44:     0x557e8f78535c - async_std::task::block_on::block_on::h96aebeef47b0e59c
[INFO] [stdout]   45:     0x557e8f7857db - rust_out::main::h045d0fd74ed7290e
[INFO] [stdout]   46:     0x557e8f7736c3 - core::ops::function::FnOnce::call_once::h5b89dea722ea21ad
[INFO] [stdout]   47:     0x557e8f76f699 - std::sys_common::backtrace::__rust_begin_short_backtrace::hc178e4cfacf1803d
[INFO] [stdout]   48:     0x557e8f76f7e9 - std::rt::lang_start::{{closure}}::he8c5d60628d06093
[INFO] [stdout]   49:     0x557e8f87ecac - core::ops::function::impls::<impl core::ops::function::FnOnce<A> for &F>::call_once::hd6efcd3bec896f2c
[INFO] [stdout]                                at /rustc/84c898d65adf2f39a5a98507f1fe0ce10a2b8dbc/library/core/src/ops/function.rs:287:13
[INFO] [stdout]   50:     0x557e8f87ecac - std::panicking::try::do_call::hce04e543bb1f4cbb
[INFO] [stdout]                                at /rustc/84c898d65adf2f39a5a98507f1fe0ce10a2b8dbc/library/std/src/panicking.rs:487:40
[INFO] [stdout]   51:     0x557e8f87ecac - std::panicking::try::h3342dd4e1f680968
[INFO] [stdout]                                at /rustc/84c898d65adf2f39a5a98507f1fe0ce10a2b8dbc/library/std/src/panicking.rs:451:19
[INFO] [stdout]   52:     0x557e8f87ecac - std::panic::catch_unwind::h148ce1e59ac0cee7
[INFO] [stdout]                                at /rustc/84c898d65adf2f39a5a98507f1fe0ce10a2b8dbc/library/std/src/panic.rs:140:14
[INFO] [stdout]   53:     0x557e8f87ecac - std::rt::lang_start_internal::{{closure}}::h25f9dda2057a67fe
[INFO] [stdout]                                at /rustc/84c898d65adf2f39a5a98507f1fe0ce10a2b8dbc/library/std/src/rt.rs:148:48
[INFO] [stdout]   54:     0x557e8f87ecac - std::panicking::try::do_call::h7caaaeaf9401650b
[INFO] [stdout]                                at /rustc/84c898d65adf2f39a5a98507f1fe0ce10a2b8dbc/library/std/src/panicking.rs:487:40
[INFO] [stdout]   55:     0x557e8f87ecac - std::panicking::try::he7d15285746cbbc2
[INFO] [stdout]                                at /rustc/84c898d65adf2f39a5a98507f1fe0ce10a2b8dbc/library/std/src/panicking.rs:451:19
[INFO] [stdout]   56:     0x557e8f87ecac - std::panic::catch_unwind::h89fb4f50c0301fe0
[INFO] [stdout]                                at /rustc/84c898d65adf2f39a5a98507f1fe0ce10a2b8dbc/library/std/src/panic.rs:140:14
[INFO] [stdout]   57:     0x557e8f87ecac - std::rt::lang_start_internal::h078acd489417d3c1
[INFO] [stdout]                                at /rustc/84c898d65adf2f39a5a98507f1fe0ce10a2b8dbc/library/std/src/rt.rs:148:20
[INFO] [stdout]   58:     0x557e8f76f7c7 - std::rt::lang_start::h335d6166ecad8ac7
[INFO] [stdout]   59:     0x557e8f7863a5 - main
[INFO] [stdout]   60:     0x7f964fa80d90 - <unknown>
[INFO] [stdout]   61:     0x7f964fa80e40 - __libc_start_main
[INFO] [stdout]   62:     0x557e8f7390b5 - _start
[INFO] [stdout]   63:                0x0 - <unknown>
[INFO] [stdout] 
[INFO] [stdout] 
[INFO] [stdout] 
[INFO] [stdout] failures:
[INFO] [stdout]     src/lib.rs - (line 38)
[INFO] [stdout]     src/lib.rs - (line 77)
[INFO] [stdout] 
[INFO] [stdout] test result: FAILED. 0 passed; 2 failed; 0 ignored; 0 measured; 0 filtered out; finished in 2.56s
[INFO] [stdout] 
[INFO] [stderr] error: doctest failed, to rerun pass `--doc`
[INFO] running `Command { std: "docker" "inspect" "6b592b48b3827f4c0530ce940e39a36c9f690ca6d708a9a913765e8730ce224b", kill_on_drop: false }`
[INFO] running `Command { std: "docker" "rm" "-f" "6b592b48b3827f4c0530ce940e39a36c9f690ca6d708a9a913765e8730ce224b", kill_on_drop: false }`
[INFO] [stdout] 6b592b48b3827f4c0530ce940e39a36c9f690ca6d708a9a913765e8730ce224b
