[INFO] fetching crate ate-files 1.2.0...
[INFO] testing ate-files-1.2.0 against 1.69.0 for beta-1.70-1
[INFO] extracting crate ate-files 1.2.0 into /workspace/builds/worker-3-tc1/source
[INFO] validating manifest of crates.io crate ate-files 1.2.0 on toolchain 1.69.0
[INFO] running `Command { std: CARGO_HOME="/workspace/cargo-home" RUSTUP_HOME="/workspace/rustup-home" "/workspace/cargo-home/bin/cargo" "+1.69.0" "metadata" "--manifest-path" "Cargo.toml" "--no-deps", kill_on_drop: false }`
[INFO] started tweaking crates.io crate ate-files 1.2.0
[INFO] finished tweaking crates.io crate ate-files 1.2.0
[INFO] tweaked toml for crates.io crate ate-files 1.2.0 written to /workspace/builds/worker-3-tc1/source/Cargo.toml
[INFO] running `Command { std: CARGO_HOME="/workspace/cargo-home" RUSTUP_HOME="/workspace/rustup-home" __CARGO_TEST_CHANNEL_OVERRIDE_DO_NOT_USE_THIS="nightly" "/workspace/cargo-home/bin/cargo" "+1.69.0" "generate-lockfile" "--manifest-path" "Cargo.toml" "-Zno-index-update", kill_on_drop: false }`
[INFO] running `Command { std: CARGO_HOME="/workspace/cargo-home" RUSTUP_HOME="/workspace/rustup-home" "/workspace/cargo-home/bin/cargo" "+1.69.0" "fetch" "--manifest-path" "Cargo.toml", kill_on_drop: false }`
[INFO] [stderr]  Downloading crates ...
[INFO] [stderr]   Downloaded base32 v0.4.0
[INFO] [stderr]   Downloaded wasmer-bus-ws v1.1.0
[INFO] [stderr]   Downloaded wasmer-bus v1.1.0
[INFO] [stderr]   Downloaded rmp-serde v0.15.5
[INFO] [stderr]   Downloaded wasmer-bus-macros v1.1.0
[INFO] [stderr]   Downloaded wasmer-bus-types v1.1.0
[INFO] [stderr]   Downloaded sha1 v0.2.0
[INFO] [stderr]   Downloaded pnet_transport v0.27.2
[INFO] [stderr]   Downloaded ate v1.3.0
[INFO] [stderr]   Downloaded glob v0.2.11
[INFO] [stderr]   Downloaded ipnetwork v0.17.0
[INFO] [stderr]   Downloaded ate-crypto v1.1.0
[INFO] [stderr]   Downloaded pnet_datalink v0.27.2
[INFO] [stderr]   Downloaded pnet_macros_support v0.27.2
[INFO] [stderr]   Downloaded ate-comms v1.1.0
[INFO] [stderr]   Downloaded tokio-tungstenite v0.16.1
[INFO] [stderr]   Downloaded trust-dns-client v0.20.4
[INFO] [stderr]   Downloaded pnet v0.27.2
[INFO] [stderr]   Downloaded pqcrypto-traits-wasi v0.3.4
[INFO] [stderr]   Downloaded isocountry v0.3.2
[INFO] [stderr]   Downloaded trust-dns-proto v0.20.4
[INFO] [stderr]   Downloaded wasmer-bus-time v1.1.0
[INFO] [stderr]   Downloaded qrcode v0.12.0
[INFO] [stderr]   Downloaded snap v1.1.0
[INFO] [stderr]   Downloaded block-padding v0.2.1
[INFO] [stderr]   Downloaded endian-type v0.1.2
[INFO] [stderr]   Downloaded nibble_vec v0.1.0
[INFO] [stderr]   Downloaded tungstenite v0.16.0
[INFO] [stderr]   Downloaded radix_trie v0.2.1
[INFO] [stderr]   Downloaded pqcrypto-internals-wasi v0.2.5
[INFO] [stderr]   Downloaded yaml-rust v0.4.5
[INFO] [stderr]   Downloaded hash v0.3.0
[INFO] [stderr]   Downloaded serde_yaml v0.8.26
[INFO] [stderr]   Downloaded sha3 v0.9.1
[INFO] [stderr]   Downloaded data-encoding v2.3.3
[INFO] [stderr]   Downloaded nix v0.23.2
[INFO] [stderr]   Downloaded num-rational v0.3.2
[INFO] [stderr]   Downloaded cooked-waker v5.0.0
[INFO] [stderr]   Downloaded error-chain v0.12.4
[INFO] [stderr]   Downloaded tracing-serde v0.1.3
[INFO] [stderr]   Downloaded ttl_cache v0.5.1
[INFO] [stderr]   Downloaded seqlock v0.1.2
[INFO] [stderr]   Downloaded wasix v0.11.65
[INFO] [stderr]   Downloaded pqcrypto-falcon-wasi v0.2.14
[INFO] [stderr]   Downloaded checked_int_cast v1.0.0
[INFO] [stderr]   Downloaded array-init v1.0.0
[INFO] [stderr]   Downloaded rcu_cell v0.1.11
[INFO] [stderr]   Downloaded btreemultimap v0.1.1
[INFO] [stderr]   Downloaded ate-auth v1.9.0
[INFO] [stderr]   Downloaded google-authenticator v0.2.1
[INFO] [stderr]   Downloaded ctrlc-async v3.2.2
[INFO] [stderr]   Downloaded rpassword-wasi v5.0.4
[INFO] [stderr]   Downloaded pqcrypto-ntru-wasi v0.5.11
[INFO] [stderr]   Downloaded image v0.23.14
[INFO] [stderr]   Downloaded cached_proc_macro v0.6.2
[INFO] [stderr]   Downloaded cached_proc_macro_types v0.1.0
[INFO] [stderr]   Downloaded cached v0.23.0
[INFO] [stderr]   Downloaded enum_dispatch v0.3.11
[INFO] [stderr]   Downloaded matchers v0.0.1
[INFO] [stderr]   Downloaded blake3 v0.3.8
[INFO] [stderr]   Downloaded pnet_macros v0.27.2
[INFO] [stderr]   Downloaded pnet_base v0.27.2
[INFO] [stderr]   Downloaded bitflags v0.5.0
[INFO] [stderr]   Downloaded syntex_errors v0.42.0
[INFO] [stderr]   Downloaded syntex_pos v0.42.0
[INFO] [stderr]   Downloaded syntex_syntax v0.42.0
[INFO] [stderr]   Downloaded syntex v0.42.2
[INFO] [stderr]   Downloaded pnet_packet v0.27.2
[INFO] [stderr]   Downloaded pnet_sys v0.27.2
[INFO] [stderr]   Downloaded hmac-sha1 v0.1.3
[INFO] running `Command { std: "docker" "create" "-v" "/var/lib/crater-agent-workspace/builds/worker-3-tc1/target:/opt/rustwide/target:rw,Z" "-v" "/var/lib/crater-agent-workspace/builds/worker-3-tc1/source:/opt/rustwide/workdir:ro,Z" "-v" "/var/lib/crater-agent-workspace/cargo-home:/opt/rustwide/cargo-home:ro,Z" "-v" "/var/lib/crater-agent-workspace/rustup-home:/opt/rustwide/rustup-home:ro,Z" "-e" "SOURCE_DIR=/opt/rustwide/workdir" "-e" "CARGO_TARGET_DIR=/opt/rustwide/target" "-e" "CARGO_HOME=/opt/rustwide/cargo-home" "-e" "RUSTUP_HOME=/opt/rustwide/rustup-home" "-w" "/opt/rustwide/workdir" "-m" "1610612736" "--user" "0:0" "--network" "none" "ghcr.io/rust-lang/crates-build-env/linux@sha256:5ff2268d62e97bff2cde7d5815dd6ed5b47097566f13b8d0ca110b04b60e07ed" "/opt/rustwide/cargo-home/bin/cargo" "+1.69.0" "metadata" "--no-deps" "--format-version=1", kill_on_drop: false }`
[INFO] [stdout] f53b29fbc703c6ecef52d3939c17bc8dd9372073681500b52350fe23d40d8e4f
[INFO] running `Command { std: "docker" "start" "-a" "f53b29fbc703c6ecef52d3939c17bc8dd9372073681500b52350fe23d40d8e4f", kill_on_drop: false }`
[INFO] running `Command { std: "docker" "inspect" "f53b29fbc703c6ecef52d3939c17bc8dd9372073681500b52350fe23d40d8e4f", kill_on_drop: false }`
[INFO] running `Command { std: "docker" "rm" "-f" "f53b29fbc703c6ecef52d3939c17bc8dd9372073681500b52350fe23d40d8e4f", kill_on_drop: false }`
[INFO] [stdout] f53b29fbc703c6ecef52d3939c17bc8dd9372073681500b52350fe23d40d8e4f
[INFO] running `Command { std: "docker" "create" "-v" "/var/lib/crater-agent-workspace/builds/worker-3-tc1/target:/opt/rustwide/target:rw,Z" "-v" "/var/lib/crater-agent-workspace/builds/worker-3-tc1/source:/opt/rustwide/workdir:ro,Z" "-v" "/var/lib/crater-agent-workspace/cargo-home:/opt/rustwide/cargo-home:ro,Z" "-v" "/var/lib/crater-agent-workspace/rustup-home:/opt/rustwide/rustup-home:ro,Z" "-e" "SOURCE_DIR=/opt/rustwide/workdir" "-e" "CARGO_TARGET_DIR=/opt/rustwide/target" "-e" "CARGO_INCREMENTAL=0" "-e" "RUST_BACKTRACE=full" "-e" "RUSTFLAGS=--cap-lints=warn" "-e" "RUSTDOCFLAGS=--cap-lints=warn" "-e" "CARGO_HOME=/opt/rustwide/cargo-home" "-e" "RUSTUP_HOME=/opt/rustwide/rustup-home" "-w" "/opt/rustwide/workdir" "-m" "1610612736" "--user" "0:0" "--network" "none" "ghcr.io/rust-lang/crates-build-env/linux@sha256:5ff2268d62e97bff2cde7d5815dd6ed5b47097566f13b8d0ca110b04b60e07ed" "/opt/rustwide/cargo-home/bin/cargo" "+1.69.0" "build" "--frozen" "--message-format=json", kill_on_drop: false }`
[INFO] [stdout] ab5185240ce805c3f14b89f217782eee84e7150e60f1d884e0c6e7d01a716923
[INFO] running `Command { std: "docker" "start" "-a" "ab5185240ce805c3f14b89f217782eee84e7150e60f1d884e0c6e7d01a716923", kill_on_drop: false }`
[INFO] [stderr]    Compiling proc-macro2 v1.0.56
[INFO] [stderr]    Compiling serde v1.0.160
[INFO] [stderr]    Compiling jobserver v0.1.26
[INFO] [stderr]    Compiling num-traits v0.2.15
[INFO] [stderr]    Compiling futures-core v0.3.28
[INFO] [stderr]    Compiling tokio v1.28.0
[INFO] [stderr]    Compiling mio v0.8.6
[INFO] [stderr]    Compiling futures-task v0.3.28
[INFO] [stderr]    Compiling cc v1.0.79
[INFO] [stderr]    Compiling futures-channel v0.3.28
[INFO] [stderr]    Compiling futures-io v0.3.28
[INFO] [stderr]    Compiling tracing-core v0.1.30
[INFO] [stderr]    Compiling num-integer v0.1.45
[INFO] [stderr]    Compiling rustc-serialize v0.3.24
[INFO] [stderr]    Compiling linked-hash-map v0.5.6
[INFO] [stderr]    Compiling futures-util v0.3.28
[INFO] [stderr]    Compiling futures-sink v0.3.28
[INFO] [stderr]    Compiling quote v1.0.26
[INFO] [stderr]    Compiling syn v2.0.15
[INFO] [stderr]    Compiling syn v1.0.109
[INFO] [stderr]    Compiling openssl-sys v0.9.87
[INFO] [stderr]    Compiling log v0.3.9
[INFO] [stderr]    Compiling unicode-xid v0.0.3
[INFO] [stderr]    Compiling term v0.4.6
[INFO] [stderr]    Compiling rand_chacha v0.3.1
[INFO] [stderr]    Compiling pqcrypto-internals-wasi v0.2.5
[INFO] [stderr]    Compiling syntex_pos v0.42.0
[INFO] [stderr]    Compiling rmp v0.8.11
[INFO] [stderr]    Compiling yaml-rust v0.4.5
[INFO] [stderr]    Compiling digest v0.9.0
[INFO] [stderr]    Compiling syntex_errors v0.42.0
[INFO] [stderr]    Compiling glob v0.3.1
[INFO] [stderr]    Compiling xml-rs v0.8.4
[INFO] [stderr]    Compiling block-padding v0.2.1
[INFO] [stderr]    Compiling bitflags v0.5.0
[INFO] [stderr]    Compiling openssl v0.10.52
[INFO] [stderr]    Compiling syntex_syntax v0.42.0
[INFO] [stderr]    Compiling block-buffer v0.9.0
[INFO] [stderr]    Compiling rand v0.8.5
[INFO] [stderr]    Compiling native-tls v0.2.11
[INFO] [stderr]    Compiling regex-syntax v0.6.29
[INFO] [stderr]    Compiling pnet_base v0.27.2
[INFO] [stderr]    Compiling convert_case v0.5.0
[INFO] [stderr]    Compiling getrandom v0.1.16
[INFO] [stderr]    Compiling glob v0.2.11
[INFO] [stderr]    Compiling sha2 v0.10.6
[INFO] [stderr]    Compiling sha-1 v0.9.8
[INFO] [stderr]    Compiling pqcrypto-ntru-wasi v0.5.11
[INFO] [stderr]    Compiling pqcrypto-falcon-wasi v0.2.14
[INFO] [stderr]    Compiling darling_core v0.13.4
[INFO] [stderr]    Compiling blake3 v0.3.8
[INFO] [stderr]    Compiling time v0.1.45
[INFO] [stderr]    Compiling error-chain v0.12.4
[INFO] [stderr]    Compiling pqcrypto-traits-wasi v0.3.4
[INFO] [stderr]    Compiling iana-time-zone v0.1.56
[INFO] [stderr]    Compiling event-listener v2.5.3
[INFO] [stderr]    Compiling wasix v0.11.65
[INFO] [stderr]    Compiling regex-automata v0.1.10
[INFO] [stderr]    Compiling subtle v2.5.0
[INFO] [stderr]    Compiling matches v0.1.10
[INFO] [stderr]    Compiling cooked-waker v5.0.0
[INFO] [stderr]    Compiling idna v0.2.3
[INFO] [stderr]    Compiling crypto-mac v0.8.0
[INFO] [stderr]    Compiling matchers v0.0.1
[INFO] [stderr]    Compiling serde_derive v1.0.160
[INFO] [stderr]    Compiling thiserror-impl v1.0.40
[INFO] [stderr]    Compiling tokio-macros v2.1.0
[INFO] [stderr]    Compiling futures-macro v0.3.28
[INFO] [stderr]    Compiling tracing-attributes v0.1.24
[INFO] [stderr]    Compiling num_enum_derive v0.5.11
[INFO] [stderr]    Compiling async-trait v0.1.68
[INFO] [stderr]    Compiling thiserror v1.0.40
[INFO] [stderr]    Compiling openssl-macros v0.1.1
[INFO] [stderr]    Compiling syntex v0.42.2
[INFO] [stderr]    Compiling num_enum v0.5.11
[INFO] [stderr]    Compiling tracing v0.1.37
[INFO] [stderr]    Compiling pnet_macros v0.27.2
[INFO] [stderr]    Compiling derivative v2.2.0
[INFO] [stderr]    Compiling enum-as-inner v0.3.4
[INFO] [stderr]    Compiling pin-project-internal v1.0.12
[INFO] [stderr]    Compiling darling_macro v0.13.4
[INFO] [stderr]    Compiling pnet_macros_support v0.27.2
[INFO] [stderr]    Compiling futures-executor v0.3.28
[INFO] [stderr]    Compiling futures v0.3.28
[INFO] [stderr]    Compiling tracing-log v0.1.3
[INFO] [stderr]    Compiling sharded-slab v0.1.4
[INFO] [stderr]    Compiling nibble_vec v0.1.0
[INFO] [stderr]    Compiling thread_local v1.1.7
[INFO] [stderr]    Compiling pnet_sys v0.27.2
[INFO] [stderr]    Compiling num-rational v0.3.2
[INFO] [stderr]    Compiling memoffset v0.6.5
[INFO] [stderr]    Compiling tokio-native-tls v0.3.1
[INFO] [stderr]    Compiling arrayvec v0.5.2
[INFO] [stderr]    Compiling endian-type v0.1.2
[INFO] [stderr]    Compiling arrayref v0.3.7
[INFO] [stderr]    Compiling data-encoding v2.3.3
[INFO] [stderr]    Compiling constant_time_eq v0.1.5
[INFO] [stderr]    Compiling ansi_term v0.12.1
[INFO] [stderr]    Compiling time v0.3.20
[INFO] [stderr]    Compiling sha3 v0.9.1
[INFO] [stderr]    Compiling radix_trie v0.2.1
[INFO] [stderr]    Compiling pin-project v1.0.12
[INFO] [stderr]    Compiling darling v0.13.4
[INFO] [stderr]    Compiling rand_core v0.5.1
[INFO] [stderr]    Compiling proc-macro-error-attr v1.0.4
[INFO] [stderr]    Compiling backtrace v0.3.67
[INFO] [stderr]    Compiling dirs-sys v0.3.7
[INFO] [stderr]    Compiling cached_proc_macro_types v0.1.0
[INFO] [stderr]    Compiling parking_lot_core v0.8.6
[INFO] [stderr]    Compiling pnet_packet v0.27.2
[INFO] [stderr]    Compiling waker-fn v1.1.0
[INFO] [stderr]    Compiling parking v2.1.0
[INFO] [stderr]    Compiling snap v1.1.0
[INFO] [stderr]    Compiling pnet v0.27.2
[INFO] [stderr]    Compiling futures-lite v1.13.0
[INFO] [stderr]    Compiling proc-macro-error v1.0.4
[INFO] [stderr]    Compiling serde_json v1.0.96
[INFO] [stderr]    Compiling serde_yaml v0.8.26
[INFO] [stderr]    Compiling bincode v1.3.3
[INFO] [stderr]    Compiling rmp-serde v0.15.5
[INFO] [stderr]    Compiling serde-xml-rs v0.5.1
[INFO] [stderr]    Compiling url v2.3.1
[INFO] [stderr]    Compiling chrono v0.4.24
[INFO] [stderr]    Compiling tracing-serde v0.1.3
[INFO] [stderr]    Compiling ipnetwork v0.17.0
[INFO] [stderr]    Compiling dirs v4.0.0
[INFO] [stderr]    Compiling wasmer-bus-types v1.1.0
[INFO] [stderr]    Compiling pnet_datalink v0.27.2
[INFO] [stderr]    Compiling tungstenite v0.16.0
[INFO] [stderr]    Compiling trust-dns-proto v0.20.4
[INFO] [stderr]    Compiling wasmer-bus-macros v1.1.0
[INFO] [stderr]    Compiling cached_proc_macro v0.6.2
[INFO] [stderr]    Compiling tracing-subscriber v0.2.25
[INFO] [stderr]    Compiling tokio-tungstenite v0.16.1
[INFO] [stderr]    Compiling rand_chacha v0.2.2
[INFO] [stderr]    Compiling tracing-futures v0.2.5
[INFO] [stderr]    Compiling num-iter v0.1.43
[INFO] [stderr]    Compiling async-lock v2.7.0
[INFO] [stderr]    Compiling async-mutex v1.4.0
[INFO] [stderr]    Compiling crossbeam-channel v0.5.8
[INFO] [stderr]    Compiling concurrent-queue v2.2.0
[INFO] [stderr]    Compiling trust-dns-client v0.20.4
[INFO] [stderr]    Compiling pnet_transport v0.27.2
[INFO] [stderr]    Compiling instant v0.1.12
[INFO] [stderr]    Compiling sha1 v0.2.0
[INFO] [stderr]    Compiling wasmer-bus v1.1.0
[INFO] [stderr]    Compiling bytemuck v1.13.1
[INFO] [stderr]    Compiling color_quant v1.1.0
[INFO] [stderr]    Compiling hashbrown v0.9.1
[INFO] [stderr]    Compiling async-task v4.4.0
[INFO] [stderr]    Compiling wasmer-bus-ws v1.1.0
[INFO] [stderr]    Compiling cached v0.23.0
[INFO] [stderr]    Compiling async-executor v1.5.1
[INFO] [stderr]    Compiling wasmer-bus-time v1.1.0
[INFO] [stderr]    Compiling image v0.23.14
[INFO] [stderr]    Compiling hmac-sha1 v0.1.3
[INFO] [stderr]    Compiling pbr v1.1.1
[INFO] [stderr]    Compiling nix v0.23.2
[INFO] [stderr]    Compiling rand v0.7.3
[INFO] [stderr]    Compiling shellexpand v2.1.2
[INFO] [stderr]    Compiling clap_derive v3.2.25
[INFO] [stderr]    Compiling btreemultimap v0.1.1
[INFO] [stderr]    Compiling uuid v0.8.2
[INFO] [stderr]    Compiling multimap v0.8.3
[INFO] [stderr]    Compiling checked_int_cast v1.0.0
[INFO] [stderr]    Compiling hash v0.3.0
[INFO] [stderr]    Compiling base32 v0.4.0
[INFO] [stderr]    Compiling rcu_cell v0.1.11
[INFO] [stderr]    Compiling qrcode v0.12.0
[INFO] [stderr]    Compiling google-authenticator v0.2.1
[INFO] [stderr]    Compiling parking_lot v0.11.2
[INFO] [stderr]    Compiling rpassword-wasi v5.0.4
[INFO] [stderr]    Compiling isocountry v0.3.2
[INFO] [stderr]    Compiling seqlock v0.1.2
[INFO] [stderr]    Compiling enum_dispatch v0.3.11
[INFO] [stderr]    Compiling ttl_cache v0.5.1
[INFO] [stderr]    Compiling array-init v1.0.0
[INFO] [stderr]    Compiling clap v3.2.25
[INFO] [stderr]    Compiling ctrlc-async v3.2.2
[INFO] [stderr]    Compiling ate-crypto v1.1.0
[INFO] [stderr]    Compiling ate-comms v1.1.0
[INFO] [stderr]    Compiling ate v1.3.0
[INFO] [stderr]    Compiling ate-auth v1.9.0
[INFO] [stdout] error[E0061]: this method takes 5 arguments but 4 arguments were supplied
[INFO] [stdout]    --> /opt/rustwide/cargo-home/registry/src/github.com-1ecc6299db9ec823/ate-auth-1.9.0/src/cmd/database.rs:59:10
[INFO] [stdout]     |
[INFO] [stdout] 59  |         .open_ext(
[INFO] [stdout]     |          ^^^^^^^^
[INFO] [stdout] ...
[INFO] [stdout] 62  |             progress_local,
[INFO] [stdout]     |             -------------- an argument of type `bool` is missing
[INFO] [stdout]     |
[INFO] [stdout] note: method defined here
[INFO] [stdout]    --> /opt/rustwide/cargo-home/registry/src/github.com-1ecc6299db9ec823/ate-1.3.0/src/mesh/registry.rs:182:18
[INFO] [stdout]     |
[INFO] [stdout] 182 |     pub async fn open_ext(
[INFO] [stdout]     |                  ^^^^^^^^
[INFO] [stdout] help: provide the argument
[INFO] [stdout]     |
[INFO] [stdout] 59  |         .open_ext(&remote, &ChainKey::from(db_name.clone()), /* bool */, progress_remote, progress_local)
[INFO] [stdout]     |                  ~~~~~~~~~~~~~~~~~~~~~~~~~~~~~~~~~~~~~~~~~~~~~~~~~~~~~~~~~~~~~~~~~~~~~~~~~~~~~~~~~~~~~~~~
[INFO] [stdout] 
[INFO] [stdout] 
[INFO] [stdout] error[E0061]: this method takes 3 arguments but 2 arguments were supplied
[INFO] [stdout]    --> /opt/rustwide/cargo-home/registry/src/github.com-1ecc6299db9ec823/ate-auth-1.9.0/src/helper/auth.rs:141:26
[INFO] [stdout]     |
[INFO] [stdout] 141 |     let chain = registry.open(&auth, &chain_key).await?;
[INFO] [stdout]     |                          ^^^^------------------- an argument of type `bool` is missing
[INFO] [stdout]     |
[INFO] [stdout] note: method defined here
[INFO] [stdout]    --> /opt/rustwide/cargo-home/registry/src/github.com-1ecc6299db9ec823/ate-1.3.0/src/mesh/registry.rs:119:18
[INFO] [stdout]     |
[INFO] [stdout] 119 |     pub async fn open(&self, url: &Url, key: &ChainKey, force_temporal: bool) -> Result<ChainGuard, ChainCreationError> {
[INFO] [stdout]     |                  ^^^^
[INFO] [stdout] help: provide the argument
[INFO] [stdout]     |
[INFO] [stdout] 141 |     let chain = registry.open(&auth, &chain_key, /* bool */).await?;
[INFO] [stdout]     |                              ~~~~~~~~~~~~~~~~~~~~~~~~~~~~~~~
[INFO] [stdout] 
[INFO] [stdout] 
[INFO] [stdout] error[E0061]: this method takes 3 arguments but 2 arguments were supplied
[INFO] [stdout]    --> /opt/rustwide/cargo-home/registry/src/github.com-1ecc6299db9ec823/ate-auth-1.9.0/src/helper/builder.rs:127:30
[INFO] [stdout]     |
[INFO] [stdout] 127 |         let chain = registry.open(&self.url_db, &key).await?;
[INFO] [stdout]     |                              ^^^^-------------------- an argument of type `bool` is missing
[INFO] [stdout]     |
[INFO] [stdout] note: method defined here
[INFO] [stdout]    --> /opt/rustwide/cargo-home/registry/src/github.com-1ecc6299db9ec823/ate-1.3.0/src/mesh/registry.rs:119:18
[INFO] [stdout]     |
[INFO] [stdout] 119 |     pub async fn open(&self, url: &Url, key: &ChainKey, force_temporal: bool) -> Result<ChainGuard, ChainCreationError> {
[INFO] [stdout]     |                  ^^^^
[INFO] [stdout] help: provide the argument
[INFO] [stdout]     |
[INFO] [stdout] 127 |         let chain = registry.open(&self.url_db, &key, /* bool */).await?;
[INFO] [stdout]     |                                  ~~~~~~~~~~~~~~~~~~~~~~~~~~~~~~~~
[INFO] [stdout] 
[INFO] [stdout] 
[INFO] [stdout] error[E0061]: this method takes 3 arguments but 2 arguments were supplied
[INFO] [stdout]    --> /opt/rustwide/cargo-home/registry/src/github.com-1ecc6299db9ec823/ate-auth-1.9.0/src/work/login.rs:48:35
[INFO] [stdout]     |
[INFO] [stdout] 48  |         let chain = self.registry.open(&self.auth_url, &chain_key).await?;
[INFO] [stdout]     |                                   ^^^^---------------------------- an argument of type `bool` is missing
[INFO] [stdout]     |
[INFO] [stdout] note: method defined here
[INFO] [stdout]    --> /opt/rustwide/cargo-home/registry/src/github.com-1ecc6299db9ec823/ate-1.3.0/src/mesh/registry.rs:119:18
[INFO] [stdout]     |
[INFO] [stdout] 119 |     pub async fn open(&self, url: &Url, key: &ChainKey, force_temporal: bool) -> Result<ChainGuard, ChainCreationError> {
[INFO] [stdout]     |                  ^^^^
[INFO] [stdout] help: provide the argument
[INFO] [stdout]     |
[INFO] [stdout] 48  |         let chain = self.registry.open(&self.auth_url, &chain_key, /* bool */).await?;
[INFO] [stdout]     |                                       ~~~~~~~~~~~~~~~~~~~~~~~~~~~~~~~~~~~~~~~~
[INFO] [stdout] 
[INFO] [stdout] 
[INFO] [stdout] error[E0061]: this method takes 3 arguments but 2 arguments were supplied
[INFO] [stdout]    --> /opt/rustwide/cargo-home/registry/src/github.com-1ecc6299db9ec823/ate-auth-1.9.0/src/work/sudo.rs:68:35
[INFO] [stdout]     |
[INFO] [stdout] 68  |         let chain = self.registry.open(&self.auth_url, &chain_key).await?;
[INFO] [stdout]     |                                   ^^^^---------------------------- an argument of type `bool` is missing
[INFO] [stdout]     |
[INFO] [stdout] note: method defined here
[INFO] [stdout]    --> /opt/rustwide/cargo-home/registry/src/github.com-1ecc6299db9ec823/ate-1.3.0/src/mesh/registry.rs:119:18
[INFO] [stdout]     |
[INFO] [stdout] 119 |     pub async fn open(&self, url: &Url, key: &ChainKey, force_temporal: bool) -> Result<ChainGuard, ChainCreationError> {
[INFO] [stdout]     |                  ^^^^
[INFO] [stdout] help: provide the argument
[INFO] [stdout]     |
[INFO] [stdout] 68  |         let chain = self.registry.open(&self.auth_url, &chain_key, /* bool */).await?;
[INFO] [stdout]     |                                       ~~~~~~~~~~~~~~~~~~~~~~~~~~~~~~~~~~~~~~~~
[INFO] [stdout] 
[INFO] [stdout] 
[INFO] [stdout] error[E0061]: this method takes 3 arguments but 2 arguments were supplied
[INFO] [stdout]    --> /opt/rustwide/cargo-home/registry/src/github.com-1ecc6299db9ec823/ate-auth-1.9.0/src/work/reset.rs:58:35
[INFO] [stdout]     |
[INFO] [stdout] 58  |         let chain = self.registry.open(&self.auth_url, &chain_key).await?;
[INFO] [stdout]     |                                   ^^^^---------------------------- an argument of type `bool` is missing
[INFO] [stdout]     |
[INFO] [stdout] note: method defined here
[INFO] [stdout]    --> /opt/rustwide/cargo-home/registry/src/github.com-1ecc6299db9ec823/ate-1.3.0/src/mesh/registry.rs:119:18
[INFO] [stdout]     |
[INFO] [stdout] 119 |     pub async fn open(&self, url: &Url, key: &ChainKey, force_temporal: bool) -> Result<ChainGuard, ChainCreationError> {
[INFO] [stdout]     |                  ^^^^
[INFO] [stdout] help: provide the argument
[INFO] [stdout]     |
[INFO] [stdout] 58  |         let chain = self.registry.open(&self.auth_url, &chain_key, /* bool */).await?;
[INFO] [stdout]     |                                       ~~~~~~~~~~~~~~~~~~~~~~~~~~~~~~~~~~~~~~~~
[INFO] [stdout] 
[INFO] [stdout] 
[INFO] [stdout] error[E0061]: this method takes 3 arguments but 2 arguments were supplied
[INFO] [stdout]    --> /opt/rustwide/cargo-home/registry/src/github.com-1ecc6299db9ec823/ate-auth-1.9.0/src/work/create_user.rs:131:35
[INFO] [stdout]     |
[INFO] [stdout] 131 |         let chain = self.registry.open(&self.auth_url, &user_chain_key).await?;
[INFO] [stdout]     |                                   ^^^^--------------------------------- an argument of type `bool` is missing
[INFO] [stdout]     |
[INFO] [stdout] note: method defined here
[INFO] [stdout]    --> /opt/rustwide/cargo-home/registry/src/github.com-1ecc6299db9ec823/ate-1.3.0/src/mesh/registry.rs:119:18
[INFO] [stdout]     |
[INFO] [stdout] 119 |     pub async fn open(&self, url: &Url, key: &ChainKey, force_temporal: bool) -> Result<ChainGuard, ChainCreationError> {
[INFO] [stdout]     |                  ^^^^
[INFO] [stdout] help: provide the argument
[INFO] [stdout]     |
[INFO] [stdout] 131 |         let chain = self.registry.open(&self.auth_url, &user_chain_key, /* bool */).await?;
[INFO] [stdout]     |                                       ~~~~~~~~~~~~~~~~~~~~~~~~~~~~~~~~~~~~~~~~~~~~~
[INFO] [stdout] 
[INFO] [stdout] 
[INFO] [stdout] error[E0061]: this method takes 3 arguments but 2 arguments were supplied
[INFO] [stdout]    --> /opt/rustwide/cargo-home/registry/src/github.com-1ecc6299db9ec823/ate-auth-1.9.0/src/work/create_group.rs:98:35
[INFO] [stdout]     |
[INFO] [stdout] 98  |         let chain = self.registry.open(&self.auth_url, &group_chain_key).await?;
[INFO] [stdout]     |                                   ^^^^---------------------------------- an argument of type `bool` is missing
[INFO] [stdout]     |
[INFO] [stdout] note: method defined here
[INFO] [stdout]    --> /opt/rustwide/cargo-home/registry/src/github.com-1ecc6299db9ec823/ate-1.3.0/src/mesh/registry.rs:119:18
[INFO] [stdout]     |
[INFO] [stdout] 119 |     pub async fn open(&self, url: &Url, key: &ChainKey, force_temporal: bool) -> Result<ChainGuard, ChainCreationError> {
[INFO] [stdout]     |                  ^^^^
[INFO] [stdout] help: provide the argument
[INFO] [stdout]     |
[INFO] [stdout] 98  |         let chain = self.registry.open(&self.auth_url, &group_chain_key, /* bool */).await?;
[INFO] [stdout]     |                                       ~~~~~~~~~~~~~~~~~~~~~~~~~~~~~~~~~~~~~~~~~~~~~~
[INFO] [stdout] 
[INFO] [stdout] 
[INFO] [stdout] error[E0061]: this method takes 3 arguments but 2 arguments were supplied
[INFO] [stdout]    --> /opt/rustwide/cargo-home/registry/src/github.com-1ecc6299db9ec823/ate-auth-1.9.0/src/work/query.rs:33:35
[INFO] [stdout]     |
[INFO] [stdout] 33  |         let chain = self.registry.open(&self.auth_url, &chain_key).await?;
[INFO] [stdout]     |                                   ^^^^---------------------------- an argument of type `bool` is missing
[INFO] [stdout]     |
[INFO] [stdout] note: method defined here
[INFO] [stdout]    --> /opt/rustwide/cargo-home/registry/src/github.com-1ecc6299db9ec823/ate-1.3.0/src/mesh/registry.rs:119:18
[INFO] [stdout]     |
[INFO] [stdout] 119 |     pub async fn open(&self, url: &Url, key: &ChainKey, force_temporal: bool) -> Result<ChainGuard, ChainCreationError> {
[INFO] [stdout]     |                  ^^^^
[INFO] [stdout] help: provide the argument
[INFO] [stdout]     |
[INFO] [stdout] 33  |         let chain = self.registry.open(&self.auth_url, &chain_key, /* bool */).await?;
[INFO] [stdout]     |                                       ~~~~~~~~~~~~~~~~~~~~~~~~~~~~~~~~~~~~~~~~
[INFO] [stdout] 
[INFO] [stdout] 
[INFO] [stdout] error[E0061]: this method takes 3 arguments but 2 arguments were supplied
[INFO] [stdout]    --> /opt/rustwide/cargo-home/registry/src/github.com-1ecc6299db9ec823/ate-auth-1.9.0/src/work/gather.rs:44:35
[INFO] [stdout]     |
[INFO] [stdout] 44  |         let chain = self.registry.open(&self.auth_url, &group_chain_key).await?;
[INFO] [stdout]     |                                   ^^^^---------------------------------- an argument of type `bool` is missing
[INFO] [stdout]     |
[INFO] [stdout] note: method defined here
[INFO] [stdout]    --> /opt/rustwide/cargo-home/registry/src/github.com-1ecc6299db9ec823/ate-1.3.0/src/mesh/registry.rs:119:18
[INFO] [stdout]     |
[INFO] [stdout] 119 |     pub async fn open(&self, url: &Url, key: &ChainKey, force_temporal: bool) -> Result<ChainGuard, ChainCreationError> {
[INFO] [stdout]     |                  ^^^^
[INFO] [stdout] help: provide the argument
[INFO] [stdout]     |
[INFO] [stdout] 44  |         let chain = self.registry.open(&self.auth_url, &group_chain_key, /* bool */).await?;
[INFO] [stdout]     |                                       ~~~~~~~~~~~~~~~~~~~~~~~~~~~~~~~~~~~~~~~~~~~~~~
[INFO] [stdout] 
[INFO] [stdout] 
[INFO] [stdout] error[E0061]: this method takes 3 arguments but 2 arguments were supplied
[INFO] [stdout]    --> /opt/rustwide/cargo-home/registry/src/github.com-1ecc6299db9ec823/ate-auth-1.9.0/src/work/group_user_add.rs:72:35
[INFO] [stdout]     |
[INFO] [stdout] 72  |         let chain = self.registry.open(&self.auth_url, &group_chain_key).await?;
[INFO] [stdout]     |                                   ^^^^---------------------------------- an argument of type `bool` is missing
[INFO] [stdout]     |
[INFO] [stdout] note: method defined here
[INFO] [stdout]    --> /opt/rustwide/cargo-home/registry/src/github.com-1ecc6299db9ec823/ate-1.3.0/src/mesh/registry.rs:119:18
[INFO] [stdout]     |
[INFO] [stdout] 119 |     pub async fn open(&self, url: &Url, key: &ChainKey, force_temporal: bool) -> Result<ChainGuard, ChainCreationError> {
[INFO] [stdout]     |                  ^^^^
[INFO] [stdout] help: provide the argument
[INFO] [stdout]     |
[INFO] [stdout] 72  |         let chain = self.registry.open(&self.auth_url, &group_chain_key, /* bool */).await?;
[INFO] [stdout]     |                                       ~~~~~~~~~~~~~~~~~~~~~~~~~~~~~~~~~~~~~~~~~~~~~~
[INFO] [stdout] 
[INFO] [stdout] 
[INFO] [stdout] error[E0061]: this method takes 3 arguments but 2 arguments were supplied
[INFO] [stdout]    --> /opt/rustwide/cargo-home/registry/src/github.com-1ecc6299db9ec823/ate-auth-1.9.0/src/work/group_user_remove.rs:38:35
[INFO] [stdout]     |
[INFO] [stdout] 38  |         let chain = self.registry.open(&self.auth_url, &group_chain_key).await?;
[INFO] [stdout]     |                                   ^^^^---------------------------------- an argument of type `bool` is missing
[INFO] [stdout]     |
[INFO] [stdout] note: method defined here
[INFO] [stdout]    --> /opt/rustwide/cargo-home/registry/src/github.com-1ecc6299db9ec823/ate-1.3.0/src/mesh/registry.rs:119:18
[INFO] [stdout]     |
[INFO] [stdout] 119 |     pub async fn open(&self, url: &Url, key: &ChainKey, force_temporal: bool) -> Result<ChainGuard, ChainCreationError> {
[INFO] [stdout]     |                  ^^^^
[INFO] [stdout] help: provide the argument
[INFO] [stdout]     |
[INFO] [stdout] 38  |         let chain = self.registry.open(&self.auth_url, &group_chain_key, /* bool */).await?;
[INFO] [stdout]     |                                       ~~~~~~~~~~~~~~~~~~~~~~~~~~~~~~~~~~~~~~~~~~~~~~
[INFO] [stdout] 
[INFO] [stdout] 
[INFO] [stdout] error[E0061]: this method takes 3 arguments but 2 arguments were supplied
[INFO] [stdout]    --> /opt/rustwide/cargo-home/registry/src/github.com-1ecc6299db9ec823/ate-auth-1.9.0/src/work/group_details.rs:34:35
[INFO] [stdout]     |
[INFO] [stdout] 34  |         let chain = self.registry.open(&self.auth_url, &group_chain_key).await?;
[INFO] [stdout]     |                                   ^^^^---------------------------------- an argument of type `bool` is missing
[INFO] [stdout]     |
[INFO] [stdout] note: method defined here
[INFO] [stdout]    --> /opt/rustwide/cargo-home/registry/src/github.com-1ecc6299db9ec823/ate-1.3.0/src/mesh/registry.rs:119:18
[INFO] [stdout]     |
[INFO] [stdout] 119 |     pub async fn open(&self, url: &Url, key: &ChainKey, force_temporal: bool) -> Result<ChainGuard, ChainCreationError> {
[INFO] [stdout]     |                  ^^^^
[INFO] [stdout] help: provide the argument
[INFO] [stdout]     |
[INFO] [stdout] 34  |         let chain = self.registry.open(&self.auth_url, &group_chain_key, /* bool */).await?;
[INFO] [stdout]     |                                       ~~~~~~~~~~~~~~~~~~~~~~~~~~~~~~~~~~~~~~~~~~~~~~
[INFO] [stdout] 
[INFO] [stdout] 
[INFO] [stdout] error[E0061]: this method takes 3 arguments but 2 arguments were supplied
[INFO] [stdout]    --> /opt/rustwide/cargo-home/registry/src/github.com-1ecc6299db9ec823/ate-auth-1.9.0/src/work/group_remove.rs:37:35
[INFO] [stdout]     |
[INFO] [stdout] 37  |         let chain = self.registry.open(&self.auth_url, &group_chain_key).await?;
[INFO] [stdout]     |                                   ^^^^---------------------------------- an argument of type `bool` is missing
[INFO] [stdout]     |
[INFO] [stdout] note: method defined here
[INFO] [stdout]    --> /opt/rustwide/cargo-home/registry/src/github.com-1ecc6299db9ec823/ate-1.3.0/src/mesh/registry.rs:119:18
[INFO] [stdout]     |
[INFO] [stdout] 119 |     pub async fn open(&self, url: &Url, key: &ChainKey, force_temporal: bool) -> Result<ChainGuard, ChainCreationError> {
[INFO] [stdout]     |                  ^^^^
[INFO] [stdout] help: provide the argument
[INFO] [stdout]     |
[INFO] [stdout] 37  |         let chain = self.registry.open(&self.auth_url, &group_chain_key, /* bool */).await?;
[INFO] [stdout]     |                                       ~~~~~~~~~~~~~~~~~~~~~~~~~~~~~~~~~~~~~~~~~~~~~~
[INFO] [stdout] 
[INFO] [stdout] 
[INFO] [stdout] error[E0599]: no method named `to_bytes` found for struct `ate::prelude::AteHash` in the current scope
[INFO] [stdout]   --> /opt/rustwide/cargo-home/registry/src/github.com-1ecc6299db9ec823/ate-auth-1.9.0/src/helper/misc.rs:19:38
[INFO] [stdout]    |
[INFO] [stdout] 19 |     EncryptKey::from_seed_bytes(hash.to_bytes(), key_size)
[INFO] [stdout]    |                                      ^^^^^^^^ help: there is a method with a similar name: `as_bytes`
[INFO] [stdout] 
[INFO] [stdout] 
[INFO] [stdout] error[E0308]: mismatched types
[INFO] [stdout]    --> /opt/rustwide/cargo-home/registry/src/github.com-1ecc6299db9ec823/ate-auth-1.9.0/src/helper/misc.rs:44:24
[INFO] [stdout]     |
[INFO] [stdout] 44  |     format.deserialize(&bytes).unwrap()
[INFO] [stdout]     |            ----------- ^^^^^^ expected `Vec<u8>`, found `&Vec<u8>`
[INFO] [stdout]     |            |
[INFO] [stdout]     |            arguments to this method are incorrect
[INFO] [stdout]     |
[INFO] [stdout]     = note: expected struct `Vec<u8>`
[INFO] [stdout]             found reference `&Vec<u8>`
[INFO] [stdout] note: method defined here
[INFO] [stdout]    --> /opt/rustwide/cargo-home/registry/src/github.com-1ecc6299db9ec823/wasmer-bus-types-1.1.0/src/format.rs:306:12
[INFO] [stdout]     |
[INFO] [stdout] 306 |     pub fn deserialize<T>(&self, mut data: Vec<u8>) -> Result<T, BusError>
[INFO] [stdout]     |            ^^^^^^^^^^^
[INFO] [stdout] help: consider removing the borrow
[INFO] [stdout]     |
[INFO] [stdout] 44  -     format.deserialize(&bytes).unwrap()
[INFO] [stdout] 44  +     format.deserialize(bytes).unwrap()
[INFO] [stdout]     |
[INFO] [stdout] 
[INFO] [stdout] 
[INFO] [stdout] error[E0599]: no method named `to_bytes` found for struct `ate::prelude::AteHash` in the current scope
[INFO] [stdout]    --> /opt/rustwide/cargo-home/registry/src/github.com-1ecc6299db9ec823/ate-auth-1.9.0/src/work/login.rs:148:63
[INFO] [stdout]     |
[INFO] [stdout] 148 |         let super_key = EncryptKey::from_seed_bytes(super_key.to_bytes(), KeySize::Bit192);
[INFO] [stdout]     |                                                               ^^^^^^^^ help: there is a method with a similar name: `as_bytes`
[INFO] [stdout] 
[INFO] [stdout] 
[INFO] [stdout] error[E0599]: no method named `to_bytes` found for reference `&ate::prelude::AteHash` in the current scope
[INFO] [stdout]    --> /opt/rustwide/cargo-home/registry/src/github.com-1ecc6299db9ec823/ate-auth-1.9.0/src/work/login.rs:156:82
[INFO] [stdout]     |
[INFO] [stdout] 156 |         let super_key = AteHash::from_bytes_twice(&master_key.value()[..], &hash.to_bytes()[..]);
[INFO] [stdout]     |                                                                                  ^^^^^^^^ help: there is a method with a similar name: `as_bytes`
[INFO] [stdout] 
[INFO] [stdout] 
[INFO] [stdout] error[E0599]: no method named `to_bytes` found for struct `ate::prelude::AteHash` in the current scope
[INFO] [stdout]    --> /opt/rustwide/cargo-home/registry/src/github.com-1ecc6299db9ec823/ate-auth-1.9.0/src/work/login.rs:157:63
[INFO] [stdout]     |
[INFO] [stdout] 157 |         let super_key = EncryptKey::from_seed_bytes(super_key.to_bytes(), KeySize::Bit192);
[INFO] [stdout]     |                                                               ^^^^^^^^ help: there is a method with a similar name: `as_bytes`
[INFO] [stdout] 
[INFO] [stdout] 
[INFO] [stdout] error: aborting due to 19 previous errors
[INFO] [stdout] 
[INFO] [stdout] 
[INFO] [stdout] Some errors have detailed explanations: E0061, E0308, E0599.
[INFO] [stdout] 
[INFO] [stdout] For more information about an error, try `rustc --explain E0061`.
[INFO] [stdout] 
[INFO] [stderr] error: could not compile `ate-auth` due to 20 previous errors
[INFO] [stderr] warning: build failed, waiting for other jobs to finish...
[INFO] running `Command { std: "docker" "inspect" "ab5185240ce805c3f14b89f217782eee84e7150e60f1d884e0c6e7d01a716923", kill_on_drop: false }`
[INFO] running `Command { std: "docker" "rm" "-f" "ab5185240ce805c3f14b89f217782eee84e7150e60f1d884e0c6e7d01a716923", kill_on_drop: false }`
[INFO] [stdout] ab5185240ce805c3f14b89f217782eee84e7150e60f1d884e0c6e7d01a716923
