[INFO] fetching crate async_cell 0.2.2...
[INFO] testing async_cell-0.2.2 against 1.69.0 for beta-1.70-1
[INFO] extracting crate async_cell 0.2.2 into /workspace/builds/worker-2-tc1/source
[INFO] validating manifest of crates.io crate async_cell 0.2.2 on toolchain 1.69.0
[INFO] running `Command { std: CARGO_HOME="/workspace/cargo-home" RUSTUP_HOME="/workspace/rustup-home" "/workspace/cargo-home/bin/cargo" "+1.69.0" "metadata" "--manifest-path" "Cargo.toml" "--no-deps", kill_on_drop: false }`
[INFO] started tweaking crates.io crate async_cell 0.2.2
[INFO] finished tweaking crates.io crate async_cell 0.2.2
[INFO] tweaked toml for crates.io crate async_cell 0.2.2 written to /workspace/builds/worker-2-tc1/source/Cargo.toml
[INFO] running `Command { std: CARGO_HOME="/workspace/cargo-home" RUSTUP_HOME="/workspace/rustup-home" __CARGO_TEST_CHANNEL_OVERRIDE_DO_NOT_USE_THIS="nightly" "/workspace/cargo-home/bin/cargo" "+1.69.0" "generate-lockfile" "--manifest-path" "Cargo.toml" "-Zno-index-update", kill_on_drop: false }`
[INFO] running `Command { std: CARGO_HOME="/workspace/cargo-home" RUSTUP_HOME="/workspace/rustup-home" "/workspace/cargo-home/bin/cargo" "+1.69.0" "fetch" "--manifest-path" "Cargo.toml", kill_on_drop: false }`
[INFO] [stderr]  Downloading crates ...
[INFO] [stderr]   Downloaded generator v0.7.4
[INFO] [stderr]   Downloaded thread-id v4.0.0
[INFO] [stderr]   Downloaded loom v0.5.6
[INFO] [stderr]   Downloaded petgraph v0.6.3
[INFO] running `Command { std: "docker" "create" "-v" "/var/lib/crater-agent-workspace/builds/worker-2-tc1/target:/opt/rustwide/target:rw,Z" "-v" "/var/lib/crater-agent-workspace/builds/worker-2-tc1/source:/opt/rustwide/workdir:ro,Z" "-v" "/var/lib/crater-agent-workspace/cargo-home:/opt/rustwide/cargo-home:ro,Z" "-v" "/var/lib/crater-agent-workspace/rustup-home:/opt/rustwide/rustup-home:ro,Z" "-e" "SOURCE_DIR=/opt/rustwide/workdir" "-e" "CARGO_TARGET_DIR=/opt/rustwide/target" "-e" "CARGO_HOME=/opt/rustwide/cargo-home" "-e" "RUSTUP_HOME=/opt/rustwide/rustup-home" "-w" "/opt/rustwide/workdir" "-m" "1610612736" "--user" "0:0" "--network" "none" "ghcr.io/rust-lang/crates-build-env/linux@sha256:5ff2268d62e97bff2cde7d5815dd6ed5b47097566f13b8d0ca110b04b60e07ed" "/opt/rustwide/cargo-home/bin/cargo" "+1.69.0" "metadata" "--no-deps" "--format-version=1", kill_on_drop: false }`
[INFO] [stdout] b567c94e9b8b71e13c36367848bbc39924cea62dd2171bd6b35c6caab135e934
[INFO] running `Command { std: "docker" "start" "-a" "b567c94e9b8b71e13c36367848bbc39924cea62dd2171bd6b35c6caab135e934", kill_on_drop: false }`
[INFO] running `Command { std: "docker" "inspect" "b567c94e9b8b71e13c36367848bbc39924cea62dd2171bd6b35c6caab135e934", kill_on_drop: false }`
[INFO] running `Command { std: "docker" "rm" "-f" "b567c94e9b8b71e13c36367848bbc39924cea62dd2171bd6b35c6caab135e934", kill_on_drop: false }`
[INFO] [stdout] b567c94e9b8b71e13c36367848bbc39924cea62dd2171bd6b35c6caab135e934
[INFO] running `Command { std: "docker" "create" "-v" "/var/lib/crater-agent-workspace/builds/worker-2-tc1/target:/opt/rustwide/target:rw,Z" "-v" "/var/lib/crater-agent-workspace/builds/worker-2-tc1/source:/opt/rustwide/workdir:ro,Z" "-v" "/var/lib/crater-agent-workspace/cargo-home:/opt/rustwide/cargo-home:ro,Z" "-v" "/var/lib/crater-agent-workspace/rustup-home:/opt/rustwide/rustup-home:ro,Z" "-e" "SOURCE_DIR=/opt/rustwide/workdir" "-e" "CARGO_TARGET_DIR=/opt/rustwide/target" "-e" "CARGO_INCREMENTAL=0" "-e" "RUST_BACKTRACE=full" "-e" "RUSTFLAGS=--cap-lints=warn" "-e" "RUSTDOCFLAGS=--cap-lints=warn" "-e" "CARGO_HOME=/opt/rustwide/cargo-home" "-e" "RUSTUP_HOME=/opt/rustwide/rustup-home" "-w" "/opt/rustwide/workdir" "-m" "1610612736" "--user" "0:0" "--network" "none" "ghcr.io/rust-lang/crates-build-env/linux@sha256:5ff2268d62e97bff2cde7d5815dd6ed5b47097566f13b8d0ca110b04b60e07ed" "/opt/rustwide/cargo-home/bin/cargo" "+1.69.0" "build" "--frozen" "--message-format=json", kill_on_drop: false }`
[INFO] [stdout] 2c0e1b2067286a2337d8102a43cfdc2a65f1fcd3f71a81a58c4a5c832c0c65f3
[INFO] running `Command { std: "docker" "start" "-a" "2c0e1b2067286a2337d8102a43cfdc2a65f1fcd3f71a81a58c4a5c832c0c65f3", kill_on_drop: false }`
[INFO] [stderr]    Compiling async_cell v0.2.2 (/opt/rustwide/workdir)
[INFO] [stderr]     Finished dev [unoptimized + debuginfo] target(s) in 0.32s
[INFO] running `Command { std: "docker" "inspect" "2c0e1b2067286a2337d8102a43cfdc2a65f1fcd3f71a81a58c4a5c832c0c65f3", kill_on_drop: false }`
[INFO] running `Command { std: "docker" "rm" "-f" "2c0e1b2067286a2337d8102a43cfdc2a65f1fcd3f71a81a58c4a5c832c0c65f3", kill_on_drop: false }`
[INFO] [stdout] 2c0e1b2067286a2337d8102a43cfdc2a65f1fcd3f71a81a58c4a5c832c0c65f3
[INFO] running `Command { std: "docker" "create" "-v" "/var/lib/crater-agent-workspace/builds/worker-2-tc1/target:/opt/rustwide/target:rw,Z" "-v" "/var/lib/crater-agent-workspace/builds/worker-2-tc1/source:/opt/rustwide/workdir:ro,Z" "-v" "/var/lib/crater-agent-workspace/cargo-home:/opt/rustwide/cargo-home:ro,Z" "-v" "/var/lib/crater-agent-workspace/rustup-home:/opt/rustwide/rustup-home:ro,Z" "-e" "SOURCE_DIR=/opt/rustwide/workdir" "-e" "CARGO_TARGET_DIR=/opt/rustwide/target" "-e" "CARGO_INCREMENTAL=0" "-e" "RUST_BACKTRACE=full" "-e" "RUSTFLAGS=--cap-lints=warn" "-e" "RUSTDOCFLAGS=--cap-lints=warn" "-e" "CARGO_HOME=/opt/rustwide/cargo-home" "-e" "RUSTUP_HOME=/opt/rustwide/rustup-home" "-w" "/opt/rustwide/workdir" "-m" "1610612736" "--user" "0:0" "--network" "none" "ghcr.io/rust-lang/crates-build-env/linux@sha256:5ff2268d62e97bff2cde7d5815dd6ed5b47097566f13b8d0ca110b04b60e07ed" "/opt/rustwide/cargo-home/bin/cargo" "+1.69.0" "test" "--frozen" "--no-run" "--message-format=json", kill_on_drop: false }`
[INFO] [stdout] 0f5b99682b60da8715559f37d1d005aa8327d811ce61c4ba30c96cd507c455e6
[INFO] running `Command { std: "docker" "start" "-a" "0f5b99682b60da8715559f37d1d005aa8327d811ce61c4ba30c96cd507c455e6", kill_on_drop: false }`
[INFO] [stderr]    Compiling log v0.4.17
[INFO] [stderr]    Compiling rustversion v1.0.12
[INFO] [stderr]    Compiling regex-syntax v0.6.29
[INFO] [stderr]    Compiling overload v0.1.1
[INFO] [stderr]    Compiling regex-syntax v0.7.1
[INFO] [stderr]    Compiling smallvec v1.10.0
[INFO] [stderr]    Compiling tracing-core v0.1.30
[INFO] [stderr]    Compiling sharded-slab v0.1.4
[INFO] [stderr]    Compiling thread_local v1.1.7
[INFO] [stderr]    Compiling syn v2.0.15
[INFO] [stderr]    Compiling nu-ansi-term v0.46.0
[INFO] [stderr]    Compiling tracing-log v0.1.3
[INFO] [stderr]    Compiling generator v0.7.4
[INFO] [stderr]    Compiling regex v1.8.1
[INFO] [stderr]    Compiling regex-automata v0.1.10
[INFO] [stderr]    Compiling matchers v0.1.0
[INFO] [stderr]    Compiling tracing-attributes v0.1.24
[INFO] [stderr]    Compiling tracing v0.1.37
[INFO] [stderr]    Compiling tracing-subscriber v0.3.17
[INFO] [stderr]    Compiling loom v0.5.6
[INFO] [stderr]    Compiling async_cell v0.2.2 (/opt/rustwide/workdir)
[INFO] [stderr]     Finished test [unoptimized + debuginfo] target(s) in 12.07s
[INFO] running `Command { std: "docker" "inspect" "0f5b99682b60da8715559f37d1d005aa8327d811ce61c4ba30c96cd507c455e6", kill_on_drop: false }`
[INFO] running `Command { std: "docker" "rm" "-f" "0f5b99682b60da8715559f37d1d005aa8327d811ce61c4ba30c96cd507c455e6", kill_on_drop: false }`
[INFO] [stdout] 0f5b99682b60da8715559f37d1d005aa8327d811ce61c4ba30c96cd507c455e6
[INFO] running `Command { std: "docker" "create" "-v" "/var/lib/crater-agent-workspace/builds/worker-2-tc1/target:/opt/rustwide/target:rw,Z" "-v" "/var/lib/crater-agent-workspace/builds/worker-2-tc1/source:/opt/rustwide/workdir:ro,Z" "-v" "/var/lib/crater-agent-workspace/cargo-home:/opt/rustwide/cargo-home:ro,Z" "-v" "/var/lib/crater-agent-workspace/rustup-home:/opt/rustwide/rustup-home:ro,Z" "-e" "SOURCE_DIR=/opt/rustwide/workdir" "-e" "CARGO_TARGET_DIR=/opt/rustwide/target" "-e" "CARGO_INCREMENTAL=0" "-e" "RUST_BACKTRACE=full" "-e" "RUSTFLAGS=--cap-lints=warn" "-e" "RUSTDOCFLAGS=--cap-lints=warn" "-e" "CARGO_HOME=/opt/rustwide/cargo-home" "-e" "RUSTUP_HOME=/opt/rustwide/rustup-home" "-w" "/opt/rustwide/workdir" "-m" "1610612736" "--user" "0:0" "--network" "none" "ghcr.io/rust-lang/crates-build-env/linux@sha256:5ff2268d62e97bff2cde7d5815dd6ed5b47097566f13b8d0ca110b04b60e07ed" "/opt/rustwide/cargo-home/bin/cargo" "+1.69.0" "test" "--frozen", kill_on_drop: false }`
[INFO] [stdout] 9415140e5d27207b4b57ea8fca7a65c9d853053a7d1807b2896a8eda760977df
[INFO] running `Command { std: "docker" "start" "-a" "9415140e5d27207b4b57ea8fca7a65c9d853053a7d1807b2896a8eda760977df", kill_on_drop: false }`
[INFO] [stderr]     Finished test [unoptimized + debuginfo] target(s) in 0.42s
[INFO] [stderr]      Running unittests src/lib.rs (/opt/rustwide/target/debug/deps/async_cell-46583379092ded3b)
[INFO] [stdout] 
[INFO] [stdout] running 0 tests
[INFO] [stdout] 
[INFO] [stdout] test result: ok. 0 passed; 0 failed; 0 ignored; 0 measured; 0 filtered out; finished in 0.00s
[INFO] [stdout] 
[INFO] [stderr]      Running tests/cell.rs (/opt/rustwide/target/debug/deps/cell-918a9e748620909b)
[INFO] [stdout] 
[INFO] [stdout] running 13 tests
[INFO] [stdout] test cell_size ... ignored
[INFO] [stdout] test drop_wakes ... ok
[INFO] [stdout] test debug_text ... ok
[INFO] [stdout] test new_into_inner ... ok
[INFO] [stdout] test notify_wakes ... ok
[INFO] [stdout] test or_set_changes ... ok
[INFO] [stdout] test or_set_wakes ... ok
[INFO] [stdout] test set_changes ... ok
[INFO] [stdout] test set_wakes ... ok
[INFO] [stdout] test update_changes ... ok
[INFO] [stdout] test update_wakes ... ok
[INFO] [stdout] test wakes_multiple_gets ... ok
[INFO] [stdout] test can_wake_multiple_takes ... ok
[INFO] [stdout] 
[INFO] [stdout] test result: ok. 12 passed; 0 failed; 1 ignored; 0 measured; 0 filtered out; finished in 0.01s
[INFO] [stdout] 
[INFO] [stderr]      Running tests/utils.rs (/opt/rustwide/target/debug/deps/utils-dad521c6a0c6f7fe)
[INFO] [stdout] 
[INFO] [stdout] running 0 tests
[INFO] [stdout] 
[INFO] [stdout] test result: ok. 0 passed; 0 failed; 0 ignored; 0 measured; 0 filtered out; finished in 0.00s
[INFO] [stdout] 
[INFO] [stderr]    Doc-tests async_cell
[INFO] [stdout] 
[INFO] [stdout] running 25 tests
[INFO] [stdout] test src/lib.rs - sync::AsyncCell<T>::try_take (line 752) ... ok
[INFO] [stdout] test src/lib.rs - sync::AsyncCell<T>::new_with (line 738) ... ok
[INFO] [stdout] test src/lib.rs - sync::AsyncCell<T>::try_get (line 752) ... ok
[INFO] [stdout] test src/lib.rs - unsync::AsyncCell<T>::new_with (line 773) ... ok
[INFO] [stdout] test src/lib.rs - sync::AsyncCell<T>::get (line 752) ... FAILED
[INFO] [stdout] test src/lib.rs - unsync::AsyncCell<T>::get (line 787) ... FAILED
[INFO] [stdout] test src/lib.rs - sync::Get (line 709) ... FAILED
[INFO] [stdout] test src/lib.rs - unsync::AsyncCell<T>::take (line 787) ... FAILED
[INFO] [stdout] test src/lib.rs - sync::AsyncCell<T>::get_weak (line 753) ... FAILED
[INFO] [stdout] test src/lib.rs - sync::AsyncCell<T>::set (line 758) ... FAILED
[INFO] [stdout] test src/lib.rs - sync::AsyncCell<T>::take_weak (line 754) ... FAILED
[INFO] [stdout] test src/lib.rs - unsync::AsyncCell<T>::guard (line 789) ... FAILED
[INFO] [stdout] test src/lib.rs - sync::AsyncCell<T>::guard (line 754) ... FAILED
[INFO] [stdout] test src/lib.rs - (line 12) ... FAILED
[INFO] [stdout] test src/lib.rs - sync::AsyncCell<T>::take (line 752) ... FAILED
[INFO] [stdout] test src/lib.rs - unsync::Get (line 762) ... FAILED
[INFO] [stdout] test src/lib.rs - unsync::AsyncCell<T>::take_weak (line 789) ... FAILED
[INFO] [stdout] test src/lib.rs - unsync::Take (line 762) ... FAILED
[INFO] [stdout] test src/lib.rs - (line 61) ... FAILED
[INFO] [stdout] test src/lib.rs - unsync::AsyncCell<T>::try_take (line 787) ... ok
[INFO] [stdout] test src/lib.rs - unsync::AsyncCell<T>::try_get (line 787) ... ok
[INFO] [stdout] test src/lib.rs - unsync::AsyncCell<T>::set (line 793) ... ok
[INFO] [stdout] test src/lib.rs - sync::Take (line 709) ... ok
[INFO] [stdout] test src/lib.rs - (line 29) ... ok
[INFO] [stdout] test src/lib.rs - unsync::AsyncCell<T>::get_weak (line 788) ... ok
[INFO] [stdout] 
[INFO] [stdout] failures:
[INFO] [stdout] 
[INFO] [stdout] ---- src/lib.rs - sync::AsyncCell<T>::get (line 752) stdout ----
[INFO] [stdout] Couldn't compile the test.
[INFO] [stdout] ---- src/lib.rs - unsync::AsyncCell<T>::get (line 787) stdout ----
[INFO] [stdout] Couldn't compile the test.
[INFO] [stdout] ---- src/lib.rs - sync::Get (line 709) stdout ----
[INFO] [stdout] Couldn't compile the test.
[INFO] [stdout] ---- src/lib.rs - unsync::AsyncCell<T>::take (line 787) stdout ----
[INFO] [stdout] Couldn't compile the test.
[INFO] [stdout] ---- src/lib.rs - sync::AsyncCell<T>::get_weak (line 753) stdout ----
[INFO] [stdout] Couldn't compile the test.
[INFO] [stdout] ---- src/lib.rs - sync::AsyncCell<T>::set (line 758) stdout ----
[INFO] [stdout] Couldn't compile the test.
[INFO] [stdout] ---- src/lib.rs - sync::AsyncCell<T>::take_weak (line 754) stdout ----
[INFO] [stdout] Couldn't compile the test.
[INFO] [stdout] ---- src/lib.rs - unsync::AsyncCell<T>::guard (line 789) stdout ----
[INFO] [stdout] Couldn't compile the test.
[INFO] [stdout] ---- src/lib.rs - sync::AsyncCell<T>::guard (line 754) stdout ----
[INFO] [stdout] Couldn't compile the test.
[INFO] [stdout] ---- src/lib.rs - (line 12) stdout ----
[INFO] [stdout] Couldn't compile the test.
[INFO] [stdout] ---- src/lib.rs - sync::AsyncCell<T>::take (line 752) stdout ----
[INFO] [stdout] Couldn't compile the test.
[INFO] [stdout] ---- src/lib.rs - unsync::Get (line 762) stdout ----
[INFO] [stdout] Couldn't compile the test.
[INFO] [stdout] ---- src/lib.rs - unsync::AsyncCell<T>::take_weak (line 789) stdout ----
[INFO] [stdout] Couldn't compile the test.
[INFO] [stdout] ---- src/lib.rs - unsync::Take (line 762) stdout ----
[INFO] [stdout] Couldn't compile the test.
[INFO] [stdout] ---- src/lib.rs - (line 61) stdout ----
[INFO] [stdout] error: linking with `cc` failed: exit status: 1
[INFO] [stdout]   |
[INFO] [stdout]   = note: LC_ALL="C" PATH="/opt/rustwide/rustup-home/toolchains/1.69.0-x86_64-unknown-linux-gnu/lib/rustlib/x86_64-unknown-linux-gnu/bin:/opt/rustwide/cargo-home/bin:/usr/local/sbin:/usr/local/bin:/usr/sbin:/usr/bin:/sbin:/bin" VSLANG="1033" "cc" "-m64" "/tmp/rustceh6TpN/symbols.o" "/tmp/rustdoctestHFZWi6/rust_out.rust_out.5bfee551-cgu.0.rcgu.o" "/tmp/rustdoctestHFZWi6/rust_out.j00p4ncf7xg64kg.rcgu.o" "-Wl,--as-needed" "-L" "/opt/rustwide/target/debug/deps" "-L" "/opt/rustwide/target/debug/deps" "-L" "/opt/rustwide/target/debug/build/generator-e596e9a71e29ec8a/out" "-L" "/opt/rustwide/rustup-home/toolchains/1.69.0-x86_64-unknown-linux-gnu/lib/rustlib/x86_64-unknown-linux-gnu/lib" "-Wl,-Bstatic" "/opt/rustwide/target/debug/deps/libloom-ece682794c02fde2.rlib" "/opt/rustwide/target/debug/deps/libtracing_subscriber-259717554ab4d90b.rlib" "/opt/rustwide/target/debug/deps/libsmallvec-22f2447eab0ca59b.rlib" "/opt/rustwide/target/debug/deps/libnu_ansi_term-849ae375beaa7393.rlib" "/opt/rustwide/target/debug/deps/liboverload-ed65bb7ce1767b00.rlib" "/opt/rustwide/target/debug/deps/libsharded_slab-24ee8a9fa7a57bac.rlib" "/opt/rustwide/target/debug/deps/libmatchers-7275959fa2ddcc1d.rlib" "/opt/rustwide/target/debug/deps/libregex_automata-e94faa7ff8ab778d.rlib" "/opt/rustwide/target/debug/deps/libregex_syntax-4f5764d8391a61ee.rlib" "/opt/rustwide/target/debug/deps/libregex-89e24ed36cc93110.rlib" "/opt/rustwide/target/debug/deps/libregex_syntax-da0c128f812902d6.rlib" "/opt/rustwide/target/debug/deps/libthread_local-541e5963f9bf00ff.rlib" "/opt/rustwide/target/debug/deps/libtracing_log-047ffa9fda67d7b2.rlib" "/opt/rustwide/target/debug/deps/liblazy_static-a15e1ed0a3c31761.rlib" "/opt/rustwide/target/debug/deps/libscoped_tls-6d9d0bc746d53a65.rlib" "/opt/rustwide/target/debug/deps/libgenerator-ab09b914d3bb2d9d.rlib" "/opt/rustwide/target/debug/deps/liblibc-b7b14a0fe316ec96.rlib" "/opt/rustwide/target/debug/deps/liblog-e4acea3c8ca43b70.rlib" "/opt/rustwide/target/debug/deps/libtracing-2a8291ea6eff862f.rlib" "/opt/rustwide/target/debug/deps/libcfg_if-e5e118dd7d121aaa.rlib" "/opt/rustwide/target/debug/deps/libpin_project_lite-e66e1bab7310d569.rlib" "/opt/rustwide/target/debug/deps/libtracing_core-85c986812ca7c15c.rlib" "/opt/rustwide/target/debug/deps/libonce_cell-7d2ec3fb6b6c5a4d.rlib" "/opt/rustwide/target/debug/deps/libasync_cell-e8b9b4365ebe1c6d.rlib" "/opt/rustwide/rustup-home/toolchains/1.69.0-x86_64-unknown-linux-gnu/lib/rustlib/x86_64-unknown-linux-gnu/lib/libstd-89bc084783fdc439.rlib" "/opt/rustwide/rustup-home/toolchains/1.69.0-x86_64-unknown-linux-gnu/lib/rustlib/x86_64-unknown-linux-gnu/lib/libpanic_unwind-8bee4b287d4367c1.rlib" "/opt/rustwide/rustup-home/toolchains/1.69.0-x86_64-unknown-linux-gnu/lib/rustlib/x86_64-unknown-linux-gnu/lib/libobject-d61707aed80694c0.rlib" "/opt/rustwide/rustup-home/toolchains/1.69.0-x86_64-unknown-linux-gnu/lib/rustlib/x86_64-unknown-linux-gnu/lib/libmemchr-d85366256f22345b.rlib" "/opt/rustwide/rustup-home/toolchains/1.69.0-x86_64-unknown-linux-gnu/lib/rustlib/x86_64-unknown-linux-gnu/lib/libaddr2line-96069b86b8a8cae9.rlib" "/opt/rustwide/rustup-home/toolchains/1.69.0-x86_64-unknown-linux-gnu/lib/rustlib/x86_64-unknown-linux-gnu/lib/libgimli-d19d53abf68dfa6c.rlib" "/opt/rustwide/rustup-home/toolchains/1.69.0-x86_64-unknown-linux-gnu/lib/rustlib/x86_64-unknown-linux-gnu/lib/librustc_demangle-787cbccd19d64ac6.rlib" "/opt/rustwide/rustup-home/toolchains/1.69.0-x86_64-unknown-linux-gnu/lib/rustlib/x86_64-unknown-linux-gnu/lib/libstd_detect-b3837a36b830e0d0.rlib" "/opt/rustwide/rustup-home/toolchains/1.69.0-x86_64-unknown-linux-gnu/lib/rustlib/x86_64-unknown-linux-gnu/lib/libhashbrown-e3deb0e7e3f04966.rlib" "/opt/rustwide/rustup-home/toolchains/1.69.0-x86_64-unknown-linux-gnu/lib/rustlib/x86_64-unknown-linux-gnu/lib/libminiz_oxide-dabbb79c9815def4.rlib" "/opt/rustwide/rustup-home/toolchains/1.69.0-x86_64-unknown-linux-gnu/lib/rustlib/x86_64-unknown-linux-gnu/lib/libadler-305b01f34c9409f2.rlib" "/opt/rustwide/rustup-home/toolchains/1.69.0-x86_64-unknown-linux-gnu/lib/rustlib/x86_64-unknown-linux-gnu/lib/librustc_std_workspace_alloc-f833521df6074e73.rlib" "/opt/rustwide/rustup-home/toolchains/1.69.0-x86_64-unknown-linux-gnu/lib/rustlib/x86_64-unknown-linux-gnu/lib/libunwind-9ac333113350d171.rlib" "/opt/rustwide/rustup-home/toolchains/1.69.0-x86_64-unknown-linux-gnu/lib/rustlib/x86_64-unknown-linux-gnu/lib/libcfg_if-1c126114322d0eee.rlib" "/opt/rustwide/rustup-home/toolchains/1.69.0-x86_64-unknown-linux-gnu/lib/rustlib/x86_64-unknown-linux-gnu/lib/liblibc-bad9164fdeeecf92.rlib" "/opt/rustwide/rustup-home/toolchains/1.69.0-x86_64-unknown-linux-gnu/lib/rustlib/x86_64-unknown-linux-gnu/lib/liballoc-f9374b1e480fa681.rlib" "/opt/rustwide/rustup-home/toolchains/1.69.0-x86_64-unknown-linux-gnu/lib/rustlib/x86_64-unknown-linux-gnu/lib/librustc_std_workspace_core-207f06e41d9603af.rlib" "/opt/rustwide/rustup-home/toolchains/1.69.0-x86_64-unknown-linux-gnu/lib/rustlib/x86_64-unknown-linux-gnu/lib/libcore-7e2768e66e984e85.rlib" "/opt/rustwide/rustup-home/toolchains/1.69.0-x86_64-unknown-linux-gnu/lib/rustlib/x86_64-unknown-linux-gnu/lib/libcompiler_builtins-957b4aff41f8cd46.rlib" "-Wl,-Bdynamic" "-lgcc_s" "-lutil" "-lrt" "-lpthread" "-lm" "-ldl" "-lc" "-Wl,--eh-frame-hdr" "-Wl,-z,noexecstack" "-L" "/opt/rustwide/rustup-home/toolchains/1.69.0-x86_64-unknown-linux-gnu/lib/rustlib/x86_64-unknown-linux-gnu/lib" "-o" "/tmp/rustdoctestHFZWi6/rust_out" "-Wl,--gc-sections" "-pie" "-Wl,-z,relro,-z,now" "-nodefaultlibs"
[INFO] [stdout]   = note: collect2: fatal error: ld terminated with signal 9 [Killed]
[INFO] [stdout]           compilation terminated.
[INFO] [stdout]           
[INFO] [stdout] 
[INFO] [stdout] error: aborting due to previous error
[INFO] [stdout] 
[INFO] [stdout] Couldn't compile the test.
[INFO] [stdout] 
[INFO] [stdout] failures:
[INFO] [stdout]     src/lib.rs - (line 12)
[INFO] [stdout]     src/lib.rs - (line 61)
[INFO] [stdout]     src/lib.rs - sync::AsyncCell<T>::get (line 752)
[INFO] [stdout]     src/lib.rs - sync::AsyncCell<T>::get_weak (line 753)
[INFO] [stdout]     src/lib.rs - sync::AsyncCell<T>::guard (line 754)
[INFO] [stdout]     src/lib.rs - sync::AsyncCell<T>::set (line 758)
[INFO] [stdout]     src/lib.rs - sync::AsyncCell<T>::take (line 752)
[INFO] [stdout]     src/lib.rs - sync::AsyncCell<T>::take_weak (line 754)
[INFO] [stdout]     src/lib.rs - sync::Get (line 709)
[INFO] [stdout]     src/lib.rs - unsync::AsyncCell<T>::get (line 787)
[INFO] [stdout]     src/lib.rs - unsync::AsyncCell<T>::guard (line 789)
[INFO] [stdout]     src/lib.rs - unsync::AsyncCell<T>::take (line 787)
[INFO] [stdout]     src/lib.rs - unsync::AsyncCell<T>::take_weak (line 789)
[INFO] [stdout]     src/lib.rs - unsync::Get (line 762)
[INFO] [stdout]     src/lib.rs - unsync::Take (line 762)
[INFO] [stdout] 
[INFO] [stdout] test result: FAILED. 10 passed; 15 failed; 0 ignored; 0 measured; 0 filtered out; finished in 9.81s
[INFO] [stdout] 
[INFO] [stderr] error: doctest failed, to rerun pass `--doc`
[INFO] running `Command { std: "docker" "inspect" "9415140e5d27207b4b57ea8fca7a65c9d853053a7d1807b2896a8eda760977df", kill_on_drop: false }`
[INFO] running `Command { std: "docker" "rm" "-f" "9415140e5d27207b4b57ea8fca7a65c9d853053a7d1807b2896a8eda760977df", kill_on_drop: false }`
[INFO] [stdout] 9415140e5d27207b4b57ea8fca7a65c9d853053a7d1807b2896a8eda760977df
