[INFO] fetching crate async-time-mock-smol 0.1.0...
[INFO] testing async-time-mock-smol-0.1.0 against 1.69.0 for beta-1.70-1
[INFO] extracting crate async-time-mock-smol 0.1.0 into /workspace/builds/worker-6-tc1/source
[INFO] validating manifest of crates.io crate async-time-mock-smol 0.1.0 on toolchain 1.69.0
[INFO] running `Command { std: CARGO_HOME="/workspace/cargo-home" RUSTUP_HOME="/workspace/rustup-home" "/workspace/cargo-home/bin/cargo" "+1.69.0" "metadata" "--manifest-path" "Cargo.toml" "--no-deps", kill_on_drop: false }`
[INFO] started tweaking crates.io crate async-time-mock-smol 0.1.0
[INFO] finished tweaking crates.io crate async-time-mock-smol 0.1.0
[INFO] tweaked toml for crates.io crate async-time-mock-smol 0.1.0 written to /workspace/builds/worker-6-tc1/source/Cargo.toml
[INFO] running `Command { std: CARGO_HOME="/workspace/cargo-home" RUSTUP_HOME="/workspace/rustup-home" __CARGO_TEST_CHANNEL_OVERRIDE_DO_NOT_USE_THIS="nightly" "/workspace/cargo-home/bin/cargo" "+1.69.0" "generate-lockfile" "--manifest-path" "Cargo.toml" "-Zno-index-update", kill_on_drop: false }`
[INFO] running `Command { std: CARGO_HOME="/workspace/cargo-home" RUSTUP_HOME="/workspace/rustup-home" "/workspace/cargo-home/bin/cargo" "+1.69.0" "fetch" "--manifest-path" "Cargo.toml", kill_on_drop: false }`
[INFO] [stderr]  Downloading crates ...
[INFO] [stderr]   Downloaded async-process v1.7.0
[INFO] [stderr]   Downloaded atomic-waker v1.1.1
[INFO] [stderr]   Downloaded async-net v1.7.0
[INFO] [stderr]   Downloaded async-io v1.13.0
[INFO] [stderr]   Downloaded polling v2.8.0
[INFO] [stderr]   Downloaded blocking v1.3.1
[INFO] [stderr]   Downloaded async-time-mock-core v0.1.0
[INFO] running `Command { std: "docker" "create" "-v" "/var/lib/crater-agent-workspace/builds/worker-6-tc1/target:/opt/rustwide/target:rw,Z" "-v" "/var/lib/crater-agent-workspace/builds/worker-6-tc1/source:/opt/rustwide/workdir:ro,Z" "-v" "/var/lib/crater-agent-workspace/cargo-home:/opt/rustwide/cargo-home:ro,Z" "-v" "/var/lib/crater-agent-workspace/rustup-home:/opt/rustwide/rustup-home:ro,Z" "-e" "SOURCE_DIR=/opt/rustwide/workdir" "-e" "CARGO_TARGET_DIR=/opt/rustwide/target" "-e" "CARGO_HOME=/opt/rustwide/cargo-home" "-e" "RUSTUP_HOME=/opt/rustwide/rustup-home" "-w" "/opt/rustwide/workdir" "-m" "1610612736" "--user" "0:0" "--network" "none" "ghcr.io/rust-lang/crates-build-env/linux@sha256:5ff2268d62e97bff2cde7d5815dd6ed5b47097566f13b8d0ca110b04b60e07ed" "/opt/rustwide/cargo-home/bin/cargo" "+1.69.0" "metadata" "--no-deps" "--format-version=1", kill_on_drop: false }`
[INFO] [stdout] 816add586b02026432bf0b289a37932db31fd87dff5c04c25da0b0d815d98609
[INFO] running `Command { std: "docker" "start" "-a" "816add586b02026432bf0b289a37932db31fd87dff5c04c25da0b0d815d98609", kill_on_drop: false }`
[INFO] running `Command { std: "docker" "inspect" "816add586b02026432bf0b289a37932db31fd87dff5c04c25da0b0d815d98609", kill_on_drop: false }`
[INFO] running `Command { std: "docker" "rm" "-f" "816add586b02026432bf0b289a37932db31fd87dff5c04c25da0b0d815d98609", kill_on_drop: false }`
[INFO] [stdout] 816add586b02026432bf0b289a37932db31fd87dff5c04c25da0b0d815d98609
[INFO] running `Command { std: "docker" "create" "-v" "/var/lib/crater-agent-workspace/builds/worker-6-tc1/target:/opt/rustwide/target:rw,Z" "-v" "/var/lib/crater-agent-workspace/builds/worker-6-tc1/source:/opt/rustwide/workdir:ro,Z" "-v" "/var/lib/crater-agent-workspace/cargo-home:/opt/rustwide/cargo-home:ro,Z" "-v" "/var/lib/crater-agent-workspace/rustup-home:/opt/rustwide/rustup-home:ro,Z" "-e" "SOURCE_DIR=/opt/rustwide/workdir" "-e" "CARGO_TARGET_DIR=/opt/rustwide/target" "-e" "CARGO_INCREMENTAL=0" "-e" "RUST_BACKTRACE=full" "-e" "RUSTFLAGS=--cap-lints=warn" "-e" "RUSTDOCFLAGS=--cap-lints=warn" "-e" "CARGO_HOME=/opt/rustwide/cargo-home" "-e" "RUSTUP_HOME=/opt/rustwide/rustup-home" "-w" "/opt/rustwide/workdir" "-m" "1610612736" "--user" "0:0" "--network" "none" "ghcr.io/rust-lang/crates-build-env/linux@sha256:5ff2268d62e97bff2cde7d5815dd6ed5b47097566f13b8d0ca110b04b60e07ed" "/opt/rustwide/cargo-home/bin/cargo" "+1.69.0" "build" "--frozen" "--message-format=json", kill_on_drop: false }`
[INFO] [stdout] 35bf35ab45b21ccd77dd8de1a438c8850b7b84dc887d9d9cc10fe80802a66c6f
[INFO] running `Command { std: "docker" "start" "-a" "35bf35ab45b21ccd77dd8de1a438c8850b7b84dc887d9d9cc10fe80802a66c6f", kill_on_drop: false }`
[INFO] [stderr]    Compiling libc v0.2.142
[INFO] [stderr]    Compiling futures-core v0.3.28
[INFO] [stderr]    Compiling crossbeam-utils v0.8.15
[INFO] [stderr]    Compiling io-lifetimes v1.0.10
[INFO] [stderr]    Compiling log v0.4.17
[INFO] [stderr]    Compiling slab v0.4.8
[INFO] [stderr]    Compiling polling v2.8.0
[INFO] [stderr]    Compiling rustix v0.37.18
[INFO] [stderr]    Compiling async-io v1.13.0
[INFO] [stderr]    Compiling linux-raw-sys v0.3.6
[INFO] [stderr]    Compiling event-listener v2.5.3
[INFO] [stderr]    Compiling pin-project-lite v0.2.9
[INFO] [stderr]    Compiling fastrand v1.9.0
[INFO] [stderr]    Compiling futures-io v0.3.28
[INFO] [stderr]    Compiling waker-fn v1.1.0
[INFO] [stderr]    Compiling parking v2.1.0
[INFO] [stderr]    Compiling concurrent-queue v2.2.0
[INFO] [stderr]    Compiling async-lock v2.7.0
[INFO] [stderr]    Compiling futures-lite v1.13.0
[INFO] [stderr]    Compiling socket2 v0.4.9
[INFO] [stderr]    Compiling async-time-mock-smol v0.1.0 (/opt/rustwide/workdir)
[INFO] [stderr]     Finished dev [unoptimized + debuginfo] target(s) in 9.85s
[INFO] running `Command { std: "docker" "inspect" "35bf35ab45b21ccd77dd8de1a438c8850b7b84dc887d9d9cc10fe80802a66c6f", kill_on_drop: false }`
[INFO] running `Command { std: "docker" "rm" "-f" "35bf35ab45b21ccd77dd8de1a438c8850b7b84dc887d9d9cc10fe80802a66c6f", kill_on_drop: false }`
[INFO] [stdout] 35bf35ab45b21ccd77dd8de1a438c8850b7b84dc887d9d9cc10fe80802a66c6f
[INFO] running `Command { std: "docker" "create" "-v" "/var/lib/crater-agent-workspace/builds/worker-6-tc1/target:/opt/rustwide/target:rw,Z" "-v" "/var/lib/crater-agent-workspace/builds/worker-6-tc1/source:/opt/rustwide/workdir:ro,Z" "-v" "/var/lib/crater-agent-workspace/cargo-home:/opt/rustwide/cargo-home:ro,Z" "-v" "/var/lib/crater-agent-workspace/rustup-home:/opt/rustwide/rustup-home:ro,Z" "-e" "SOURCE_DIR=/opt/rustwide/workdir" "-e" "CARGO_TARGET_DIR=/opt/rustwide/target" "-e" "CARGO_INCREMENTAL=0" "-e" "RUST_BACKTRACE=full" "-e" "RUSTFLAGS=--cap-lints=warn" "-e" "RUSTDOCFLAGS=--cap-lints=warn" "-e" "CARGO_HOME=/opt/rustwide/cargo-home" "-e" "RUSTUP_HOME=/opt/rustwide/rustup-home" "-w" "/opt/rustwide/workdir" "-m" "1610612736" "--user" "0:0" "--network" "none" "ghcr.io/rust-lang/crates-build-env/linux@sha256:5ff2268d62e97bff2cde7d5815dd6ed5b47097566f13b8d0ca110b04b60e07ed" "/opt/rustwide/cargo-home/bin/cargo" "+1.69.0" "test" "--frozen" "--no-run" "--message-format=json", kill_on_drop: false }`
[INFO] [stdout] 239ddf7d2a7150bf52d98a890041c3ba606cf538335ac80309b3c4bf32da8e24
[INFO] running `Command { std: "docker" "start" "-a" "239ddf7d2a7150bf52d98a890041c3ba606cf538335ac80309b3c4bf32da8e24", kill_on_drop: false }`
[INFO] [stderr]    Compiling async-task v4.4.0
[INFO] [stderr]    Compiling async-channel v1.8.0
[INFO] [stderr]    Compiling atomic-waker v1.1.1
[INFO] [stderr]    Compiling signal-hook v0.3.15
[INFO] [stderr]    Compiling signal-hook-registry v1.4.1
[INFO] [stderr]    Compiling async-fs v1.6.0
[INFO] [stderr]    Compiling async-net v1.7.0
[INFO] [stderr]    Compiling async-process v1.7.0
[INFO] [stderr]    Compiling blocking v1.3.1
[INFO] [stderr]    Compiling async-executor v1.5.1
[INFO] [stderr]    Compiling smol v1.3.0
[INFO] [stderr]    Compiling async-time-mock-smol v0.1.0 (/opt/rustwide/workdir)
[INFO] [stderr]     Finished test [unoptimized + debuginfo] target(s) in 3.85s
[INFO] running `Command { std: "docker" "inspect" "239ddf7d2a7150bf52d98a890041c3ba606cf538335ac80309b3c4bf32da8e24", kill_on_drop: false }`
[INFO] running `Command { std: "docker" "rm" "-f" "239ddf7d2a7150bf52d98a890041c3ba606cf538335ac80309b3c4bf32da8e24", kill_on_drop: false }`
[INFO] [stdout] 239ddf7d2a7150bf52d98a890041c3ba606cf538335ac80309b3c4bf32da8e24
[INFO] running `Command { std: "docker" "create" "-v" "/var/lib/crater-agent-workspace/builds/worker-6-tc1/target:/opt/rustwide/target:rw,Z" "-v" "/var/lib/crater-agent-workspace/builds/worker-6-tc1/source:/opt/rustwide/workdir:ro,Z" "-v" "/var/lib/crater-agent-workspace/cargo-home:/opt/rustwide/cargo-home:ro,Z" "-v" "/var/lib/crater-agent-workspace/rustup-home:/opt/rustwide/rustup-home:ro,Z" "-e" "SOURCE_DIR=/opt/rustwide/workdir" "-e" "CARGO_TARGET_DIR=/opt/rustwide/target" "-e" "CARGO_INCREMENTAL=0" "-e" "RUST_BACKTRACE=full" "-e" "RUSTFLAGS=--cap-lints=warn" "-e" "RUSTDOCFLAGS=--cap-lints=warn" "-e" "CARGO_HOME=/opt/rustwide/cargo-home" "-e" "RUSTUP_HOME=/opt/rustwide/rustup-home" "-w" "/opt/rustwide/workdir" "-m" "1610612736" "--user" "0:0" "--network" "none" "ghcr.io/rust-lang/crates-build-env/linux@sha256:5ff2268d62e97bff2cde7d5815dd6ed5b47097566f13b8d0ca110b04b60e07ed" "/opt/rustwide/cargo-home/bin/cargo" "+1.69.0" "test" "--frozen", kill_on_drop: false }`
[INFO] [stdout] ba59af147ed315b26a82e6b96a9f6346b5f5593cbd7ce7ed8b3b819149a5a81c
[INFO] running `Command { std: "docker" "start" "-a" "ba59af147ed315b26a82e6b96a9f6346b5f5593cbd7ce7ed8b3b819149a5a81c", kill_on_drop: false }`
[INFO] [stderr]     Finished test [unoptimized + debuginfo] target(s) in 0.05s
[INFO] [stderr]      Running unittests src/lib.rs (/opt/rustwide/target/debug/deps/async_time_mock_smol-092452749905641b)
[INFO] [stdout] 
[INFO] [stdout] running 0 tests
[INFO] [stdout] 
[INFO] [stdout] test result: ok. 0 passed; 0 failed; 0 ignored; 0 measured; 0 filtered out; finished in 0.00s
[INFO] [stdout] 
[INFO] [stderr]    Doc-tests async-time-mock-smol
[INFO] [stdout] 
[INFO] [stdout] running 1 test
[INFO] [stdout] test src/lib.rs - (line 15) ... FAILED
[INFO] [stdout] 
[INFO] [stdout] failures:
[INFO] [stdout] 
[INFO] [stdout] ---- src/lib.rs - (line 15) stdout ----
[INFO] [stdout] error[E0599]: no variant or associated item named `mock` found for enum `MockableClock` in the current scope
[INFO] [stdout]   --> src/lib.rs:37:45
[INFO] [stdout]    |
[INFO] [stdout] 24 |             let (clock, controller) = MockableClock::mock(); // In production, you can use MockableClock::Real instead
[INFO] [stdout]    |                                                      ^^^^ variant or associated item not found in `MockableClock`
[INFO] [stdout] 
[INFO] [stdout] error: aborting due to previous error
[INFO] [stdout] 
[INFO] [stdout] For more information about this error, try `rustc --explain E0599`.
[INFO] [stdout] Couldn't compile the test.
[INFO] [stdout] 
[INFO] [stdout] failures:
[INFO] [stdout]     src/lib.rs - (line 15)
[INFO] [stdout] 
[INFO] [stdout] test result: FAILED. 0 passed; 1 failed; 0 ignored; 0 measured; 0 filtered out; finished in 0.09s
[INFO] [stdout] 
[INFO] [stderr] error: doctest failed, to rerun pass `--doc`
[INFO] running `Command { std: "docker" "inspect" "ba59af147ed315b26a82e6b96a9f6346b5f5593cbd7ce7ed8b3b819149a5a81c", kill_on_drop: false }`
[INFO] running `Command { std: "docker" "rm" "-f" "ba59af147ed315b26a82e6b96a9f6346b5f5593cbd7ce7ed8b3b819149a5a81c", kill_on_drop: false }`
[INFO] [stdout] ba59af147ed315b26a82e6b96a9f6346b5f5593cbd7ce7ed8b3b819149a5a81c
