[INFO] fetching crate async-rustbus 0.1.2...
[INFO] testing async-rustbus-0.1.2 against 1.69.0 for beta-1.70-1
[INFO] extracting crate async-rustbus 0.1.2 into /workspace/builds/worker-6-tc1/source
[INFO] validating manifest of crates.io crate async-rustbus 0.1.2 on toolchain 1.69.0
[INFO] running `Command { std: CARGO_HOME="/workspace/cargo-home" RUSTUP_HOME="/workspace/rustup-home" "/workspace/cargo-home/bin/cargo" "+1.69.0" "metadata" "--manifest-path" "Cargo.toml" "--no-deps", kill_on_drop: false }`
[INFO] started tweaking crates.io crate async-rustbus 0.1.2
[INFO] finished tweaking crates.io crate async-rustbus 0.1.2
[INFO] tweaked toml for crates.io crate async-rustbus 0.1.2 written to /workspace/builds/worker-6-tc1/source/Cargo.toml
[INFO] running `Command { std: CARGO_HOME="/workspace/cargo-home" RUSTUP_HOME="/workspace/rustup-home" __CARGO_TEST_CHANNEL_OVERRIDE_DO_NOT_USE_THIS="nightly" "/workspace/cargo-home/bin/cargo" "+1.69.0" "generate-lockfile" "--manifest-path" "Cargo.toml" "-Zno-index-update", kill_on_drop: false }`
[INFO] running `Command { std: CARGO_HOME="/workspace/cargo-home" RUSTUP_HOME="/workspace/rustup-home" "/workspace/cargo-home/bin/cargo" "+1.69.0" "fetch" "--manifest-path" "Cargo.toml", kill_on_drop: false }`
[INFO] [stderr]  Downloading crates ...
[INFO] [stderr]   Downloaded arrayvec v0.7.2
[INFO] [stderr]   Downloaded async-process v1.7.0
[INFO] [stderr]   Downloaded signal-hook v0.3.15
[INFO] [stderr]   Downloaded nix v0.22.3
[INFO] [stderr]   Downloaded rustbus v0.17.0
[INFO] [stderr]   Downloaded rustbus_derive v0.4.0
[INFO] running `Command { std: "docker" "create" "-v" "/var/lib/crater-agent-workspace/builds/worker-6-tc1/target:/opt/rustwide/target:rw,Z" "-v" "/var/lib/crater-agent-workspace/builds/worker-6-tc1/source:/opt/rustwide/workdir:ro,Z" "-v" "/var/lib/crater-agent-workspace/cargo-home:/opt/rustwide/cargo-home:ro,Z" "-v" "/var/lib/crater-agent-workspace/rustup-home:/opt/rustwide/rustup-home:ro,Z" "-e" "SOURCE_DIR=/opt/rustwide/workdir" "-e" "CARGO_TARGET_DIR=/opt/rustwide/target" "-e" "CARGO_HOME=/opt/rustwide/cargo-home" "-e" "RUSTUP_HOME=/opt/rustwide/rustup-home" "-w" "/opt/rustwide/workdir" "-m" "1610612736" "--user" "0:0" "--network" "none" "ghcr.io/rust-lang/crates-build-env/linux@sha256:5ff2268d62e97bff2cde7d5815dd6ed5b47097566f13b8d0ca110b04b60e07ed" "/opt/rustwide/cargo-home/bin/cargo" "+1.69.0" "metadata" "--no-deps" "--format-version=1", kill_on_drop: false }`
[INFO] [stdout] 69761f41c5f3a91ce2691f8a9c2e34188c7ba6e5f0c14fb754bf2926ce282196
[INFO] running `Command { std: "docker" "start" "-a" "69761f41c5f3a91ce2691f8a9c2e34188c7ba6e5f0c14fb754bf2926ce282196", kill_on_drop: false }`
[INFO] running `Command { std: "docker" "inspect" "69761f41c5f3a91ce2691f8a9c2e34188c7ba6e5f0c14fb754bf2926ce282196", kill_on_drop: false }`
[INFO] running `Command { std: "docker" "rm" "-f" "69761f41c5f3a91ce2691f8a9c2e34188c7ba6e5f0c14fb754bf2926ce282196", kill_on_drop: false }`
[INFO] [stdout] 69761f41c5f3a91ce2691f8a9c2e34188c7ba6e5f0c14fb754bf2926ce282196
[INFO] running `Command { std: "docker" "create" "-v" "/var/lib/crater-agent-workspace/builds/worker-6-tc1/target:/opt/rustwide/target:rw,Z" "-v" "/var/lib/crater-agent-workspace/builds/worker-6-tc1/source:/opt/rustwide/workdir:ro,Z" "-v" "/var/lib/crater-agent-workspace/cargo-home:/opt/rustwide/cargo-home:ro,Z" "-v" "/var/lib/crater-agent-workspace/rustup-home:/opt/rustwide/rustup-home:ro,Z" "-e" "SOURCE_DIR=/opt/rustwide/workdir" "-e" "CARGO_TARGET_DIR=/opt/rustwide/target" "-e" "CARGO_INCREMENTAL=0" "-e" "RUST_BACKTRACE=full" "-e" "RUSTFLAGS=--cap-lints=warn" "-e" "RUSTDOCFLAGS=--cap-lints=warn" "-e" "CARGO_HOME=/opt/rustwide/cargo-home" "-e" "RUSTUP_HOME=/opt/rustwide/rustup-home" "-w" "/opt/rustwide/workdir" "-m" "1610612736" "--user" "0:0" "--network" "none" "ghcr.io/rust-lang/crates-build-env/linux@sha256:5ff2268d62e97bff2cde7d5815dd6ed5b47097566f13b8d0ca110b04b60e07ed" "/opt/rustwide/cargo-home/bin/cargo" "+1.69.0" "build" "--frozen" "--message-format=json", kill_on_drop: false }`
[INFO] [stdout] fe07cfe841485b6b103ba61a271943afc1d586148a6a898a050bcee0e78b2e96
[INFO] running `Command { std: "docker" "start" "-a" "fe07cfe841485b6b103ba61a271943afc1d586148a6a898a050bcee0e78b2e96", kill_on_drop: false }`
[INFO] [stderr]    Compiling syn v1.0.109
[INFO] [stderr]    Compiling libc v0.2.142
[INFO] [stderr]    Compiling crossbeam-utils v0.8.15
[INFO] [stderr]    Compiling log v0.4.17
[INFO] [stderr]    Compiling value-bag v1.0.0-alpha.9
[INFO] [stderr]    Compiling io-lifetimes v1.0.10
[INFO] [stderr]    Compiling async-lock v2.7.0
[INFO] [stderr]    Compiling polling v2.8.0
[INFO] [stderr]    Compiling rustix v0.37.18
[INFO] [stderr]    Compiling async-io v1.13.0
[INFO] [stderr]    Compiling linux-raw-sys v0.3.6
[INFO] [stderr]    Compiling memoffset v0.6.5
[INFO] [stderr]    Compiling syn v2.0.15
[INFO] [stderr]    Compiling signal-hook v0.3.15
[INFO] [stderr]    Compiling futures-sink v0.3.28
[INFO] [stderr]    Compiling async-task v4.4.0
[INFO] [stderr]    Compiling futures-channel v0.3.28
[INFO] [stderr]    Compiling async-process v1.7.0
[INFO] [stderr]    Compiling atomic-waker v1.1.1
[INFO] [stderr]    Compiling arrayvec v0.7.2
[INFO] [stderr]    Compiling xml-rs v0.8.4
[INFO] [stderr]    Compiling concurrent-queue v2.2.0
[INFO] [stderr]    Compiling async-channel v1.8.0
[INFO] [stderr]    Compiling async-executor v1.5.1
[INFO] [stderr]    Compiling socket2 v0.4.9
[INFO] [stderr]    Compiling signal-hook-registry v1.4.1
[INFO] [stderr]    Compiling nix v0.22.3
[INFO] [stderr]    Compiling futures-macro v0.3.28
[INFO] [stderr]    Compiling ctor v0.1.26
[INFO] [stderr]    Compiling rustbus_derive v0.4.0
[INFO] [stderr]    Compiling async-attributes v1.1.2
[INFO] [stderr]    Compiling futures-util v0.3.28
[INFO] [stderr]    Compiling rustbus v0.17.0
[INFO] [stderr]    Compiling blocking v1.3.1
[INFO] [stderr]    Compiling kv-log-macro v1.0.7
[INFO] [stderr]    Compiling async-global-executor v2.3.1
[INFO] [stderr]    Compiling async-std v1.12.0
[INFO] [stderr]    Compiling futures-executor v0.3.28
[INFO] [stderr]    Compiling futures v0.3.28
[INFO] [stderr]    Compiling async-rustbus v0.1.2 (/opt/rustwide/workdir)
[INFO] [stderr]     Finished dev [unoptimized + debuginfo] target(s) in 12.76s
[INFO] running `Command { std: "docker" "inspect" "fe07cfe841485b6b103ba61a271943afc1d586148a6a898a050bcee0e78b2e96", kill_on_drop: false }`
[INFO] running `Command { std: "docker" "rm" "-f" "fe07cfe841485b6b103ba61a271943afc1d586148a6a898a050bcee0e78b2e96", kill_on_drop: false }`
[INFO] [stdout] fe07cfe841485b6b103ba61a271943afc1d586148a6a898a050bcee0e78b2e96
[INFO] running `Command { std: "docker" "create" "-v" "/var/lib/crater-agent-workspace/builds/worker-6-tc1/target:/opt/rustwide/target:rw,Z" "-v" "/var/lib/crater-agent-workspace/builds/worker-6-tc1/source:/opt/rustwide/workdir:ro,Z" "-v" "/var/lib/crater-agent-workspace/cargo-home:/opt/rustwide/cargo-home:ro,Z" "-v" "/var/lib/crater-agent-workspace/rustup-home:/opt/rustwide/rustup-home:ro,Z" "-e" "SOURCE_DIR=/opt/rustwide/workdir" "-e" "CARGO_TARGET_DIR=/opt/rustwide/target" "-e" "CARGO_INCREMENTAL=0" "-e" "RUST_BACKTRACE=full" "-e" "RUSTFLAGS=--cap-lints=warn" "-e" "RUSTDOCFLAGS=--cap-lints=warn" "-e" "CARGO_HOME=/opt/rustwide/cargo-home" "-e" "RUSTUP_HOME=/opt/rustwide/rustup-home" "-w" "/opt/rustwide/workdir" "-m" "1610612736" "--user" "0:0" "--network" "none" "ghcr.io/rust-lang/crates-build-env/linux@sha256:5ff2268d62e97bff2cde7d5815dd6ed5b47097566f13b8d0ca110b04b60e07ed" "/opt/rustwide/cargo-home/bin/cargo" "+1.69.0" "test" "--frozen" "--no-run" "--message-format=json", kill_on_drop: false }`
[INFO] [stdout] 6e4f6c007c5e0f7b641e763792a2c638995a9396d39b7e14ba28efa57ff31f45
[INFO] running `Command { std: "docker" "start" "-a" "6e4f6c007c5e0f7b641e763792a2c638995a9396d39b7e14ba28efa57ff31f45", kill_on_drop: false }`
[INFO] [stderr]    Compiling getrandom v0.2.9
[INFO] [stderr]    Compiling rand_core v0.6.4
[INFO] [stderr]    Compiling rand_chacha v0.3.1
[INFO] [stderr]    Compiling rand v0.8.5
[INFO] [stderr]    Compiling async-rustbus v0.1.2 (/opt/rustwide/workdir)
[INFO] [stderr]     Finished test [unoptimized + debuginfo] target(s) in 6.28s
[INFO] running `Command { std: "docker" "inspect" "6e4f6c007c5e0f7b641e763792a2c638995a9396d39b7e14ba28efa57ff31f45", kill_on_drop: false }`
[INFO] running `Command { std: "docker" "rm" "-f" "6e4f6c007c5e0f7b641e763792a2c638995a9396d39b7e14ba28efa57ff31f45", kill_on_drop: false }`
[INFO] [stdout] 6e4f6c007c5e0f7b641e763792a2c638995a9396d39b7e14ba28efa57ff31f45
[INFO] running `Command { std: "docker" "create" "-v" "/var/lib/crater-agent-workspace/builds/worker-6-tc1/target:/opt/rustwide/target:rw,Z" "-v" "/var/lib/crater-agent-workspace/builds/worker-6-tc1/source:/opt/rustwide/workdir:ro,Z" "-v" "/var/lib/crater-agent-workspace/cargo-home:/opt/rustwide/cargo-home:ro,Z" "-v" "/var/lib/crater-agent-workspace/rustup-home:/opt/rustwide/rustup-home:ro,Z" "-e" "SOURCE_DIR=/opt/rustwide/workdir" "-e" "CARGO_TARGET_DIR=/opt/rustwide/target" "-e" "CARGO_INCREMENTAL=0" "-e" "RUST_BACKTRACE=full" "-e" "RUSTFLAGS=--cap-lints=warn" "-e" "RUSTDOCFLAGS=--cap-lints=warn" "-e" "CARGO_HOME=/opt/rustwide/cargo-home" "-e" "RUSTUP_HOME=/opt/rustwide/rustup-home" "-w" "/opt/rustwide/workdir" "-m" "1610612736" "--user" "0:0" "--network" "none" "ghcr.io/rust-lang/crates-build-env/linux@sha256:5ff2268d62e97bff2cde7d5815dd6ed5b47097566f13b8d0ca110b04b60e07ed" "/opt/rustwide/cargo-home/bin/cargo" "+1.69.0" "test" "--frozen", kill_on_drop: false }`
[INFO] [stdout] 691cf67a18fa620d1fa843190d7ce723108d2e082b1ec9af15953c94fe2ebd7d
[INFO] running `Command { std: "docker" "start" "-a" "691cf67a18fa620d1fa843190d7ce723108d2e082b1ec9af15953c94fe2ebd7d", kill_on_drop: false }`
[INFO] [stderr]     Finished test [unoptimized + debuginfo] target(s) in 0.44s
[INFO] [stderr]      Running unittests src/lib.rs (/opt/rustwide/target/debug/deps/async_rustbus-31dc5144320ad5d4)
[INFO] [stdout] 
[INFO] [stdout] running 12 tests
[INFO] [stdout] test routing::tests::call_hierarchy_insert ... ok
[INFO] [stdout] test routing::tests::matches_is_empty ... ok
[INFO] [stdout] test routing::tests::trimming ... ok
[INFO] [stdout] test rustbus_core::message_builder::body::test_marshal_trait ... ok
[INFO] [stdout] test routing::tests::matches_single ... ok
[INFO] [stdout] test routing::tests::match_order ... ok
[INFO] [stdout] test rustbus_core::path::tests::test_objectpath_borrow_path ... ok
[INFO] [stdout] test rustbus_core::path::tests::test_objectpathbuf_borrow_objectpath ... ok
[INFO] [stdout] test rustbus_core::path::tests::test_push ... ok
[INFO] [stdout] test utils::tests::align_num_0_1024 ... ok
[INFO] [stdout] test rustbus_core::message_builder::body::tests::test_rb_validate_signature ... ok
[INFO] [stdout] test rustbus_core::message_builder::body::tests::test_validate_sig_str ... ok
[INFO] [stdout] 
[INFO] [stdout] test result: ok. 12 passed; 0 failed; 0 ignored; 0 measured; 0 filtered out; finished in 5.96s
[INFO] [stdout] 
[INFO] [stderr]      Running tests/bench.rs (/opt/rustwide/target/debug/deps/bench-82a06704fb089e0d)
[INFO] [stdout] 
[INFO] [stdout] running 7 tests
[INFO] [stdout] test bench_empty ... FAILED
[INFO] [stdout] test bench_1kb ... FAILED
[INFO] [stdout] test bench_32 ... FAILED
[INFO] [stdout] test bench_1mb ... FAILED
[INFO] [stdout] test bench_random ... FAILED
[INFO] [stdout] test bench_4mb ... FAILED
[INFO] [stdout] test marshalling ... ok
[INFO] [stdout] 
[INFO] [stdout] failures:
[INFO] [stdout] 
[INFO] [stdout] ---- bench_empty stdout ----
[INFO] [stdout] Error: Io(Custom { kind: NotFound, error: "No DBus session in environment." })
[INFO] [stdout] 
[INFO] [stdout] ---- bench_1kb stdout ----
[INFO] [stdout] Error: Io(Custom { kind: NotFound, error: "No DBus session in environment." })
[INFO] [stdout] 
[INFO] [stdout] ---- bench_32 stdout ----
[INFO] [stdout] Error: Io(Custom { kind: NotFound, error: "No DBus session in environment." })
[INFO] [stdout] 
[INFO] [stdout] ---- bench_1mb stdout ----
[INFO] [stdout] Error: Io(Custom { kind: NotFound, error: "No DBus session in environment." })
[INFO] [stdout] 
[INFO] [stdout] ---- bench_random stdout ----
[INFO] [stdout] Error: Io(Custom { kind: NotFound, error: "No DBus session in environment." })
[INFO] [stdout] 
[INFO] [stdout] ---- bench_4mb stdout ----
[INFO] [stdout] Error: Io(Custom { kind: NotFound, error: "No DBus session in environment." })
[INFO] [stdout] 
[INFO] [stdout] 
[INFO] [stdout] failures:
[INFO] [stdout]     bench_1kb
[INFO] [stdout]     bench_1mb
[INFO] [stdout]     bench_32
[INFO] [stdout]     bench_4mb
[INFO] [stdout]     bench_empty
[INFO] [stdout]     bench_random
[INFO] [stdout] 
[INFO] [stdout] test result: FAILED. 1 passed; 6 failed; 0 ignored; 0 measured; 0 filtered out; finished in 28.85s
[INFO] [stdout] 
[INFO] [stderr] error: test failed, to rerun pass `--test bench`
[INFO] running `Command { std: "docker" "inspect" "691cf67a18fa620d1fa843190d7ce723108d2e082b1ec9af15953c94fe2ebd7d", kill_on_drop: false }`
[INFO] running `Command { std: "docker" "rm" "-f" "691cf67a18fa620d1fa843190d7ce723108d2e082b1ec9af15953c94fe2ebd7d", kill_on_drop: false }`
[INFO] [stdout] 691cf67a18fa620d1fa843190d7ce723108d2e082b1ec9af15953c94fe2ebd7d
